{"id":19833,"date":"2021-06-08T14:09:09","date_gmt":"2021-06-08T14:09:09","guid":{"rendered":"https:\/\/www.ull.es\/portal\/agenda\/?post_type=tribe_events&#038;p=19833"},"modified":"2021-06-08T14:09:09","modified_gmt":"2021-06-08T14:09:09","slug":"out-alexis-alonso-quartet","status":"publish","type":"tribe_events","link":"https:\/\/www.ull.es\/portal\/agenda\/evento\/out-alexis-alonso-quartet\/","title":{"rendered":"\u00abOUT\u00bb. Alexis Alonso Quartet"},"content":{"rendered":"<p>Alexis Alonso Quartet presenta su nuevo trabajo \u00abOut\u00bb.<br \/>\nLa formaci\u00f3n la componen: Ciro Hern\u00e1ndez, Roberto Amor, Mois\u00e9s Garc\u00eda y Alexis Alonso.<br \/>\nArtistas invitados: Luis Cuan (saxo), Elio Bignotte (trompeta), Paula Toral (viol\u00edn), Arantxa Gonz\u00e1lez (viol\u00edn), Michal Piotr (contra-arco) y Victor Fern\u00e1ndez (percusi\u00f3n).<\/p>\n<p><a href=\"https:\/\/www.tomaticket.es\/recintos\/paraninfo-ull\" target=\"_blank\" rel=\"noopener\" target=\"_blank\" rel=\"noopener\">Entrada:<\/a> General 12 \u20ac y estudiantes 7 \u20ac<\/p>\n","protected":false},"excerpt":{"rendered":"<p>Alexis Alonso Quartet presenta su nuevo trabajo \u00abOut\u00bb. La formaci\u00f3n la componen: Ciro Hern\u00e1ndez, Roberto Amor, Mois\u00e9s Garc\u00eda y Alexis Alonso. Artistas invitados: Luis Cuan (saxo), Elio Bignotte (trompeta), Paula Toral (viol\u00edn), Arantxa Gonz\u00e1lez (viol\u00edn), Michal Piotr (contra-arco) y Victor Fern\u00e1ndez (percusi\u00f3n). Entrada: General 12 \u20ac y estudiantes 7 \u20ac<\/p>\n","protected":false},"author":65,"featured_media":19834,"comment_status":"closed","ping_status":"closed","template":"","tags":[],"tribe_events_cat":[3987,4,343,191],"acf":[],"yoast_head":"<!-- This site is optimized with the Yoast SEO plugin v21.3 - https:\/\/yoast.com\/wordpress\/plugins\/seo\/ -->\n<title>&quot;OUT&quot;. Alexis Alonso Quartet - ULL - Agenda<\/title>\n<meta name=\"robots\" content=\"index, follow, max-snippet:-1, max-image-preview:large, max-video-preview:-1\" \/>\n<link rel=\"canonical\" href=\"https:\/\/www.ull.es\/portal\/agenda\/evento\/out-alexis-alonso-quartet\/\" \/>\n<meta property=\"og:locale\" content=\"es_ES\" \/>\n<meta property=\"og:type\" content=\"article\" \/>\n<meta property=\"og:title\" content=\"&quot;OUT&quot;. Alexis Alonso Quartet - ULL - Agenda\" \/>\n<meta property=\"og:description\" content=\"Alexis Alonso Quartet presenta su nuevo trabajo \u00abOut\u00bb. La formaci\u00f3n la componen: Ciro Hern\u00e1ndez, Roberto Amor, Mois\u00e9s Garc\u00eda y Alexis Alonso. Artistas invitados: Luis Cuan (saxo), Elio Bignotte (trompeta), Paula Toral (viol\u00edn), Arantxa Gonz\u00e1lez (viol\u00edn), Michal Piotr (contra-arco) y Victor Fern\u00e1ndez (percusi\u00f3n). Entrada: General 12 \u20ac y estudiantes 7 \u20ac\" \/>\n<meta property=\"og:url\" content=\"https:\/\/www.ull.es\/portal\/agenda\/evento\/out-alexis-alonso-quartet\/\" \/>\n<meta property=\"og:site_name\" content=\"ULL - Agenda\" \/>\n<meta property=\"og:image\" content=\"https:\/\/www.ull.es\/portal\/agenda\/wp-content\/uploads\/sites\/12\/2021\/06\/A.-ALONSO-Q.-700X350-18-J-2021.jpg\" \/>\n\t<meta property=\"og:image:width\" content=\"700\" \/>\n\t<meta property=\"og:image:height\" content=\"350\" \/>\n\t<meta property=\"og:image:type\" content=\"image\/jpeg\" \/>\n<meta name=\"twitter:card\" content=\"summary_large_image\" \/>\n<meta name=\"twitter:label1\" content=\"Tiempo de lectura\" \/>\n\t<meta name=\"twitter:data1\" content=\"1 minuto\" \/>\n<script type=\"application\/ld+json\" class=\"yoast-schema-graph\">{\"@context\":\"https:\/\/schema.org\",\"@graph\":[{\"@type\":\"WebPage\",\"@id\":\"https:\/\/www.ull.es\/portal\/agenda\/evento\/out-alexis-alonso-quartet\/\",\"url\":\"https:\/\/www.ull.es\/portal\/agenda\/evento\/out-alexis-alonso-quartet\/\",\"name\":\"\\\"OUT\\\". Alexis Alonso Quartet - ULL - Agenda\",\"isPartOf\":{\"@id\":\"https:\/\/www.ull.es\/portal\/agenda\/#website\"},\"datePublished\":\"2021-06-08T14:09:09+00:00\",\"dateModified\":\"2021-06-08T14:09:09+00:00\",\"breadcrumb\":{\"@id\":\"https:\/\/www.ull.es\/portal\/agenda\/evento\/out-alexis-alonso-quartet\/#breadcrumb\"},\"inLanguage\":\"es\",\"potentialAction\":[{\"@type\":\"ReadAction\",\"target\":[\"https:\/\/www.ull.es\/portal\/agenda\/evento\/out-alexis-alonso-quartet\/\"]}]},{\"@type\":\"BreadcrumbList\",\"@id\":\"https:\/\/www.ull.es\/portal\/agenda\/evento\/out-alexis-alonso-quartet\/#breadcrumb\",\"itemListElement\":[{\"@type\":\"ListItem\",\"position\":1,\"name\":\"Portada\",\"item\":\"https:\/\/www.ull.es\/portal\/agenda\/\"},{\"@type\":\"ListItem\",\"position\":2,\"name\":\"\u00abOUT\u00bb. Alexis Alonso Quartet\"}]},{\"@type\":\"WebSite\",\"@id\":\"https:\/\/www.ull.es\/portal\/agenda\/#website\",\"url\":\"https:\/\/www.ull.es\/portal\/agenda\/\",\"name\":\"ULL - Agenda\",\"description\":\"\",\"potentialAction\":[{\"@type\":\"SearchAction\",\"target\":{\"@type\":\"EntryPoint\",\"urlTemplate\":\"https:\/\/www.ull.es\/portal\/agenda\/?s={search_term_string}\"},\"query-input\":\"required name=search_term_string\"}],\"inLanguage\":\"es\"}]}<\/script>\n<!-- \/ Yoast SEO plugin. -->","yoast_head_json":{"title":"\"OUT\". Alexis Alonso Quartet - ULL - Agenda","robots":{"index":"index","follow":"follow","max-snippet":"max-snippet:-1","max-image-preview":"max-image-preview:large","max-video-preview":"max-video-preview:-1"},"canonical":"https:\/\/www.ull.es\/portal\/agenda\/evento\/out-alexis-alonso-quartet\/","og_locale":"es_ES","og_type":"article","og_title":"\"OUT\". Alexis Alonso Quartet - ULL - Agenda","og_description":"Alexis Alonso Quartet presenta su nuevo trabajo \u00abOut\u00bb. La formaci\u00f3n la componen: Ciro Hern\u00e1ndez, Roberto Amor, Mois\u00e9s Garc\u00eda y Alexis Alonso. Artistas invitados: Luis Cuan (saxo), Elio Bignotte (trompeta), Paula Toral (viol\u00edn), Arantxa Gonz\u00e1lez (viol\u00edn), Michal Piotr (contra-arco) y Victor Fern\u00e1ndez (percusi\u00f3n). Entrada: General 12 \u20ac y estudiantes 7 \u20ac","og_url":"https:\/\/www.ull.es\/portal\/agenda\/evento\/out-alexis-alonso-quartet\/","og_site_name":"ULL - Agenda","og_image":[{"width":700,"height":350,"url":"https:\/\/www.ull.es\/portal\/agenda\/wp-content\/uploads\/sites\/12\/2021\/06\/A.-ALONSO-Q.-700X350-18-J-2021.jpg","type":"image\/jpeg"}],"twitter_card":"summary_large_image","twitter_misc":{"Tiempo de lectura":"1 minuto"},"schema":{"@context":"https:\/\/schema.org","@graph":[{"@type":"WebPage","@id":"https:\/\/www.ull.es\/portal\/agenda\/evento\/out-alexis-alonso-quartet\/","url":"https:\/\/www.ull.es\/portal\/agenda\/evento\/out-alexis-alonso-quartet\/","name":"\"OUT\". Alexis Alonso Quartet - ULL - Agenda","isPartOf":{"@id":"https:\/\/www.ull.es\/portal\/agenda\/#website"},"datePublished":"2021-06-08T14:09:09+00:00","dateModified":"2021-06-08T14:09:09+00:00","breadcrumb":{"@id":"https:\/\/www.ull.es\/portal\/agenda\/evento\/out-alexis-alonso-quartet\/#breadcrumb"},"inLanguage":"es","potentialAction":[{"@type":"ReadAction","target":["https:\/\/www.ull.es\/portal\/agenda\/evento\/out-alexis-alonso-quartet\/"]}]},{"@type":"BreadcrumbList","@id":"https:\/\/www.ull.es\/portal\/agenda\/evento\/out-alexis-alonso-quartet\/#breadcrumb","itemListElement":[{"@type":"ListItem","position":1,"name":"Portada","item":"https:\/\/www.ull.es\/portal\/agenda\/"},{"@type":"ListItem","position":2,"name":"\u00abOUT\u00bb. Alexis Alonso Quartet"}]},{"@type":"WebSite","@id":"https:\/\/www.ull.es\/portal\/agenda\/#website","url":"https:\/\/www.ull.es\/portal\/agenda\/","name":"ULL - Agenda","description":"","potentialAction":[{"@type":"SearchAction","target":{"@type":"EntryPoint","urlTemplate":"https:\/\/www.ull.es\/portal\/agenda\/?s={search_term_string}"},"query-input":"required name=search_term_string"}],"inLanguage":"es"}]}},"_links":{"self":[{"href":"https:\/\/www.ull.es\/portal\/agenda\/wp-json\/wp\/v2\/tribe_events\/19833"}],"collection":[{"href":"https:\/\/www.ull.es\/portal\/agenda\/wp-json\/wp\/v2\/tribe_events"}],"about":[{"href":"https:\/\/www.ull.es\/portal\/agenda\/wp-json\/wp\/v2\/types\/tribe_events"}],"author":[{"embeddable":true,"href":"https:\/\/www.ull.es\/portal\/agenda\/wp-json\/wp\/v2\/users\/65"}],"replies":[{"embeddable":true,"href":"https:\/\/www.ull.es\/portal\/agenda\/wp-json\/wp\/v2\/comments?post=19833"}],"version-history":[{"count":1,"href":"https:\/\/www.ull.es\/portal\/agenda\/wp-json\/wp\/v2\/tribe_events\/19833\/revisions"}],"predecessor-version":[{"id":19835,"href":"https:\/\/www.ull.es\/portal\/agenda\/wp-json\/wp\/v2\/tribe_events\/19833\/revisions\/19835"}],"wp:featuredmedia":[{"embeddable":true,"href":"https:\/\/www.ull.es\/portal\/agenda\/wp-json\/wp\/v2\/media\/19834"}],"wp:attachment":[{"href":"https:\/\/www.ull.es\/portal\/agenda\/wp-json\/wp\/v2\/media?parent=19833"}],"wp:term":[{"taxonomy":"post_tag","embeddable":true,"href":"https:\/\/www.ull.es\/portal\/agenda\/wp-json\/wp\/v2\/tags?post=19833"},{"taxonomy":"tribe_events_cat","embeddable":true,"href":"https:\/\/www.ull.es\/portal\/agenda\/wp-json\/wp\/v2\/tribe_events_cat?post=19833"}],"curies":[{"name":"wp","href":"https:\/\/api.w.org\/{rel}","templated":true}]}}

<p>Alexis Alonso Quartet presenta su nuevo trabajo «Out».<br />
La formación la componen: Ciro Hernández, Roberto Amor, Moisés García y Alexis Alonso.<br />
Artistas invitados: Luis Cuan (saxo), Elio Bignotte (trompeta), Paula Toral (violín), Arantxa González (violín), Michal Piotr (contra-arco) y Victor Fernández (percusión).</p>
<p><a href="https://www.tomaticket.es/recintos/paraninfo-ull" target="_blank" rel="noopener" target="_blank" rel="noopener">Entrada:</a> General 12 € y estudiantes 7 €</p>

<p>Alexis Alonso Quartet presenta su nuevo trabajo «Out». La formación la componen: Ciro Hernández, Roberto Amor, Moisés García y Alexis Alonso. Artistas invitados: Luis Cuan (saxo), Elio Bignotte (trompeta), Paula Toral (violín), Arantxa González (violín), Michal Piotr (contra-arco) y Victor Fernández (percusión). Entrada: General 12 € y estudiantes 7 €</p>

<!-- This site is optimized with the Yoast SEO plugin v21.3 - https://yoast.com/wordpress/plugins/seo/ -->
<title>&quot;OUT&quot;. Alexis Alonso Quartet - ULL - Agenda</title>
<meta name="robots" content="index, follow, max-snippet:-1, max-image-preview:large, max-video-preview:-1" />
<link rel="canonical" href="https://www.ull.es/portal/agenda/evento/out-alexis-alonso-quartet/" />
<meta property="og:locale" content="es_ES" />
<meta property="og:type" content="article" />
<meta property="og:title" content="&quot;OUT&quot;. Alexis Alonso Quartet - ULL - Agenda" />
<meta property="og:description" content="Alexis Alonso Quartet presenta su nuevo trabajo «Out». La formación la componen: Ciro Hernández, Roberto Amor, Moisés García y Alexis Alonso. Artistas invitados: Luis Cuan (saxo), Elio Bignotte (trompeta), Paula Toral (violín), Arantxa González (violín), Michal Piotr (contra-arco) y Victor Fernández (percusión). Entrada: General 12 € y estudiantes 7 €" />
<meta property="og:url" content="https://www.ull.es/portal/agenda/evento/out-alexis-alonso-quartet/" />
<meta property="og:site_name" content="ULL - Agenda" />
<meta property="og:image" content="https://www.ull.es/portal/agenda/wp-content/uploads/sites/12/2021/06/A.-ALONSO-Q.-700X350-18-J-2021.jpg" />
	<meta property="og:image:width" content="700" />
	<meta property="og:image:height" content="350" />
	<meta property="og:image:type" content="image/jpeg" />
<meta name="twitter:card" content="summary_large_image" />
<meta name="twitter:label1" content="Tiempo de lectura" />
	<meta name="twitter:data1" content="1 minuto" />
<script type="application/ld+json" class="yoast-schema-graph">{"@context":"https://schema.org","@graph":[{"@type":"WebPage","@id":"https://www.ull.es/portal/agenda/evento/out-alexis-alonso-quartet/","url":"https://www.ull.es/portal/agenda/evento/out-alexis-alonso-quartet/","name":"\"OUT\". Alexis Alonso Quartet - ULL - Agenda","isPartOf":{"@id":"https://www.ull.es/portal/agenda/#website"},"datePublished":"2021-06-08T14:09:09+00:00","dateModified":"2021-06-08T14:09:09+00:00","breadcrumb":{"@id":"https://www.ull.es/portal/agenda/evento/out-alexis-alonso-quartet/#breadcrumb"},"inLanguage":"es","potentialAction":[{"@type":"ReadAction","target":["https://www.ull.es/portal/agenda/evento/out-alexis-alonso-quartet/"]}]},{"@type":"BreadcrumbList","@id":"https://www.ull.es/portal/agenda/evento/out-alexis-alonso-quartet/#breadcrumb","itemListElement":[{"@type":"ListItem","position":1,"name":"Portada","item":"https://www.ull.es/portal/agenda/"},{"@type":"ListItem","position":2,"name":"«OUT». Alexis Alonso Quartet"}]},{"@type":"WebSite","@id":"https://www.ull.es/portal/agenda/#website","url":"https://www.ull.es/portal/agenda/","name":"ULL - Agenda","description":"","potentialAction":[{"@type":"SearchAction","target":{"@type":"EntryPoint","urlTemplate":"https://www.ull.es/portal/agenda/?s={search_term_string}"},"query-input":"required name=search_term_string"}],"inLanguage":"es"}]}</script>
<!-- / Yoast SEO plugin. -->

Alexis Alonso Quartet presenta su nuevo trabajo «Out». La formación la componen: Ciro Hernández, Roberto Amor, Moisés García y Alexis Alonso. Artistas invitados: Luis Cuan (saxo), Elio Bignotte (trompeta), Paula Toral (violín), Arantxa González (violín), Michal Piotr (contra-arco) y Victor Fernández (percusión). Entrada: General 12 € y estudiantes 7 €
