{"id":19906,"date":"2021-06-15T09:24:33","date_gmt":"2021-06-15T09:24:33","guid":{"rendered":"https:\/\/www.ull.es\/portal\/agenda\/?post_type=tribe_events&#038;p=19906"},"modified":"2021-06-17T07:40:30","modified_gmt":"2021-06-17T07:40:30","slug":"seminario-titulado-el-interfaz-de-la-economia-y-la-salud-en-razon-de-la-crisis-covid-19","status":"publish","type":"tribe_events","link":"https:\/\/www.ull.es\/portal\/agenda\/evento\/seminario-titulado-el-interfaz-de-la-economia-y-la-salud-en-razon-de-la-crisis-covid-19\/","title":{"rendered":"Seminario: \u00abEl interfaz de la econom\u00eda y la salud en raz\u00f3n de la crisis Covid-19\u00bb"},"content":{"rendered":"<div>\n<p>El profesor <a href=\"https:\/\/www.upf.edu\/es\/web\/cres\/entry\/-\/-\/16486\/adscripcion\/guillem-lopez\" target=\"_blank\" rel=\"noopener\" target=\"_blank\" rel=\"noopener\">Guillem L\u00f3pez-Casasnovas<\/a>, catedr\u00e1tico de econom\u00eda de la Universidad Pompeu Fabra de Barcelona, fundador y director del Centro de Investigaci\u00f3n en Econom\u00eda de la Salud de la misma Universidad y ex-consejero del Banco de Espa\u00f1a, impartir\u00e1 el pr\u00f3ximo viernes 18 a las 12:00 en el Aula F0.1. de la Facultad de Econom\u00eda, Empresa y Turismo de la Universidad de La Laguna, el Seminario titulado <em>\u00abEl interfaz de la econom\u00eda y la salud en raz\u00f3n de la crisis Covid-19\u00bb<\/em>. Entre otros asuntos, tratar\u00e1 sobre los efectos de la pandemia, una aproximaci\u00f3n a los da\u00f1os colaterales -impl\u00edcitos y expl\u00edcitos- tanto desde el punto de vista cl\u00ednico como para el bienestar intergeneracional. Los aprendizajes que de esta pandemia se derivan para la gesti\u00f3n p\u00fablica y sanitaria. Los caminos de la transformaci\u00f3n econ\u00f3mica exigidos para con las nuevas generaciones. Y las ayudas europeas relacionadas con la pandemia.<\/p>\n<p>El profesor L\u00f3pez Casasnovas est\u00e1 en Tenerife en una estancia corta de investigaci\u00f3n organizada y financiada por la Universidad de La Laguna.<\/p>\n<p>El seminario tendr\u00e1 un aforo m\u00e1ximo de 40 personas (que se ocupar\u00e1 por orden de llegada) y el Aula contar\u00e1 con ventilaci\u00f3n, distancia de seguridad, limpieza e higienizaci\u00f3n de los espacios y dem\u00e1s medidas de seguridad establecidas en el Centro<\/p>\n<\/div>\n<div><\/div>\n","protected":false},"excerpt":{"rendered":"<p>El profesor Guillem L\u00f3pez-Casasnovas, catedr\u00e1tico de econom\u00eda de la Universidad Pompeu Fabra de Barcelona, fundador y director del Centro de Investigaci\u00f3n en Econom\u00eda de la Salud de la misma Universidad y ex-consejero del Banco de Espa\u00f1a, impartir\u00e1 el pr\u00f3ximo viernes 18 a las 12:00 en el Aula F0.1. de la Facultad de Econom\u00eda, Empresa y&#8230;<\/p>\n","protected":false},"author":65,"featured_media":19938,"comment_status":"closed","ping_status":"closed","template":"","tags":[],"tribe_events_cat":[4,400,937,191],"acf":[],"yoast_head":"<!-- This site is optimized with the Yoast SEO plugin v21.3 - https:\/\/yoast.com\/wordpress\/plugins\/seo\/ -->\n<title>Seminario: &quot;El interfaz de la econom\u00eda y la salud en raz\u00f3n de la crisis Covid-19&quot; - ULL - Agenda<\/title>\n<meta name=\"robots\" content=\"index, follow, max-snippet:-1, max-image-preview:large, max-video-preview:-1\" \/>\n<link rel=\"canonical\" href=\"https:\/\/www.ull.es\/portal\/agenda\/evento\/seminario-titulado-el-interfaz-de-la-economia-y-la-salud-en-razon-de-la-crisis-covid-19\/\" \/>\n<meta property=\"og:locale\" content=\"es_ES\" \/>\n<meta property=\"og:type\" content=\"article\" \/>\n<meta property=\"og:title\" content=\"Seminario: &quot;El interfaz de la econom\u00eda y la salud en raz\u00f3n de la crisis Covid-19&quot; - ULL - Agenda\" \/>\n<meta property=\"og:description\" content=\"El profesor Guillem L\u00f3pez-Casasnovas, catedr\u00e1tico de econom\u00eda de la Universidad Pompeu Fabra de Barcelona, fundador y director del Centro de Investigaci\u00f3n en Econom\u00eda de la Salud de la misma Universidad y ex-consejero del Banco de Espa\u00f1a, impartir\u00e1 el pr\u00f3ximo viernes 18 a las 12:00 en el Aula F0.1. de la Facultad de Econom\u00eda, Empresa y...\" \/>\n<meta property=\"og:url\" content=\"https:\/\/www.ull.es\/portal\/agenda\/evento\/seminario-titulado-el-interfaz-de-la-economia-y-la-salud-en-razon-de-la-crisis-covid-19\/\" \/>\n<meta property=\"og:site_name\" content=\"ULL - Agenda\" \/>\n<meta property=\"article:modified_time\" content=\"2021-06-17T07:40:30+00:00\" \/>\n<meta property=\"og:image\" content=\"https:\/\/www.ull.es\/portal\/agenda\/wp-content\/uploads\/sites\/12\/2021\/06\/Seminario-El-interfaz-de-la-economia-y-la-salud-en-razon-de-la-crisis-Covid-19_banner.jpg\" \/>\n\t<meta property=\"og:image:width\" content=\"700\" \/>\n\t<meta property=\"og:image:height\" content=\"350\" \/>\n\t<meta property=\"og:image:type\" content=\"image\/jpeg\" \/>\n<meta name=\"twitter:card\" content=\"summary_large_image\" \/>\n<meta name=\"twitter:label1\" content=\"Tiempo de lectura\" \/>\n\t<meta name=\"twitter:data1\" content=\"1 minuto\" \/>\n<script type=\"application\/ld+json\" class=\"yoast-schema-graph\">{\"@context\":\"https:\/\/schema.org\",\"@graph\":[{\"@type\":\"WebPage\",\"@id\":\"https:\/\/www.ull.es\/portal\/agenda\/evento\/seminario-titulado-el-interfaz-de-la-economia-y-la-salud-en-razon-de-la-crisis-covid-19\/\",\"url\":\"https:\/\/www.ull.es\/portal\/agenda\/evento\/seminario-titulado-el-interfaz-de-la-economia-y-la-salud-en-razon-de-la-crisis-covid-19\/\",\"name\":\"Seminario: \\\"El interfaz de la econom\u00eda y la salud en raz\u00f3n de la crisis Covid-19\\\" - ULL - Agenda\",\"isPartOf\":{\"@id\":\"https:\/\/www.ull.es\/portal\/agenda\/#website\"},\"datePublished\":\"2021-06-15T09:24:33+00:00\",\"dateModified\":\"2021-06-17T07:40:30+00:00\",\"breadcrumb\":{\"@id\":\"https:\/\/www.ull.es\/portal\/agenda\/evento\/seminario-titulado-el-interfaz-de-la-economia-y-la-salud-en-razon-de-la-crisis-covid-19\/#breadcrumb\"},\"inLanguage\":\"es\",\"potentialAction\":[{\"@type\":\"ReadAction\",\"target\":[\"https:\/\/www.ull.es\/portal\/agenda\/evento\/seminario-titulado-el-interfaz-de-la-economia-y-la-salud-en-razon-de-la-crisis-covid-19\/\"]}]},{\"@type\":\"BreadcrumbList\",\"@id\":\"https:\/\/www.ull.es\/portal\/agenda\/evento\/seminario-titulado-el-interfaz-de-la-economia-y-la-salud-en-razon-de-la-crisis-covid-19\/#breadcrumb\",\"itemListElement\":[{\"@type\":\"ListItem\",\"position\":1,\"name\":\"Portada\",\"item\":\"https:\/\/www.ull.es\/portal\/agenda\/\"},{\"@type\":\"ListItem\",\"position\":2,\"name\":\"Seminario: \u00abEl interfaz de la econom\u00eda y la salud en raz\u00f3n de la crisis Covid-19\u00bb\"}]},{\"@type\":\"WebSite\",\"@id\":\"https:\/\/www.ull.es\/portal\/agenda\/#website\",\"url\":\"https:\/\/www.ull.es\/portal\/agenda\/\",\"name\":\"ULL - Agenda\",\"description\":\"\",\"potentialAction\":[{\"@type\":\"SearchAction\",\"target\":{\"@type\":\"EntryPoint\",\"urlTemplate\":\"https:\/\/www.ull.es\/portal\/agenda\/?s={search_term_string}\"},\"query-input\":\"required name=search_term_string\"}],\"inLanguage\":\"es\"}]}<\/script>\n<!-- \/ Yoast SEO plugin. -->","yoast_head_json":{"title":"Seminario: \"El interfaz de la econom\u00eda y la salud en raz\u00f3n de la crisis Covid-19\" - ULL - Agenda","robots":{"index":"index","follow":"follow","max-snippet":"max-snippet:-1","max-image-preview":"max-image-preview:large","max-video-preview":"max-video-preview:-1"},"canonical":"https:\/\/www.ull.es\/portal\/agenda\/evento\/seminario-titulado-el-interfaz-de-la-economia-y-la-salud-en-razon-de-la-crisis-covid-19\/","og_locale":"es_ES","og_type":"article","og_title":"Seminario: \"El interfaz de la econom\u00eda y la salud en raz\u00f3n de la crisis Covid-19\" - ULL - Agenda","og_description":"El profesor Guillem L\u00f3pez-Casasnovas, catedr\u00e1tico de econom\u00eda de la Universidad Pompeu Fabra de Barcelona, fundador y director del Centro de Investigaci\u00f3n en Econom\u00eda de la Salud de la misma Universidad y ex-consejero del Banco de Espa\u00f1a, impartir\u00e1 el pr\u00f3ximo viernes 18 a las 12:00 en el Aula F0.1. de la Facultad de Econom\u00eda, Empresa y...","og_url":"https:\/\/www.ull.es\/portal\/agenda\/evento\/seminario-titulado-el-interfaz-de-la-economia-y-la-salud-en-razon-de-la-crisis-covid-19\/","og_site_name":"ULL - Agenda","article_modified_time":"2021-06-17T07:40:30+00:00","og_image":[{"width":700,"height":350,"url":"https:\/\/www.ull.es\/portal\/agenda\/wp-content\/uploads\/sites\/12\/2021\/06\/Seminario-El-interfaz-de-la-economia-y-la-salud-en-razon-de-la-crisis-Covid-19_banner.jpg","type":"image\/jpeg"}],"twitter_card":"summary_large_image","twitter_misc":{"Tiempo de lectura":"1 minuto"},"schema":{"@context":"https:\/\/schema.org","@graph":[{"@type":"WebPage","@id":"https:\/\/www.ull.es\/portal\/agenda\/evento\/seminario-titulado-el-interfaz-de-la-economia-y-la-salud-en-razon-de-la-crisis-covid-19\/","url":"https:\/\/www.ull.es\/portal\/agenda\/evento\/seminario-titulado-el-interfaz-de-la-economia-y-la-salud-en-razon-de-la-crisis-covid-19\/","name":"Seminario: \"El interfaz de la econom\u00eda y la salud en raz\u00f3n de la crisis Covid-19\" - ULL - Agenda","isPartOf":{"@id":"https:\/\/www.ull.es\/portal\/agenda\/#website"},"datePublished":"2021-06-15T09:24:33+00:00","dateModified":"2021-06-17T07:40:30+00:00","breadcrumb":{"@id":"https:\/\/www.ull.es\/portal\/agenda\/evento\/seminario-titulado-el-interfaz-de-la-economia-y-la-salud-en-razon-de-la-crisis-covid-19\/#breadcrumb"},"inLanguage":"es","potentialAction":[{"@type":"ReadAction","target":["https:\/\/www.ull.es\/portal\/agenda\/evento\/seminario-titulado-el-interfaz-de-la-economia-y-la-salud-en-razon-de-la-crisis-covid-19\/"]}]},{"@type":"BreadcrumbList","@id":"https:\/\/www.ull.es\/portal\/agenda\/evento\/seminario-titulado-el-interfaz-de-la-economia-y-la-salud-en-razon-de-la-crisis-covid-19\/#breadcrumb","itemListElement":[{"@type":"ListItem","position":1,"name":"Portada","item":"https:\/\/www.ull.es\/portal\/agenda\/"},{"@type":"ListItem","position":2,"name":"Seminario: \u00abEl interfaz de la econom\u00eda y la salud en raz\u00f3n de la crisis Covid-19\u00bb"}]},{"@type":"WebSite","@id":"https:\/\/www.ull.es\/portal\/agenda\/#website","url":"https:\/\/www.ull.es\/portal\/agenda\/","name":"ULL - Agenda","description":"","potentialAction":[{"@type":"SearchAction","target":{"@type":"EntryPoint","urlTemplate":"https:\/\/www.ull.es\/portal\/agenda\/?s={search_term_string}"},"query-input":"required name=search_term_string"}],"inLanguage":"es"}]}},"_links":{"self":[{"href":"https:\/\/www.ull.es\/portal\/agenda\/wp-json\/wp\/v2\/tribe_events\/19906"}],"collection":[{"href":"https:\/\/www.ull.es\/portal\/agenda\/wp-json\/wp\/v2\/tribe_events"}],"about":[{"href":"https:\/\/www.ull.es\/portal\/agenda\/wp-json\/wp\/v2\/types\/tribe_events"}],"author":[{"embeddable":true,"href":"https:\/\/www.ull.es\/portal\/agenda\/wp-json\/wp\/v2\/users\/65"}],"replies":[{"embeddable":true,"href":"https:\/\/www.ull.es\/portal\/agenda\/wp-json\/wp\/v2\/comments?post=19906"}],"version-history":[{"count":6,"href":"https:\/\/www.ull.es\/portal\/agenda\/wp-json\/wp\/v2\/tribe_events\/19906\/revisions"}],"predecessor-version":[{"id":20052,"href":"https:\/\/www.ull.es\/portal\/agenda\/wp-json\/wp\/v2\/tribe_events\/19906\/revisions\/20052"}],"wp:featuredmedia":[{"embeddable":true,"href":"https:\/\/www.ull.es\/portal\/agenda\/wp-json\/wp\/v2\/media\/19938"}],"wp:attachment":[{"href":"https:\/\/www.ull.es\/portal\/agenda\/wp-json\/wp\/v2\/media?parent=19906"}],"wp:term":[{"taxonomy":"post_tag","embeddable":true,"href":"https:\/\/www.ull.es\/portal\/agenda\/wp-json\/wp\/v2\/tags?post=19906"},{"taxonomy":"tribe_events_cat","embeddable":true,"href":"https:\/\/www.ull.es\/portal\/agenda\/wp-json\/wp\/v2\/tribe_events_cat?post=19906"}],"curies":[{"name":"wp","href":"https:\/\/api.w.org\/{rel}","templated":true}]}}

Seminario: «El interfaz de la economía y la salud en razón de la crisis Covid-19»

<div>
<p>El profesor <a href="https://www.upf.edu/es/web/cres/entry/-/-/16486/adscripcion/guillem-lopez" target="_blank" rel="noopener" target="_blank" rel="noopener">Guillem López-Casasnovas</a>, catedrático de economía de la Universidad Pompeu Fabra de Barcelona, fundador y director del Centro de Investigación en Economía de la Salud de la misma Universidad y ex-consejero del Banco de España, impartirá el próximo viernes 18 a las 12:00 en el Aula F0.1. de la Facultad de Economía, Empresa y Turismo de la Universidad de La Laguna, el Seminario titulado <em>«El interfaz de la economía y la salud en razón de la crisis Covid-19»</em>. Entre otros asuntos, tratará sobre los efectos de la pandemia, una aproximación a los daños colaterales -implícitos y explícitos- tanto desde el punto de vista clínico como para el bienestar intergeneracional. Los aprendizajes que de esta pandemia se derivan para la gestión pública y sanitaria. Los caminos de la transformación económica exigidos para con las nuevas generaciones. Y las ayudas europeas relacionadas con la pandemia.</p>
<p>El profesor López Casasnovas está en Tenerife en una estancia corta de investigación organizada y financiada por la Universidad de La Laguna.</p>
<p>El seminario tendrá un aforo máximo de 40 personas (que se ocupará por orden de llegada) y el Aula contará con ventilación, distancia de seguridad, limpieza e higienización de los espacios y demás medidas de seguridad establecidas en el Centro</p>
</div>
<div></div>

<p>El profesor Guillem López-Casasnovas, catedrático de economía de la Universidad Pompeu Fabra de Barcelona, fundador y director del Centro de Investigación en Economía de la Salud de la misma Universidad y ex-consejero del Banco de España, impartirá el próximo viernes 18 a las 12:00 en el Aula F0.1. de la Facultad de Economía, Empresa y&#8230;</p>

<!-- This site is optimized with the Yoast SEO plugin v21.3 - https://yoast.com/wordpress/plugins/seo/ -->
<title>Seminario: &quot;El interfaz de la economía y la salud en razón de la crisis Covid-19&quot; - ULL - Agenda</title>
<meta name="robots" content="index, follow, max-snippet:-1, max-image-preview:large, max-video-preview:-1" />
<link rel="canonical" href="https://www.ull.es/portal/agenda/evento/seminario-titulado-el-interfaz-de-la-economia-y-la-salud-en-razon-de-la-crisis-covid-19/" />
<meta property="og:locale" content="es_ES" />
<meta property="og:type" content="article" />
<meta property="og:title" content="Seminario: &quot;El interfaz de la economía y la salud en razón de la crisis Covid-19&quot; - ULL - Agenda" />
<meta property="og:description" content="El profesor Guillem López-Casasnovas, catedrático de economía de la Universidad Pompeu Fabra de Barcelona, fundador y director del Centro de Investigación en Economía de la Salud de la misma Universidad y ex-consejero del Banco de España, impartirá el próximo viernes 18 a las 12:00 en el Aula F0.1. de la Facultad de Economía, Empresa y..." />
<meta property="og:url" content="https://www.ull.es/portal/agenda/evento/seminario-titulado-el-interfaz-de-la-economia-y-la-salud-en-razon-de-la-crisis-covid-19/" />
<meta property="og:site_name" content="ULL - Agenda" />
<meta property="article:modified_time" content="2021-06-17T07:40:30+00:00" />
<meta property="og:image" content="https://www.ull.es/portal/agenda/wp-content/uploads/sites/12/2021/06/Seminario-El-interfaz-de-la-economia-y-la-salud-en-razon-de-la-crisis-Covid-19_banner.jpg" />
	<meta property="og:image:width" content="700" />
	<meta property="og:image:height" content="350" />
	<meta property="og:image:type" content="image/jpeg" />
<meta name="twitter:card" content="summary_large_image" />
<meta name="twitter:label1" content="Tiempo de lectura" />
	<meta name="twitter:data1" content="1 minuto" />
<script type="application/ld+json" class="yoast-schema-graph">{"@context":"https://schema.org","@graph":[{"@type":"WebPage","@id":"https://www.ull.es/portal/agenda/evento/seminario-titulado-el-interfaz-de-la-economia-y-la-salud-en-razon-de-la-crisis-covid-19/","url":"https://www.ull.es/portal/agenda/evento/seminario-titulado-el-interfaz-de-la-economia-y-la-salud-en-razon-de-la-crisis-covid-19/","name":"Seminario: \"El interfaz de la economía y la salud en razón de la crisis Covid-19\" - ULL - Agenda","isPartOf":{"@id":"https://www.ull.es/portal/agenda/#website"},"datePublished":"2021-06-15T09:24:33+00:00","dateModified":"2021-06-17T07:40:30+00:00","breadcrumb":{"@id":"https://www.ull.es/portal/agenda/evento/seminario-titulado-el-interfaz-de-la-economia-y-la-salud-en-razon-de-la-crisis-covid-19/#breadcrumb"},"inLanguage":"es","potentialAction":[{"@type":"ReadAction","target":["https://www.ull.es/portal/agenda/evento/seminario-titulado-el-interfaz-de-la-economia-y-la-salud-en-razon-de-la-crisis-covid-19/"]}]},{"@type":"BreadcrumbList","@id":"https://www.ull.es/portal/agenda/evento/seminario-titulado-el-interfaz-de-la-economia-y-la-salud-en-razon-de-la-crisis-covid-19/#breadcrumb","itemListElement":[{"@type":"ListItem","position":1,"name":"Portada","item":"https://www.ull.es/portal/agenda/"},{"@type":"ListItem","position":2,"name":"Seminario: «El interfaz de la economía y la salud en razón de la crisis Covid-19»"}]},{"@type":"WebSite","@id":"https://www.ull.es/portal/agenda/#website","url":"https://www.ull.es/portal/agenda/","name":"ULL - Agenda","description":"","potentialAction":[{"@type":"SearchAction","target":{"@type":"EntryPoint","urlTemplate":"https://www.ull.es/portal/agenda/?s={search_term_string}"},"query-input":"required name=search_term_string"}],"inLanguage":"es"}]}</script>
<!-- / Yoast SEO plugin. -->

Seminario: "El interfaz de la economía y la salud en razón de la crisis Covid-19" - ULL - Agenda

El profesor Guillem López-Casasnovas, catedrático de economía de la Universidad Pompeu Fabra de Barcelona, fundador y director del Centro de Investigación en Economía de la Salud de la misma Universidad y ex-consejero del Banco de España, impartirá el próximo viernes 18 a las 12:00 en el Aula F0.1. de la Facultad de Economía, Empresa y...
