{"id":21232,"date":"2021-10-11T12:47:59","date_gmt":"2021-10-11T12:47:59","guid":{"rendered":"https:\/\/www.ull.es\/portal\/agenda\/?post_type=tribe_events&#038;p=21232"},"modified":"2021-10-11T13:07:05","modified_gmt":"2021-10-11T13:07:05","slug":"conferencia-el-arte-del-discurso-publico-una-invitacion-a-la-retorica-de-aristoteles","status":"publish","type":"tribe_events","link":"https:\/\/www.ull.es\/portal\/agenda\/evento\/conferencia-el-arte-del-discurso-publico-una-invitacion-a-la-retorica-de-aristoteles\/","title":{"rendered":"Conferencia: \u00abEl arte del discurso p\u00fablico: una invitaci\u00f3n a la ret\u00f3rica de Arist\u00f3teles\u00bb"},"content":{"rendered":"<p>En el marco de las Jornadas de Oto\u00f1o de la C\u00e1tedra Cultural Javier Muguerza de la ULL, Luis Vega Re\u00f1\u00f3n, catedr\u00e1tico em\u00e9rito de L\u00f3gica y Filosof\u00eda de la Ciencia de la UNED, impartir\u00e1 la <strong>IX Conferencia Javier Muguerza<\/strong> el pr\u00f3ximo jueves 14 de octubre a las 18:00 horas.<\/p>\n<p>Se podr\u00e1 acceder y participar en la misma a trav\u00e9s del siguiente enlace de <a href=\"https:\/\/meet.google.com\/job-bzwv-yaq\" target=\"_blank\" rel=\"noopener\" target=\"_blank\" rel=\"noopener\">Google Meet<\/a>.<\/p>\n","protected":false},"excerpt":{"rendered":"<p>En el marco de las Jornadas de Oto\u00f1o de la C\u00e1tedra Cultural Javier Muguerza de la ULL, Luis Vega Re\u00f1\u00f3n, catedr\u00e1tico em\u00e9rito de L\u00f3gica y Filosof\u00eda de la Ciencia de la UNED, impartir\u00e1 la IX Conferencia Javier Muguerza el pr\u00f3ximo jueves 14 de octubre a las 18:00 horas. Se podr\u00e1 acceder y participar en la&#8230;<\/p>\n","protected":false},"author":65,"featured_media":21234,"comment_status":"closed","ping_status":"closed","template":"","tags":[],"tribe_events_cat":[344,16,4],"acf":[],"yoast_head":"<!-- This site is optimized with the Yoast SEO plugin v21.3 - https:\/\/yoast.com\/wordpress\/plugins\/seo\/ -->\n<title>Conferencia: &quot;El arte del discurso p\u00fablico: una invitaci\u00f3n a la ret\u00f3rica de Arist\u00f3teles&quot; - ULL - Agenda<\/title>\n<meta name=\"robots\" content=\"index, follow, max-snippet:-1, max-image-preview:large, max-video-preview:-1\" \/>\n<link rel=\"canonical\" href=\"https:\/\/www.ull.es\/portal\/agenda\/evento\/conferencia-el-arte-del-discurso-publico-una-invitacion-a-la-retorica-de-aristoteles\/\" \/>\n<meta property=\"og:locale\" content=\"es_ES\" \/>\n<meta property=\"og:type\" content=\"article\" \/>\n<meta property=\"og:title\" content=\"Conferencia: &quot;El arte del discurso p\u00fablico: una invitaci\u00f3n a la ret\u00f3rica de Arist\u00f3teles&quot; - ULL - Agenda\" \/>\n<meta property=\"og:description\" content=\"En el marco de las Jornadas de Oto\u00f1o de la C\u00e1tedra Cultural Javier Muguerza de la ULL, Luis Vega Re\u00f1\u00f3n, catedr\u00e1tico em\u00e9rito de L\u00f3gica y Filosof\u00eda de la Ciencia de la UNED, impartir\u00e1 la IX Conferencia Javier Muguerza el pr\u00f3ximo jueves 14 de octubre a las 18:00 horas. Se podr\u00e1 acceder y participar en la...\" \/>\n<meta property=\"og:url\" content=\"https:\/\/www.ull.es\/portal\/agenda\/evento\/conferencia-el-arte-del-discurso-publico-una-invitacion-a-la-retorica-de-aristoteles\/\" \/>\n<meta property=\"og:site_name\" content=\"ULL - Agenda\" \/>\n<meta property=\"article:modified_time\" content=\"2021-10-11T13:07:05+00:00\" \/>\n<meta property=\"og:image\" content=\"https:\/\/www.ull.es\/portal\/agenda\/wp-content\/uploads\/sites\/12\/2021\/10\/IX-Conferencia-javier-muguerza-eventos.png\" \/>\n\t<meta property=\"og:image:width\" content=\"700\" \/>\n\t<meta property=\"og:image:height\" content=\"350\" \/>\n\t<meta property=\"og:image:type\" content=\"image\/png\" \/>\n<meta name=\"twitter:card\" content=\"summary_large_image\" \/>\n<meta name=\"twitter:label1\" content=\"Tiempo de lectura\" \/>\n\t<meta name=\"twitter:data1\" content=\"1 minuto\" \/>\n<script type=\"application\/ld+json\" class=\"yoast-schema-graph\">{\"@context\":\"https:\/\/schema.org\",\"@graph\":[{\"@type\":\"WebPage\",\"@id\":\"https:\/\/www.ull.es\/portal\/agenda\/evento\/conferencia-el-arte-del-discurso-publico-una-invitacion-a-la-retorica-de-aristoteles\/\",\"url\":\"https:\/\/www.ull.es\/portal\/agenda\/evento\/conferencia-el-arte-del-discurso-publico-una-invitacion-a-la-retorica-de-aristoteles\/\",\"name\":\"Conferencia: \\\"El arte del discurso p\u00fablico: una invitaci\u00f3n a la ret\u00f3rica de Arist\u00f3teles\\\" - ULL - Agenda\",\"isPartOf\":{\"@id\":\"https:\/\/www.ull.es\/portal\/agenda\/#website\"},\"datePublished\":\"2021-10-11T12:47:59+00:00\",\"dateModified\":\"2021-10-11T13:07:05+00:00\",\"breadcrumb\":{\"@id\":\"https:\/\/www.ull.es\/portal\/agenda\/evento\/conferencia-el-arte-del-discurso-publico-una-invitacion-a-la-retorica-de-aristoteles\/#breadcrumb\"},\"inLanguage\":\"es\",\"potentialAction\":[{\"@type\":\"ReadAction\",\"target\":[\"https:\/\/www.ull.es\/portal\/agenda\/evento\/conferencia-el-arte-del-discurso-publico-una-invitacion-a-la-retorica-de-aristoteles\/\"]}]},{\"@type\":\"BreadcrumbList\",\"@id\":\"https:\/\/www.ull.es\/portal\/agenda\/evento\/conferencia-el-arte-del-discurso-publico-una-invitacion-a-la-retorica-de-aristoteles\/#breadcrumb\",\"itemListElement\":[{\"@type\":\"ListItem\",\"position\":1,\"name\":\"Portada\",\"item\":\"https:\/\/www.ull.es\/portal\/agenda\/\"},{\"@type\":\"ListItem\",\"position\":2,\"name\":\"Conferencia: \u00abEl arte del discurso p\u00fablico: una invitaci\u00f3n a la ret\u00f3rica de Arist\u00f3teles\u00bb\"}]},{\"@type\":\"WebSite\",\"@id\":\"https:\/\/www.ull.es\/portal\/agenda\/#website\",\"url\":\"https:\/\/www.ull.es\/portal\/agenda\/\",\"name\":\"ULL - Agenda\",\"description\":\"\",\"potentialAction\":[{\"@type\":\"SearchAction\",\"target\":{\"@type\":\"EntryPoint\",\"urlTemplate\":\"https:\/\/www.ull.es\/portal\/agenda\/?s={search_term_string}\"},\"query-input\":\"required name=search_term_string\"}],\"inLanguage\":\"es\"}]}<\/script>\n<!-- \/ Yoast SEO plugin. -->","yoast_head_json":{"title":"Conferencia: \"El arte del discurso p\u00fablico: una invitaci\u00f3n a la ret\u00f3rica de Arist\u00f3teles\" - ULL - Agenda","robots":{"index":"index","follow":"follow","max-snippet":"max-snippet:-1","max-image-preview":"max-image-preview:large","max-video-preview":"max-video-preview:-1"},"canonical":"https:\/\/www.ull.es\/portal\/agenda\/evento\/conferencia-el-arte-del-discurso-publico-una-invitacion-a-la-retorica-de-aristoteles\/","og_locale":"es_ES","og_type":"article","og_title":"Conferencia: \"El arte del discurso p\u00fablico: una invitaci\u00f3n a la ret\u00f3rica de Arist\u00f3teles\" - ULL - Agenda","og_description":"En el marco de las Jornadas de Oto\u00f1o de la C\u00e1tedra Cultural Javier Muguerza de la ULL, Luis Vega Re\u00f1\u00f3n, catedr\u00e1tico em\u00e9rito de L\u00f3gica y Filosof\u00eda de la Ciencia de la UNED, impartir\u00e1 la IX Conferencia Javier Muguerza el pr\u00f3ximo jueves 14 de octubre a las 18:00 horas. Se podr\u00e1 acceder y participar en la...","og_url":"https:\/\/www.ull.es\/portal\/agenda\/evento\/conferencia-el-arte-del-discurso-publico-una-invitacion-a-la-retorica-de-aristoteles\/","og_site_name":"ULL - Agenda","article_modified_time":"2021-10-11T13:07:05+00:00","og_image":[{"width":700,"height":350,"url":"https:\/\/www.ull.es\/portal\/agenda\/wp-content\/uploads\/sites\/12\/2021\/10\/IX-Conferencia-javier-muguerza-eventos.png","type":"image\/png"}],"twitter_card":"summary_large_image","twitter_misc":{"Tiempo de lectura":"1 minuto"},"schema":{"@context":"https:\/\/schema.org","@graph":[{"@type":"WebPage","@id":"https:\/\/www.ull.es\/portal\/agenda\/evento\/conferencia-el-arte-del-discurso-publico-una-invitacion-a-la-retorica-de-aristoteles\/","url":"https:\/\/www.ull.es\/portal\/agenda\/evento\/conferencia-el-arte-del-discurso-publico-una-invitacion-a-la-retorica-de-aristoteles\/","name":"Conferencia: \"El arte del discurso p\u00fablico: una invitaci\u00f3n a la ret\u00f3rica de Arist\u00f3teles\" - ULL - Agenda","isPartOf":{"@id":"https:\/\/www.ull.es\/portal\/agenda\/#website"},"datePublished":"2021-10-11T12:47:59+00:00","dateModified":"2021-10-11T13:07:05+00:00","breadcrumb":{"@id":"https:\/\/www.ull.es\/portal\/agenda\/evento\/conferencia-el-arte-del-discurso-publico-una-invitacion-a-la-retorica-de-aristoteles\/#breadcrumb"},"inLanguage":"es","potentialAction":[{"@type":"ReadAction","target":["https:\/\/www.ull.es\/portal\/agenda\/evento\/conferencia-el-arte-del-discurso-publico-una-invitacion-a-la-retorica-de-aristoteles\/"]}]},{"@type":"BreadcrumbList","@id":"https:\/\/www.ull.es\/portal\/agenda\/evento\/conferencia-el-arte-del-discurso-publico-una-invitacion-a-la-retorica-de-aristoteles\/#breadcrumb","itemListElement":[{"@type":"ListItem","position":1,"name":"Portada","item":"https:\/\/www.ull.es\/portal\/agenda\/"},{"@type":"ListItem","position":2,"name":"Conferencia: \u00abEl arte del discurso p\u00fablico: una invitaci\u00f3n a la ret\u00f3rica de Arist\u00f3teles\u00bb"}]},{"@type":"WebSite","@id":"https:\/\/www.ull.es\/portal\/agenda\/#website","url":"https:\/\/www.ull.es\/portal\/agenda\/","name":"ULL - Agenda","description":"","potentialAction":[{"@type":"SearchAction","target":{"@type":"EntryPoint","urlTemplate":"https:\/\/www.ull.es\/portal\/agenda\/?s={search_term_string}"},"query-input":"required name=search_term_string"}],"inLanguage":"es"}]}},"_links":{"self":[{"href":"https:\/\/www.ull.es\/portal\/agenda\/wp-json\/wp\/v2\/tribe_events\/21232"}],"collection":[{"href":"https:\/\/www.ull.es\/portal\/agenda\/wp-json\/wp\/v2\/tribe_events"}],"about":[{"href":"https:\/\/www.ull.es\/portal\/agenda\/wp-json\/wp\/v2\/types\/tribe_events"}],"author":[{"embeddable":true,"href":"https:\/\/www.ull.es\/portal\/agenda\/wp-json\/wp\/v2\/users\/65"}],"replies":[{"embeddable":true,"href":"https:\/\/www.ull.es\/portal\/agenda\/wp-json\/wp\/v2\/comments?post=21232"}],"version-history":[{"count":3,"href":"https:\/\/www.ull.es\/portal\/agenda\/wp-json\/wp\/v2\/tribe_events\/21232\/revisions"}],"predecessor-version":[{"id":21236,"href":"https:\/\/www.ull.es\/portal\/agenda\/wp-json\/wp\/v2\/tribe_events\/21232\/revisions\/21236"}],"wp:featuredmedia":[{"embeddable":true,"href":"https:\/\/www.ull.es\/portal\/agenda\/wp-json\/wp\/v2\/media\/21234"}],"wp:attachment":[{"href":"https:\/\/www.ull.es\/portal\/agenda\/wp-json\/wp\/v2\/media?parent=21232"}],"wp:term":[{"taxonomy":"post_tag","embeddable":true,"href":"https:\/\/www.ull.es\/portal\/agenda\/wp-json\/wp\/v2\/tags?post=21232"},{"taxonomy":"tribe_events_cat","embeddable":true,"href":"https:\/\/www.ull.es\/portal\/agenda\/wp-json\/wp\/v2\/tribe_events_cat?post=21232"}],"curies":[{"name":"wp","href":"https:\/\/api.w.org\/{rel}","templated":true}]}}

Conferencia: «El arte del discurso público: una invitación a la retórica de Aristóteles»

<p>En el marco de las Jornadas de Otoño de la Cátedra Cultural Javier Muguerza de la ULL, Luis Vega Reñón, catedrático emérito de Lógica y Filosofía de la Ciencia de la UNED, impartirá la <strong>IX Conferencia Javier Muguerza</strong> el próximo jueves 14 de octubre a las 18:00 horas.</p>
<p>Se podrá acceder y participar en la misma a través del siguiente enlace de <a href="https://meet.google.com/job-bzwv-yaq" target="_blank" rel="noopener" target="_blank" rel="noopener">Google Meet</a>.</p>

<p>En el marco de las Jornadas de Otoño de la Cátedra Cultural Javier Muguerza de la ULL, Luis Vega Reñón, catedrático emérito de Lógica y Filosofía de la Ciencia de la UNED, impartirá la IX Conferencia Javier Muguerza el próximo jueves 14 de octubre a las 18:00 horas. Se podrá acceder y participar en la&#8230;</p>

<!-- This site is optimized with the Yoast SEO plugin v21.3 - https://yoast.com/wordpress/plugins/seo/ -->
<title>Conferencia: &quot;El arte del discurso público: una invitación a la retórica de Aristóteles&quot; - ULL - Agenda</title>
<meta name="robots" content="index, follow, max-snippet:-1, max-image-preview:large, max-video-preview:-1" />
<link rel="canonical" href="https://www.ull.es/portal/agenda/evento/conferencia-el-arte-del-discurso-publico-una-invitacion-a-la-retorica-de-aristoteles/" />
<meta property="og:locale" content="es_ES" />
<meta property="og:type" content="article" />
<meta property="og:title" content="Conferencia: &quot;El arte del discurso público: una invitación a la retórica de Aristóteles&quot; - ULL - Agenda" />
<meta property="og:description" content="En el marco de las Jornadas de Otoño de la Cátedra Cultural Javier Muguerza de la ULL, Luis Vega Reñón, catedrático emérito de Lógica y Filosofía de la Ciencia de la UNED, impartirá la IX Conferencia Javier Muguerza el próximo jueves 14 de octubre a las 18:00 horas. Se podrá acceder y participar en la..." />
<meta property="og:url" content="https://www.ull.es/portal/agenda/evento/conferencia-el-arte-del-discurso-publico-una-invitacion-a-la-retorica-de-aristoteles/" />
<meta property="og:site_name" content="ULL - Agenda" />
<meta property="article:modified_time" content="2021-10-11T13:07:05+00:00" />
<meta property="og:image" content="https://www.ull.es/portal/agenda/wp-content/uploads/sites/12/2021/10/IX-Conferencia-javier-muguerza-eventos.png" />
	<meta property="og:image:width" content="700" />
	<meta property="og:image:height" content="350" />
	<meta property="og:image:type" content="image/png" />
<meta name="twitter:card" content="summary_large_image" />
<meta name="twitter:label1" content="Tiempo de lectura" />
	<meta name="twitter:data1" content="1 minuto" />
<script type="application/ld+json" class="yoast-schema-graph">{"@context":"https://schema.org","@graph":[{"@type":"WebPage","@id":"https://www.ull.es/portal/agenda/evento/conferencia-el-arte-del-discurso-publico-una-invitacion-a-la-retorica-de-aristoteles/","url":"https://www.ull.es/portal/agenda/evento/conferencia-el-arte-del-discurso-publico-una-invitacion-a-la-retorica-de-aristoteles/","name":"Conferencia: \"El arte del discurso público: una invitación a la retórica de Aristóteles\" - ULL - Agenda","isPartOf":{"@id":"https://www.ull.es/portal/agenda/#website"},"datePublished":"2021-10-11T12:47:59+00:00","dateModified":"2021-10-11T13:07:05+00:00","breadcrumb":{"@id":"https://www.ull.es/portal/agenda/evento/conferencia-el-arte-del-discurso-publico-una-invitacion-a-la-retorica-de-aristoteles/#breadcrumb"},"inLanguage":"es","potentialAction":[{"@type":"ReadAction","target":["https://www.ull.es/portal/agenda/evento/conferencia-el-arte-del-discurso-publico-una-invitacion-a-la-retorica-de-aristoteles/"]}]},{"@type":"BreadcrumbList","@id":"https://www.ull.es/portal/agenda/evento/conferencia-el-arte-del-discurso-publico-una-invitacion-a-la-retorica-de-aristoteles/#breadcrumb","itemListElement":[{"@type":"ListItem","position":1,"name":"Portada","item":"https://www.ull.es/portal/agenda/"},{"@type":"ListItem","position":2,"name":"Conferencia: «El arte del discurso público: una invitación a la retórica de Aristóteles»"}]},{"@type":"WebSite","@id":"https://www.ull.es/portal/agenda/#website","url":"https://www.ull.es/portal/agenda/","name":"ULL - Agenda","description":"","potentialAction":[{"@type":"SearchAction","target":{"@type":"EntryPoint","urlTemplate":"https://www.ull.es/portal/agenda/?s={search_term_string}"},"query-input":"required name=search_term_string"}],"inLanguage":"es"}]}</script>
<!-- / Yoast SEO plugin. -->

Conferencia: "El arte del discurso público: una invitación a la retórica de Aristóteles" - ULL - Agenda

En el marco de las Jornadas de Otoño de la Cátedra Cultural Javier Muguerza de la ULL, Luis Vega Reñón, catedrático emérito de Lógica y Filosofía de la Ciencia de la UNED, impartirá la IX Conferencia Javier Muguerza el próximo jueves 14 de octubre a las 18:00 horas. Se podrá acceder y participar en la...
