{"id":21534,"date":"2021-10-27T12:20:09","date_gmt":"2021-10-27T12:20:09","guid":{"rendered":"https:\/\/www.ull.es\/portal\/agenda\/?post_type=tribe_events&#038;p=21534"},"modified":"2021-12-03T11:44:05","modified_gmt":"2021-12-03T11:44:05","slug":"international-conference-visual-methods-in-social-sciences-from-capture-to-dissemination-of-results-data-methods-results-valorization","status":"publish","type":"tribe_events","link":"https:\/\/www.ull.es\/portal\/agenda\/evento\/international-conference-visual-methods-in-social-sciences-from-capture-to-dissemination-of-results-data-methods-results-valorization\/","title":{"rendered":"International Conference \u00abVisual methods in Social Sciences: from capture to dissemination of results. Data, methods, results, valorization\u00bb"},"content":{"rendered":"<p>El Congreso Internacional \u00abM\u00e9todos visuales en ciencias humanas y sociales: del registro a la difusi\u00f3n. Datos, m\u00e9todos, resultados, valorizaci\u00f3n\u00bb se celebrar\u00e1 los pr\u00f3ximos d\u00edas <strong>9 y 10 de diciembre de 2021<\/strong> en la Facultad de Bellas Artes de la Universidad de La Laguna. Mediante un formato h\u00edbrido, el congreso tiene como objetivo reflexionar sobre los m\u00e9todos visuales como herramientas de investigaci\u00f3n en las actividades investigadoras y dar a conocer posiciones de investigaci\u00f3n innovadoras.<\/p>\n<p>Este congreso est\u00e1 organizado por el grupo de Investigaci\u00f3n e Innovaci\u00f3n en Dise\u00f1o de la Universidad de La Laguna y por el Laboratoire LLSETI EA 3706 Universit\u00e9 Savoie Mont-Blanc.<\/p>\n<p>M\u00e1s informaci\u00f3n y el programa en la <a href=\"https:\/\/wp.ull.es\/visualmethods\/\" target=\"_blank\" rel=\"noopener\" target=\"_blank\" rel=\"noopener\">web del congreso<\/a>.<\/p>\n","protected":false},"excerpt":{"rendered":"<p>El Congreso Internacional \u00abM\u00e9todos visuales en ciencias humanas y sociales: del registro a la difusi\u00f3n. Datos, m\u00e9todos, resultados, valorizaci\u00f3n\u00bb se celebrar\u00e1 los pr\u00f3ximos d\u00edas 9 y 10 de diciembre de 2021 en la Facultad de Bellas Artes de la Universidad de La Laguna. Mediante un formato h\u00edbrido, el congreso tiene como objetivo reflexionar sobre los&#8230;<\/p>\n","protected":false},"author":65,"featured_media":22175,"comment_status":"closed","ping_status":"closed","template":"","tags":[844,504,4266],"tribe_events_cat":[64,4,3096,191],"acf":[],"yoast_head":"<!-- This site is optimized with the Yoast SEO plugin v21.3 - https:\/\/yoast.com\/wordpress\/plugins\/seo\/ -->\n<title>International Conference &quot;Visual methods in Social Sciences: from capture to dissemination of results. Data, methods, results, valorization&quot; - ULL - Agenda<\/title>\n<meta name=\"robots\" content=\"index, follow, max-snippet:-1, max-image-preview:large, max-video-preview:-1\" \/>\n<link rel=\"canonical\" href=\"https:\/\/www.ull.es\/portal\/agenda\/evento\/international-conference-visual-methods-in-social-sciences-from-capture-to-dissemination-of-results-data-methods-results-valorization\/\" \/>\n<meta property=\"og:locale\" content=\"es_ES\" \/>\n<meta property=\"og:type\" content=\"article\" \/>\n<meta property=\"og:title\" content=\"International Conference &quot;Visual methods in Social Sciences: from capture to dissemination of results. Data, methods, results, valorization&quot; - ULL - Agenda\" \/>\n<meta property=\"og:description\" content=\"El Congreso Internacional \u00abM\u00e9todos visuales en ciencias humanas y sociales: del registro a la difusi\u00f3n. Datos, m\u00e9todos, resultados, valorizaci\u00f3n\u00bb se celebrar\u00e1 los pr\u00f3ximos d\u00edas 9 y 10 de diciembre de 2021 en la Facultad de Bellas Artes de la Universidad de La Laguna. Mediante un formato h\u00edbrido, el congreso tiene como objetivo reflexionar sobre los...\" \/>\n<meta property=\"og:url\" content=\"https:\/\/www.ull.es\/portal\/agenda\/evento\/international-conference-visual-methods-in-social-sciences-from-capture-to-dissemination-of-results-data-methods-results-valorization\/\" \/>\n<meta property=\"og:site_name\" content=\"ULL - Agenda\" \/>\n<meta property=\"article:modified_time\" content=\"2021-12-03T11:44:05+00:00\" \/>\n<meta property=\"og:image\" content=\"https:\/\/www.ull.es\/portal\/agenda\/wp-content\/uploads\/sites\/12\/2021\/10\/VisualMethods-evento.png\" \/>\n\t<meta property=\"og:image:width\" content=\"700\" \/>\n\t<meta property=\"og:image:height\" content=\"350\" \/>\n\t<meta property=\"og:image:type\" content=\"image\/png\" \/>\n<meta name=\"twitter:card\" content=\"summary_large_image\" \/>\n<meta name=\"twitter:label1\" content=\"Tiempo de lectura\" \/>\n\t<meta name=\"twitter:data1\" content=\"1 minuto\" \/>\n<script type=\"application\/ld+json\" class=\"yoast-schema-graph\">{\"@context\":\"https:\/\/schema.org\",\"@graph\":[{\"@type\":\"WebPage\",\"@id\":\"https:\/\/www.ull.es\/portal\/agenda\/evento\/international-conference-visual-methods-in-social-sciences-from-capture-to-dissemination-of-results-data-methods-results-valorization\/\",\"url\":\"https:\/\/www.ull.es\/portal\/agenda\/evento\/international-conference-visual-methods-in-social-sciences-from-capture-to-dissemination-of-results-data-methods-results-valorization\/\",\"name\":\"International Conference \\\"Visual methods in Social Sciences: from capture to dissemination of results. Data, methods, results, valorization\\\" - ULL - Agenda\",\"isPartOf\":{\"@id\":\"https:\/\/www.ull.es\/portal\/agenda\/#website\"},\"datePublished\":\"2021-10-27T12:20:09+00:00\",\"dateModified\":\"2021-12-03T11:44:05+00:00\",\"breadcrumb\":{\"@id\":\"https:\/\/www.ull.es\/portal\/agenda\/evento\/international-conference-visual-methods-in-social-sciences-from-capture-to-dissemination-of-results-data-methods-results-valorization\/#breadcrumb\"},\"inLanguage\":\"es\",\"potentialAction\":[{\"@type\":\"ReadAction\",\"target\":[\"https:\/\/www.ull.es\/portal\/agenda\/evento\/international-conference-visual-methods-in-social-sciences-from-capture-to-dissemination-of-results-data-methods-results-valorization\/\"]}]},{\"@type\":\"BreadcrumbList\",\"@id\":\"https:\/\/www.ull.es\/portal\/agenda\/evento\/international-conference-visual-methods-in-social-sciences-from-capture-to-dissemination-of-results-data-methods-results-valorization\/#breadcrumb\",\"itemListElement\":[{\"@type\":\"ListItem\",\"position\":1,\"name\":\"Portada\",\"item\":\"https:\/\/www.ull.es\/portal\/agenda\/\"},{\"@type\":\"ListItem\",\"position\":2,\"name\":\"International Conference \u00abVisual methods in Social Sciences: from capture to dissemination of results. Data, methods, results, valorization\u00bb\"}]},{\"@type\":\"WebSite\",\"@id\":\"https:\/\/www.ull.es\/portal\/agenda\/#website\",\"url\":\"https:\/\/www.ull.es\/portal\/agenda\/\",\"name\":\"ULL - Agenda\",\"description\":\"\",\"potentialAction\":[{\"@type\":\"SearchAction\",\"target\":{\"@type\":\"EntryPoint\",\"urlTemplate\":\"https:\/\/www.ull.es\/portal\/agenda\/?s={search_term_string}\"},\"query-input\":\"required name=search_term_string\"}],\"inLanguage\":\"es\"}]}<\/script>\n<!-- \/ Yoast SEO plugin. -->","yoast_head_json":{"title":"International Conference \"Visual methods in Social Sciences: from capture to dissemination of results. Data, methods, results, valorization\" - ULL - Agenda","robots":{"index":"index","follow":"follow","max-snippet":"max-snippet:-1","max-image-preview":"max-image-preview:large","max-video-preview":"max-video-preview:-1"},"canonical":"https:\/\/www.ull.es\/portal\/agenda\/evento\/international-conference-visual-methods-in-social-sciences-from-capture-to-dissemination-of-results-data-methods-results-valorization\/","og_locale":"es_ES","og_type":"article","og_title":"International Conference \"Visual methods in Social Sciences: from capture to dissemination of results. Data, methods, results, valorization\" - ULL - Agenda","og_description":"El Congreso Internacional \u00abM\u00e9todos visuales en ciencias humanas y sociales: del registro a la difusi\u00f3n. Datos, m\u00e9todos, resultados, valorizaci\u00f3n\u00bb se celebrar\u00e1 los pr\u00f3ximos d\u00edas 9 y 10 de diciembre de 2021 en la Facultad de Bellas Artes de la Universidad de La Laguna. Mediante un formato h\u00edbrido, el congreso tiene como objetivo reflexionar sobre los...","og_url":"https:\/\/www.ull.es\/portal\/agenda\/evento\/international-conference-visual-methods-in-social-sciences-from-capture-to-dissemination-of-results-data-methods-results-valorization\/","og_site_name":"ULL - Agenda","article_modified_time":"2021-12-03T11:44:05+00:00","og_image":[{"width":700,"height":350,"url":"https:\/\/www.ull.es\/portal\/agenda\/wp-content\/uploads\/sites\/12\/2021\/10\/VisualMethods-evento.png","type":"image\/png"}],"twitter_card":"summary_large_image","twitter_misc":{"Tiempo de lectura":"1 minuto"},"schema":{"@context":"https:\/\/schema.org","@graph":[{"@type":"WebPage","@id":"https:\/\/www.ull.es\/portal\/agenda\/evento\/international-conference-visual-methods-in-social-sciences-from-capture-to-dissemination-of-results-data-methods-results-valorization\/","url":"https:\/\/www.ull.es\/portal\/agenda\/evento\/international-conference-visual-methods-in-social-sciences-from-capture-to-dissemination-of-results-data-methods-results-valorization\/","name":"International Conference \"Visual methods in Social Sciences: from capture to dissemination of results. Data, methods, results, valorization\" - ULL - Agenda","isPartOf":{"@id":"https:\/\/www.ull.es\/portal\/agenda\/#website"},"datePublished":"2021-10-27T12:20:09+00:00","dateModified":"2021-12-03T11:44:05+00:00","breadcrumb":{"@id":"https:\/\/www.ull.es\/portal\/agenda\/evento\/international-conference-visual-methods-in-social-sciences-from-capture-to-dissemination-of-results-data-methods-results-valorization\/#breadcrumb"},"inLanguage":"es","potentialAction":[{"@type":"ReadAction","target":["https:\/\/www.ull.es\/portal\/agenda\/evento\/international-conference-visual-methods-in-social-sciences-from-capture-to-dissemination-of-results-data-methods-results-valorization\/"]}]},{"@type":"BreadcrumbList","@id":"https:\/\/www.ull.es\/portal\/agenda\/evento\/international-conference-visual-methods-in-social-sciences-from-capture-to-dissemination-of-results-data-methods-results-valorization\/#breadcrumb","itemListElement":[{"@type":"ListItem","position":1,"name":"Portada","item":"https:\/\/www.ull.es\/portal\/agenda\/"},{"@type":"ListItem","position":2,"name":"International Conference \u00abVisual methods in Social Sciences: from capture to dissemination of results. Data, methods, results, valorization\u00bb"}]},{"@type":"WebSite","@id":"https:\/\/www.ull.es\/portal\/agenda\/#website","url":"https:\/\/www.ull.es\/portal\/agenda\/","name":"ULL - Agenda","description":"","potentialAction":[{"@type":"SearchAction","target":{"@type":"EntryPoint","urlTemplate":"https:\/\/www.ull.es\/portal\/agenda\/?s={search_term_string}"},"query-input":"required name=search_term_string"}],"inLanguage":"es"}]}},"_links":{"self":[{"href":"https:\/\/www.ull.es\/portal\/agenda\/wp-json\/wp\/v2\/tribe_events\/21534"}],"collection":[{"href":"https:\/\/www.ull.es\/portal\/agenda\/wp-json\/wp\/v2\/tribe_events"}],"about":[{"href":"https:\/\/www.ull.es\/portal\/agenda\/wp-json\/wp\/v2\/types\/tribe_events"}],"author":[{"embeddable":true,"href":"https:\/\/www.ull.es\/portal\/agenda\/wp-json\/wp\/v2\/users\/65"}],"replies":[{"embeddable":true,"href":"https:\/\/www.ull.es\/portal\/agenda\/wp-json\/wp\/v2\/comments?post=21534"}],"version-history":[{"count":5,"href":"https:\/\/www.ull.es\/portal\/agenda\/wp-json\/wp\/v2\/tribe_events\/21534\/revisions"}],"predecessor-version":[{"id":22180,"href":"https:\/\/www.ull.es\/portal\/agenda\/wp-json\/wp\/v2\/tribe_events\/21534\/revisions\/22180"}],"wp:featuredmedia":[{"embeddable":true,"href":"https:\/\/www.ull.es\/portal\/agenda\/wp-json\/wp\/v2\/media\/22175"}],"wp:attachment":[{"href":"https:\/\/www.ull.es\/portal\/agenda\/wp-json\/wp\/v2\/media?parent=21534"}],"wp:term":[{"taxonomy":"post_tag","embeddable":true,"href":"https:\/\/www.ull.es\/portal\/agenda\/wp-json\/wp\/v2\/tags?post=21534"},{"taxonomy":"tribe_events_cat","embeddable":true,"href":"https:\/\/www.ull.es\/portal\/agenda\/wp-json\/wp\/v2\/tribe_events_cat?post=21534"}],"curies":[{"name":"wp","href":"https:\/\/api.w.org\/{rel}","templated":true}]}}

<p>El Congreso Internacional «Métodos visuales en ciencias humanas y sociales: del registro a la difusión. Datos, métodos, resultados, valorización» se celebrará los próximos días <strong>9 y 10 de diciembre de 2021</strong> en la Facultad de Bellas Artes de la Universidad de La Laguna. Mediante un formato híbrido, el congreso tiene como objetivo reflexionar sobre los métodos visuales como herramientas de investigación en las actividades investigadoras y dar a conocer posiciones de investigación innovadoras.</p>
<p>Este congreso está organizado por el grupo de Investigación e Innovación en Diseño de la Universidad de La Laguna y por el Laboratoire LLSETI EA 3706 Université Savoie Mont-Blanc.</p>
<p>Más información y el programa en la <a href="https://wp.ull.es/visualmethods/" target="_blank" rel="noopener" target="_blank" rel="noopener">web del congreso</a>.</p>

<p>El Congreso Internacional «Métodos visuales en ciencias humanas y sociales: del registro a la difusión. Datos, métodos, resultados, valorización» se celebrará los próximos días 9 y 10 de diciembre de 2021 en la Facultad de Bellas Artes de la Universidad de La Laguna. Mediante un formato híbrido, el congreso tiene como objetivo reflexionar sobre los&#8230;</p>

<!-- This site is optimized with the Yoast SEO plugin v21.3 - https://yoast.com/wordpress/plugins/seo/ -->
<title>International Conference &quot;Visual methods in Social Sciences: from capture to dissemination of results. Data, methods, results, valorization&quot; - ULL - Agenda</title>
<meta name="robots" content="index, follow, max-snippet:-1, max-image-preview:large, max-video-preview:-1" />
<link rel="canonical" href="https://www.ull.es/portal/agenda/evento/international-conference-visual-methods-in-social-sciences-from-capture-to-dissemination-of-results-data-methods-results-valorization/" />
<meta property="og:locale" content="es_ES" />
<meta property="og:type" content="article" />
<meta property="og:title" content="International Conference &quot;Visual methods in Social Sciences: from capture to dissemination of results. Data, methods, results, valorization&quot; - ULL - Agenda" />
<meta property="og:description" content="El Congreso Internacional «Métodos visuales en ciencias humanas y sociales: del registro a la difusión. Datos, métodos, resultados, valorización» se celebrará los próximos días 9 y 10 de diciembre de 2021 en la Facultad de Bellas Artes de la Universidad de La Laguna. Mediante un formato híbrido, el congreso tiene como objetivo reflexionar sobre los..." />
<meta property="og:url" content="https://www.ull.es/portal/agenda/evento/international-conference-visual-methods-in-social-sciences-from-capture-to-dissemination-of-results-data-methods-results-valorization/" />
<meta property="og:site_name" content="ULL - Agenda" />
<meta property="article:modified_time" content="2021-12-03T11:44:05+00:00" />
<meta property="og:image" content="https://www.ull.es/portal/agenda/wp-content/uploads/sites/12/2021/10/VisualMethods-evento.png" />
	<meta property="og:image:width" content="700" />
	<meta property="og:image:height" content="350" />
	<meta property="og:image:type" content="image/png" />
<meta name="twitter:card" content="summary_large_image" />
<meta name="twitter:label1" content="Tiempo de lectura" />
	<meta name="twitter:data1" content="1 minuto" />
<script type="application/ld+json" class="yoast-schema-graph">{"@context":"https://schema.org","@graph":[{"@type":"WebPage","@id":"https://www.ull.es/portal/agenda/evento/international-conference-visual-methods-in-social-sciences-from-capture-to-dissemination-of-results-data-methods-results-valorization/","url":"https://www.ull.es/portal/agenda/evento/international-conference-visual-methods-in-social-sciences-from-capture-to-dissemination-of-results-data-methods-results-valorization/","name":"International Conference \"Visual methods in Social Sciences: from capture to dissemination of results. Data, methods, results, valorization\" - ULL - Agenda","isPartOf":{"@id":"https://www.ull.es/portal/agenda/#website"},"datePublished":"2021-10-27T12:20:09+00:00","dateModified":"2021-12-03T11:44:05+00:00","breadcrumb":{"@id":"https://www.ull.es/portal/agenda/evento/international-conference-visual-methods-in-social-sciences-from-capture-to-dissemination-of-results-data-methods-results-valorization/#breadcrumb"},"inLanguage":"es","potentialAction":[{"@type":"ReadAction","target":["https://www.ull.es/portal/agenda/evento/international-conference-visual-methods-in-social-sciences-from-capture-to-dissemination-of-results-data-methods-results-valorization/"]}]},{"@type":"BreadcrumbList","@id":"https://www.ull.es/portal/agenda/evento/international-conference-visual-methods-in-social-sciences-from-capture-to-dissemination-of-results-data-methods-results-valorization/#breadcrumb","itemListElement":[{"@type":"ListItem","position":1,"name":"Portada","item":"https://www.ull.es/portal/agenda/"},{"@type":"ListItem","position":2,"name":"International Conference «Visual methods in Social Sciences: from capture to dissemination of results. Data, methods, results, valorization»"}]},{"@type":"WebSite","@id":"https://www.ull.es/portal/agenda/#website","url":"https://www.ull.es/portal/agenda/","name":"ULL - Agenda","description":"","potentialAction":[{"@type":"SearchAction","target":{"@type":"EntryPoint","urlTemplate":"https://www.ull.es/portal/agenda/?s={search_term_string}"},"query-input":"required name=search_term_string"}],"inLanguage":"es"}]}</script>
<!-- / Yoast SEO plugin. -->

El Congreso Internacional «Métodos visuales en ciencias humanas y sociales: del registro a la difusión. Datos, métodos, resultados, valorización» se celebrará los próximos días 9 y 10 de diciembre de 2021 en la Facultad de Bellas Artes de la Universidad de La Laguna. Mediante un formato híbrido, el congreso tiene como objetivo reflexionar sobre los...
