{"id":21915,"date":"2021-11-18T09:52:46","date_gmt":"2021-11-18T09:52:46","guid":{"rendered":"https:\/\/www.ull.es\/portal\/agenda\/?post_type=tribe_events&#038;p=21915"},"modified":"2021-11-25T09:14:34","modified_gmt":"2021-11-25T09:14:34","slug":"inauguracion-de-la-exposicion-imagina-tu-familia","status":"publish","type":"tribe_events","link":"https:\/\/www.ull.es\/portal\/agenda\/evento\/inauguracion-de-la-exposicion-imagina-tu-familia\/","title":{"rendered":"Inauguraci\u00f3n de la exposici\u00f3n \u00abImagina tu familia\u00bb"},"content":{"rendered":"<p>El Aula Cultural Museo de la Educaci\u00f3n, junto con el Grupo de Innovaci\u00f3n Feminario ULL, forman parte del proyecto titulado: &#8216;Educaci\u00f3n para el Presente: Iniciativas para la Equidad y la Igualdad&#8217;.<\/p>\n<p>El pr\u00f3ximo <strong>18 de noviembre<\/strong>, en el <strong>Hall del Edificio Central<\/strong>, tendr\u00e1 lugar la inauguraci\u00f3n de la <strong>exposici\u00f3n \u00abImagina tu familia\u00bb<\/strong>, que <strong>podr\u00e1 visitarse desde el 19 de noviembre hasta el 10 de diciembre<\/strong>. Esta exposici\u00f3n pretende trabajar la diversidad y distintos tipos de familias, contenidos que se abordan en la asignatura &#8216;Relaci\u00f3n Familia Escuela&#8217; del grado de Pedagog\u00eda, Itinerario Educaci\u00f3n Formal.<\/p>\n","protected":false},"excerpt":{"rendered":"<p>El Aula Cultural Museo de la Educaci\u00f3n, junto con el Grupo de Innovaci\u00f3n Feminario ULL, forman parte del proyecto titulado: &#8216;Educaci\u00f3n para el Presente: Iniciativas para la Equidad y la Igualdad&#8217;. El pr\u00f3ximo 18 de noviembre, en el Hall del Edificio Central, tendr\u00e1 lugar la inauguraci\u00f3n de la exposici\u00f3n \u00abImagina tu familia\u00bb, que podr\u00e1 visitarse&#8230;<\/p>\n","protected":false},"author":65,"featured_media":21921,"comment_status":"closed","ping_status":"closed","template":"","tags":[],"tribe_events_cat":[344,4,19],"acf":[],"yoast_head":"<!-- This site is optimized with the Yoast SEO plugin v21.3 - https:\/\/yoast.com\/wordpress\/plugins\/seo\/ -->\n<title>Inauguraci\u00f3n de la exposici\u00f3n &quot;Imagina tu familia&quot; - ULL - Agenda<\/title>\n<meta name=\"robots\" content=\"index, follow, max-snippet:-1, max-image-preview:large, max-video-preview:-1\" \/>\n<link rel=\"canonical\" href=\"https:\/\/www.ull.es\/portal\/agenda\/evento\/inauguracion-de-la-exposicion-imagina-tu-familia\/\" \/>\n<meta property=\"og:locale\" content=\"es_ES\" \/>\n<meta property=\"og:type\" content=\"article\" \/>\n<meta property=\"og:title\" content=\"Inauguraci\u00f3n de la exposici\u00f3n &quot;Imagina tu familia&quot; - ULL - Agenda\" \/>\n<meta property=\"og:description\" content=\"El Aula Cultural Museo de la Educaci\u00f3n, junto con el Grupo de Innovaci\u00f3n Feminario ULL, forman parte del proyecto titulado: &#8216;Educaci\u00f3n para el Presente: Iniciativas para la Equidad y la Igualdad&#8217;. El pr\u00f3ximo 18 de noviembre, en el Hall del Edificio Central, tendr\u00e1 lugar la inauguraci\u00f3n de la exposici\u00f3n \u00abImagina tu familia\u00bb, que podr\u00e1 visitarse...\" \/>\n<meta property=\"og:url\" content=\"https:\/\/www.ull.es\/portal\/agenda\/evento\/inauguracion-de-la-exposicion-imagina-tu-familia\/\" \/>\n<meta property=\"og:site_name\" content=\"ULL - Agenda\" \/>\n<meta property=\"article:modified_time\" content=\"2021-11-25T09:14:34+00:00\" \/>\n<meta property=\"og:image\" content=\"https:\/\/www.ull.es\/portal\/agenda\/wp-content\/uploads\/sites\/12\/2021\/11\/imagina-tu-familia-evento.png\" \/>\n\t<meta property=\"og:image:width\" content=\"700\" \/>\n\t<meta property=\"og:image:height\" content=\"350\" \/>\n\t<meta property=\"og:image:type\" content=\"image\/png\" \/>\n<meta name=\"twitter:card\" content=\"summary_large_image\" \/>\n<meta name=\"twitter:label1\" content=\"Tiempo de lectura\" \/>\n\t<meta name=\"twitter:data1\" content=\"1 minuto\" \/>\n<script type=\"application\/ld+json\" class=\"yoast-schema-graph\">{\"@context\":\"https:\/\/schema.org\",\"@graph\":[{\"@type\":\"WebPage\",\"@id\":\"https:\/\/www.ull.es\/portal\/agenda\/evento\/inauguracion-de-la-exposicion-imagina-tu-familia\/\",\"url\":\"https:\/\/www.ull.es\/portal\/agenda\/evento\/inauguracion-de-la-exposicion-imagina-tu-familia\/\",\"name\":\"Inauguraci\u00f3n de la exposici\u00f3n \\\"Imagina tu familia\\\" - ULL - Agenda\",\"isPartOf\":{\"@id\":\"https:\/\/www.ull.es\/portal\/agenda\/#website\"},\"datePublished\":\"2021-11-18T09:52:46+00:00\",\"dateModified\":\"2021-11-25T09:14:34+00:00\",\"breadcrumb\":{\"@id\":\"https:\/\/www.ull.es\/portal\/agenda\/evento\/inauguracion-de-la-exposicion-imagina-tu-familia\/#breadcrumb\"},\"inLanguage\":\"es\",\"potentialAction\":[{\"@type\":\"ReadAction\",\"target\":[\"https:\/\/www.ull.es\/portal\/agenda\/evento\/inauguracion-de-la-exposicion-imagina-tu-familia\/\"]}]},{\"@type\":\"BreadcrumbList\",\"@id\":\"https:\/\/www.ull.es\/portal\/agenda\/evento\/inauguracion-de-la-exposicion-imagina-tu-familia\/#breadcrumb\",\"itemListElement\":[{\"@type\":\"ListItem\",\"position\":1,\"name\":\"Portada\",\"item\":\"https:\/\/www.ull.es\/portal\/agenda\/\"},{\"@type\":\"ListItem\",\"position\":2,\"name\":\"Inauguraci\u00f3n de la exposici\u00f3n \u00abImagina tu familia\u00bb\"}]},{\"@type\":\"WebSite\",\"@id\":\"https:\/\/www.ull.es\/portal\/agenda\/#website\",\"url\":\"https:\/\/www.ull.es\/portal\/agenda\/\",\"name\":\"ULL - Agenda\",\"description\":\"\",\"potentialAction\":[{\"@type\":\"SearchAction\",\"target\":{\"@type\":\"EntryPoint\",\"urlTemplate\":\"https:\/\/www.ull.es\/portal\/agenda\/?s={search_term_string}\"},\"query-input\":\"required name=search_term_string\"}],\"inLanguage\":\"es\"}]}<\/script>\n<!-- \/ Yoast SEO plugin. -->","yoast_head_json":{"title":"Inauguraci\u00f3n de la exposici\u00f3n \"Imagina tu familia\" - ULL - Agenda","robots":{"index":"index","follow":"follow","max-snippet":"max-snippet:-1","max-image-preview":"max-image-preview:large","max-video-preview":"max-video-preview:-1"},"canonical":"https:\/\/www.ull.es\/portal\/agenda\/evento\/inauguracion-de-la-exposicion-imagina-tu-familia\/","og_locale":"es_ES","og_type":"article","og_title":"Inauguraci\u00f3n de la exposici\u00f3n \"Imagina tu familia\" - ULL - Agenda","og_description":"El Aula Cultural Museo de la Educaci\u00f3n, junto con el Grupo de Innovaci\u00f3n Feminario ULL, forman parte del proyecto titulado: &#8216;Educaci\u00f3n para el Presente: Iniciativas para la Equidad y la Igualdad&#8217;. El pr\u00f3ximo 18 de noviembre, en el Hall del Edificio Central, tendr\u00e1 lugar la inauguraci\u00f3n de la exposici\u00f3n \u00abImagina tu familia\u00bb, que podr\u00e1 visitarse...","og_url":"https:\/\/www.ull.es\/portal\/agenda\/evento\/inauguracion-de-la-exposicion-imagina-tu-familia\/","og_site_name":"ULL - Agenda","article_modified_time":"2021-11-25T09:14:34+00:00","og_image":[{"width":700,"height":350,"url":"https:\/\/www.ull.es\/portal\/agenda\/wp-content\/uploads\/sites\/12\/2021\/11\/imagina-tu-familia-evento.png","type":"image\/png"}],"twitter_card":"summary_large_image","twitter_misc":{"Tiempo de lectura":"1 minuto"},"schema":{"@context":"https:\/\/schema.org","@graph":[{"@type":"WebPage","@id":"https:\/\/www.ull.es\/portal\/agenda\/evento\/inauguracion-de-la-exposicion-imagina-tu-familia\/","url":"https:\/\/www.ull.es\/portal\/agenda\/evento\/inauguracion-de-la-exposicion-imagina-tu-familia\/","name":"Inauguraci\u00f3n de la exposici\u00f3n \"Imagina tu familia\" - ULL - Agenda","isPartOf":{"@id":"https:\/\/www.ull.es\/portal\/agenda\/#website"},"datePublished":"2021-11-18T09:52:46+00:00","dateModified":"2021-11-25T09:14:34+00:00","breadcrumb":{"@id":"https:\/\/www.ull.es\/portal\/agenda\/evento\/inauguracion-de-la-exposicion-imagina-tu-familia\/#breadcrumb"},"inLanguage":"es","potentialAction":[{"@type":"ReadAction","target":["https:\/\/www.ull.es\/portal\/agenda\/evento\/inauguracion-de-la-exposicion-imagina-tu-familia\/"]}]},{"@type":"BreadcrumbList","@id":"https:\/\/www.ull.es\/portal\/agenda\/evento\/inauguracion-de-la-exposicion-imagina-tu-familia\/#breadcrumb","itemListElement":[{"@type":"ListItem","position":1,"name":"Portada","item":"https:\/\/www.ull.es\/portal\/agenda\/"},{"@type":"ListItem","position":2,"name":"Inauguraci\u00f3n de la exposici\u00f3n \u00abImagina tu familia\u00bb"}]},{"@type":"WebSite","@id":"https:\/\/www.ull.es\/portal\/agenda\/#website","url":"https:\/\/www.ull.es\/portal\/agenda\/","name":"ULL - Agenda","description":"","potentialAction":[{"@type":"SearchAction","target":{"@type":"EntryPoint","urlTemplate":"https:\/\/www.ull.es\/portal\/agenda\/?s={search_term_string}"},"query-input":"required name=search_term_string"}],"inLanguage":"es"}]}},"_links":{"self":[{"href":"https:\/\/www.ull.es\/portal\/agenda\/wp-json\/wp\/v2\/tribe_events\/21915"}],"collection":[{"href":"https:\/\/www.ull.es\/portal\/agenda\/wp-json\/wp\/v2\/tribe_events"}],"about":[{"href":"https:\/\/www.ull.es\/portal\/agenda\/wp-json\/wp\/v2\/types\/tribe_events"}],"author":[{"embeddable":true,"href":"https:\/\/www.ull.es\/portal\/agenda\/wp-json\/wp\/v2\/users\/65"}],"replies":[{"embeddable":true,"href":"https:\/\/www.ull.es\/portal\/agenda\/wp-json\/wp\/v2\/comments?post=21915"}],"version-history":[{"count":2,"href":"https:\/\/www.ull.es\/portal\/agenda\/wp-json\/wp\/v2\/tribe_events\/21915\/revisions"}],"predecessor-version":[{"id":21922,"href":"https:\/\/www.ull.es\/portal\/agenda\/wp-json\/wp\/v2\/tribe_events\/21915\/revisions\/21922"}],"wp:featuredmedia":[{"embeddable":true,"href":"https:\/\/www.ull.es\/portal\/agenda\/wp-json\/wp\/v2\/media\/21921"}],"wp:attachment":[{"href":"https:\/\/www.ull.es\/portal\/agenda\/wp-json\/wp\/v2\/media?parent=21915"}],"wp:term":[{"taxonomy":"post_tag","embeddable":true,"href":"https:\/\/www.ull.es\/portal\/agenda\/wp-json\/wp\/v2\/tags?post=21915"},{"taxonomy":"tribe_events_cat","embeddable":true,"href":"https:\/\/www.ull.es\/portal\/agenda\/wp-json\/wp\/v2\/tribe_events_cat?post=21915"}],"curies":[{"name":"wp","href":"https:\/\/api.w.org\/{rel}","templated":true}]}}

Inauguración de la exposición «Imagina tu familia»

<p>El Aula Cultural Museo de la Educación, junto con el Grupo de Innovación Feminario ULL, forman parte del proyecto titulado: &#8216;Educación para el Presente: Iniciativas para la Equidad y la Igualdad&#8217;.</p>
<p>El próximo <strong>18 de noviembre</strong>, en el <strong>Hall del Edificio Central</strong>, tendrá lugar la inauguración de la <strong>exposición «Imagina tu familia»</strong>, que <strong>podrá visitarse desde el 19 de noviembre hasta el 10 de diciembre</strong>. Esta exposición pretende trabajar la diversidad y distintos tipos de familias, contenidos que se abordan en la asignatura &#8216;Relación Familia Escuela&#8217; del grado de Pedagogía, Itinerario Educación Formal.</p>

<p>El Aula Cultural Museo de la Educación, junto con el Grupo de Innovación Feminario ULL, forman parte del proyecto titulado: &#8216;Educación para el Presente: Iniciativas para la Equidad y la Igualdad&#8217;. El próximo 18 de noviembre, en el Hall del Edificio Central, tendrá lugar la inauguración de la exposición «Imagina tu familia», que podrá visitarse&#8230;</p>

<!-- This site is optimized with the Yoast SEO plugin v21.3 - https://yoast.com/wordpress/plugins/seo/ -->
<title>Inauguración de la exposición &quot;Imagina tu familia&quot; - ULL - Agenda</title>
<meta name="robots" content="index, follow, max-snippet:-1, max-image-preview:large, max-video-preview:-1" />
<link rel="canonical" href="https://www.ull.es/portal/agenda/evento/inauguracion-de-la-exposicion-imagina-tu-familia/" />
<meta property="og:locale" content="es_ES" />
<meta property="og:type" content="article" />
<meta property="og:title" content="Inauguración de la exposición &quot;Imagina tu familia&quot; - ULL - Agenda" />
<meta property="og:description" content="El Aula Cultural Museo de la Educación, junto con el Grupo de Innovación Feminario ULL, forman parte del proyecto titulado: &#8216;Educación para el Presente: Iniciativas para la Equidad y la Igualdad&#8217;. El próximo 18 de noviembre, en el Hall del Edificio Central, tendrá lugar la inauguración de la exposición «Imagina tu familia», que podrá visitarse..." />
<meta property="og:url" content="https://www.ull.es/portal/agenda/evento/inauguracion-de-la-exposicion-imagina-tu-familia/" />
<meta property="og:site_name" content="ULL - Agenda" />
<meta property="article:modified_time" content="2021-11-25T09:14:34+00:00" />
<meta property="og:image" content="https://www.ull.es/portal/agenda/wp-content/uploads/sites/12/2021/11/imagina-tu-familia-evento.png" />
	<meta property="og:image:width" content="700" />
	<meta property="og:image:height" content="350" />
	<meta property="og:image:type" content="image/png" />
<meta name="twitter:card" content="summary_large_image" />
<meta name="twitter:label1" content="Tiempo de lectura" />
	<meta name="twitter:data1" content="1 minuto" />
<script type="application/ld+json" class="yoast-schema-graph">{"@context":"https://schema.org","@graph":[{"@type":"WebPage","@id":"https://www.ull.es/portal/agenda/evento/inauguracion-de-la-exposicion-imagina-tu-familia/","url":"https://www.ull.es/portal/agenda/evento/inauguracion-de-la-exposicion-imagina-tu-familia/","name":"Inauguración de la exposición \"Imagina tu familia\" - ULL - Agenda","isPartOf":{"@id":"https://www.ull.es/portal/agenda/#website"},"datePublished":"2021-11-18T09:52:46+00:00","dateModified":"2021-11-25T09:14:34+00:00","breadcrumb":{"@id":"https://www.ull.es/portal/agenda/evento/inauguracion-de-la-exposicion-imagina-tu-familia/#breadcrumb"},"inLanguage":"es","potentialAction":[{"@type":"ReadAction","target":["https://www.ull.es/portal/agenda/evento/inauguracion-de-la-exposicion-imagina-tu-familia/"]}]},{"@type":"BreadcrumbList","@id":"https://www.ull.es/portal/agenda/evento/inauguracion-de-la-exposicion-imagina-tu-familia/#breadcrumb","itemListElement":[{"@type":"ListItem","position":1,"name":"Portada","item":"https://www.ull.es/portal/agenda/"},{"@type":"ListItem","position":2,"name":"Inauguración de la exposición «Imagina tu familia»"}]},{"@type":"WebSite","@id":"https://www.ull.es/portal/agenda/#website","url":"https://www.ull.es/portal/agenda/","name":"ULL - Agenda","description":"","potentialAction":[{"@type":"SearchAction","target":{"@type":"EntryPoint","urlTemplate":"https://www.ull.es/portal/agenda/?s={search_term_string}"},"query-input":"required name=search_term_string"}],"inLanguage":"es"}]}</script>
<!-- / Yoast SEO plugin. -->

Inauguración de la exposición "Imagina tu familia" - ULL - Agenda

El Aula Cultural Museo de la Educación, junto con el Grupo de Innovación Feminario ULL, forman parte del proyecto titulado: &#8216;Educación para el Presente: Iniciativas para la Equidad y la Igualdad&#8217;. El próximo 18 de noviembre, en el Hall del Edificio Central, tendrá lugar la inauguración de la exposición «Imagina tu familia», que podrá visitarse...
