{"id":21981,"date":"2021-11-22T12:34:07","date_gmt":"2021-11-22T12:34:07","guid":{"rendered":"https:\/\/www.ull.es\/portal\/agenda\/?post_type=tribe_events&#038;p=21981"},"modified":"2021-11-22T12:34:36","modified_gmt":"2021-11-22T12:34:36","slug":"i-congreso-internacional-gtcc-ae-ic-2021","status":"publish","type":"tribe_events","link":"https:\/\/www.ull.es\/portal\/agenda\/evento\/i-congreso-internacional-gtcc-ae-ic-2021\/","title":{"rendered":"I Congreso Internacional GTCC-AE-IC 2021"},"content":{"rendered":"<p>Los pr\u00f3ximos <strong>2 y el 3 de diciembre de 2021<\/strong>, la Universidad de La Laguna acoge el I Congreso Internacional GTCC-AE-IC 2021 \u201cMedios colaborativos\u00a0 y resiliencia ciudadana: Comunicaci\u00f3n participativa en tiempos de crisis\u201d. Organizado por el Grupo de Trabajo (GT) de Comunicaci\u00f3n y Ciudadan\u00eda de la Asociaci\u00f3n Espa\u00f1ola de Investigaci\u00f3n de la Comunicaci\u00f3n (<a href=\"https:\/\/ae-ic.org\/\" target=\"_blank\" rel=\"noopener\">AE-IC<\/a>) y la Red de Investigaci\u00f3n en Comunicaci\u00f3n Comunitaria, Alternativa y Participativa (<a href=\"http:\/\/www.riccap.org\/\" target=\"_blank\" rel=\"noopener\">RICCAP<\/a>), este congreso presencial pretende convertirse en una cita bianual para profesionales, estudiantes y sector acad\u00e9mico del \u00e1mbito de la comunicaci\u00f3n ciudadana.<\/p>\n<p>M\u00e1s informaci\u00f3n, programa e inscripciones en el siguiente <a href=\"https:\/\/www.riccap.org\/i-congreso-internacional-gtcc-ae-ic-2021\/\" target=\"_blank\" rel=\"noopener\" target=\"_blank\" rel=\"noopener\">enlace<\/a>.<\/p>\n","protected":false},"excerpt":{"rendered":"<p>Los pr\u00f3ximos 2 y el 3 de diciembre de 2021, la Universidad de La Laguna acoge el I Congreso Internacional GTCC-AE-IC 2021 \u201cMedios colaborativos\u00a0 y resiliencia ciudadana: Comunicaci\u00f3n participativa en tiempos de crisis\u201d. Organizado por el Grupo de Trabajo (GT) de Comunicaci\u00f3n y Ciudadan\u00eda de la Asociaci\u00f3n Espa\u00f1ola de Investigaci\u00f3n de la Comunicaci\u00f3n (AE-IC) y&#8230;<\/p>\n","protected":false},"author":65,"featured_media":21982,"comment_status":"closed","ping_status":"closed","template":"","tags":[],"tribe_events_cat":[344,64,4,191],"acf":[],"yoast_head":"<!-- This site is optimized with the Yoast SEO plugin v21.3 - https:\/\/yoast.com\/wordpress\/plugins\/seo\/ -->\n<title>I Congreso Internacional GTCC-AE-IC 2021 - ULL - Agenda<\/title>\n<meta name=\"robots\" content=\"index, follow, max-snippet:-1, max-image-preview:large, max-video-preview:-1\" \/>\n<link rel=\"canonical\" href=\"https:\/\/www.ull.es\/portal\/agenda\/evento\/i-congreso-internacional-gtcc-ae-ic-2021\/\" \/>\n<meta property=\"og:locale\" content=\"es_ES\" \/>\n<meta property=\"og:type\" content=\"article\" \/>\n<meta property=\"og:title\" content=\"I Congreso Internacional GTCC-AE-IC 2021 - ULL - Agenda\" \/>\n<meta property=\"og:description\" content=\"Los pr\u00f3ximos 2 y el 3 de diciembre de 2021, la Universidad de La Laguna acoge el I Congreso Internacional GTCC-AE-IC 2021 \u201cMedios colaborativos\u00a0 y resiliencia ciudadana: Comunicaci\u00f3n participativa en tiempos de crisis\u201d. Organizado por el Grupo de Trabajo (GT) de Comunicaci\u00f3n y Ciudadan\u00eda de la Asociaci\u00f3n Espa\u00f1ola de Investigaci\u00f3n de la Comunicaci\u00f3n (AE-IC) y...\" \/>\n<meta property=\"og:url\" content=\"https:\/\/www.ull.es\/portal\/agenda\/evento\/i-congreso-internacional-gtcc-ae-ic-2021\/\" \/>\n<meta property=\"og:site_name\" content=\"ULL - Agenda\" \/>\n<meta property=\"article:modified_time\" content=\"2021-11-22T12:34:36+00:00\" \/>\n<meta property=\"og:image\" content=\"https:\/\/www.ull.es\/portal\/agenda\/wp-content\/uploads\/sites\/12\/2021\/11\/GTCC-evento.png\" \/>\n\t<meta property=\"og:image:width\" content=\"700\" \/>\n\t<meta property=\"og:image:height\" content=\"350\" \/>\n\t<meta property=\"og:image:type\" content=\"image\/png\" \/>\n<meta name=\"twitter:card\" content=\"summary_large_image\" \/>\n<meta name=\"twitter:label1\" content=\"Tiempo de lectura\" \/>\n\t<meta name=\"twitter:data1\" content=\"1 minuto\" \/>\n<script type=\"application\/ld+json\" class=\"yoast-schema-graph\">{\"@context\":\"https:\/\/schema.org\",\"@graph\":[{\"@type\":\"WebPage\",\"@id\":\"https:\/\/www.ull.es\/portal\/agenda\/evento\/i-congreso-internacional-gtcc-ae-ic-2021\/\",\"url\":\"https:\/\/www.ull.es\/portal\/agenda\/evento\/i-congreso-internacional-gtcc-ae-ic-2021\/\",\"name\":\"I Congreso Internacional GTCC-AE-IC 2021 - ULL - Agenda\",\"isPartOf\":{\"@id\":\"https:\/\/www.ull.es\/portal\/agenda\/#website\"},\"datePublished\":\"2021-11-22T12:34:07+00:00\",\"dateModified\":\"2021-11-22T12:34:36+00:00\",\"breadcrumb\":{\"@id\":\"https:\/\/www.ull.es\/portal\/agenda\/evento\/i-congreso-internacional-gtcc-ae-ic-2021\/#breadcrumb\"},\"inLanguage\":\"es\",\"potentialAction\":[{\"@type\":\"ReadAction\",\"target\":[\"https:\/\/www.ull.es\/portal\/agenda\/evento\/i-congreso-internacional-gtcc-ae-ic-2021\/\"]}]},{\"@type\":\"BreadcrumbList\",\"@id\":\"https:\/\/www.ull.es\/portal\/agenda\/evento\/i-congreso-internacional-gtcc-ae-ic-2021\/#breadcrumb\",\"itemListElement\":[{\"@type\":\"ListItem\",\"position\":1,\"name\":\"Portada\",\"item\":\"https:\/\/www.ull.es\/portal\/agenda\/\"},{\"@type\":\"ListItem\",\"position\":2,\"name\":\"I Congreso Internacional GTCC-AE-IC 2021\"}]},{\"@type\":\"WebSite\",\"@id\":\"https:\/\/www.ull.es\/portal\/agenda\/#website\",\"url\":\"https:\/\/www.ull.es\/portal\/agenda\/\",\"name\":\"ULL - Agenda\",\"description\":\"\",\"potentialAction\":[{\"@type\":\"SearchAction\",\"target\":{\"@type\":\"EntryPoint\",\"urlTemplate\":\"https:\/\/www.ull.es\/portal\/agenda\/?s={search_term_string}\"},\"query-input\":\"required name=search_term_string\"}],\"inLanguage\":\"es\"}]}<\/script>\n<!-- \/ Yoast SEO plugin. -->","yoast_head_json":{"title":"I Congreso Internacional GTCC-AE-IC 2021 - ULL - Agenda","robots":{"index":"index","follow":"follow","max-snippet":"max-snippet:-1","max-image-preview":"max-image-preview:large","max-video-preview":"max-video-preview:-1"},"canonical":"https:\/\/www.ull.es\/portal\/agenda\/evento\/i-congreso-internacional-gtcc-ae-ic-2021\/","og_locale":"es_ES","og_type":"article","og_title":"I Congreso Internacional GTCC-AE-IC 2021 - ULL - Agenda","og_description":"Los pr\u00f3ximos 2 y el 3 de diciembre de 2021, la Universidad de La Laguna acoge el I Congreso Internacional GTCC-AE-IC 2021 \u201cMedios colaborativos\u00a0 y resiliencia ciudadana: Comunicaci\u00f3n participativa en tiempos de crisis\u201d. Organizado por el Grupo de Trabajo (GT) de Comunicaci\u00f3n y Ciudadan\u00eda de la Asociaci\u00f3n Espa\u00f1ola de Investigaci\u00f3n de la Comunicaci\u00f3n (AE-IC) y...","og_url":"https:\/\/www.ull.es\/portal\/agenda\/evento\/i-congreso-internacional-gtcc-ae-ic-2021\/","og_site_name":"ULL - Agenda","article_modified_time":"2021-11-22T12:34:36+00:00","og_image":[{"width":700,"height":350,"url":"https:\/\/www.ull.es\/portal\/agenda\/wp-content\/uploads\/sites\/12\/2021\/11\/GTCC-evento.png","type":"image\/png"}],"twitter_card":"summary_large_image","twitter_misc":{"Tiempo de lectura":"1 minuto"},"schema":{"@context":"https:\/\/schema.org","@graph":[{"@type":"WebPage","@id":"https:\/\/www.ull.es\/portal\/agenda\/evento\/i-congreso-internacional-gtcc-ae-ic-2021\/","url":"https:\/\/www.ull.es\/portal\/agenda\/evento\/i-congreso-internacional-gtcc-ae-ic-2021\/","name":"I Congreso Internacional GTCC-AE-IC 2021 - ULL - Agenda","isPartOf":{"@id":"https:\/\/www.ull.es\/portal\/agenda\/#website"},"datePublished":"2021-11-22T12:34:07+00:00","dateModified":"2021-11-22T12:34:36+00:00","breadcrumb":{"@id":"https:\/\/www.ull.es\/portal\/agenda\/evento\/i-congreso-internacional-gtcc-ae-ic-2021\/#breadcrumb"},"inLanguage":"es","potentialAction":[{"@type":"ReadAction","target":["https:\/\/www.ull.es\/portal\/agenda\/evento\/i-congreso-internacional-gtcc-ae-ic-2021\/"]}]},{"@type":"BreadcrumbList","@id":"https:\/\/www.ull.es\/portal\/agenda\/evento\/i-congreso-internacional-gtcc-ae-ic-2021\/#breadcrumb","itemListElement":[{"@type":"ListItem","position":1,"name":"Portada","item":"https:\/\/www.ull.es\/portal\/agenda\/"},{"@type":"ListItem","position":2,"name":"I Congreso Internacional GTCC-AE-IC 2021"}]},{"@type":"WebSite","@id":"https:\/\/www.ull.es\/portal\/agenda\/#website","url":"https:\/\/www.ull.es\/portal\/agenda\/","name":"ULL - Agenda","description":"","potentialAction":[{"@type":"SearchAction","target":{"@type":"EntryPoint","urlTemplate":"https:\/\/www.ull.es\/portal\/agenda\/?s={search_term_string}"},"query-input":"required name=search_term_string"}],"inLanguage":"es"}]}},"_links":{"self":[{"href":"https:\/\/www.ull.es\/portal\/agenda\/wp-json\/wp\/v2\/tribe_events\/21981"}],"collection":[{"href":"https:\/\/www.ull.es\/portal\/agenda\/wp-json\/wp\/v2\/tribe_events"}],"about":[{"href":"https:\/\/www.ull.es\/portal\/agenda\/wp-json\/wp\/v2\/types\/tribe_events"}],"author":[{"embeddable":true,"href":"https:\/\/www.ull.es\/portal\/agenda\/wp-json\/wp\/v2\/users\/65"}],"replies":[{"embeddable":true,"href":"https:\/\/www.ull.es\/portal\/agenda\/wp-json\/wp\/v2\/comments?post=21981"}],"version-history":[{"count":1,"href":"https:\/\/www.ull.es\/portal\/agenda\/wp-json\/wp\/v2\/tribe_events\/21981\/revisions"}],"predecessor-version":[{"id":21983,"href":"https:\/\/www.ull.es\/portal\/agenda\/wp-json\/wp\/v2\/tribe_events\/21981\/revisions\/21983"}],"wp:featuredmedia":[{"embeddable":true,"href":"https:\/\/www.ull.es\/portal\/agenda\/wp-json\/wp\/v2\/media\/21982"}],"wp:attachment":[{"href":"https:\/\/www.ull.es\/portal\/agenda\/wp-json\/wp\/v2\/media?parent=21981"}],"wp:term":[{"taxonomy":"post_tag","embeddable":true,"href":"https:\/\/www.ull.es\/portal\/agenda\/wp-json\/wp\/v2\/tags?post=21981"},{"taxonomy":"tribe_events_cat","embeddable":true,"href":"https:\/\/www.ull.es\/portal\/agenda\/wp-json\/wp\/v2\/tribe_events_cat?post=21981"}],"curies":[{"name":"wp","href":"https:\/\/api.w.org\/{rel}","templated":true}]}}

<p>Los próximos <strong>2 y el 3 de diciembre de 2021</strong>, la Universidad de La Laguna acoge el I Congreso Internacional GTCC-AE-IC 2021 “Medios colaborativos  y resiliencia ciudadana: Comunicación participativa en tiempos de crisis”. Organizado por el Grupo de Trabajo (GT) de Comunicación y Ciudadanía de la Asociación Española de Investigación de la Comunicación (<a href="https://ae-ic.org/" target="_blank" rel="noopener">AE-IC</a>) y la Red de Investigación en Comunicación Comunitaria, Alternativa y Participativa (<a href="http://www.riccap.org/" target="_blank" rel="noopener">RICCAP</a>), este congreso presencial pretende convertirse en una cita bianual para profesionales, estudiantes y sector académico del ámbito de la comunicación ciudadana.</p>
<p>Más información, programa e inscripciones en el siguiente <a href="https://www.riccap.org/i-congreso-internacional-gtcc-ae-ic-2021/" target="_blank" rel="noopener" target="_blank" rel="noopener">enlace</a>.</p>

<p>Los próximos 2 y el 3 de diciembre de 2021, la Universidad de La Laguna acoge el I Congreso Internacional GTCC-AE-IC 2021 “Medios colaborativos  y resiliencia ciudadana: Comunicación participativa en tiempos de crisis”. Organizado por el Grupo de Trabajo (GT) de Comunicación y Ciudadanía de la Asociación Española de Investigación de la Comunicación (AE-IC) y&#8230;</p>

<!-- This site is optimized with the Yoast SEO plugin v21.3 - https://yoast.com/wordpress/plugins/seo/ -->
<title>I Congreso Internacional GTCC-AE-IC 2021 - ULL - Agenda</title>
<meta name="robots" content="index, follow, max-snippet:-1, max-image-preview:large, max-video-preview:-1" />
<link rel="canonical" href="https://www.ull.es/portal/agenda/evento/i-congreso-internacional-gtcc-ae-ic-2021/" />
<meta property="og:locale" content="es_ES" />
<meta property="og:type" content="article" />
<meta property="og:title" content="I Congreso Internacional GTCC-AE-IC 2021 - ULL - Agenda" />
<meta property="og:description" content="Los próximos 2 y el 3 de diciembre de 2021, la Universidad de La Laguna acoge el I Congreso Internacional GTCC-AE-IC 2021 “Medios colaborativos  y resiliencia ciudadana: Comunicación participativa en tiempos de crisis”. Organizado por el Grupo de Trabajo (GT) de Comunicación y Ciudadanía de la Asociación Española de Investigación de la Comunicación (AE-IC) y..." />
<meta property="og:url" content="https://www.ull.es/portal/agenda/evento/i-congreso-internacional-gtcc-ae-ic-2021/" />
<meta property="og:site_name" content="ULL - Agenda" />
<meta property="article:modified_time" content="2021-11-22T12:34:36+00:00" />
<meta property="og:image" content="https://www.ull.es/portal/agenda/wp-content/uploads/sites/12/2021/11/GTCC-evento.png" />
	<meta property="og:image:width" content="700" />
	<meta property="og:image:height" content="350" />
	<meta property="og:image:type" content="image/png" />
<meta name="twitter:card" content="summary_large_image" />
<meta name="twitter:label1" content="Tiempo de lectura" />
	<meta name="twitter:data1" content="1 minuto" />
<script type="application/ld+json" class="yoast-schema-graph">{"@context":"https://schema.org","@graph":[{"@type":"WebPage","@id":"https://www.ull.es/portal/agenda/evento/i-congreso-internacional-gtcc-ae-ic-2021/","url":"https://www.ull.es/portal/agenda/evento/i-congreso-internacional-gtcc-ae-ic-2021/","name":"I Congreso Internacional GTCC-AE-IC 2021 - ULL - Agenda","isPartOf":{"@id":"https://www.ull.es/portal/agenda/#website"},"datePublished":"2021-11-22T12:34:07+00:00","dateModified":"2021-11-22T12:34:36+00:00","breadcrumb":{"@id":"https://www.ull.es/portal/agenda/evento/i-congreso-internacional-gtcc-ae-ic-2021/#breadcrumb"},"inLanguage":"es","potentialAction":[{"@type":"ReadAction","target":["https://www.ull.es/portal/agenda/evento/i-congreso-internacional-gtcc-ae-ic-2021/"]}]},{"@type":"BreadcrumbList","@id":"https://www.ull.es/portal/agenda/evento/i-congreso-internacional-gtcc-ae-ic-2021/#breadcrumb","itemListElement":[{"@type":"ListItem","position":1,"name":"Portada","item":"https://www.ull.es/portal/agenda/"},{"@type":"ListItem","position":2,"name":"I Congreso Internacional GTCC-AE-IC 2021"}]},{"@type":"WebSite","@id":"https://www.ull.es/portal/agenda/#website","url":"https://www.ull.es/portal/agenda/","name":"ULL - Agenda","description":"","potentialAction":[{"@type":"SearchAction","target":{"@type":"EntryPoint","urlTemplate":"https://www.ull.es/portal/agenda/?s={search_term_string}"},"query-input":"required name=search_term_string"}],"inLanguage":"es"}]}</script>
<!-- / Yoast SEO plugin. -->

Los próximos 2 y el 3 de diciembre de 2021, la Universidad de La Laguna acoge el I Congreso Internacional GTCC-AE-IC 2021 “Medios colaborativos  y resiliencia ciudadana: Comunicación participativa en tiempos de crisis”. Organizado por el Grupo de Trabajo (GT) de Comunicación y Ciudadanía de la Asociación Española de Investigación de la Comunicación (AE-IC) y...
