{"id":22000,"date":"2021-11-23T08:36:38","date_gmt":"2021-11-23T08:36:38","guid":{"rendered":"https:\/\/www.ull.es\/portal\/agenda\/?post_type=tribe_events&#038;p=22000"},"modified":"2021-11-23T08:39:29","modified_gmt":"2021-11-23T08:39:29","slug":"concierto-solidario-de-la-orquesta-de-camara-de-canarias","status":"publish","type":"tribe_events","link":"https:\/\/www.ull.es\/portal\/agenda\/evento\/concierto-solidario-de-la-orquesta-de-camara-de-canarias\/","title":{"rendered":"Concierto Solidario de la Orquesta de C\u00e1mara de Canarias"},"content":{"rendered":"<p><strong>Concierto Solidario de la Orquesta de C\u00e1mara de Canarias<\/strong> (A beneficio de Cruz Roja de La Palma)<\/p>\n<p>Bajo la direcci\u00f3n del violinista tinerfe\u00f1o, Patricio Guti\u00e9rrez, la Orquesta de C\u00e1mara de Canarias realizar\u00e1 un concierto el <strong>domingo 5 de diciembre de 2021 a las 12h<\/strong> en el Paraninfo de la Universidad de La Laguna, en favor de los damnificados por el volc\u00e1n Cumbre Vieja de La Palma. Colaboran el Conservatorio Superior de M\u00fasica de Canarias, la Universidad de La Laguna, la Joven Orquesta de C\u00e1mara de Canarias, as\u00ed como distintas empresas y fundaciones.<\/p>\n<p>El concierto se abrir\u00e1 con la obra Tajaraste y Sorondongo del compositor tinerfe\u00f1o, Agust\u00edn Ramos. Seguidamente se\u00a0 interpretar\u00e1 la versi\u00f3n para timple del Concierto para oboe en Re menor de A. Marcello, con el tinerfe\u00f1o David Duque como solista. Le seguir\u00e1 el concierto para dos violines la\u00fad y bajo continuo de A. Vivaldi, interpretado en esta ocasi\u00f3n por el guitarrista lagunero, Luis Alejandro Garc\u00eda. Ya en la segunda parte se abordar\u00e1 el concierto para piano y orquesta kv.413, n\u00ba11 de W. A. Mozart, teniendo a Juan Carlos Fern\u00e1ndez Nieto como solista, y se cerrar\u00e1 el concierto con las Danzas Rumanas de B. Bartok.<\/p>\n<p>Venta de entradas en el siguiente <a href=\"https:\/\/www.tomaticket.es\/recintos\/paraninfo-ull\" target=\"_blank\" rel=\"noopener\" target=\"_blank\" rel=\"noopener\">enlace<\/a>. General 15\u20ac<\/p>\n","protected":false},"excerpt":{"rendered":"<p>Concierto Solidario de la Orquesta de C\u00e1mara de Canarias (A beneficio de Cruz Roja de La Palma) Bajo la direcci\u00f3n del violinista tinerfe\u00f1o, Patricio Guti\u00e9rrez, la Orquesta de C\u00e1mara de Canarias realizar\u00e1 un concierto el domingo 5 de diciembre de 2021 a las 12h en el Paraninfo de la Universidad de La Laguna, en favor&#8230;<\/p>\n","protected":false},"author":65,"featured_media":22001,"comment_status":"closed","ping_status":"closed","template":"","tags":[2206],"tribe_events_cat":[4,343,191],"acf":[],"yoast_head":"<!-- This site is optimized with the Yoast SEO plugin v21.3 - https:\/\/yoast.com\/wordpress\/plugins\/seo\/ -->\n<title>Concierto Solidario de la Orquesta de C\u00e1mara de Canarias - ULL - Agenda<\/title>\n<meta name=\"robots\" content=\"index, follow, max-snippet:-1, max-image-preview:large, max-video-preview:-1\" \/>\n<link rel=\"canonical\" href=\"https:\/\/www.ull.es\/portal\/agenda\/evento\/concierto-solidario-de-la-orquesta-de-camara-de-canarias\/\" \/>\n<meta property=\"og:locale\" content=\"es_ES\" \/>\n<meta property=\"og:type\" content=\"article\" \/>\n<meta property=\"og:title\" content=\"Concierto Solidario de la Orquesta de C\u00e1mara de Canarias - ULL - Agenda\" \/>\n<meta property=\"og:description\" content=\"Concierto Solidario de la Orquesta de C\u00e1mara de Canarias (A beneficio de Cruz Roja de La Palma) Bajo la direcci\u00f3n del violinista tinerfe\u00f1o, Patricio Guti\u00e9rrez, la Orquesta de C\u00e1mara de Canarias realizar\u00e1 un concierto el domingo 5 de diciembre de 2021 a las 12h en el Paraninfo de la Universidad de La Laguna, en favor...\" \/>\n<meta property=\"og:url\" content=\"https:\/\/www.ull.es\/portal\/agenda\/evento\/concierto-solidario-de-la-orquesta-de-camara-de-canarias\/\" \/>\n<meta property=\"og:site_name\" content=\"ULL - Agenda\" \/>\n<meta property=\"article:modified_time\" content=\"2021-11-23T08:39:29+00:00\" \/>\n<meta property=\"og:image\" content=\"https:\/\/www.ull.es\/portal\/agenda\/wp-content\/uploads\/sites\/12\/2021\/11\/af-adaptacion-cartel-orquesta-camara-de-canarias-700x350px.jpg\" \/>\n\t<meta property=\"og:image:width\" content=\"700\" \/>\n\t<meta property=\"og:image:height\" content=\"350\" \/>\n\t<meta property=\"og:image:type\" content=\"image\/jpeg\" \/>\n<meta name=\"twitter:card\" content=\"summary_large_image\" \/>\n<meta name=\"twitter:label1\" content=\"Tiempo de lectura\" \/>\n\t<meta name=\"twitter:data1\" content=\"1 minuto\" \/>\n<script type=\"application\/ld+json\" class=\"yoast-schema-graph\">{\"@context\":\"https:\/\/schema.org\",\"@graph\":[{\"@type\":\"WebPage\",\"@id\":\"https:\/\/www.ull.es\/portal\/agenda\/evento\/concierto-solidario-de-la-orquesta-de-camara-de-canarias\/\",\"url\":\"https:\/\/www.ull.es\/portal\/agenda\/evento\/concierto-solidario-de-la-orquesta-de-camara-de-canarias\/\",\"name\":\"Concierto Solidario de la Orquesta de C\u00e1mara de Canarias - ULL - Agenda\",\"isPartOf\":{\"@id\":\"https:\/\/www.ull.es\/portal\/agenda\/#website\"},\"datePublished\":\"2021-11-23T08:36:38+00:00\",\"dateModified\":\"2021-11-23T08:39:29+00:00\",\"breadcrumb\":{\"@id\":\"https:\/\/www.ull.es\/portal\/agenda\/evento\/concierto-solidario-de-la-orquesta-de-camara-de-canarias\/#breadcrumb\"},\"inLanguage\":\"es\",\"potentialAction\":[{\"@type\":\"ReadAction\",\"target\":[\"https:\/\/www.ull.es\/portal\/agenda\/evento\/concierto-solidario-de-la-orquesta-de-camara-de-canarias\/\"]}]},{\"@type\":\"BreadcrumbList\",\"@id\":\"https:\/\/www.ull.es\/portal\/agenda\/evento\/concierto-solidario-de-la-orquesta-de-camara-de-canarias\/#breadcrumb\",\"itemListElement\":[{\"@type\":\"ListItem\",\"position\":1,\"name\":\"Portada\",\"item\":\"https:\/\/www.ull.es\/portal\/agenda\/\"},{\"@type\":\"ListItem\",\"position\":2,\"name\":\"Concierto Solidario de la Orquesta de C\u00e1mara de Canarias\"}]},{\"@type\":\"WebSite\",\"@id\":\"https:\/\/www.ull.es\/portal\/agenda\/#website\",\"url\":\"https:\/\/www.ull.es\/portal\/agenda\/\",\"name\":\"ULL - Agenda\",\"description\":\"\",\"potentialAction\":[{\"@type\":\"SearchAction\",\"target\":{\"@type\":\"EntryPoint\",\"urlTemplate\":\"https:\/\/www.ull.es\/portal\/agenda\/?s={search_term_string}\"},\"query-input\":\"required name=search_term_string\"}],\"inLanguage\":\"es\"}]}<\/script>\n<!-- \/ Yoast SEO plugin. -->","yoast_head_json":{"title":"Concierto Solidario de la Orquesta de C\u00e1mara de Canarias - ULL - Agenda","robots":{"index":"index","follow":"follow","max-snippet":"max-snippet:-1","max-image-preview":"max-image-preview:large","max-video-preview":"max-video-preview:-1"},"canonical":"https:\/\/www.ull.es\/portal\/agenda\/evento\/concierto-solidario-de-la-orquesta-de-camara-de-canarias\/","og_locale":"es_ES","og_type":"article","og_title":"Concierto Solidario de la Orquesta de C\u00e1mara de Canarias - ULL - Agenda","og_description":"Concierto Solidario de la Orquesta de C\u00e1mara de Canarias (A beneficio de Cruz Roja de La Palma) Bajo la direcci\u00f3n del violinista tinerfe\u00f1o, Patricio Guti\u00e9rrez, la Orquesta de C\u00e1mara de Canarias realizar\u00e1 un concierto el domingo 5 de diciembre de 2021 a las 12h en el Paraninfo de la Universidad de La Laguna, en favor...","og_url":"https:\/\/www.ull.es\/portal\/agenda\/evento\/concierto-solidario-de-la-orquesta-de-camara-de-canarias\/","og_site_name":"ULL - Agenda","article_modified_time":"2021-11-23T08:39:29+00:00","og_image":[{"width":700,"height":350,"url":"https:\/\/www.ull.es\/portal\/agenda\/wp-content\/uploads\/sites\/12\/2021\/11\/af-adaptacion-cartel-orquesta-camara-de-canarias-700x350px.jpg","type":"image\/jpeg"}],"twitter_card":"summary_large_image","twitter_misc":{"Tiempo de lectura":"1 minuto"},"schema":{"@context":"https:\/\/schema.org","@graph":[{"@type":"WebPage","@id":"https:\/\/www.ull.es\/portal\/agenda\/evento\/concierto-solidario-de-la-orquesta-de-camara-de-canarias\/","url":"https:\/\/www.ull.es\/portal\/agenda\/evento\/concierto-solidario-de-la-orquesta-de-camara-de-canarias\/","name":"Concierto Solidario de la Orquesta de C\u00e1mara de Canarias - ULL - Agenda","isPartOf":{"@id":"https:\/\/www.ull.es\/portal\/agenda\/#website"},"datePublished":"2021-11-23T08:36:38+00:00","dateModified":"2021-11-23T08:39:29+00:00","breadcrumb":{"@id":"https:\/\/www.ull.es\/portal\/agenda\/evento\/concierto-solidario-de-la-orquesta-de-camara-de-canarias\/#breadcrumb"},"inLanguage":"es","potentialAction":[{"@type":"ReadAction","target":["https:\/\/www.ull.es\/portal\/agenda\/evento\/concierto-solidario-de-la-orquesta-de-camara-de-canarias\/"]}]},{"@type":"BreadcrumbList","@id":"https:\/\/www.ull.es\/portal\/agenda\/evento\/concierto-solidario-de-la-orquesta-de-camara-de-canarias\/#breadcrumb","itemListElement":[{"@type":"ListItem","position":1,"name":"Portada","item":"https:\/\/www.ull.es\/portal\/agenda\/"},{"@type":"ListItem","position":2,"name":"Concierto Solidario de la Orquesta de C\u00e1mara de Canarias"}]},{"@type":"WebSite","@id":"https:\/\/www.ull.es\/portal\/agenda\/#website","url":"https:\/\/www.ull.es\/portal\/agenda\/","name":"ULL - Agenda","description":"","potentialAction":[{"@type":"SearchAction","target":{"@type":"EntryPoint","urlTemplate":"https:\/\/www.ull.es\/portal\/agenda\/?s={search_term_string}"},"query-input":"required name=search_term_string"}],"inLanguage":"es"}]}},"_links":{"self":[{"href":"https:\/\/www.ull.es\/portal\/agenda\/wp-json\/wp\/v2\/tribe_events\/22000"}],"collection":[{"href":"https:\/\/www.ull.es\/portal\/agenda\/wp-json\/wp\/v2\/tribe_events"}],"about":[{"href":"https:\/\/www.ull.es\/portal\/agenda\/wp-json\/wp\/v2\/types\/tribe_events"}],"author":[{"embeddable":true,"href":"https:\/\/www.ull.es\/portal\/agenda\/wp-json\/wp\/v2\/users\/65"}],"replies":[{"embeddable":true,"href":"https:\/\/www.ull.es\/portal\/agenda\/wp-json\/wp\/v2\/comments?post=22000"}],"version-history":[{"count":2,"href":"https:\/\/www.ull.es\/portal\/agenda\/wp-json\/wp\/v2\/tribe_events\/22000\/revisions"}],"predecessor-version":[{"id":22003,"href":"https:\/\/www.ull.es\/portal\/agenda\/wp-json\/wp\/v2\/tribe_events\/22000\/revisions\/22003"}],"wp:featuredmedia":[{"embeddable":true,"href":"https:\/\/www.ull.es\/portal\/agenda\/wp-json\/wp\/v2\/media\/22001"}],"wp:attachment":[{"href":"https:\/\/www.ull.es\/portal\/agenda\/wp-json\/wp\/v2\/media?parent=22000"}],"wp:term":[{"taxonomy":"post_tag","embeddable":true,"href":"https:\/\/www.ull.es\/portal\/agenda\/wp-json\/wp\/v2\/tags?post=22000"},{"taxonomy":"tribe_events_cat","embeddable":true,"href":"https:\/\/www.ull.es\/portal\/agenda\/wp-json\/wp\/v2\/tribe_events_cat?post=22000"}],"curies":[{"name":"wp","href":"https:\/\/api.w.org\/{rel}","templated":true}]}}

Concierto Solidario de la Orquesta de Cámara de Canarias

<p><strong>Concierto Solidario de la Orquesta de Cámara de Canarias</strong> (A beneficio de Cruz Roja de La Palma)</p>
<p>Bajo la dirección del violinista tinerfeño, Patricio Gutiérrez, la Orquesta de Cámara de Canarias realizará un concierto el <strong>domingo 5 de diciembre de 2021 a las 12h</strong> en el Paraninfo de la Universidad de La Laguna, en favor de los damnificados por el volcán Cumbre Vieja de La Palma. Colaboran el Conservatorio Superior de Música de Canarias, la Universidad de La Laguna, la Joven Orquesta de Cámara de Canarias, así como distintas empresas y fundaciones.</p>
<p>El concierto se abrirá con la obra Tajaraste y Sorondongo del compositor tinerfeño, Agustín Ramos. Seguidamente se  interpretará la versión para timple del Concierto para oboe en Re menor de A. Marcello, con el tinerfeño David Duque como solista. Le seguirá el concierto para dos violines laúd y bajo continuo de A. Vivaldi, interpretado en esta ocasión por el guitarrista lagunero, Luis Alejandro García. Ya en la segunda parte se abordará el concierto para piano y orquesta kv.413, nº11 de W. A. Mozart, teniendo a Juan Carlos Fernández Nieto como solista, y se cerrará el concierto con las Danzas Rumanas de B. Bartok.</p>
<p>Venta de entradas en el siguiente <a href="https://www.tomaticket.es/recintos/paraninfo-ull" target="_blank" rel="noopener" target="_blank" rel="noopener">enlace</a>. General 15€</p>

<p>Concierto Solidario de la Orquesta de Cámara de Canarias (A beneficio de Cruz Roja de La Palma) Bajo la dirección del violinista tinerfeño, Patricio Gutiérrez, la Orquesta de Cámara de Canarias realizará un concierto el domingo 5 de diciembre de 2021 a las 12h en el Paraninfo de la Universidad de La Laguna, en favor&#8230;</p>

<!-- This site is optimized with the Yoast SEO plugin v21.3 - https://yoast.com/wordpress/plugins/seo/ -->
<title>Concierto Solidario de la Orquesta de Cámara de Canarias - ULL - Agenda</title>
<meta name="robots" content="index, follow, max-snippet:-1, max-image-preview:large, max-video-preview:-1" />
<link rel="canonical" href="https://www.ull.es/portal/agenda/evento/concierto-solidario-de-la-orquesta-de-camara-de-canarias/" />
<meta property="og:locale" content="es_ES" />
<meta property="og:type" content="article" />
<meta property="og:title" content="Concierto Solidario de la Orquesta de Cámara de Canarias - ULL - Agenda" />
<meta property="og:description" content="Concierto Solidario de la Orquesta de Cámara de Canarias (A beneficio de Cruz Roja de La Palma) Bajo la dirección del violinista tinerfeño, Patricio Gutiérrez, la Orquesta de Cámara de Canarias realizará un concierto el domingo 5 de diciembre de 2021 a las 12h en el Paraninfo de la Universidad de La Laguna, en favor..." />
<meta property="og:url" content="https://www.ull.es/portal/agenda/evento/concierto-solidario-de-la-orquesta-de-camara-de-canarias/" />
<meta property="og:site_name" content="ULL - Agenda" />
<meta property="article:modified_time" content="2021-11-23T08:39:29+00:00" />
<meta property="og:image" content="https://www.ull.es/portal/agenda/wp-content/uploads/sites/12/2021/11/af-adaptacion-cartel-orquesta-camara-de-canarias-700x350px.jpg" />
	<meta property="og:image:width" content="700" />
	<meta property="og:image:height" content="350" />
	<meta property="og:image:type" content="image/jpeg" />
<meta name="twitter:card" content="summary_large_image" />
<meta name="twitter:label1" content="Tiempo de lectura" />
	<meta name="twitter:data1" content="1 minuto" />
<script type="application/ld+json" class="yoast-schema-graph">{"@context":"https://schema.org","@graph":[{"@type":"WebPage","@id":"https://www.ull.es/portal/agenda/evento/concierto-solidario-de-la-orquesta-de-camara-de-canarias/","url":"https://www.ull.es/portal/agenda/evento/concierto-solidario-de-la-orquesta-de-camara-de-canarias/","name":"Concierto Solidario de la Orquesta de Cámara de Canarias - ULL - Agenda","isPartOf":{"@id":"https://www.ull.es/portal/agenda/#website"},"datePublished":"2021-11-23T08:36:38+00:00","dateModified":"2021-11-23T08:39:29+00:00","breadcrumb":{"@id":"https://www.ull.es/portal/agenda/evento/concierto-solidario-de-la-orquesta-de-camara-de-canarias/#breadcrumb"},"inLanguage":"es","potentialAction":[{"@type":"ReadAction","target":["https://www.ull.es/portal/agenda/evento/concierto-solidario-de-la-orquesta-de-camara-de-canarias/"]}]},{"@type":"BreadcrumbList","@id":"https://www.ull.es/portal/agenda/evento/concierto-solidario-de-la-orquesta-de-camara-de-canarias/#breadcrumb","itemListElement":[{"@type":"ListItem","position":1,"name":"Portada","item":"https://www.ull.es/portal/agenda/"},{"@type":"ListItem","position":2,"name":"Concierto Solidario de la Orquesta de Cámara de Canarias"}]},{"@type":"WebSite","@id":"https://www.ull.es/portal/agenda/#website","url":"https://www.ull.es/portal/agenda/","name":"ULL - Agenda","description":"","potentialAction":[{"@type":"SearchAction","target":{"@type":"EntryPoint","urlTemplate":"https://www.ull.es/portal/agenda/?s={search_term_string}"},"query-input":"required name=search_term_string"}],"inLanguage":"es"}]}</script>
<!-- / Yoast SEO plugin. -->

Concierto Solidario de la Orquesta de Cámara de Canarias - ULL - Agenda

Concierto Solidario de la Orquesta de Cámara de Canarias (A beneficio de Cruz Roja de La Palma) Bajo la dirección del violinista tinerfeño, Patricio Gutiérrez, la Orquesta de Cámara de Canarias realizará un concierto el domingo 5 de diciembre de 2021 a las 12h en el Paraninfo de la Universidad de La Laguna, en favor...
