{"id":22253,"date":"2021-12-12T18:06:02","date_gmt":"2021-12-12T18:06:02","guid":{"rendered":"https:\/\/www.ull.es\/portal\/agenda\/?post_type=tribe_events&#038;p=22253"},"modified":"2021-12-15T11:59:27","modified_gmt":"2021-12-15T11:59:27","slug":"concierto-de-navidad-de-la-universidad-de-la-laguna-2021","status":"publish","type":"tribe_events","link":"https:\/\/www.ull.es\/portal\/agenda\/evento\/concierto-de-navidad-de-la-universidad-de-la-laguna-2021\/","title":{"rendered":"Concierto de Navidad de la Universidad de La Laguna 2021"},"content":{"rendered":"<p>En su doceava edici\u00f3n, el Concierto de Navidad, que se celebra el <strong>jueves 16 de diciembre<\/strong> a las 20:30 horas en el Paraninfo,\u00a0 sigue fiel a su estructura inicial basada en la participaci\u00f3n de los grupos corales vinculados a la Universidad de La Laguna: Coral Universitaria, Coro Polif\u00f3nico de la La Laguna, y Camerata Lacunensis, al que en los \u00faltimos a\u00f1os se ha incorporado l Coral Senior Universitaria de la ULL, Ars canendi.<\/p>\n<p>En estos \u00faltimos a\u00f1os tambi\u00e9n se ha contado con la valiosa participaci\u00f3n de la Banda Sinf\u00f3nica de la Universidad de La Laguna, pero debido a las restricciones en el aforo del escenario, por el Covid-19, se ha pospuesto para mejor ocasi\u00f3n.<\/p>\n<p>Los fondos recaudados con esta iniciativa ser\u00e1n donados a la cuenta que el Cabildo de La Palma tiene habilitada para los afectados por el Volc\u00e1n de La Palma.<\/p>\n<p>Venta de entradas en el siguiente <a href=\"https:\/\/www.tomaticket.es\/es-es\/entradas-concierto-de-navidad-tenerife\" target=\"_blank\" rel=\"noopener\" target=\"_blank\" rel=\"noopener\">enlace<\/a>. Entrada 5 \u20ac<\/p>\n<p>&nbsp;<\/p>\n","protected":false},"excerpt":{"rendered":"<p>En su doceava edici\u00f3n, el Concierto de Navidad, que se celebra el jueves 16 de diciembre a las 20:30 horas en el Paraninfo,\u00a0 sigue fiel a su estructura inicial basada en la participaci\u00f3n de los grupos corales vinculados a la Universidad de La Laguna: Coral Universitaria, Coro Polif\u00f3nico de la La Laguna, y Camerata Lacunensis,&#8230;<\/p>\n","protected":false},"author":65,"featured_media":22254,"comment_status":"closed","ping_status":"closed","template":"","tags":[],"tribe_events_cat":[4,343],"acf":[],"yoast_head":"<!-- This site is optimized with the Yoast SEO plugin v21.3 - https:\/\/yoast.com\/wordpress\/plugins\/seo\/ -->\n<title>Concierto de Navidad de la Universidad de La Laguna 2021 - ULL - Agenda<\/title>\n<meta name=\"robots\" content=\"index, follow, max-snippet:-1, max-image-preview:large, max-video-preview:-1\" \/>\n<link rel=\"canonical\" href=\"https:\/\/www.ull.es\/portal\/agenda\/evento\/concierto-de-navidad-de-la-universidad-de-la-laguna-2021\/\" \/>\n<meta property=\"og:locale\" content=\"es_ES\" \/>\n<meta property=\"og:type\" content=\"article\" \/>\n<meta property=\"og:title\" content=\"Concierto de Navidad de la Universidad de La Laguna 2021 - ULL - Agenda\" \/>\n<meta property=\"og:description\" content=\"En su doceava edici\u00f3n, el Concierto de Navidad, que se celebra el jueves 16 de diciembre a las 20:30 horas en el Paraninfo,\u00a0 sigue fiel a su estructura inicial basada en la participaci\u00f3n de los grupos corales vinculados a la Universidad de La Laguna: Coral Universitaria, Coro Polif\u00f3nico de la La Laguna, y Camerata Lacunensis,...\" \/>\n<meta property=\"og:url\" content=\"https:\/\/www.ull.es\/portal\/agenda\/evento\/concierto-de-navidad-de-la-universidad-de-la-laguna-2021\/\" \/>\n<meta property=\"og:site_name\" content=\"ULL - Agenda\" \/>\n<meta property=\"article:modified_time\" content=\"2021-12-15T11:59:27+00:00\" \/>\n<meta property=\"og:image\" content=\"https:\/\/www.ull.es\/portal\/agenda\/wp-content\/uploads\/sites\/12\/2021\/12\/af-concierto-navidad-coros-ull-700x350px-min.jpg\" \/>\n\t<meta property=\"og:image:width\" content=\"1600\" \/>\n\t<meta property=\"og:image:height\" content=\"802\" \/>\n\t<meta property=\"og:image:type\" content=\"image\/jpeg\" \/>\n<meta name=\"twitter:card\" content=\"summary_large_image\" \/>\n<meta name=\"twitter:label1\" content=\"Tiempo de lectura\" \/>\n\t<meta name=\"twitter:data1\" content=\"1 minuto\" \/>\n<script type=\"application\/ld+json\" class=\"yoast-schema-graph\">{\"@context\":\"https:\/\/schema.org\",\"@graph\":[{\"@type\":\"WebPage\",\"@id\":\"https:\/\/www.ull.es\/portal\/agenda\/evento\/concierto-de-navidad-de-la-universidad-de-la-laguna-2021\/\",\"url\":\"https:\/\/www.ull.es\/portal\/agenda\/evento\/concierto-de-navidad-de-la-universidad-de-la-laguna-2021\/\",\"name\":\"Concierto de Navidad de la Universidad de La Laguna 2021 - ULL - Agenda\",\"isPartOf\":{\"@id\":\"https:\/\/www.ull.es\/portal\/agenda\/#website\"},\"datePublished\":\"2021-12-12T18:06:02+00:00\",\"dateModified\":\"2021-12-15T11:59:27+00:00\",\"breadcrumb\":{\"@id\":\"https:\/\/www.ull.es\/portal\/agenda\/evento\/concierto-de-navidad-de-la-universidad-de-la-laguna-2021\/#breadcrumb\"},\"inLanguage\":\"es\",\"potentialAction\":[{\"@type\":\"ReadAction\",\"target\":[\"https:\/\/www.ull.es\/portal\/agenda\/evento\/concierto-de-navidad-de-la-universidad-de-la-laguna-2021\/\"]}]},{\"@type\":\"BreadcrumbList\",\"@id\":\"https:\/\/www.ull.es\/portal\/agenda\/evento\/concierto-de-navidad-de-la-universidad-de-la-laguna-2021\/#breadcrumb\",\"itemListElement\":[{\"@type\":\"ListItem\",\"position\":1,\"name\":\"Portada\",\"item\":\"https:\/\/www.ull.es\/portal\/agenda\/\"},{\"@type\":\"ListItem\",\"position\":2,\"name\":\"Concierto de Navidad de la Universidad de La Laguna 2021\"}]},{\"@type\":\"WebSite\",\"@id\":\"https:\/\/www.ull.es\/portal\/agenda\/#website\",\"url\":\"https:\/\/www.ull.es\/portal\/agenda\/\",\"name\":\"ULL - Agenda\",\"description\":\"\",\"potentialAction\":[{\"@type\":\"SearchAction\",\"target\":{\"@type\":\"EntryPoint\",\"urlTemplate\":\"https:\/\/www.ull.es\/portal\/agenda\/?s={search_term_string}\"},\"query-input\":\"required name=search_term_string\"}],\"inLanguage\":\"es\"}]}<\/script>\n<!-- \/ Yoast SEO plugin. -->","yoast_head_json":{"title":"Concierto de Navidad de la Universidad de La Laguna 2021 - ULL - Agenda","robots":{"index":"index","follow":"follow","max-snippet":"max-snippet:-1","max-image-preview":"max-image-preview:large","max-video-preview":"max-video-preview:-1"},"canonical":"https:\/\/www.ull.es\/portal\/agenda\/evento\/concierto-de-navidad-de-la-universidad-de-la-laguna-2021\/","og_locale":"es_ES","og_type":"article","og_title":"Concierto de Navidad de la Universidad de La Laguna 2021 - ULL - Agenda","og_description":"En su doceava edici\u00f3n, el Concierto de Navidad, que se celebra el jueves 16 de diciembre a las 20:30 horas en el Paraninfo,\u00a0 sigue fiel a su estructura inicial basada en la participaci\u00f3n de los grupos corales vinculados a la Universidad de La Laguna: Coral Universitaria, Coro Polif\u00f3nico de la La Laguna, y Camerata Lacunensis,...","og_url":"https:\/\/www.ull.es\/portal\/agenda\/evento\/concierto-de-navidad-de-la-universidad-de-la-laguna-2021\/","og_site_name":"ULL - Agenda","article_modified_time":"2021-12-15T11:59:27+00:00","og_image":[{"width":1600,"height":802,"url":"https:\/\/www.ull.es\/portal\/agenda\/wp-content\/uploads\/sites\/12\/2021\/12\/af-concierto-navidad-coros-ull-700x350px-min.jpg","type":"image\/jpeg"}],"twitter_card":"summary_large_image","twitter_misc":{"Tiempo de lectura":"1 minuto"},"schema":{"@context":"https:\/\/schema.org","@graph":[{"@type":"WebPage","@id":"https:\/\/www.ull.es\/portal\/agenda\/evento\/concierto-de-navidad-de-la-universidad-de-la-laguna-2021\/","url":"https:\/\/www.ull.es\/portal\/agenda\/evento\/concierto-de-navidad-de-la-universidad-de-la-laguna-2021\/","name":"Concierto de Navidad de la Universidad de La Laguna 2021 - ULL - Agenda","isPartOf":{"@id":"https:\/\/www.ull.es\/portal\/agenda\/#website"},"datePublished":"2021-12-12T18:06:02+00:00","dateModified":"2021-12-15T11:59:27+00:00","breadcrumb":{"@id":"https:\/\/www.ull.es\/portal\/agenda\/evento\/concierto-de-navidad-de-la-universidad-de-la-laguna-2021\/#breadcrumb"},"inLanguage":"es","potentialAction":[{"@type":"ReadAction","target":["https:\/\/www.ull.es\/portal\/agenda\/evento\/concierto-de-navidad-de-la-universidad-de-la-laguna-2021\/"]}]},{"@type":"BreadcrumbList","@id":"https:\/\/www.ull.es\/portal\/agenda\/evento\/concierto-de-navidad-de-la-universidad-de-la-laguna-2021\/#breadcrumb","itemListElement":[{"@type":"ListItem","position":1,"name":"Portada","item":"https:\/\/www.ull.es\/portal\/agenda\/"},{"@type":"ListItem","position":2,"name":"Concierto de Navidad de la Universidad de La Laguna 2021"}]},{"@type":"WebSite","@id":"https:\/\/www.ull.es\/portal\/agenda\/#website","url":"https:\/\/www.ull.es\/portal\/agenda\/","name":"ULL - Agenda","description":"","potentialAction":[{"@type":"SearchAction","target":{"@type":"EntryPoint","urlTemplate":"https:\/\/www.ull.es\/portal\/agenda\/?s={search_term_string}"},"query-input":"required name=search_term_string"}],"inLanguage":"es"}]}},"_links":{"self":[{"href":"https:\/\/www.ull.es\/portal\/agenda\/wp-json\/wp\/v2\/tribe_events\/22253"}],"collection":[{"href":"https:\/\/www.ull.es\/portal\/agenda\/wp-json\/wp\/v2\/tribe_events"}],"about":[{"href":"https:\/\/www.ull.es\/portal\/agenda\/wp-json\/wp\/v2\/types\/tribe_events"}],"author":[{"embeddable":true,"href":"https:\/\/www.ull.es\/portal\/agenda\/wp-json\/wp\/v2\/users\/65"}],"replies":[{"embeddable":true,"href":"https:\/\/www.ull.es\/portal\/agenda\/wp-json\/wp\/v2\/comments?post=22253"}],"version-history":[{"count":1,"href":"https:\/\/www.ull.es\/portal\/agenda\/wp-json\/wp\/v2\/tribe_events\/22253\/revisions"}],"predecessor-version":[{"id":22255,"href":"https:\/\/www.ull.es\/portal\/agenda\/wp-json\/wp\/v2\/tribe_events\/22253\/revisions\/22255"}],"wp:featuredmedia":[{"embeddable":true,"href":"https:\/\/www.ull.es\/portal\/agenda\/wp-json\/wp\/v2\/media\/22254"}],"wp:attachment":[{"href":"https:\/\/www.ull.es\/portal\/agenda\/wp-json\/wp\/v2\/media?parent=22253"}],"wp:term":[{"taxonomy":"post_tag","embeddable":true,"href":"https:\/\/www.ull.es\/portal\/agenda\/wp-json\/wp\/v2\/tags?post=22253"},{"taxonomy":"tribe_events_cat","embeddable":true,"href":"https:\/\/www.ull.es\/portal\/agenda\/wp-json\/wp\/v2\/tribe_events_cat?post=22253"}],"curies":[{"name":"wp","href":"https:\/\/api.w.org\/{rel}","templated":true}]}}

<p>En su doceava edición, el Concierto de Navidad, que se celebra el <strong>jueves 16 de diciembre</strong> a las 20:30 horas en el Paraninfo,  sigue fiel a su estructura inicial basada en la participación de los grupos corales vinculados a la Universidad de La Laguna: Coral Universitaria, Coro Polifónico de la La Laguna, y Camerata Lacunensis, al que en los últimos años se ha incorporado l Coral Senior Universitaria de la ULL, Ars canendi.</p>
<p>En estos últimos años también se ha contado con la valiosa participación de la Banda Sinfónica de la Universidad de La Laguna, pero debido a las restricciones en el aforo del escenario, por el Covid-19, se ha pospuesto para mejor ocasión.</p>
<p>Los fondos recaudados con esta iniciativa serán donados a la cuenta que el Cabildo de La Palma tiene habilitada para los afectados por el Volcán de La Palma.</p>
<p>Venta de entradas en el siguiente <a href="https://www.tomaticket.es/es-es/entradas-concierto-de-navidad-tenerife" target="_blank" rel="noopener" target="_blank" rel="noopener">enlace</a>. Entrada 5 €</p>
<p>&nbsp;</p>

<p>En su doceava edición, el Concierto de Navidad, que se celebra el jueves 16 de diciembre a las 20:30 horas en el Paraninfo,  sigue fiel a su estructura inicial basada en la participación de los grupos corales vinculados a la Universidad de La Laguna: Coral Universitaria, Coro Polifónico de la La Laguna, y Camerata Lacunensis,&#8230;</p>

<!-- This site is optimized with the Yoast SEO plugin v21.3 - https://yoast.com/wordpress/plugins/seo/ -->
<title>Concierto de Navidad de la Universidad de La Laguna 2021 - ULL - Agenda</title>
<meta name="robots" content="index, follow, max-snippet:-1, max-image-preview:large, max-video-preview:-1" />
<link rel="canonical" href="https://www.ull.es/portal/agenda/evento/concierto-de-navidad-de-la-universidad-de-la-laguna-2021/" />
<meta property="og:locale" content="es_ES" />
<meta property="og:type" content="article" />
<meta property="og:title" content="Concierto de Navidad de la Universidad de La Laguna 2021 - ULL - Agenda" />
<meta property="og:description" content="En su doceava edición, el Concierto de Navidad, que se celebra el jueves 16 de diciembre a las 20:30 horas en el Paraninfo,  sigue fiel a su estructura inicial basada en la participación de los grupos corales vinculados a la Universidad de La Laguna: Coral Universitaria, Coro Polifónico de la La Laguna, y Camerata Lacunensis,..." />
<meta property="og:url" content="https://www.ull.es/portal/agenda/evento/concierto-de-navidad-de-la-universidad-de-la-laguna-2021/" />
<meta property="og:site_name" content="ULL - Agenda" />
<meta property="article:modified_time" content="2021-12-15T11:59:27+00:00" />
<meta property="og:image" content="https://www.ull.es/portal/agenda/wp-content/uploads/sites/12/2021/12/af-concierto-navidad-coros-ull-700x350px-min.jpg" />
	<meta property="og:image:width" content="1600" />
	<meta property="og:image:height" content="802" />
	<meta property="og:image:type" content="image/jpeg" />
<meta name="twitter:card" content="summary_large_image" />
<meta name="twitter:label1" content="Tiempo de lectura" />
	<meta name="twitter:data1" content="1 minuto" />
<script type="application/ld+json" class="yoast-schema-graph">{"@context":"https://schema.org","@graph":[{"@type":"WebPage","@id":"https://www.ull.es/portal/agenda/evento/concierto-de-navidad-de-la-universidad-de-la-laguna-2021/","url":"https://www.ull.es/portal/agenda/evento/concierto-de-navidad-de-la-universidad-de-la-laguna-2021/","name":"Concierto de Navidad de la Universidad de La Laguna 2021 - ULL - Agenda","isPartOf":{"@id":"https://www.ull.es/portal/agenda/#website"},"datePublished":"2021-12-12T18:06:02+00:00","dateModified":"2021-12-15T11:59:27+00:00","breadcrumb":{"@id":"https://www.ull.es/portal/agenda/evento/concierto-de-navidad-de-la-universidad-de-la-laguna-2021/#breadcrumb"},"inLanguage":"es","potentialAction":[{"@type":"ReadAction","target":["https://www.ull.es/portal/agenda/evento/concierto-de-navidad-de-la-universidad-de-la-laguna-2021/"]}]},{"@type":"BreadcrumbList","@id":"https://www.ull.es/portal/agenda/evento/concierto-de-navidad-de-la-universidad-de-la-laguna-2021/#breadcrumb","itemListElement":[{"@type":"ListItem","position":1,"name":"Portada","item":"https://www.ull.es/portal/agenda/"},{"@type":"ListItem","position":2,"name":"Concierto de Navidad de la Universidad de La Laguna 2021"}]},{"@type":"WebSite","@id":"https://www.ull.es/portal/agenda/#website","url":"https://www.ull.es/portal/agenda/","name":"ULL - Agenda","description":"","potentialAction":[{"@type":"SearchAction","target":{"@type":"EntryPoint","urlTemplate":"https://www.ull.es/portal/agenda/?s={search_term_string}"},"query-input":"required name=search_term_string"}],"inLanguage":"es"}]}</script>
<!-- / Yoast SEO plugin. -->

En su doceava edición, el Concierto de Navidad, que se celebra el jueves 16 de diciembre a las 20:30 horas en el Paraninfo,  sigue fiel a su estructura inicial basada en la participación de los grupos corales vinculados a la Universidad de La Laguna: Coral Universitaria, Coro Polifónico de la La Laguna, y Camerata Lacunensis,...
