{"id":22496,"date":"2022-01-25T13:20:08","date_gmt":"2022-01-25T13:20:08","guid":{"rendered":"https:\/\/www.ull.es\/portal\/agenda\/?post_type=tribe_events&#038;p=22496"},"modified":"2022-04-28T07:22:38","modified_gmt":"2022-04-28T07:22:38","slug":"la-verificacion-como-herramientas-de-salud-frente-a-la-desinformacion","status":"publish","type":"tribe_events","link":"https:\/\/www.ull.es\/portal\/agenda\/evento\/la-verificacion-como-herramientas-de-salud-frente-a-la-desinformacion\/","title":{"rendered":"La verificaci\u00f3n como herramienta de salud frente a la desinformaci\u00f3n"},"content":{"rendered":"<div class=\"tribe-events-single-event-description tribe-events-content\">\n<p>Curso de Extensi\u00f3n Universitaria organizado por el Vicerrectorado de Cultura, Participaci\u00f3n Social y Campus Ofra y La Palma, dentro de la programaci\u00f3n de la convocatoria de Cursos de Extensi\u00f3n Universitaria\u00a0<a href=\"https:\/\/www.ull.es\/cultura\/cursos-extension-universitaria\/formacion-en-desarrollo-sostenible\/\" target=\"_blank\" rel=\"noopener noreferrer\" target=\"_blank\" rel=\"noopener\"><strong>FORMACI\u00d3N EN DESARROLLO SOSTENIBLE 2022<\/strong><\/a>, que se celebrar\u00e1 en modalidad\u00a0<strong>online<\/strong>\u00a0entre el\u00a0<span style=\"color: #000000\"><strong>2 y 25 de mayo<\/strong><\/span>\u00a0de 2022,<strong>\u00a0reconocible por 2 cr\u00e9ditos ECTS<\/strong>.<\/p>\n<p>Objetivos: Dotar al alumno de la capacidad de identificar y contrastar un bulo, o una noticia falsa, as\u00ed como aprender sobre aspectos relevantes y actuales en materia de salud.<\/p>\n<p>Metodolog\u00eda docente: Clases te\u00f3ricas y expositivas, con la participaci\u00f3n del alumnado.<\/p>\n<\/div>\n<p><strong>A qui\u00e9n va dirigido: <\/strong>P\u00fablico en general con especial inter\u00e9s en conocer aspectos relevantes y actuales en materia de salud que son objetivo de bulos y noticias falsas diariamente.<\/p>\n<p>Dirigen:<\/p>\n<ul>\n<li>Javier Su\u00e1rez Gonz\u00e1lez. Farmac\u00e9utico y doctor en Ciencias de la Salud. Profesor Ayudante Doctor, Departamento de Ingenier\u00eda Qu\u00edmica y Tecnolog\u00eda Farmac\u00e9utica de la ULL.<\/li>\n<li>Ana Mar\u00eda Santove\u00f1a Est\u00e9vez. Profesora Titular de Universidad, Departamento de Ingenier\u00eda Qu\u00edmica y Tecnolog\u00eda Farmac\u00e9utica de la ULL.<\/li>\n<\/ul>\n<p><strong>CERTIFICADO DE ASISTENCIA, APTITUD Y RECONOCIMIENTO POR CR\u00c9DITO ECTS<\/strong><\/p>\n<div class=\"tribe-events-single-event-description tribe-events-content\">\n<p>La ULL, a trav\u00e9s del Vicerrectorado de Cultura, Participaci\u00f3n Social y Campus Ofra y La Palma, emitir\u00e1 un certificado de asistencia a todas aquellas personas que participen en un m\u00ednimo del 80% de las horas lectivas. Asimismo, aquellas personas que superen el trabajo aut\u00f3nomo del alumnado, recibir\u00e1n un certificado de asistencia y aprovechamiento, reconocible a su vez por un 2 cr\u00e9ditos ECTS.<\/p>\n<\/div>\n<div class=\"tribe-events-single-event-description tribe-events-content\">\n<p><a href=\"https:\/\/sede.fg.ull.es\/es\/curso\/detalle\/a22020026\/la-verificacion-como-herramientas-de-salud-frente-a-la-desinformacion\" target=\"_blank\" rel=\"noopener noreferrer\" target=\"_blank\" rel=\"noopener\"><strong><u>Consulta el programa e inscr\u00edbete aqu\u00ed.<\/u><\/strong><\/a><\/p>\n<p><span style=\"color: #ff0000\"><strong>\u00a1PLAZAS AGOTADAS!<\/strong><\/span><\/p>\n<p><strong>Contacto: 922 319 616 \/ 922 319 626 \u2013\u00a0<\/strong><strong><a href=\"mailto:extuni@ull.edu.es\" target=\"_blank\" rel=\"noopener\">extuni@ull.es<\/a><\/strong><\/p>\n<\/div>\n","protected":false},"excerpt":{"rendered":"<p>Curso de Extensi\u00f3n Universitaria organizado por el Vicerrectorado de Cultura, Participaci\u00f3n Social y Campus Ofra y La Palma, dentro de la programaci\u00f3n de la convocatoria de Cursos de Extensi\u00f3n Universitaria\u00a0FORMACI\u00d3N EN DESARROLLO SOSTENIBLE 2022, que se celebrar\u00e1 en modalidad\u00a0online\u00a0entre el\u00a02 y 25 de mayo\u00a0de 2022,\u00a0reconocible por 2 cr\u00e9ditos ECTS. Objetivos: Dotar al alumno de la&#8230;<\/p>\n","protected":false},"author":43,"featured_media":22619,"comment_status":"closed","ping_status":"closed","template":"","tags":[4259,4395,977,3812,4394,61],"tribe_events_cat":[472,2117,4,3758,186],"acf":[],"yoast_head":"<!-- This site is optimized with the Yoast SEO plugin v21.3 - https:\/\/yoast.com\/wordpress\/plugins\/seo\/ -->\n<title>La verificaci\u00f3n como herramienta de salud frente a la desinformaci\u00f3n - ULL - Agenda<\/title>\n<meta name=\"robots\" content=\"index, follow, max-snippet:-1, max-image-preview:large, max-video-preview:-1\" \/>\n<link rel=\"canonical\" href=\"https:\/\/www.ull.es\/portal\/agenda\/evento\/la-verificacion-como-herramientas-de-salud-frente-a-la-desinformacion\/\" \/>\n<meta property=\"og:locale\" content=\"es_ES\" \/>\n<meta property=\"og:type\" content=\"article\" \/>\n<meta property=\"og:title\" content=\"La verificaci\u00f3n como herramienta de salud frente a la desinformaci\u00f3n - ULL - Agenda\" \/>\n<meta property=\"og:description\" content=\"Curso de Extensi\u00f3n Universitaria organizado por el Vicerrectorado de Cultura, Participaci\u00f3n Social y Campus Ofra y La Palma, dentro de la programaci\u00f3n de la convocatoria de Cursos de Extensi\u00f3n Universitaria\u00a0FORMACI\u00d3N EN DESARROLLO SOSTENIBLE 2022, que se celebrar\u00e1 en modalidad\u00a0online\u00a0entre el\u00a02 y 25 de mayo\u00a0de 2022,\u00a0reconocible por 2 cr\u00e9ditos ECTS. Objetivos: Dotar al alumno de la...\" \/>\n<meta property=\"og:url\" content=\"https:\/\/www.ull.es\/portal\/agenda\/evento\/la-verificacion-como-herramientas-de-salud-frente-a-la-desinformacion\/\" \/>\n<meta property=\"og:site_name\" content=\"ULL - Agenda\" \/>\n<meta property=\"article:modified_time\" content=\"2022-04-28T07:22:38+00:00\" \/>\n<meta property=\"og:image\" content=\"https:\/\/www.ull.es\/portal\/agenda\/wp-content\/uploads\/sites\/12\/2022\/01\/Banners-Cursos-ODS-2022.png\" \/>\n\t<meta property=\"og:image:width\" content=\"700\" \/>\n\t<meta property=\"og:image:height\" content=\"350\" \/>\n\t<meta property=\"og:image:type\" content=\"image\/png\" \/>\n<meta name=\"twitter:card\" content=\"summary_large_image\" \/>\n<meta name=\"twitter:label1\" content=\"Tiempo de lectura\" \/>\n\t<meta name=\"twitter:data1\" content=\"2 minutos\" \/>\n<script type=\"application\/ld+json\" class=\"yoast-schema-graph\">{\"@context\":\"https:\/\/schema.org\",\"@graph\":[{\"@type\":\"WebPage\",\"@id\":\"https:\/\/www.ull.es\/portal\/agenda\/evento\/la-verificacion-como-herramientas-de-salud-frente-a-la-desinformacion\/\",\"url\":\"https:\/\/www.ull.es\/portal\/agenda\/evento\/la-verificacion-como-herramientas-de-salud-frente-a-la-desinformacion\/\",\"name\":\"La verificaci\u00f3n como herramienta de salud frente a la desinformaci\u00f3n - ULL - Agenda\",\"isPartOf\":{\"@id\":\"https:\/\/www.ull.es\/portal\/agenda\/#website\"},\"datePublished\":\"2022-01-25T13:20:08+00:00\",\"dateModified\":\"2022-04-28T07:22:38+00:00\",\"breadcrumb\":{\"@id\":\"https:\/\/www.ull.es\/portal\/agenda\/evento\/la-verificacion-como-herramientas-de-salud-frente-a-la-desinformacion\/#breadcrumb\"},\"inLanguage\":\"es\",\"potentialAction\":[{\"@type\":\"ReadAction\",\"target\":[\"https:\/\/www.ull.es\/portal\/agenda\/evento\/la-verificacion-como-herramientas-de-salud-frente-a-la-desinformacion\/\"]}]},{\"@type\":\"BreadcrumbList\",\"@id\":\"https:\/\/www.ull.es\/portal\/agenda\/evento\/la-verificacion-como-herramientas-de-salud-frente-a-la-desinformacion\/#breadcrumb\",\"itemListElement\":[{\"@type\":\"ListItem\",\"position\":1,\"name\":\"Portada\",\"item\":\"https:\/\/www.ull.es\/portal\/agenda\/\"},{\"@type\":\"ListItem\",\"position\":2,\"name\":\"La verificaci\u00f3n como herramienta de salud frente a la desinformaci\u00f3n\"}]},{\"@type\":\"WebSite\",\"@id\":\"https:\/\/www.ull.es\/portal\/agenda\/#website\",\"url\":\"https:\/\/www.ull.es\/portal\/agenda\/\",\"name\":\"ULL - Agenda\",\"description\":\"\",\"potentialAction\":[{\"@type\":\"SearchAction\",\"target\":{\"@type\":\"EntryPoint\",\"urlTemplate\":\"https:\/\/www.ull.es\/portal\/agenda\/?s={search_term_string}\"},\"query-input\":\"required name=search_term_string\"}],\"inLanguage\":\"es\"}]}<\/script>\n<!-- \/ Yoast SEO plugin. -->","yoast_head_json":{"title":"La verificaci\u00f3n como herramienta de salud frente a la desinformaci\u00f3n - ULL - Agenda","robots":{"index":"index","follow":"follow","max-snippet":"max-snippet:-1","max-image-preview":"max-image-preview:large","max-video-preview":"max-video-preview:-1"},"canonical":"https:\/\/www.ull.es\/portal\/agenda\/evento\/la-verificacion-como-herramientas-de-salud-frente-a-la-desinformacion\/","og_locale":"es_ES","og_type":"article","og_title":"La verificaci\u00f3n como herramienta de salud frente a la desinformaci\u00f3n - ULL - Agenda","og_description":"Curso de Extensi\u00f3n Universitaria organizado por el Vicerrectorado de Cultura, Participaci\u00f3n Social y Campus Ofra y La Palma, dentro de la programaci\u00f3n de la convocatoria de Cursos de Extensi\u00f3n Universitaria\u00a0FORMACI\u00d3N EN DESARROLLO SOSTENIBLE 2022, que se celebrar\u00e1 en modalidad\u00a0online\u00a0entre el\u00a02 y 25 de mayo\u00a0de 2022,\u00a0reconocible por 2 cr\u00e9ditos ECTS. Objetivos: Dotar al alumno de la...","og_url":"https:\/\/www.ull.es\/portal\/agenda\/evento\/la-verificacion-como-herramientas-de-salud-frente-a-la-desinformacion\/","og_site_name":"ULL - Agenda","article_modified_time":"2022-04-28T07:22:38+00:00","og_image":[{"width":700,"height":350,"url":"https:\/\/www.ull.es\/portal\/agenda\/wp-content\/uploads\/sites\/12\/2022\/01\/Banners-Cursos-ODS-2022.png","type":"image\/png"}],"twitter_card":"summary_large_image","twitter_misc":{"Tiempo de lectura":"2 minutos"},"schema":{"@context":"https:\/\/schema.org","@graph":[{"@type":"WebPage","@id":"https:\/\/www.ull.es\/portal\/agenda\/evento\/la-verificacion-como-herramientas-de-salud-frente-a-la-desinformacion\/","url":"https:\/\/www.ull.es\/portal\/agenda\/evento\/la-verificacion-como-herramientas-de-salud-frente-a-la-desinformacion\/","name":"La verificaci\u00f3n como herramienta de salud frente a la desinformaci\u00f3n - ULL - Agenda","isPartOf":{"@id":"https:\/\/www.ull.es\/portal\/agenda\/#website"},"datePublished":"2022-01-25T13:20:08+00:00","dateModified":"2022-04-28T07:22:38+00:00","breadcrumb":{"@id":"https:\/\/www.ull.es\/portal\/agenda\/evento\/la-verificacion-como-herramientas-de-salud-frente-a-la-desinformacion\/#breadcrumb"},"inLanguage":"es","potentialAction":[{"@type":"ReadAction","target":["https:\/\/www.ull.es\/portal\/agenda\/evento\/la-verificacion-como-herramientas-de-salud-frente-a-la-desinformacion\/"]}]},{"@type":"BreadcrumbList","@id":"https:\/\/www.ull.es\/portal\/agenda\/evento\/la-verificacion-como-herramientas-de-salud-frente-a-la-desinformacion\/#breadcrumb","itemListElement":[{"@type":"ListItem","position":1,"name":"Portada","item":"https:\/\/www.ull.es\/portal\/agenda\/"},{"@type":"ListItem","position":2,"name":"La verificaci\u00f3n como herramienta de salud frente a la desinformaci\u00f3n"}]},{"@type":"WebSite","@id":"https:\/\/www.ull.es\/portal\/agenda\/#website","url":"https:\/\/www.ull.es\/portal\/agenda\/","name":"ULL - Agenda","description":"","potentialAction":[{"@type":"SearchAction","target":{"@type":"EntryPoint","urlTemplate":"https:\/\/www.ull.es\/portal\/agenda\/?s={search_term_string}"},"query-input":"required name=search_term_string"}],"inLanguage":"es"}]}},"_links":{"self":[{"href":"https:\/\/www.ull.es\/portal\/agenda\/wp-json\/wp\/v2\/tribe_events\/22496"}],"collection":[{"href":"https:\/\/www.ull.es\/portal\/agenda\/wp-json\/wp\/v2\/tribe_events"}],"about":[{"href":"https:\/\/www.ull.es\/portal\/agenda\/wp-json\/wp\/v2\/types\/tribe_events"}],"author":[{"embeddable":true,"href":"https:\/\/www.ull.es\/portal\/agenda\/wp-json\/wp\/v2\/users\/43"}],"replies":[{"embeddable":true,"href":"https:\/\/www.ull.es\/portal\/agenda\/wp-json\/wp\/v2\/comments?post=22496"}],"version-history":[{"count":5,"href":"https:\/\/www.ull.es\/portal\/agenda\/wp-json\/wp\/v2\/tribe_events\/22496\/revisions"}],"predecessor-version":[{"id":24334,"href":"https:\/\/www.ull.es\/portal\/agenda\/wp-json\/wp\/v2\/tribe_events\/22496\/revisions\/24334"}],"wp:featuredmedia":[{"embeddable":true,"href":"https:\/\/www.ull.es\/portal\/agenda\/wp-json\/wp\/v2\/media\/22619"}],"wp:attachment":[{"href":"https:\/\/www.ull.es\/portal\/agenda\/wp-json\/wp\/v2\/media?parent=22496"}],"wp:term":[{"taxonomy":"post_tag","embeddable":true,"href":"https:\/\/www.ull.es\/portal\/agenda\/wp-json\/wp\/v2\/tags?post=22496"},{"taxonomy":"tribe_events_cat","embeddable":true,"href":"https:\/\/www.ull.es\/portal\/agenda\/wp-json\/wp\/v2\/tribe_events_cat?post=22496"}],"curies":[{"name":"wp","href":"https:\/\/api.w.org\/{rel}","templated":true}]}}

La verificación como herramienta de salud frente a la desinformación

<div class="tribe-events-single-event-description tribe-events-content">
<p>Curso de Extensión Universitaria organizado por el Vicerrectorado de Cultura, Participación Social y Campus Ofra y La Palma, dentro de la programación de la convocatoria de Cursos de Extensión Universitaria <a href="https://www.ull.es/cultura/cursos-extension-universitaria/formacion-en-desarrollo-sostenible/" target="_blank" rel="noopener noreferrer" target="_blank" rel="noopener"><strong>FORMACIÓN EN DESARROLLO SOSTENIBLE 2022</strong></a>, que se celebrará en modalidad <strong>online</strong> entre el <span style="color: #000000"><strong>2 y 25 de mayo</strong></span> de 2022,<strong> reconocible por 2 créditos ECTS</strong>.</p>
<p>Objetivos: Dotar al alumno de la capacidad de identificar y contrastar un bulo, o una noticia falsa, así como aprender sobre aspectos relevantes y actuales en materia de salud.</p>
<p>Metodología docente: Clases teóricas y expositivas, con la participación del alumnado.</p>
</div>
<p><strong>A quién va dirigido: </strong>Público en general con especial interés en conocer aspectos relevantes y actuales en materia de salud que son objetivo de bulos y noticias falsas diariamente.</p>
<p>Dirigen:</p>
<ul>
<li>Javier Suárez González. Farmacéutico y doctor en Ciencias de la Salud. Profesor Ayudante Doctor, Departamento de Ingeniería Química y Tecnología Farmacéutica de la ULL.</li>
<li>Ana María Santoveña Estévez. Profesora Titular de Universidad, Departamento de Ingeniería Química y Tecnología Farmacéutica de la ULL.</li>
</ul>
<p><strong>CERTIFICADO DE ASISTENCIA, APTITUD Y RECONOCIMIENTO POR CRÉDITO ECTS</strong></p>
<div class="tribe-events-single-event-description tribe-events-content">
<p>La ULL, a través del Vicerrectorado de Cultura, Participación Social y Campus Ofra y La Palma, emitirá un certificado de asistencia a todas aquellas personas que participen en un mínimo del 80% de las horas lectivas. Asimismo, aquellas personas que superen el trabajo autónomo del alumnado, recibirán un certificado de asistencia y aprovechamiento, reconocible a su vez por un 2 créditos ECTS.</p>
</div>
<div class="tribe-events-single-event-description tribe-events-content">
<p><a href="https://sede.fg.ull.es/es/curso/detalle/a22020026/la-verificacion-como-herramientas-de-salud-frente-a-la-desinformacion" target="_blank" rel="noopener noreferrer" target="_blank" rel="noopener"><strong><u>Consulta el programa e inscríbete aquí.</u></strong></a></p>
<p><span style="color: #ff0000"><strong>¡PLAZAS AGOTADAS!</strong></span></p>
<p><strong>Contacto: 922 319 616 / 922 319 626 – </strong><strong><a href="mailto:extuni@ull.edu.es" target="_blank" rel="noopener">extuni@ull.es</a></strong></p>
</div>

<p>Curso de Extensión Universitaria organizado por el Vicerrectorado de Cultura, Participación Social y Campus Ofra y La Palma, dentro de la programación de la convocatoria de Cursos de Extensión Universitaria FORMACIÓN EN DESARROLLO SOSTENIBLE 2022, que se celebrará en modalidad online entre el 2 y 25 de mayo de 2022, reconocible por 2 créditos ECTS. Objetivos: Dotar al alumno de la&#8230;</p>

<!-- This site is optimized with the Yoast SEO plugin v21.3 - https://yoast.com/wordpress/plugins/seo/ -->
<title>La verificación como herramienta de salud frente a la desinformación - ULL - Agenda</title>
<meta name="robots" content="index, follow, max-snippet:-1, max-image-preview:large, max-video-preview:-1" />
<link rel="canonical" href="https://www.ull.es/portal/agenda/evento/la-verificacion-como-herramientas-de-salud-frente-a-la-desinformacion/" />
<meta property="og:locale" content="es_ES" />
<meta property="og:type" content="article" />
<meta property="og:title" content="La verificación como herramienta de salud frente a la desinformación - ULL - Agenda" />
<meta property="og:description" content="Curso de Extensión Universitaria organizado por el Vicerrectorado de Cultura, Participación Social y Campus Ofra y La Palma, dentro de la programación de la convocatoria de Cursos de Extensión Universitaria FORMACIÓN EN DESARROLLO SOSTENIBLE 2022, que se celebrará en modalidad online entre el 2 y 25 de mayo de 2022, reconocible por 2 créditos ECTS. Objetivos: Dotar al alumno de la..." />
<meta property="og:url" content="https://www.ull.es/portal/agenda/evento/la-verificacion-como-herramientas-de-salud-frente-a-la-desinformacion/" />
<meta property="og:site_name" content="ULL - Agenda" />
<meta property="article:modified_time" content="2022-04-28T07:22:38+00:00" />
<meta property="og:image" content="https://www.ull.es/portal/agenda/wp-content/uploads/sites/12/2022/01/Banners-Cursos-ODS-2022.png" />
	<meta property="og:image:width" content="700" />
	<meta property="og:image:height" content="350" />
	<meta property="og:image:type" content="image/png" />
<meta name="twitter:card" content="summary_large_image" />
<meta name="twitter:label1" content="Tiempo de lectura" />
	<meta name="twitter:data1" content="2 minutos" />
<script type="application/ld+json" class="yoast-schema-graph">{"@context":"https://schema.org","@graph":[{"@type":"WebPage","@id":"https://www.ull.es/portal/agenda/evento/la-verificacion-como-herramientas-de-salud-frente-a-la-desinformacion/","url":"https://www.ull.es/portal/agenda/evento/la-verificacion-como-herramientas-de-salud-frente-a-la-desinformacion/","name":"La verificación como herramienta de salud frente a la desinformación - ULL - Agenda","isPartOf":{"@id":"https://www.ull.es/portal/agenda/#website"},"datePublished":"2022-01-25T13:20:08+00:00","dateModified":"2022-04-28T07:22:38+00:00","breadcrumb":{"@id":"https://www.ull.es/portal/agenda/evento/la-verificacion-como-herramientas-de-salud-frente-a-la-desinformacion/#breadcrumb"},"inLanguage":"es","potentialAction":[{"@type":"ReadAction","target":["https://www.ull.es/portal/agenda/evento/la-verificacion-como-herramientas-de-salud-frente-a-la-desinformacion/"]}]},{"@type":"BreadcrumbList","@id":"https://www.ull.es/portal/agenda/evento/la-verificacion-como-herramientas-de-salud-frente-a-la-desinformacion/#breadcrumb","itemListElement":[{"@type":"ListItem","position":1,"name":"Portada","item":"https://www.ull.es/portal/agenda/"},{"@type":"ListItem","position":2,"name":"La verificación como herramienta de salud frente a la desinformación"}]},{"@type":"WebSite","@id":"https://www.ull.es/portal/agenda/#website","url":"https://www.ull.es/portal/agenda/","name":"ULL - Agenda","description":"","potentialAction":[{"@type":"SearchAction","target":{"@type":"EntryPoint","urlTemplate":"https://www.ull.es/portal/agenda/?s={search_term_string}"},"query-input":"required name=search_term_string"}],"inLanguage":"es"}]}</script>
<!-- / Yoast SEO plugin. -->

La verificación como herramienta de salud frente a la desinformación - ULL - Agenda

Curso de Extensión Universitaria organizado por el Vicerrectorado de Cultura, Participación Social y Campus Ofra y La Palma, dentro de la programación de la convocatoria de Cursos de Extensión Universitaria FORMACIÓN EN DESARROLLO SOSTENIBLE 2022, que se celebrará en modalidad online entre el 2 y 25 de mayo de 2022, reconocible por 2 créditos ECTS. Objetivos: Dotar al alumno de la...
