{"id":22774,"date":"2022-02-14T08:49:31","date_gmt":"2022-02-14T08:49:31","guid":{"rendered":"https:\/\/www.ull.es\/portal\/agenda\/?post_type=tribe_events&#038;p=22774"},"modified":"2022-03-21T08:19:19","modified_gmt":"2022-03-21T08:19:19","slug":"vii-jornadas-de-investigacion-en-ingenieria-industrial-informatica-y-medioambiental-i3ma","status":"publish","type":"tribe_events","link":"https:\/\/www.ull.es\/portal\/agenda\/evento\/vii-jornadas-de-investigacion-en-ingenieria-industrial-informatica-y-medioambiental-i3ma\/","title":{"rendered":"VII Jornadas de Investigaci\u00f3n en Ingenier\u00eda Industrial, Inform\u00e1tica y Medioambiental (I3MA)"},"content":{"rendered":"<p>Los d\u00edas <strong>23 y 24 de marzo, en la Escuela Superior de Ingenier\u00eda y Tecnolog\u00eda<\/strong>, tendr\u00e1n lugar las VII Jornadas de Investigaci\u00f3n en Ingenier\u00eda Industrial, Inform\u00e1tica y Medioambiental (I3MA), donde se celebrar\u00e1n seminarios de especializaci\u00f3n organizados por la Comisi\u00f3n de Ordenaci\u00f3n Acad\u00e9mica del Programa de Doctorado de Ingenier\u00eda Industrial, Inform\u00e1tica y Medioambiental (I3MA) de la ULL, relativos a las cuatro l\u00edneas de investigaci\u00f3n que integran el programa.<\/p>\n<p>Con estos seminarios se pretende que los alumnos conozcan los avances y logros que se producen en los campos de estudio y aplicaci\u00f3n de su l\u00ednea de investigaci\u00f3n.<\/p>\n<p>Pero el \u00e1nimo de los organizadores es abrir este evento al p\u00fablico en general. Por ello, quedan todos invitados, previa <a href=\"https:\/\/forms.gle\/mEHDRbA15oHH5eKRA\" target=\"_blank\" rel=\"noopener\" target=\"_blank\" rel=\"noopener\">inscripci\u00f3n gratuita<\/a>. Se certificar\u00e1 la asistencia al evento por parte de la Comisi\u00f3n Acad\u00e9mica del Programa.<\/p>\n<p>El Programa completo y enlaces a los seminarios los puede encontrar <a href=\"https:\/\/docs.google.com\/document\/d\/1lF7D1SF-loJvHEVE5kaCqSRwnviJ79D2Cc7inUPjRfE\/edit?usp=sharing\" target=\"_blank\" rel=\"noopener\" target=\"_blank\" rel=\"noopener\">AQU\u00cd<\/a>.<\/p>\n","protected":false},"excerpt":{"rendered":"<p>Los d\u00edas 23 y 24 de marzo, en la Escuela Superior de Ingenier\u00eda y Tecnolog\u00eda, tendr\u00e1n lugar las VII Jornadas de Investigaci\u00f3n en Ingenier\u00eda Industrial, Inform\u00e1tica y Medioambiental (I3MA), donde se celebrar\u00e1n seminarios de especializaci\u00f3n organizados por la Comisi\u00f3n de Ordenaci\u00f3n Acad\u00e9mica del Programa de Doctorado de Ingenier\u00eda Industrial, Inform\u00e1tica y Medioambiental (I3MA) de la&#8230;<\/p>\n","protected":false},"author":65,"featured_media":22781,"comment_status":"closed","ping_status":"closed","template":"","tags":[],"tribe_events_cat":[4,789,5,3,191],"acf":[],"yoast_head":"<!-- This site is optimized with the Yoast SEO plugin v21.3 - https:\/\/yoast.com\/wordpress\/plugins\/seo\/ -->\n<title>VII Jornadas de Investigaci\u00f3n en Ingenier\u00eda Industrial, Inform\u00e1tica y Medioambiental (I3MA) - ULL - Agenda<\/title>\n<meta name=\"robots\" content=\"index, follow, max-snippet:-1, max-image-preview:large, max-video-preview:-1\" \/>\n<link rel=\"canonical\" href=\"https:\/\/www.ull.es\/portal\/agenda\/evento\/vii-jornadas-de-investigacion-en-ingenieria-industrial-informatica-y-medioambiental-i3ma\/\" \/>\n<meta property=\"og:locale\" content=\"es_ES\" \/>\n<meta property=\"og:type\" content=\"article\" \/>\n<meta property=\"og:title\" content=\"VII Jornadas de Investigaci\u00f3n en Ingenier\u00eda Industrial, Inform\u00e1tica y Medioambiental (I3MA) - ULL - Agenda\" \/>\n<meta property=\"og:description\" content=\"Los d\u00edas 23 y 24 de marzo, en la Escuela Superior de Ingenier\u00eda y Tecnolog\u00eda, tendr\u00e1n lugar las VII Jornadas de Investigaci\u00f3n en Ingenier\u00eda Industrial, Inform\u00e1tica y Medioambiental (I3MA), donde se celebrar\u00e1n seminarios de especializaci\u00f3n organizados por la Comisi\u00f3n de Ordenaci\u00f3n Acad\u00e9mica del Programa de Doctorado de Ingenier\u00eda Industrial, Inform\u00e1tica y Medioambiental (I3MA) de la...\" \/>\n<meta property=\"og:url\" content=\"https:\/\/www.ull.es\/portal\/agenda\/evento\/vii-jornadas-de-investigacion-en-ingenieria-industrial-informatica-y-medioambiental-i3ma\/\" \/>\n<meta property=\"og:site_name\" content=\"ULL - Agenda\" \/>\n<meta property=\"article:modified_time\" content=\"2022-03-21T08:19:19+00:00\" \/>\n<meta property=\"og:image\" content=\"https:\/\/www.ull.es\/portal\/agenda\/wp-content\/uploads\/sites\/12\/2022\/02\/VII-Jornadas-de-Investigacion-en-Ingenieria_Banner-evento.png\" \/>\n\t<meta property=\"og:image:width\" content=\"700\" \/>\n\t<meta property=\"og:image:height\" content=\"350\" \/>\n\t<meta property=\"og:image:type\" content=\"image\/png\" \/>\n<meta name=\"twitter:card\" content=\"summary_large_image\" \/>\n<meta name=\"twitter:label1\" content=\"Tiempo de lectura\" \/>\n\t<meta name=\"twitter:data1\" content=\"1 minuto\" \/>\n<script type=\"application\/ld+json\" class=\"yoast-schema-graph\">{\"@context\":\"https:\/\/schema.org\",\"@graph\":[{\"@type\":\"WebPage\",\"@id\":\"https:\/\/www.ull.es\/portal\/agenda\/evento\/vii-jornadas-de-investigacion-en-ingenieria-industrial-informatica-y-medioambiental-i3ma\/\",\"url\":\"https:\/\/www.ull.es\/portal\/agenda\/evento\/vii-jornadas-de-investigacion-en-ingenieria-industrial-informatica-y-medioambiental-i3ma\/\",\"name\":\"VII Jornadas de Investigaci\u00f3n en Ingenier\u00eda Industrial, Inform\u00e1tica y Medioambiental (I3MA) - ULL - Agenda\",\"isPartOf\":{\"@id\":\"https:\/\/www.ull.es\/portal\/agenda\/#website\"},\"datePublished\":\"2022-02-14T08:49:31+00:00\",\"dateModified\":\"2022-03-21T08:19:19+00:00\",\"breadcrumb\":{\"@id\":\"https:\/\/www.ull.es\/portal\/agenda\/evento\/vii-jornadas-de-investigacion-en-ingenieria-industrial-informatica-y-medioambiental-i3ma\/#breadcrumb\"},\"inLanguage\":\"es\",\"potentialAction\":[{\"@type\":\"ReadAction\",\"target\":[\"https:\/\/www.ull.es\/portal\/agenda\/evento\/vii-jornadas-de-investigacion-en-ingenieria-industrial-informatica-y-medioambiental-i3ma\/\"]}]},{\"@type\":\"BreadcrumbList\",\"@id\":\"https:\/\/www.ull.es\/portal\/agenda\/evento\/vii-jornadas-de-investigacion-en-ingenieria-industrial-informatica-y-medioambiental-i3ma\/#breadcrumb\",\"itemListElement\":[{\"@type\":\"ListItem\",\"position\":1,\"name\":\"Portada\",\"item\":\"https:\/\/www.ull.es\/portal\/agenda\/\"},{\"@type\":\"ListItem\",\"position\":2,\"name\":\"VII Jornadas de Investigaci\u00f3n en Ingenier\u00eda Industrial, Inform\u00e1tica y Medioambiental (I3MA)\"}]},{\"@type\":\"WebSite\",\"@id\":\"https:\/\/www.ull.es\/portal\/agenda\/#website\",\"url\":\"https:\/\/www.ull.es\/portal\/agenda\/\",\"name\":\"ULL - Agenda\",\"description\":\"\",\"potentialAction\":[{\"@type\":\"SearchAction\",\"target\":{\"@type\":\"EntryPoint\",\"urlTemplate\":\"https:\/\/www.ull.es\/portal\/agenda\/?s={search_term_string}\"},\"query-input\":\"required name=search_term_string\"}],\"inLanguage\":\"es\"}]}<\/script>\n<!-- \/ Yoast SEO plugin. -->","yoast_head_json":{"title":"VII Jornadas de Investigaci\u00f3n en Ingenier\u00eda Industrial, Inform\u00e1tica y Medioambiental (I3MA) - ULL - Agenda","robots":{"index":"index","follow":"follow","max-snippet":"max-snippet:-1","max-image-preview":"max-image-preview:large","max-video-preview":"max-video-preview:-1"},"canonical":"https:\/\/www.ull.es\/portal\/agenda\/evento\/vii-jornadas-de-investigacion-en-ingenieria-industrial-informatica-y-medioambiental-i3ma\/","og_locale":"es_ES","og_type":"article","og_title":"VII Jornadas de Investigaci\u00f3n en Ingenier\u00eda Industrial, Inform\u00e1tica y Medioambiental (I3MA) - ULL - Agenda","og_description":"Los d\u00edas 23 y 24 de marzo, en la Escuela Superior de Ingenier\u00eda y Tecnolog\u00eda, tendr\u00e1n lugar las VII Jornadas de Investigaci\u00f3n en Ingenier\u00eda Industrial, Inform\u00e1tica y Medioambiental (I3MA), donde se celebrar\u00e1n seminarios de especializaci\u00f3n organizados por la Comisi\u00f3n de Ordenaci\u00f3n Acad\u00e9mica del Programa de Doctorado de Ingenier\u00eda Industrial, Inform\u00e1tica y Medioambiental (I3MA) de la...","og_url":"https:\/\/www.ull.es\/portal\/agenda\/evento\/vii-jornadas-de-investigacion-en-ingenieria-industrial-informatica-y-medioambiental-i3ma\/","og_site_name":"ULL - Agenda","article_modified_time":"2022-03-21T08:19:19+00:00","og_image":[{"width":700,"height":350,"url":"https:\/\/www.ull.es\/portal\/agenda\/wp-content\/uploads\/sites\/12\/2022\/02\/VII-Jornadas-de-Investigacion-en-Ingenieria_Banner-evento.png","type":"image\/png"}],"twitter_card":"summary_large_image","twitter_misc":{"Tiempo de lectura":"1 minuto"},"schema":{"@context":"https:\/\/schema.org","@graph":[{"@type":"WebPage","@id":"https:\/\/www.ull.es\/portal\/agenda\/evento\/vii-jornadas-de-investigacion-en-ingenieria-industrial-informatica-y-medioambiental-i3ma\/","url":"https:\/\/www.ull.es\/portal\/agenda\/evento\/vii-jornadas-de-investigacion-en-ingenieria-industrial-informatica-y-medioambiental-i3ma\/","name":"VII Jornadas de Investigaci\u00f3n en Ingenier\u00eda Industrial, Inform\u00e1tica y Medioambiental (I3MA) - ULL - Agenda","isPartOf":{"@id":"https:\/\/www.ull.es\/portal\/agenda\/#website"},"datePublished":"2022-02-14T08:49:31+00:00","dateModified":"2022-03-21T08:19:19+00:00","breadcrumb":{"@id":"https:\/\/www.ull.es\/portal\/agenda\/evento\/vii-jornadas-de-investigacion-en-ingenieria-industrial-informatica-y-medioambiental-i3ma\/#breadcrumb"},"inLanguage":"es","potentialAction":[{"@type":"ReadAction","target":["https:\/\/www.ull.es\/portal\/agenda\/evento\/vii-jornadas-de-investigacion-en-ingenieria-industrial-informatica-y-medioambiental-i3ma\/"]}]},{"@type":"BreadcrumbList","@id":"https:\/\/www.ull.es\/portal\/agenda\/evento\/vii-jornadas-de-investigacion-en-ingenieria-industrial-informatica-y-medioambiental-i3ma\/#breadcrumb","itemListElement":[{"@type":"ListItem","position":1,"name":"Portada","item":"https:\/\/www.ull.es\/portal\/agenda\/"},{"@type":"ListItem","position":2,"name":"VII Jornadas de Investigaci\u00f3n en Ingenier\u00eda Industrial, Inform\u00e1tica y Medioambiental (I3MA)"}]},{"@type":"WebSite","@id":"https:\/\/www.ull.es\/portal\/agenda\/#website","url":"https:\/\/www.ull.es\/portal\/agenda\/","name":"ULL - Agenda","description":"","potentialAction":[{"@type":"SearchAction","target":{"@type":"EntryPoint","urlTemplate":"https:\/\/www.ull.es\/portal\/agenda\/?s={search_term_string}"},"query-input":"required name=search_term_string"}],"inLanguage":"es"}]}},"_links":{"self":[{"href":"https:\/\/www.ull.es\/portal\/agenda\/wp-json\/wp\/v2\/tribe_events\/22774"}],"collection":[{"href":"https:\/\/www.ull.es\/portal\/agenda\/wp-json\/wp\/v2\/tribe_events"}],"about":[{"href":"https:\/\/www.ull.es\/portal\/agenda\/wp-json\/wp\/v2\/types\/tribe_events"}],"author":[{"embeddable":true,"href":"https:\/\/www.ull.es\/portal\/agenda\/wp-json\/wp\/v2\/users\/65"}],"replies":[{"embeddable":true,"href":"https:\/\/www.ull.es\/portal\/agenda\/wp-json\/wp\/v2\/comments?post=22774"}],"version-history":[{"count":3,"href":"https:\/\/www.ull.es\/portal\/agenda\/wp-json\/wp\/v2\/tribe_events\/22774\/revisions"}],"predecessor-version":[{"id":23540,"href":"https:\/\/www.ull.es\/portal\/agenda\/wp-json\/wp\/v2\/tribe_events\/22774\/revisions\/23540"}],"wp:featuredmedia":[{"embeddable":true,"href":"https:\/\/www.ull.es\/portal\/agenda\/wp-json\/wp\/v2\/media\/22781"}],"wp:attachment":[{"href":"https:\/\/www.ull.es\/portal\/agenda\/wp-json\/wp\/v2\/media?parent=22774"}],"wp:term":[{"taxonomy":"post_tag","embeddable":true,"href":"https:\/\/www.ull.es\/portal\/agenda\/wp-json\/wp\/v2\/tags?post=22774"},{"taxonomy":"tribe_events_cat","embeddable":true,"href":"https:\/\/www.ull.es\/portal\/agenda\/wp-json\/wp\/v2\/tribe_events_cat?post=22774"}],"curies":[{"name":"wp","href":"https:\/\/api.w.org\/{rel}","templated":true}]}}

VII Jornadas de Investigación en Ingeniería Industrial, Informática y Medioambiental (I3MA)

<p>Los días <strong>23 y 24 de marzo, en la Escuela Superior de Ingeniería y Tecnología</strong>, tendrán lugar las VII Jornadas de Investigación en Ingeniería Industrial, Informática y Medioambiental (I3MA), donde se celebrarán seminarios de especialización organizados por la Comisión de Ordenación Académica del Programa de Doctorado de Ingeniería Industrial, Informática y Medioambiental (I3MA) de la ULL, relativos a las cuatro líneas de investigación que integran el programa.</p>
<p>Con estos seminarios se pretende que los alumnos conozcan los avances y logros que se producen en los campos de estudio y aplicación de su línea de investigación.</p>
<p>Pero el ánimo de los organizadores es abrir este evento al público en general. Por ello, quedan todos invitados, previa <a href="https://forms.gle/mEHDRbA15oHH5eKRA" target="_blank" rel="noopener" target="_blank" rel="noopener">inscripción gratuita</a>. Se certificará la asistencia al evento por parte de la Comisión Académica del Programa.</p>
<p>El Programa completo y enlaces a los seminarios los puede encontrar <a href="https://docs.google.com/document/d/1lF7D1SF-loJvHEVE5kaCqSRwnviJ79D2Cc7inUPjRfE/edit?usp=sharing" target="_blank" rel="noopener" target="_blank" rel="noopener">AQUÍ</a>.</p>

<p>Los días 23 y 24 de marzo, en la Escuela Superior de Ingeniería y Tecnología, tendrán lugar las VII Jornadas de Investigación en Ingeniería Industrial, Informática y Medioambiental (I3MA), donde se celebrarán seminarios de especialización organizados por la Comisión de Ordenación Académica del Programa de Doctorado de Ingeniería Industrial, Informática y Medioambiental (I3MA) de la&#8230;</p>

<!-- This site is optimized with the Yoast SEO plugin v21.3 - https://yoast.com/wordpress/plugins/seo/ -->
<title>VII Jornadas de Investigación en Ingeniería Industrial, Informática y Medioambiental (I3MA) - ULL - Agenda</title>
<meta name="robots" content="index, follow, max-snippet:-1, max-image-preview:large, max-video-preview:-1" />
<link rel="canonical" href="https://www.ull.es/portal/agenda/evento/vii-jornadas-de-investigacion-en-ingenieria-industrial-informatica-y-medioambiental-i3ma/" />
<meta property="og:locale" content="es_ES" />
<meta property="og:type" content="article" />
<meta property="og:title" content="VII Jornadas de Investigación en Ingeniería Industrial, Informática y Medioambiental (I3MA) - ULL - Agenda" />
<meta property="og:description" content="Los días 23 y 24 de marzo, en la Escuela Superior de Ingeniería y Tecnología, tendrán lugar las VII Jornadas de Investigación en Ingeniería Industrial, Informática y Medioambiental (I3MA), donde se celebrarán seminarios de especialización organizados por la Comisión de Ordenación Académica del Programa de Doctorado de Ingeniería Industrial, Informática y Medioambiental (I3MA) de la..." />
<meta property="og:url" content="https://www.ull.es/portal/agenda/evento/vii-jornadas-de-investigacion-en-ingenieria-industrial-informatica-y-medioambiental-i3ma/" />
<meta property="og:site_name" content="ULL - Agenda" />
<meta property="article:modified_time" content="2022-03-21T08:19:19+00:00" />
<meta property="og:image" content="https://www.ull.es/portal/agenda/wp-content/uploads/sites/12/2022/02/VII-Jornadas-de-Investigacion-en-Ingenieria_Banner-evento.png" />
	<meta property="og:image:width" content="700" />
	<meta property="og:image:height" content="350" />
	<meta property="og:image:type" content="image/png" />
<meta name="twitter:card" content="summary_large_image" />
<meta name="twitter:label1" content="Tiempo de lectura" />
	<meta name="twitter:data1" content="1 minuto" />
<script type="application/ld+json" class="yoast-schema-graph">{"@context":"https://schema.org","@graph":[{"@type":"WebPage","@id":"https://www.ull.es/portal/agenda/evento/vii-jornadas-de-investigacion-en-ingenieria-industrial-informatica-y-medioambiental-i3ma/","url":"https://www.ull.es/portal/agenda/evento/vii-jornadas-de-investigacion-en-ingenieria-industrial-informatica-y-medioambiental-i3ma/","name":"VII Jornadas de Investigación en Ingeniería Industrial, Informática y Medioambiental (I3MA) - ULL - Agenda","isPartOf":{"@id":"https://www.ull.es/portal/agenda/#website"},"datePublished":"2022-02-14T08:49:31+00:00","dateModified":"2022-03-21T08:19:19+00:00","breadcrumb":{"@id":"https://www.ull.es/portal/agenda/evento/vii-jornadas-de-investigacion-en-ingenieria-industrial-informatica-y-medioambiental-i3ma/#breadcrumb"},"inLanguage":"es","potentialAction":[{"@type":"ReadAction","target":["https://www.ull.es/portal/agenda/evento/vii-jornadas-de-investigacion-en-ingenieria-industrial-informatica-y-medioambiental-i3ma/"]}]},{"@type":"BreadcrumbList","@id":"https://www.ull.es/portal/agenda/evento/vii-jornadas-de-investigacion-en-ingenieria-industrial-informatica-y-medioambiental-i3ma/#breadcrumb","itemListElement":[{"@type":"ListItem","position":1,"name":"Portada","item":"https://www.ull.es/portal/agenda/"},{"@type":"ListItem","position":2,"name":"VII Jornadas de Investigación en Ingeniería Industrial, Informática y Medioambiental (I3MA)"}]},{"@type":"WebSite","@id":"https://www.ull.es/portal/agenda/#website","url":"https://www.ull.es/portal/agenda/","name":"ULL - Agenda","description":"","potentialAction":[{"@type":"SearchAction","target":{"@type":"EntryPoint","urlTemplate":"https://www.ull.es/portal/agenda/?s={search_term_string}"},"query-input":"required name=search_term_string"}],"inLanguage":"es"}]}</script>
<!-- / Yoast SEO plugin. -->

VII Jornadas de Investigación en Ingeniería Industrial, Informática y Medioambiental (I3MA) - ULL - Agenda

Los días 23 y 24 de marzo, en la Escuela Superior de Ingeniería y Tecnología, tendrán lugar las VII Jornadas de Investigación en Ingeniería Industrial, Informática y Medioambiental (I3MA), donde se celebrarán seminarios de especialización organizados por la Comisión de Ordenación Académica del Programa de Doctorado de Ingeniería Industrial, Informática y Medioambiental (I3MA) de la...
