{"id":23441,"date":"2022-03-15T09:09:45","date_gmt":"2022-03-15T09:09:45","guid":{"rendered":"https:\/\/www.ull.es\/portal\/agenda\/?post_type=tribe_events&#038;p=23441"},"modified":"2022-03-16T13:41:55","modified_gmt":"2022-03-16T13:41:55","slug":"taller-introduccion-a-la-lengua-latina-metodo-interactivo","status":"publish","type":"tribe_events","link":"https:\/\/www.ull.es\/portal\/agenda\/evento\/taller-introduccion-a-la-lengua-latina-metodo-interactivo\/","title":{"rendered":"Taller: \u00abIntroducci\u00f3n a la lengua latina: m\u00e9todo interactivo\u00bb"},"content":{"rendered":"<p>Con este taller se pretende contribuir, en primer lugar, a que el alumnado que accede al Grado en Estudios Cl\u00e1sicos alcance o refuerce los conocimientos b\u00e1sicos de lengua latina necesarios para afrontar eficazmente el nivel propio de los estudios universitarios; en segundo lugar, se pretende acercar al alumnado general de la ULL a los rudimentos de la lengua latina de forma interactiva.<\/p>\n<ul>\n<li><strong>Fecha de inicio<\/strong>: 22 de marzo<\/li>\n<li><strong>Duraci\u00f3n<\/strong>: 30 horas lectivas. Segundo cuatrimestre<\/li>\n<li><strong>Cr\u00e9ditos<\/strong>: 2crs.<\/li>\n<li><strong>Horario<\/strong>: martes y jueves de 13.30-14.30 h<\/li>\n<\/ul>\n<p><strong>Requisitos:<\/strong><\/p>\n<p>Estar matriculados en el presente curso acad\u00e9mico en cualquier Grado de la Universidad de la Laguna en general y, en particular, al alumnado del Grado en Estudios Cl\u00e1sicos con carencias formativas b\u00e1sicas en lengua latina.<\/p>\n<p><strong><a href=\"https:\/\/drive.google.com\/file\/d\/1vBn3zgHqNrgQfYZp66_FAA_ECPu-lJoz\/view?usp=sharing\" target=\"_blank\" rel=\"noopener\" target=\"_blank\" rel=\"noopener\">Programa completo<\/a><\/strong><\/p>\n","protected":false},"excerpt":{"rendered":"<p>Con este taller se pretende contribuir, en primer lugar, a que el alumnado que accede al Grado en Estudios Cl\u00e1sicos alcance o refuerce los conocimientos b\u00e1sicos de lengua latina necesarios para afrontar eficazmente el nivel propio de los estudios universitarios; en segundo lugar, se pretende acercar al alumnado general de la ULL a los rudimentos&#8230;<\/p>\n","protected":false},"author":65,"featured_media":23480,"comment_status":"closed","ping_status":"closed","template":"","tags":[],"tribe_events_cat":[4,985,191],"acf":[],"yoast_head":"<!-- This site is optimized with the Yoast SEO plugin v21.3 - https:\/\/yoast.com\/wordpress\/plugins\/seo\/ -->\n<title>Taller: &quot;Introducci\u00f3n a la lengua latina: m\u00e9todo interactivo&quot; - ULL - Agenda<\/title>\n<meta name=\"robots\" content=\"index, follow, max-snippet:-1, max-image-preview:large, max-video-preview:-1\" \/>\n<link rel=\"canonical\" href=\"https:\/\/www.ull.es\/portal\/agenda\/evento\/taller-introduccion-a-la-lengua-latina-metodo-interactivo\/\" \/>\n<meta property=\"og:locale\" content=\"es_ES\" \/>\n<meta property=\"og:type\" content=\"article\" \/>\n<meta property=\"og:title\" content=\"Taller: &quot;Introducci\u00f3n a la lengua latina: m\u00e9todo interactivo&quot; - ULL - Agenda\" \/>\n<meta property=\"og:description\" content=\"Con este taller se pretende contribuir, en primer lugar, a que el alumnado que accede al Grado en Estudios Cl\u00e1sicos alcance o refuerce los conocimientos b\u00e1sicos de lengua latina necesarios para afrontar eficazmente el nivel propio de los estudios universitarios; en segundo lugar, se pretende acercar al alumnado general de la ULL a los rudimentos...\" \/>\n<meta property=\"og:url\" content=\"https:\/\/www.ull.es\/portal\/agenda\/evento\/taller-introduccion-a-la-lengua-latina-metodo-interactivo\/\" \/>\n<meta property=\"og:site_name\" content=\"ULL - Agenda\" \/>\n<meta property=\"article:modified_time\" content=\"2022-03-16T13:41:55+00:00\" \/>\n<meta property=\"og:image\" content=\"https:\/\/www.ull.es\/portal\/agenda\/wp-content\/uploads\/sites\/12\/2022\/03\/Taller-Introduccion-a-la-lengua-Latina_Banner-evento.png\" \/>\n\t<meta property=\"og:image:width\" content=\"700\" \/>\n\t<meta property=\"og:image:height\" content=\"350\" \/>\n\t<meta property=\"og:image:type\" content=\"image\/png\" \/>\n<meta name=\"twitter:card\" content=\"summary_large_image\" \/>\n<meta name=\"twitter:label1\" content=\"Tiempo de lectura\" \/>\n\t<meta name=\"twitter:data1\" content=\"1 minuto\" \/>\n<script type=\"application\/ld+json\" class=\"yoast-schema-graph\">{\"@context\":\"https:\/\/schema.org\",\"@graph\":[{\"@type\":\"WebPage\",\"@id\":\"https:\/\/www.ull.es\/portal\/agenda\/evento\/taller-introduccion-a-la-lengua-latina-metodo-interactivo\/\",\"url\":\"https:\/\/www.ull.es\/portal\/agenda\/evento\/taller-introduccion-a-la-lengua-latina-metodo-interactivo\/\",\"name\":\"Taller: \\\"Introducci\u00f3n a la lengua latina: m\u00e9todo interactivo\\\" - ULL - Agenda\",\"isPartOf\":{\"@id\":\"https:\/\/www.ull.es\/portal\/agenda\/#website\"},\"datePublished\":\"2022-03-15T09:09:45+00:00\",\"dateModified\":\"2022-03-16T13:41:55+00:00\",\"breadcrumb\":{\"@id\":\"https:\/\/www.ull.es\/portal\/agenda\/evento\/taller-introduccion-a-la-lengua-latina-metodo-interactivo\/#breadcrumb\"},\"inLanguage\":\"es\",\"potentialAction\":[{\"@type\":\"ReadAction\",\"target\":[\"https:\/\/www.ull.es\/portal\/agenda\/evento\/taller-introduccion-a-la-lengua-latina-metodo-interactivo\/\"]}]},{\"@type\":\"BreadcrumbList\",\"@id\":\"https:\/\/www.ull.es\/portal\/agenda\/evento\/taller-introduccion-a-la-lengua-latina-metodo-interactivo\/#breadcrumb\",\"itemListElement\":[{\"@type\":\"ListItem\",\"position\":1,\"name\":\"Portada\",\"item\":\"https:\/\/www.ull.es\/portal\/agenda\/\"},{\"@type\":\"ListItem\",\"position\":2,\"name\":\"Taller: \u00abIntroducci\u00f3n a la lengua latina: m\u00e9todo interactivo\u00bb\"}]},{\"@type\":\"WebSite\",\"@id\":\"https:\/\/www.ull.es\/portal\/agenda\/#website\",\"url\":\"https:\/\/www.ull.es\/portal\/agenda\/\",\"name\":\"ULL - Agenda\",\"description\":\"\",\"potentialAction\":[{\"@type\":\"SearchAction\",\"target\":{\"@type\":\"EntryPoint\",\"urlTemplate\":\"https:\/\/www.ull.es\/portal\/agenda\/?s={search_term_string}\"},\"query-input\":\"required name=search_term_string\"}],\"inLanguage\":\"es\"}]}<\/script>\n<!-- \/ Yoast SEO plugin. -->","yoast_head_json":{"title":"Taller: \"Introducci\u00f3n a la lengua latina: m\u00e9todo interactivo\" - ULL - Agenda","robots":{"index":"index","follow":"follow","max-snippet":"max-snippet:-1","max-image-preview":"max-image-preview:large","max-video-preview":"max-video-preview:-1"},"canonical":"https:\/\/www.ull.es\/portal\/agenda\/evento\/taller-introduccion-a-la-lengua-latina-metodo-interactivo\/","og_locale":"es_ES","og_type":"article","og_title":"Taller: \"Introducci\u00f3n a la lengua latina: m\u00e9todo interactivo\" - ULL - Agenda","og_description":"Con este taller se pretende contribuir, en primer lugar, a que el alumnado que accede al Grado en Estudios Cl\u00e1sicos alcance o refuerce los conocimientos b\u00e1sicos de lengua latina necesarios para afrontar eficazmente el nivel propio de los estudios universitarios; en segundo lugar, se pretende acercar al alumnado general de la ULL a los rudimentos...","og_url":"https:\/\/www.ull.es\/portal\/agenda\/evento\/taller-introduccion-a-la-lengua-latina-metodo-interactivo\/","og_site_name":"ULL - Agenda","article_modified_time":"2022-03-16T13:41:55+00:00","og_image":[{"width":700,"height":350,"url":"https:\/\/www.ull.es\/portal\/agenda\/wp-content\/uploads\/sites\/12\/2022\/03\/Taller-Introduccion-a-la-lengua-Latina_Banner-evento.png","type":"image\/png"}],"twitter_card":"summary_large_image","twitter_misc":{"Tiempo de lectura":"1 minuto"},"schema":{"@context":"https:\/\/schema.org","@graph":[{"@type":"WebPage","@id":"https:\/\/www.ull.es\/portal\/agenda\/evento\/taller-introduccion-a-la-lengua-latina-metodo-interactivo\/","url":"https:\/\/www.ull.es\/portal\/agenda\/evento\/taller-introduccion-a-la-lengua-latina-metodo-interactivo\/","name":"Taller: \"Introducci\u00f3n a la lengua latina: m\u00e9todo interactivo\" - ULL - Agenda","isPartOf":{"@id":"https:\/\/www.ull.es\/portal\/agenda\/#website"},"datePublished":"2022-03-15T09:09:45+00:00","dateModified":"2022-03-16T13:41:55+00:00","breadcrumb":{"@id":"https:\/\/www.ull.es\/portal\/agenda\/evento\/taller-introduccion-a-la-lengua-latina-metodo-interactivo\/#breadcrumb"},"inLanguage":"es","potentialAction":[{"@type":"ReadAction","target":["https:\/\/www.ull.es\/portal\/agenda\/evento\/taller-introduccion-a-la-lengua-latina-metodo-interactivo\/"]}]},{"@type":"BreadcrumbList","@id":"https:\/\/www.ull.es\/portal\/agenda\/evento\/taller-introduccion-a-la-lengua-latina-metodo-interactivo\/#breadcrumb","itemListElement":[{"@type":"ListItem","position":1,"name":"Portada","item":"https:\/\/www.ull.es\/portal\/agenda\/"},{"@type":"ListItem","position":2,"name":"Taller: \u00abIntroducci\u00f3n a la lengua latina: m\u00e9todo interactivo\u00bb"}]},{"@type":"WebSite","@id":"https:\/\/www.ull.es\/portal\/agenda\/#website","url":"https:\/\/www.ull.es\/portal\/agenda\/","name":"ULL - Agenda","description":"","potentialAction":[{"@type":"SearchAction","target":{"@type":"EntryPoint","urlTemplate":"https:\/\/www.ull.es\/portal\/agenda\/?s={search_term_string}"},"query-input":"required name=search_term_string"}],"inLanguage":"es"}]}},"_links":{"self":[{"href":"https:\/\/www.ull.es\/portal\/agenda\/wp-json\/wp\/v2\/tribe_events\/23441"}],"collection":[{"href":"https:\/\/www.ull.es\/portal\/agenda\/wp-json\/wp\/v2\/tribe_events"}],"about":[{"href":"https:\/\/www.ull.es\/portal\/agenda\/wp-json\/wp\/v2\/types\/tribe_events"}],"author":[{"embeddable":true,"href":"https:\/\/www.ull.es\/portal\/agenda\/wp-json\/wp\/v2\/users\/65"}],"replies":[{"embeddable":true,"href":"https:\/\/www.ull.es\/portal\/agenda\/wp-json\/wp\/v2\/comments?post=23441"}],"version-history":[{"count":3,"href":"https:\/\/www.ull.es\/portal\/agenda\/wp-json\/wp\/v2\/tribe_events\/23441\/revisions"}],"predecessor-version":[{"id":23451,"href":"https:\/\/www.ull.es\/portal\/agenda\/wp-json\/wp\/v2\/tribe_events\/23441\/revisions\/23451"}],"wp:featuredmedia":[{"embeddable":true,"href":"https:\/\/www.ull.es\/portal\/agenda\/wp-json\/wp\/v2\/media\/23480"}],"wp:attachment":[{"href":"https:\/\/www.ull.es\/portal\/agenda\/wp-json\/wp\/v2\/media?parent=23441"}],"wp:term":[{"taxonomy":"post_tag","embeddable":true,"href":"https:\/\/www.ull.es\/portal\/agenda\/wp-json\/wp\/v2\/tags?post=23441"},{"taxonomy":"tribe_events_cat","embeddable":true,"href":"https:\/\/www.ull.es\/portal\/agenda\/wp-json\/wp\/v2\/tribe_events_cat?post=23441"}],"curies":[{"name":"wp","href":"https:\/\/api.w.org\/{rel}","templated":true}]}}

Taller: «Introducción a la lengua latina: método interactivo»

<p>Con este taller se pretende contribuir, en primer lugar, a que el alumnado que accede al Grado en Estudios Clásicos alcance o refuerce los conocimientos básicos de lengua latina necesarios para afrontar eficazmente el nivel propio de los estudios universitarios; en segundo lugar, se pretende acercar al alumnado general de la ULL a los rudimentos de la lengua latina de forma interactiva.</p>
<ul>
<li><strong>Fecha de inicio</strong>: 22 de marzo</li>
<li><strong>Duración</strong>: 30 horas lectivas. Segundo cuatrimestre</li>
<li><strong>Créditos</strong>: 2crs.</li>
<li><strong>Horario</strong>: martes y jueves de 13.30-14.30 h</li>
</ul>
<p><strong>Requisitos:</strong></p>
<p>Estar matriculados en el presente curso académico en cualquier Grado de la Universidad de la Laguna en general y, en particular, al alumnado del Grado en Estudios Clásicos con carencias formativas básicas en lengua latina.</p>
<p><strong><a href="https://drive.google.com/file/d/1vBn3zgHqNrgQfYZp66_FAA_ECPu-lJoz/view?usp=sharing" target="_blank" rel="noopener" target="_blank" rel="noopener">Programa completo</a></strong></p>

<p>Con este taller se pretende contribuir, en primer lugar, a que el alumnado que accede al Grado en Estudios Clásicos alcance o refuerce los conocimientos básicos de lengua latina necesarios para afrontar eficazmente el nivel propio de los estudios universitarios; en segundo lugar, se pretende acercar al alumnado general de la ULL a los rudimentos&#8230;</p>

<!-- This site is optimized with the Yoast SEO plugin v21.3 - https://yoast.com/wordpress/plugins/seo/ -->
<title>Taller: &quot;Introducción a la lengua latina: método interactivo&quot; - ULL - Agenda</title>
<meta name="robots" content="index, follow, max-snippet:-1, max-image-preview:large, max-video-preview:-1" />
<link rel="canonical" href="https://www.ull.es/portal/agenda/evento/taller-introduccion-a-la-lengua-latina-metodo-interactivo/" />
<meta property="og:locale" content="es_ES" />
<meta property="og:type" content="article" />
<meta property="og:title" content="Taller: &quot;Introducción a la lengua latina: método interactivo&quot; - ULL - Agenda" />
<meta property="og:description" content="Con este taller se pretende contribuir, en primer lugar, a que el alumnado que accede al Grado en Estudios Clásicos alcance o refuerce los conocimientos básicos de lengua latina necesarios para afrontar eficazmente el nivel propio de los estudios universitarios; en segundo lugar, se pretende acercar al alumnado general de la ULL a los rudimentos..." />
<meta property="og:url" content="https://www.ull.es/portal/agenda/evento/taller-introduccion-a-la-lengua-latina-metodo-interactivo/" />
<meta property="og:site_name" content="ULL - Agenda" />
<meta property="article:modified_time" content="2022-03-16T13:41:55+00:00" />
<meta property="og:image" content="https://www.ull.es/portal/agenda/wp-content/uploads/sites/12/2022/03/Taller-Introduccion-a-la-lengua-Latina_Banner-evento.png" />
	<meta property="og:image:width" content="700" />
	<meta property="og:image:height" content="350" />
	<meta property="og:image:type" content="image/png" />
<meta name="twitter:card" content="summary_large_image" />
<meta name="twitter:label1" content="Tiempo de lectura" />
	<meta name="twitter:data1" content="1 minuto" />
<script type="application/ld+json" class="yoast-schema-graph">{"@context":"https://schema.org","@graph":[{"@type":"WebPage","@id":"https://www.ull.es/portal/agenda/evento/taller-introduccion-a-la-lengua-latina-metodo-interactivo/","url":"https://www.ull.es/portal/agenda/evento/taller-introduccion-a-la-lengua-latina-metodo-interactivo/","name":"Taller: \"Introducción a la lengua latina: método interactivo\" - ULL - Agenda","isPartOf":{"@id":"https://www.ull.es/portal/agenda/#website"},"datePublished":"2022-03-15T09:09:45+00:00","dateModified":"2022-03-16T13:41:55+00:00","breadcrumb":{"@id":"https://www.ull.es/portal/agenda/evento/taller-introduccion-a-la-lengua-latina-metodo-interactivo/#breadcrumb"},"inLanguage":"es","potentialAction":[{"@type":"ReadAction","target":["https://www.ull.es/portal/agenda/evento/taller-introduccion-a-la-lengua-latina-metodo-interactivo/"]}]},{"@type":"BreadcrumbList","@id":"https://www.ull.es/portal/agenda/evento/taller-introduccion-a-la-lengua-latina-metodo-interactivo/#breadcrumb","itemListElement":[{"@type":"ListItem","position":1,"name":"Portada","item":"https://www.ull.es/portal/agenda/"},{"@type":"ListItem","position":2,"name":"Taller: «Introducción a la lengua latina: método interactivo»"}]},{"@type":"WebSite","@id":"https://www.ull.es/portal/agenda/#website","url":"https://www.ull.es/portal/agenda/","name":"ULL - Agenda","description":"","potentialAction":[{"@type":"SearchAction","target":{"@type":"EntryPoint","urlTemplate":"https://www.ull.es/portal/agenda/?s={search_term_string}"},"query-input":"required name=search_term_string"}],"inLanguage":"es"}]}</script>
<!-- / Yoast SEO plugin. -->

Taller: "Introducción a la lengua latina: método interactivo" - ULL - Agenda

Con este taller se pretende contribuir, en primer lugar, a que el alumnado que accede al Grado en Estudios Clásicos alcance o refuerce los conocimientos básicos de lengua latina necesarios para afrontar eficazmente el nivel propio de los estudios universitarios; en segundo lugar, se pretende acercar al alumnado general de la ULL a los rudimentos...
