{"id":23476,"date":"2022-03-16T13:32:39","date_gmt":"2022-03-16T13:32:39","guid":{"rendered":"https:\/\/www.ull.es\/portal\/agenda\/?post_type=tribe_events&#038;p=23476"},"modified":"2022-03-21T10:56:01","modified_gmt":"2022-03-21T10:56:01","slug":"acto-de-homenaje-al-personal-jubilado-de-la-universidad-de-la-laguna","status":"publish","type":"tribe_events","link":"https:\/\/www.ull.es\/portal\/agenda\/evento\/acto-de-homenaje-al-personal-jubilado-de-la-universidad-de-la-laguna\/","title":{"rendered":"Acto de Homenaje al personal jubilado de la Universidad de La Laguna"},"content":{"rendered":"<p>El d\u00eda <strong>23 de marzo, a las 19:00 horas en el Paraninfo de la Universidad de La Laguna<\/strong>, tendr\u00e1 lugar el Acto de Homenaje al personal jubilado de la Universidad de La Laguna.<\/p>\n<p>La Universidad de La Laguna celebra este sencillo acto para reconocer la labor y dedicaci\u00f3n de esa parte de nuestro personal que, tras a\u00f1os de dedicaci\u00f3n a la instituci\u00f3n, finalizaron el a\u00f1o pasado su trayectoria profesional entre nosotros para iniciar su periodo de jubilaci\u00f3n.<\/p>\n<p>El \u00e9xito de las instituciones, su eficacia y su potencial para cumplir sus objetivos, est\u00e1n \u00edntimamente relacionados con sus recursos humanos. Por ello, con esta ceremonia esta Universidad desea agradecer a estas personas todo el tiempo que han prestado para lograr que el centro siga siendo un referente educativo, cient\u00edfico y social de Canarias.<\/p>\n<p><a href=\"https:\/\/drive.google.com\/file\/d\/1qiq1jKzvz88T0F9Kgrvr18L4xXOJloZz\/view?usp=sharing\" target=\"_blank\" rel=\"noopener\" target=\"_blank\" rel=\"noopener\"><strong>Programa completo<\/strong><\/a><\/p>\n","protected":false},"excerpt":{"rendered":"<p>El d\u00eda 23 de marzo, a las 19:00 horas en el Paraninfo de la Universidad de La Laguna, tendr\u00e1 lugar el Acto de Homenaje al personal jubilado de la Universidad de La Laguna. La Universidad de La Laguna celebra este sencillo acto para reconocer la labor y dedicaci\u00f3n de esa parte de nuestro personal que,&#8230;<\/p>\n","protected":false},"author":65,"featured_media":23541,"comment_status":"closed","ping_status":"closed","template":"","tags":[],"tribe_events_cat":[4321,4],"acf":[],"yoast_head":"<!-- This site is optimized with the Yoast SEO plugin v21.3 - https:\/\/yoast.com\/wordpress\/plugins\/seo\/ -->\n<title>Acto de Homenaje al personal jubilado de la Universidad de La Laguna - ULL - Agenda<\/title>\n<meta name=\"robots\" content=\"index, follow, max-snippet:-1, max-image-preview:large, max-video-preview:-1\" \/>\n<link rel=\"canonical\" href=\"https:\/\/www.ull.es\/portal\/agenda\/evento\/acto-de-homenaje-al-personal-jubilado-de-la-universidad-de-la-laguna\/\" \/>\n<meta property=\"og:locale\" content=\"es_ES\" \/>\n<meta property=\"og:type\" content=\"article\" \/>\n<meta property=\"og:title\" content=\"Acto de Homenaje al personal jubilado de la Universidad de La Laguna - ULL - Agenda\" \/>\n<meta property=\"og:description\" content=\"El d\u00eda 23 de marzo, a las 19:00 horas en el Paraninfo de la Universidad de La Laguna, tendr\u00e1 lugar el Acto de Homenaje al personal jubilado de la Universidad de La Laguna. La Universidad de La Laguna celebra este sencillo acto para reconocer la labor y dedicaci\u00f3n de esa parte de nuestro personal que,...\" \/>\n<meta property=\"og:url\" content=\"https:\/\/www.ull.es\/portal\/agenda\/evento\/acto-de-homenaje-al-personal-jubilado-de-la-universidad-de-la-laguna\/\" \/>\n<meta property=\"og:site_name\" content=\"ULL - Agenda\" \/>\n<meta property=\"article:modified_time\" content=\"2022-03-21T10:56:01+00:00\" \/>\n<meta property=\"og:image\" content=\"https:\/\/www.ull.es\/portal\/agenda\/wp-content\/uploads\/sites\/12\/2022\/03\/Acto-homenaje-jubilados-ULL_Banner-evento-sin-faldo\u0301n.png\" \/>\n\t<meta property=\"og:image:width\" content=\"700\" \/>\n\t<meta property=\"og:image:height\" content=\"350\" \/>\n\t<meta property=\"og:image:type\" content=\"image\/png\" \/>\n<meta name=\"twitter:card\" content=\"summary_large_image\" \/>\n<meta name=\"twitter:label1\" content=\"Tiempo de lectura\" \/>\n\t<meta name=\"twitter:data1\" content=\"1 minuto\" \/>\n<script type=\"application\/ld+json\" class=\"yoast-schema-graph\">{\"@context\":\"https:\/\/schema.org\",\"@graph\":[{\"@type\":\"WebPage\",\"@id\":\"https:\/\/www.ull.es\/portal\/agenda\/evento\/acto-de-homenaje-al-personal-jubilado-de-la-universidad-de-la-laguna\/\",\"url\":\"https:\/\/www.ull.es\/portal\/agenda\/evento\/acto-de-homenaje-al-personal-jubilado-de-la-universidad-de-la-laguna\/\",\"name\":\"Acto de Homenaje al personal jubilado de la Universidad de La Laguna - ULL - Agenda\",\"isPartOf\":{\"@id\":\"https:\/\/www.ull.es\/portal\/agenda\/#website\"},\"datePublished\":\"2022-03-16T13:32:39+00:00\",\"dateModified\":\"2022-03-21T10:56:01+00:00\",\"breadcrumb\":{\"@id\":\"https:\/\/www.ull.es\/portal\/agenda\/evento\/acto-de-homenaje-al-personal-jubilado-de-la-universidad-de-la-laguna\/#breadcrumb\"},\"inLanguage\":\"es\",\"potentialAction\":[{\"@type\":\"ReadAction\",\"target\":[\"https:\/\/www.ull.es\/portal\/agenda\/evento\/acto-de-homenaje-al-personal-jubilado-de-la-universidad-de-la-laguna\/\"]}]},{\"@type\":\"BreadcrumbList\",\"@id\":\"https:\/\/www.ull.es\/portal\/agenda\/evento\/acto-de-homenaje-al-personal-jubilado-de-la-universidad-de-la-laguna\/#breadcrumb\",\"itemListElement\":[{\"@type\":\"ListItem\",\"position\":1,\"name\":\"Portada\",\"item\":\"https:\/\/www.ull.es\/portal\/agenda\/\"},{\"@type\":\"ListItem\",\"position\":2,\"name\":\"Acto de Homenaje al personal jubilado de la Universidad de La Laguna\"}]},{\"@type\":\"WebSite\",\"@id\":\"https:\/\/www.ull.es\/portal\/agenda\/#website\",\"url\":\"https:\/\/www.ull.es\/portal\/agenda\/\",\"name\":\"ULL - Agenda\",\"description\":\"\",\"potentialAction\":[{\"@type\":\"SearchAction\",\"target\":{\"@type\":\"EntryPoint\",\"urlTemplate\":\"https:\/\/www.ull.es\/portal\/agenda\/?s={search_term_string}\"},\"query-input\":\"required name=search_term_string\"}],\"inLanguage\":\"es\"}]}<\/script>\n<!-- \/ Yoast SEO plugin. -->","yoast_head_json":{"title":"Acto de Homenaje al personal jubilado de la Universidad de La Laguna - ULL - Agenda","robots":{"index":"index","follow":"follow","max-snippet":"max-snippet:-1","max-image-preview":"max-image-preview:large","max-video-preview":"max-video-preview:-1"},"canonical":"https:\/\/www.ull.es\/portal\/agenda\/evento\/acto-de-homenaje-al-personal-jubilado-de-la-universidad-de-la-laguna\/","og_locale":"es_ES","og_type":"article","og_title":"Acto de Homenaje al personal jubilado de la Universidad de La Laguna - ULL - Agenda","og_description":"El d\u00eda 23 de marzo, a las 19:00 horas en el Paraninfo de la Universidad de La Laguna, tendr\u00e1 lugar el Acto de Homenaje al personal jubilado de la Universidad de La Laguna. La Universidad de La Laguna celebra este sencillo acto para reconocer la labor y dedicaci\u00f3n de esa parte de nuestro personal que,...","og_url":"https:\/\/www.ull.es\/portal\/agenda\/evento\/acto-de-homenaje-al-personal-jubilado-de-la-universidad-de-la-laguna\/","og_site_name":"ULL - Agenda","article_modified_time":"2022-03-21T10:56:01+00:00","og_image":[{"width":700,"height":350,"url":"https:\/\/www.ull.es\/portal\/agenda\/wp-content\/uploads\/sites\/12\/2022\/03\/Acto-homenaje-jubilados-ULL_Banner-evento-sin-faldo\u0301n.png","type":"image\/png"}],"twitter_card":"summary_large_image","twitter_misc":{"Tiempo de lectura":"1 minuto"},"schema":{"@context":"https:\/\/schema.org","@graph":[{"@type":"WebPage","@id":"https:\/\/www.ull.es\/portal\/agenda\/evento\/acto-de-homenaje-al-personal-jubilado-de-la-universidad-de-la-laguna\/","url":"https:\/\/www.ull.es\/portal\/agenda\/evento\/acto-de-homenaje-al-personal-jubilado-de-la-universidad-de-la-laguna\/","name":"Acto de Homenaje al personal jubilado de la Universidad de La Laguna - ULL - Agenda","isPartOf":{"@id":"https:\/\/www.ull.es\/portal\/agenda\/#website"},"datePublished":"2022-03-16T13:32:39+00:00","dateModified":"2022-03-21T10:56:01+00:00","breadcrumb":{"@id":"https:\/\/www.ull.es\/portal\/agenda\/evento\/acto-de-homenaje-al-personal-jubilado-de-la-universidad-de-la-laguna\/#breadcrumb"},"inLanguage":"es","potentialAction":[{"@type":"ReadAction","target":["https:\/\/www.ull.es\/portal\/agenda\/evento\/acto-de-homenaje-al-personal-jubilado-de-la-universidad-de-la-laguna\/"]}]},{"@type":"BreadcrumbList","@id":"https:\/\/www.ull.es\/portal\/agenda\/evento\/acto-de-homenaje-al-personal-jubilado-de-la-universidad-de-la-laguna\/#breadcrumb","itemListElement":[{"@type":"ListItem","position":1,"name":"Portada","item":"https:\/\/www.ull.es\/portal\/agenda\/"},{"@type":"ListItem","position":2,"name":"Acto de Homenaje al personal jubilado de la Universidad de La Laguna"}]},{"@type":"WebSite","@id":"https:\/\/www.ull.es\/portal\/agenda\/#website","url":"https:\/\/www.ull.es\/portal\/agenda\/","name":"ULL - Agenda","description":"","potentialAction":[{"@type":"SearchAction","target":{"@type":"EntryPoint","urlTemplate":"https:\/\/www.ull.es\/portal\/agenda\/?s={search_term_string}"},"query-input":"required name=search_term_string"}],"inLanguage":"es"}]}},"_links":{"self":[{"href":"https:\/\/www.ull.es\/portal\/agenda\/wp-json\/wp\/v2\/tribe_events\/23476"}],"collection":[{"href":"https:\/\/www.ull.es\/portal\/agenda\/wp-json\/wp\/v2\/tribe_events"}],"about":[{"href":"https:\/\/www.ull.es\/portal\/agenda\/wp-json\/wp\/v2\/types\/tribe_events"}],"author":[{"embeddable":true,"href":"https:\/\/www.ull.es\/portal\/agenda\/wp-json\/wp\/v2\/users\/65"}],"replies":[{"embeddable":true,"href":"https:\/\/www.ull.es\/portal\/agenda\/wp-json\/wp\/v2\/comments?post=23476"}],"version-history":[{"count":5,"href":"https:\/\/www.ull.es\/portal\/agenda\/wp-json\/wp\/v2\/tribe_events\/23476\/revisions"}],"predecessor-version":[{"id":23543,"href":"https:\/\/www.ull.es\/portal\/agenda\/wp-json\/wp\/v2\/tribe_events\/23476\/revisions\/23543"}],"wp:featuredmedia":[{"embeddable":true,"href":"https:\/\/www.ull.es\/portal\/agenda\/wp-json\/wp\/v2\/media\/23541"}],"wp:attachment":[{"href":"https:\/\/www.ull.es\/portal\/agenda\/wp-json\/wp\/v2\/media?parent=23476"}],"wp:term":[{"taxonomy":"post_tag","embeddable":true,"href":"https:\/\/www.ull.es\/portal\/agenda\/wp-json\/wp\/v2\/tags?post=23476"},{"taxonomy":"tribe_events_cat","embeddable":true,"href":"https:\/\/www.ull.es\/portal\/agenda\/wp-json\/wp\/v2\/tribe_events_cat?post=23476"}],"curies":[{"name":"wp","href":"https:\/\/api.w.org\/{rel}","templated":true}]}}

<p>El día <strong>23 de marzo, a las 19:00 horas en el Paraninfo de la Universidad de La Laguna</strong>, tendrá lugar el Acto de Homenaje al personal jubilado de la Universidad de La Laguna.</p>
<p>La Universidad de La Laguna celebra este sencillo acto para reconocer la labor y dedicación de esa parte de nuestro personal que, tras años de dedicación a la institución, finalizaron el año pasado su trayectoria profesional entre nosotros para iniciar su periodo de jubilación.</p>
<p>El éxito de las instituciones, su eficacia y su potencial para cumplir sus objetivos, están íntimamente relacionados con sus recursos humanos. Por ello, con esta ceremonia esta Universidad desea agradecer a estas personas todo el tiempo que han prestado para lograr que el centro siga siendo un referente educativo, científico y social de Canarias.</p>
<p><a href="https://drive.google.com/file/d/1qiq1jKzvz88T0F9Kgrvr18L4xXOJloZz/view?usp=sharing" target="_blank" rel="noopener" target="_blank" rel="noopener"><strong>Programa completo</strong></a></p>

<p>El día 23 de marzo, a las 19:00 horas en el Paraninfo de la Universidad de La Laguna, tendrá lugar el Acto de Homenaje al personal jubilado de la Universidad de La Laguna. La Universidad de La Laguna celebra este sencillo acto para reconocer la labor y dedicación de esa parte de nuestro personal que,&#8230;</p>

<!-- This site is optimized with the Yoast SEO plugin v21.3 - https://yoast.com/wordpress/plugins/seo/ -->
<title>Acto de Homenaje al personal jubilado de la Universidad de La Laguna - ULL - Agenda</title>
<meta name="robots" content="index, follow, max-snippet:-1, max-image-preview:large, max-video-preview:-1" />
<link rel="canonical" href="https://www.ull.es/portal/agenda/evento/acto-de-homenaje-al-personal-jubilado-de-la-universidad-de-la-laguna/" />
<meta property="og:locale" content="es_ES" />
<meta property="og:type" content="article" />
<meta property="og:title" content="Acto de Homenaje al personal jubilado de la Universidad de La Laguna - ULL - Agenda" />
<meta property="og:description" content="El día 23 de marzo, a las 19:00 horas en el Paraninfo de la Universidad de La Laguna, tendrá lugar el Acto de Homenaje al personal jubilado de la Universidad de La Laguna. La Universidad de La Laguna celebra este sencillo acto para reconocer la labor y dedicación de esa parte de nuestro personal que,..." />
<meta property="og:url" content="https://www.ull.es/portal/agenda/evento/acto-de-homenaje-al-personal-jubilado-de-la-universidad-de-la-laguna/" />
<meta property="og:site_name" content="ULL - Agenda" />
<meta property="article:modified_time" content="2022-03-21T10:56:01+00:00" />
<meta property="og:image" content="https://www.ull.es/portal/agenda/wp-content/uploads/sites/12/2022/03/Acto-homenaje-jubilados-ULL_Banner-evento-sin-faldón.png" />
	<meta property="og:image:width" content="700" />
	<meta property="og:image:height" content="350" />
	<meta property="og:image:type" content="image/png" />
<meta name="twitter:card" content="summary_large_image" />
<meta name="twitter:label1" content="Tiempo de lectura" />
	<meta name="twitter:data1" content="1 minuto" />
<script type="application/ld+json" class="yoast-schema-graph">{"@context":"https://schema.org","@graph":[{"@type":"WebPage","@id":"https://www.ull.es/portal/agenda/evento/acto-de-homenaje-al-personal-jubilado-de-la-universidad-de-la-laguna/","url":"https://www.ull.es/portal/agenda/evento/acto-de-homenaje-al-personal-jubilado-de-la-universidad-de-la-laguna/","name":"Acto de Homenaje al personal jubilado de la Universidad de La Laguna - ULL - Agenda","isPartOf":{"@id":"https://www.ull.es/portal/agenda/#website"},"datePublished":"2022-03-16T13:32:39+00:00","dateModified":"2022-03-21T10:56:01+00:00","breadcrumb":{"@id":"https://www.ull.es/portal/agenda/evento/acto-de-homenaje-al-personal-jubilado-de-la-universidad-de-la-laguna/#breadcrumb"},"inLanguage":"es","potentialAction":[{"@type":"ReadAction","target":["https://www.ull.es/portal/agenda/evento/acto-de-homenaje-al-personal-jubilado-de-la-universidad-de-la-laguna/"]}]},{"@type":"BreadcrumbList","@id":"https://www.ull.es/portal/agenda/evento/acto-de-homenaje-al-personal-jubilado-de-la-universidad-de-la-laguna/#breadcrumb","itemListElement":[{"@type":"ListItem","position":1,"name":"Portada","item":"https://www.ull.es/portal/agenda/"},{"@type":"ListItem","position":2,"name":"Acto de Homenaje al personal jubilado de la Universidad de La Laguna"}]},{"@type":"WebSite","@id":"https://www.ull.es/portal/agenda/#website","url":"https://www.ull.es/portal/agenda/","name":"ULL - Agenda","description":"","potentialAction":[{"@type":"SearchAction","target":{"@type":"EntryPoint","urlTemplate":"https://www.ull.es/portal/agenda/?s={search_term_string}"},"query-input":"required name=search_term_string"}],"inLanguage":"es"}]}</script>
<!-- / Yoast SEO plugin. -->

El día 23 de marzo, a las 19:00 horas en el Paraninfo de la Universidad de La Laguna, tendrá lugar el Acto de Homenaje al personal jubilado de la Universidad de La Laguna. La Universidad de La Laguna celebra este sencillo acto para reconocer la labor y dedicación de esa parte de nuestro personal que,...
