{"id":23821,"date":"2022-04-04T12:40:39","date_gmt":"2022-04-04T12:40:39","guid":{"rendered":"https:\/\/www.ull.es\/portal\/agenda\/?post_type=tribe_events&#038;p=23821"},"modified":"2022-04-04T14:21:45","modified_gmt":"2022-04-04T14:21:45","slug":"jornadas-herramientas-y-metodos-para-la-evaluacion-y-seguimiento-de-politicas-fiscales-un-nuevo-reto-para-canarias","status":"publish","type":"tribe_events","link":"https:\/\/www.ull.es\/portal\/agenda\/evento\/jornadas-herramientas-y-metodos-para-la-evaluacion-y-seguimiento-de-politicas-fiscales-un-nuevo-reto-para-canarias\/","title":{"rendered":"Jornadas: \u00abHerramientas y m\u00e9todos para la evaluaci\u00f3n y seguimiento de pol\u00edticas fiscales: un nuevo reto para Canarias\u00bb"},"content":{"rendered":"<p>El Sal\u00f3n de grados de la Facultad de Econom\u00eda, Empresa y Turismo acoge las jornadas \u00abHerramientas y m\u00e9todos para la evaluaci\u00f3n y seguimiento de pol\u00edticas fiscales: un nuevo reto para Canarias\u00bb, organizadas por \u00a0la Viceconsejer\u00eda de Hacienda, Planificaci\u00f3n y Asuntos Europeos del Gobierno de Canarias y el Centro de Estudios de Desigualdad Social y Gobernanza (CEDESOG) de la Universidad de La Laguna.<\/p>\n<p>Hay que usar bases de datos y m\u00e9todos apropiados para evaluar correctamente los resultados de la implementaci\u00f3n de una pol\u00edtica fiscal. El 5 y 6 de abril asistir\u00e1n a la Universidad de La Laguna expertos del Banco de Espa\u00f1a, Instituto de Estudios Fiscales y Comisi\u00f3n Europea para hablarnos sobre estos m\u00e9todos. Entre todos reflexionaremos sobre c\u00f3mo podemos aplicar estos procedimientos en Canarias para analizar, por ejemplo, el impacto sobre la econom\u00eda y la sociedad insular de un cambio en nuestro R\u00e9gimen Econ\u00f3mico y Fiscal.<\/p>\n<p><a href=\"https:\/\/drive.google.com\/file\/d\/1FzfiuhjPZGo8OjRgkKrkGYxaK3FUhSaK\/view?usp=sharing\" target=\"_blank\" rel=\"noopener\" target=\"_blank\" rel=\"noopener\">Programa<\/a><\/p>\n<p>Podr\u00e1 seguirse por Internet a trav\u00e9s de este\u00a0<a href=\"http:\/\/meet.google.com\/ycz-mpbh-wzn\" target=\"_blank\" rel=\"noopener\" data-saferedirecturl=\"https:\/\/www.google.com\/url?q=http:\/\/meet.google.com\/ycz-mpbh-wzn&amp;source=gmail&amp;ust=1649145865685000&amp;usg=AOvVaw0C04AT1KS5qMGdHRmCO5IX\" target=\"_blank\" rel=\"noopener\">enlace<\/a>.<\/p>\n","protected":false},"excerpt":{"rendered":"<p>El Sal\u00f3n de grados de la Facultad de Econom\u00eda, Empresa y Turismo acoge las jornadas \u00abHerramientas y m\u00e9todos para la evaluaci\u00f3n y seguimiento de pol\u00edticas fiscales: un nuevo reto para Canarias\u00bb, organizadas por \u00a0la Viceconsejer\u00eda de Hacienda, Planificaci\u00f3n y Asuntos Europeos del Gobierno de Canarias y el Centro de Estudios de Desigualdad Social y Gobernanza&#8230;<\/p>\n","protected":false},"author":65,"featured_media":23825,"comment_status":"closed","ping_status":"closed","template":"","tags":[],"tribe_events_cat":[4,937,191],"acf":[],"yoast_head":"<!-- This site is optimized with the Yoast SEO plugin v21.3 - https:\/\/yoast.com\/wordpress\/plugins\/seo\/ -->\n<title>Jornadas: &quot;Herramientas y m\u00e9todos para la evaluaci\u00f3n y seguimiento de pol\u00edticas fiscales: un nuevo reto para Canarias&quot; - ULL - Agenda<\/title>\n<meta name=\"robots\" content=\"index, follow, max-snippet:-1, max-image-preview:large, max-video-preview:-1\" \/>\n<link rel=\"canonical\" href=\"https:\/\/www.ull.es\/portal\/agenda\/evento\/jornadas-herramientas-y-metodos-para-la-evaluacion-y-seguimiento-de-politicas-fiscales-un-nuevo-reto-para-canarias\/\" \/>\n<meta property=\"og:locale\" content=\"es_ES\" \/>\n<meta property=\"og:type\" content=\"article\" \/>\n<meta property=\"og:title\" content=\"Jornadas: &quot;Herramientas y m\u00e9todos para la evaluaci\u00f3n y seguimiento de pol\u00edticas fiscales: un nuevo reto para Canarias&quot; - ULL - Agenda\" \/>\n<meta property=\"og:description\" content=\"El Sal\u00f3n de grados de la Facultad de Econom\u00eda, Empresa y Turismo acoge las jornadas \u00abHerramientas y m\u00e9todos para la evaluaci\u00f3n y seguimiento de pol\u00edticas fiscales: un nuevo reto para Canarias\u00bb, organizadas por \u00a0la Viceconsejer\u00eda de Hacienda, Planificaci\u00f3n y Asuntos Europeos del Gobierno de Canarias y el Centro de Estudios de Desigualdad Social y Gobernanza...\" \/>\n<meta property=\"og:url\" content=\"https:\/\/www.ull.es\/portal\/agenda\/evento\/jornadas-herramientas-y-metodos-para-la-evaluacion-y-seguimiento-de-politicas-fiscales-un-nuevo-reto-para-canarias\/\" \/>\n<meta property=\"og:site_name\" content=\"ULL - Agenda\" \/>\n<meta property=\"article:modified_time\" content=\"2022-04-04T14:21:45+00:00\" \/>\n<meta property=\"og:image\" content=\"https:\/\/www.ull.es\/portal\/agenda\/wp-content\/uploads\/sites\/12\/2022\/04\/ULL_Herramientas-y-me\u0301todos-poli\u0301ticas-fiscales_Banner-evento.png\" \/>\n\t<meta property=\"og:image:width\" content=\"700\" \/>\n\t<meta property=\"og:image:height\" content=\"350\" \/>\n\t<meta property=\"og:image:type\" content=\"image\/png\" \/>\n<meta name=\"twitter:card\" content=\"summary_large_image\" \/>\n<meta name=\"twitter:label1\" content=\"Tiempo de lectura\" \/>\n\t<meta name=\"twitter:data1\" content=\"1 minuto\" \/>\n<script type=\"application\/ld+json\" class=\"yoast-schema-graph\">{\"@context\":\"https:\/\/schema.org\",\"@graph\":[{\"@type\":\"WebPage\",\"@id\":\"https:\/\/www.ull.es\/portal\/agenda\/evento\/jornadas-herramientas-y-metodos-para-la-evaluacion-y-seguimiento-de-politicas-fiscales-un-nuevo-reto-para-canarias\/\",\"url\":\"https:\/\/www.ull.es\/portal\/agenda\/evento\/jornadas-herramientas-y-metodos-para-la-evaluacion-y-seguimiento-de-politicas-fiscales-un-nuevo-reto-para-canarias\/\",\"name\":\"Jornadas: \\\"Herramientas y m\u00e9todos para la evaluaci\u00f3n y seguimiento de pol\u00edticas fiscales: un nuevo reto para Canarias\\\" - ULL - Agenda\",\"isPartOf\":{\"@id\":\"https:\/\/www.ull.es\/portal\/agenda\/#website\"},\"datePublished\":\"2022-04-04T12:40:39+00:00\",\"dateModified\":\"2022-04-04T14:21:45+00:00\",\"breadcrumb\":{\"@id\":\"https:\/\/www.ull.es\/portal\/agenda\/evento\/jornadas-herramientas-y-metodos-para-la-evaluacion-y-seguimiento-de-politicas-fiscales-un-nuevo-reto-para-canarias\/#breadcrumb\"},\"inLanguage\":\"es\",\"potentialAction\":[{\"@type\":\"ReadAction\",\"target\":[\"https:\/\/www.ull.es\/portal\/agenda\/evento\/jornadas-herramientas-y-metodos-para-la-evaluacion-y-seguimiento-de-politicas-fiscales-un-nuevo-reto-para-canarias\/\"]}]},{\"@type\":\"BreadcrumbList\",\"@id\":\"https:\/\/www.ull.es\/portal\/agenda\/evento\/jornadas-herramientas-y-metodos-para-la-evaluacion-y-seguimiento-de-politicas-fiscales-un-nuevo-reto-para-canarias\/#breadcrumb\",\"itemListElement\":[{\"@type\":\"ListItem\",\"position\":1,\"name\":\"Portada\",\"item\":\"https:\/\/www.ull.es\/portal\/agenda\/\"},{\"@type\":\"ListItem\",\"position\":2,\"name\":\"Jornadas: \u00abHerramientas y m\u00e9todos para la evaluaci\u00f3n y seguimiento de pol\u00edticas fiscales: un nuevo reto para Canarias\u00bb\"}]},{\"@type\":\"WebSite\",\"@id\":\"https:\/\/www.ull.es\/portal\/agenda\/#website\",\"url\":\"https:\/\/www.ull.es\/portal\/agenda\/\",\"name\":\"ULL - Agenda\",\"description\":\"\",\"potentialAction\":[{\"@type\":\"SearchAction\",\"target\":{\"@type\":\"EntryPoint\",\"urlTemplate\":\"https:\/\/www.ull.es\/portal\/agenda\/?s={search_term_string}\"},\"query-input\":\"required name=search_term_string\"}],\"inLanguage\":\"es\"}]}<\/script>\n<!-- \/ Yoast SEO plugin. -->","yoast_head_json":{"title":"Jornadas: \"Herramientas y m\u00e9todos para la evaluaci\u00f3n y seguimiento de pol\u00edticas fiscales: un nuevo reto para Canarias\" - ULL - Agenda","robots":{"index":"index","follow":"follow","max-snippet":"max-snippet:-1","max-image-preview":"max-image-preview:large","max-video-preview":"max-video-preview:-1"},"canonical":"https:\/\/www.ull.es\/portal\/agenda\/evento\/jornadas-herramientas-y-metodos-para-la-evaluacion-y-seguimiento-de-politicas-fiscales-un-nuevo-reto-para-canarias\/","og_locale":"es_ES","og_type":"article","og_title":"Jornadas: \"Herramientas y m\u00e9todos para la evaluaci\u00f3n y seguimiento de pol\u00edticas fiscales: un nuevo reto para Canarias\" - ULL - Agenda","og_description":"El Sal\u00f3n de grados de la Facultad de Econom\u00eda, Empresa y Turismo acoge las jornadas \u00abHerramientas y m\u00e9todos para la evaluaci\u00f3n y seguimiento de pol\u00edticas fiscales: un nuevo reto para Canarias\u00bb, organizadas por \u00a0la Viceconsejer\u00eda de Hacienda, Planificaci\u00f3n y Asuntos Europeos del Gobierno de Canarias y el Centro de Estudios de Desigualdad Social y Gobernanza...","og_url":"https:\/\/www.ull.es\/portal\/agenda\/evento\/jornadas-herramientas-y-metodos-para-la-evaluacion-y-seguimiento-de-politicas-fiscales-un-nuevo-reto-para-canarias\/","og_site_name":"ULL - Agenda","article_modified_time":"2022-04-04T14:21:45+00:00","og_image":[{"width":700,"height":350,"url":"https:\/\/www.ull.es\/portal\/agenda\/wp-content\/uploads\/sites\/12\/2022\/04\/ULL_Herramientas-y-me\u0301todos-poli\u0301ticas-fiscales_Banner-evento.png","type":"image\/png"}],"twitter_card":"summary_large_image","twitter_misc":{"Tiempo de lectura":"1 minuto"},"schema":{"@context":"https:\/\/schema.org","@graph":[{"@type":"WebPage","@id":"https:\/\/www.ull.es\/portal\/agenda\/evento\/jornadas-herramientas-y-metodos-para-la-evaluacion-y-seguimiento-de-politicas-fiscales-un-nuevo-reto-para-canarias\/","url":"https:\/\/www.ull.es\/portal\/agenda\/evento\/jornadas-herramientas-y-metodos-para-la-evaluacion-y-seguimiento-de-politicas-fiscales-un-nuevo-reto-para-canarias\/","name":"Jornadas: \"Herramientas y m\u00e9todos para la evaluaci\u00f3n y seguimiento de pol\u00edticas fiscales: un nuevo reto para Canarias\" - ULL - Agenda","isPartOf":{"@id":"https:\/\/www.ull.es\/portal\/agenda\/#website"},"datePublished":"2022-04-04T12:40:39+00:00","dateModified":"2022-04-04T14:21:45+00:00","breadcrumb":{"@id":"https:\/\/www.ull.es\/portal\/agenda\/evento\/jornadas-herramientas-y-metodos-para-la-evaluacion-y-seguimiento-de-politicas-fiscales-un-nuevo-reto-para-canarias\/#breadcrumb"},"inLanguage":"es","potentialAction":[{"@type":"ReadAction","target":["https:\/\/www.ull.es\/portal\/agenda\/evento\/jornadas-herramientas-y-metodos-para-la-evaluacion-y-seguimiento-de-politicas-fiscales-un-nuevo-reto-para-canarias\/"]}]},{"@type":"BreadcrumbList","@id":"https:\/\/www.ull.es\/portal\/agenda\/evento\/jornadas-herramientas-y-metodos-para-la-evaluacion-y-seguimiento-de-politicas-fiscales-un-nuevo-reto-para-canarias\/#breadcrumb","itemListElement":[{"@type":"ListItem","position":1,"name":"Portada","item":"https:\/\/www.ull.es\/portal\/agenda\/"},{"@type":"ListItem","position":2,"name":"Jornadas: \u00abHerramientas y m\u00e9todos para la evaluaci\u00f3n y seguimiento de pol\u00edticas fiscales: un nuevo reto para Canarias\u00bb"}]},{"@type":"WebSite","@id":"https:\/\/www.ull.es\/portal\/agenda\/#website","url":"https:\/\/www.ull.es\/portal\/agenda\/","name":"ULL - Agenda","description":"","potentialAction":[{"@type":"SearchAction","target":{"@type":"EntryPoint","urlTemplate":"https:\/\/www.ull.es\/portal\/agenda\/?s={search_term_string}"},"query-input":"required name=search_term_string"}],"inLanguage":"es"}]}},"_links":{"self":[{"href":"https:\/\/www.ull.es\/portal\/agenda\/wp-json\/wp\/v2\/tribe_events\/23821"}],"collection":[{"href":"https:\/\/www.ull.es\/portal\/agenda\/wp-json\/wp\/v2\/tribe_events"}],"about":[{"href":"https:\/\/www.ull.es\/portal\/agenda\/wp-json\/wp\/v2\/types\/tribe_events"}],"author":[{"embeddable":true,"href":"https:\/\/www.ull.es\/portal\/agenda\/wp-json\/wp\/v2\/users\/65"}],"replies":[{"embeddable":true,"href":"https:\/\/www.ull.es\/portal\/agenda\/wp-json\/wp\/v2\/comments?post=23821"}],"version-history":[{"count":1,"href":"https:\/\/www.ull.es\/portal\/agenda\/wp-json\/wp\/v2\/tribe_events\/23821\/revisions"}],"predecessor-version":[{"id":23822,"href":"https:\/\/www.ull.es\/portal\/agenda\/wp-json\/wp\/v2\/tribe_events\/23821\/revisions\/23822"}],"wp:featuredmedia":[{"embeddable":true,"href":"https:\/\/www.ull.es\/portal\/agenda\/wp-json\/wp\/v2\/media\/23825"}],"wp:attachment":[{"href":"https:\/\/www.ull.es\/portal\/agenda\/wp-json\/wp\/v2\/media?parent=23821"}],"wp:term":[{"taxonomy":"post_tag","embeddable":true,"href":"https:\/\/www.ull.es\/portal\/agenda\/wp-json\/wp\/v2\/tags?post=23821"},{"taxonomy":"tribe_events_cat","embeddable":true,"href":"https:\/\/www.ull.es\/portal\/agenda\/wp-json\/wp\/v2\/tribe_events_cat?post=23821"}],"curies":[{"name":"wp","href":"https:\/\/api.w.org\/{rel}","templated":true}]}}

Jornadas: «Herramientas y métodos para la evaluación y seguimiento de políticas fiscales: un nuevo reto para Canarias»

<p>El Salón de grados de la Facultad de Economía, Empresa y Turismo acoge las jornadas «Herramientas y métodos para la evaluación y seguimiento de políticas fiscales: un nuevo reto para Canarias», organizadas por  la Viceconsejería de Hacienda, Planificación y Asuntos Europeos del Gobierno de Canarias y el Centro de Estudios de Desigualdad Social y Gobernanza (CEDESOG) de la Universidad de La Laguna.</p>
<p>Hay que usar bases de datos y métodos apropiados para evaluar correctamente los resultados de la implementación de una política fiscal. El 5 y 6 de abril asistirán a la Universidad de La Laguna expertos del Banco de España, Instituto de Estudios Fiscales y Comisión Europea para hablarnos sobre estos métodos. Entre todos reflexionaremos sobre cómo podemos aplicar estos procedimientos en Canarias para analizar, por ejemplo, el impacto sobre la economía y la sociedad insular de un cambio en nuestro Régimen Económico y Fiscal.</p>
<p><a href="https://drive.google.com/file/d/1FzfiuhjPZGo8OjRgkKrkGYxaK3FUhSaK/view?usp=sharing" target="_blank" rel="noopener" target="_blank" rel="noopener">Programa</a></p>
<p>Podrá seguirse por Internet a través de este <a href="http://meet.google.com/ycz-mpbh-wzn" target="_blank" rel="noopener" data-saferedirecturl="https://www.google.com/url?q=http://meet.google.com/ycz-mpbh-wzn&amp;source=gmail&amp;ust=1649145865685000&amp;usg=AOvVaw0C04AT1KS5qMGdHRmCO5IX" target="_blank" rel="noopener">enlace</a>.</p>

<p>El Salón de grados de la Facultad de Economía, Empresa y Turismo acoge las jornadas «Herramientas y métodos para la evaluación y seguimiento de políticas fiscales: un nuevo reto para Canarias», organizadas por  la Viceconsejería de Hacienda, Planificación y Asuntos Europeos del Gobierno de Canarias y el Centro de Estudios de Desigualdad Social y Gobernanza&#8230;</p>

<!-- This site is optimized with the Yoast SEO plugin v21.3 - https://yoast.com/wordpress/plugins/seo/ -->
<title>Jornadas: &quot;Herramientas y métodos para la evaluación y seguimiento de políticas fiscales: un nuevo reto para Canarias&quot; - ULL - Agenda</title>
<meta name="robots" content="index, follow, max-snippet:-1, max-image-preview:large, max-video-preview:-1" />
<link rel="canonical" href="https://www.ull.es/portal/agenda/evento/jornadas-herramientas-y-metodos-para-la-evaluacion-y-seguimiento-de-politicas-fiscales-un-nuevo-reto-para-canarias/" />
<meta property="og:locale" content="es_ES" />
<meta property="og:type" content="article" />
<meta property="og:title" content="Jornadas: &quot;Herramientas y métodos para la evaluación y seguimiento de políticas fiscales: un nuevo reto para Canarias&quot; - ULL - Agenda" />
<meta property="og:description" content="El Salón de grados de la Facultad de Economía, Empresa y Turismo acoge las jornadas «Herramientas y métodos para la evaluación y seguimiento de políticas fiscales: un nuevo reto para Canarias», organizadas por  la Viceconsejería de Hacienda, Planificación y Asuntos Europeos del Gobierno de Canarias y el Centro de Estudios de Desigualdad Social y Gobernanza..." />
<meta property="og:url" content="https://www.ull.es/portal/agenda/evento/jornadas-herramientas-y-metodos-para-la-evaluacion-y-seguimiento-de-politicas-fiscales-un-nuevo-reto-para-canarias/" />
<meta property="og:site_name" content="ULL - Agenda" />
<meta property="article:modified_time" content="2022-04-04T14:21:45+00:00" />
<meta property="og:image" content="https://www.ull.es/portal/agenda/wp-content/uploads/sites/12/2022/04/ULL_Herramientas-y-métodos-políticas-fiscales_Banner-evento.png" />
	<meta property="og:image:width" content="700" />
	<meta property="og:image:height" content="350" />
	<meta property="og:image:type" content="image/png" />
<meta name="twitter:card" content="summary_large_image" />
<meta name="twitter:label1" content="Tiempo de lectura" />
	<meta name="twitter:data1" content="1 minuto" />
<script type="application/ld+json" class="yoast-schema-graph">{"@context":"https://schema.org","@graph":[{"@type":"WebPage","@id":"https://www.ull.es/portal/agenda/evento/jornadas-herramientas-y-metodos-para-la-evaluacion-y-seguimiento-de-politicas-fiscales-un-nuevo-reto-para-canarias/","url":"https://www.ull.es/portal/agenda/evento/jornadas-herramientas-y-metodos-para-la-evaluacion-y-seguimiento-de-politicas-fiscales-un-nuevo-reto-para-canarias/","name":"Jornadas: \"Herramientas y métodos para la evaluación y seguimiento de políticas fiscales: un nuevo reto para Canarias\" - ULL - Agenda","isPartOf":{"@id":"https://www.ull.es/portal/agenda/#website"},"datePublished":"2022-04-04T12:40:39+00:00","dateModified":"2022-04-04T14:21:45+00:00","breadcrumb":{"@id":"https://www.ull.es/portal/agenda/evento/jornadas-herramientas-y-metodos-para-la-evaluacion-y-seguimiento-de-politicas-fiscales-un-nuevo-reto-para-canarias/#breadcrumb"},"inLanguage":"es","potentialAction":[{"@type":"ReadAction","target":["https://www.ull.es/portal/agenda/evento/jornadas-herramientas-y-metodos-para-la-evaluacion-y-seguimiento-de-politicas-fiscales-un-nuevo-reto-para-canarias/"]}]},{"@type":"BreadcrumbList","@id":"https://www.ull.es/portal/agenda/evento/jornadas-herramientas-y-metodos-para-la-evaluacion-y-seguimiento-de-politicas-fiscales-un-nuevo-reto-para-canarias/#breadcrumb","itemListElement":[{"@type":"ListItem","position":1,"name":"Portada","item":"https://www.ull.es/portal/agenda/"},{"@type":"ListItem","position":2,"name":"Jornadas: «Herramientas y métodos para la evaluación y seguimiento de políticas fiscales: un nuevo reto para Canarias»"}]},{"@type":"WebSite","@id":"https://www.ull.es/portal/agenda/#website","url":"https://www.ull.es/portal/agenda/","name":"ULL - Agenda","description":"","potentialAction":[{"@type":"SearchAction","target":{"@type":"EntryPoint","urlTemplate":"https://www.ull.es/portal/agenda/?s={search_term_string}"},"query-input":"required name=search_term_string"}],"inLanguage":"es"}]}</script>
<!-- / Yoast SEO plugin. -->

Jornadas: "Herramientas y métodos para la evaluación y seguimiento de políticas fiscales: un nuevo reto para Canarias" - ULL - Agenda

El Salón de grados de la Facultad de Economía, Empresa y Turismo acoge las jornadas «Herramientas y métodos para la evaluación y seguimiento de políticas fiscales: un nuevo reto para Canarias», organizadas por  la Viceconsejería de Hacienda, Planificación y Asuntos Europeos del Gobierno de Canarias y el Centro de Estudios de Desigualdad Social y Gobernanza...
