{"id":23852,"date":"2022-04-06T09:02:20","date_gmt":"2022-04-06T09:02:20","guid":{"rendered":"https:\/\/www.ull.es\/portal\/agenda\/?post_type=tribe_events&#038;p=23852"},"modified":"2022-04-06T09:02:20","modified_gmt":"2022-04-06T09:02:20","slug":"charla-que-nos-dicen-las-senales-electricas-del-cerebro-sobre-el-lenguaje","status":"publish","type":"tribe_events","link":"https:\/\/www.ull.es\/portal\/agenda\/evento\/charla-que-nos-dicen-las-senales-electricas-del-cerebro-sobre-el-lenguaje\/","title":{"rendered":"Charla: \u00bfQu\u00e9 nos dicen las se\u00f1ales el\u00e9ctricas del cerebro sobre el lenguaje?"},"content":{"rendered":"<p>El <span class=\"qu\" tabindex=\"-1\" role=\"gridcell\" translate=\"no\"><span class=\"gD\" data-hovercard-id=\"iuneuro@ull.edu.es\" data-hovercard-owner-id=\"104\">Instituto Universitario de Neurociencia presenta la charla<\/span><\/span> &#8216;\u00bfQu\u00e9 nos dicen las se\u00f1ales el\u00e9ctricas del cerebro sobre el lenguaje?&#8217;, presentada por\u00a0Manuel de Vega. La conferencia tendr\u00e1 lugar el jueves 7 de abril a las 22:00 horas v\u00eda telem\u00e1tica.<\/p>\n<p>Para poder acceder a esta charla debe pulsar este\u00a0<a href=\"https:\/\/reuna.zoom.us\/j\/82012942960?pwd=N2ZzZkJVNkt6NzhWc0RPRmNNNTlDdz09\" data-saferedirecturl=\"https:\/\/www.google.com\/url?q=https:\/\/reuna.zoom.us\/j\/82012942960?pwd%3DN2ZzZkJVNkt6NzhWc0RPRmNNNTlDdz09&amp;source=gmail&amp;ust=1649319831214000&amp;usg=AOvVaw07ZAaKUd3rc_HrNK0ojQfu\" target=\"_blank\" rel=\"noopener\">enlace.<\/a> ID de reuni\u00f3n: 820 1294 2960. C\u00f3digo de acceso: 015560<\/p>\n<p style=\"font-weight: 400;\"><a href=\"https:\/\/www.youtube.com\/watch?v=CEaLgPEvUAU\" target=\"_blank\" rel=\"noopener\" target=\"_blank\" rel=\"noopener\"><strong>Transmisi\u00f3n YouTube.<\/strong><\/a><\/p>\n","protected":false},"excerpt":{"rendered":"<p>El Instituto Universitario de Neurociencia presenta la charla &#8216;\u00bfQu\u00e9 nos dicen las se\u00f1ales el\u00e9ctricas del cerebro sobre el lenguaje?&#8217;, presentada por\u00a0Manuel de Vega. La conferencia tendr\u00e1 lugar el jueves 7 de abril a las 22:00 horas v\u00eda telem\u00e1tica. Para poder acceder a esta charla debe pulsar este\u00a0enlace. ID de reuni\u00f3n: 820 1294 2960. C\u00f3digo de&#8230;<\/p>\n","protected":false},"author":65,"featured_media":23854,"comment_status":"closed","ping_status":"closed","template":"","tags":[],"tribe_events_cat":[1835,5],"acf":[],"yoast_head":"<!-- This site is optimized with the Yoast SEO plugin v21.3 - https:\/\/yoast.com\/wordpress\/plugins\/seo\/ -->\n<title>Charla: \u00bfQu\u00e9 nos dicen las se\u00f1ales el\u00e9ctricas del cerebro sobre el lenguaje? - ULL - Agenda<\/title>\n<meta name=\"robots\" content=\"index, follow, max-snippet:-1, max-image-preview:large, max-video-preview:-1\" \/>\n<link rel=\"canonical\" href=\"https:\/\/www.ull.es\/portal\/agenda\/evento\/charla-que-nos-dicen-las-senales-electricas-del-cerebro-sobre-el-lenguaje\/\" \/>\n<meta property=\"og:locale\" content=\"es_ES\" \/>\n<meta property=\"og:type\" content=\"article\" \/>\n<meta property=\"og:title\" content=\"Charla: \u00bfQu\u00e9 nos dicen las se\u00f1ales el\u00e9ctricas del cerebro sobre el lenguaje? - ULL - Agenda\" \/>\n<meta property=\"og:description\" content=\"El Instituto Universitario de Neurociencia presenta la charla &#8216;\u00bfQu\u00e9 nos dicen las se\u00f1ales el\u00e9ctricas del cerebro sobre el lenguaje?&#8217;, presentada por\u00a0Manuel de Vega. La conferencia tendr\u00e1 lugar el jueves 7 de abril a las 22:00 horas v\u00eda telem\u00e1tica. Para poder acceder a esta charla debe pulsar este\u00a0enlace. ID de reuni\u00f3n: 820 1294 2960. C\u00f3digo de...\" \/>\n<meta property=\"og:url\" content=\"https:\/\/www.ull.es\/portal\/agenda\/evento\/charla-que-nos-dicen-las-senales-electricas-del-cerebro-sobre-el-lenguaje\/\" \/>\n<meta property=\"og:site_name\" content=\"ULL - Agenda\" \/>\n<meta property=\"og:image\" content=\"https:\/\/www.ull.es\/portal\/agenda\/wp-content\/uploads\/sites\/12\/2022\/04\/vega.jpg\" \/>\n\t<meta property=\"og:image:width\" content=\"700\" \/>\n\t<meta property=\"og:image:height\" content=\"350\" \/>\n\t<meta property=\"og:image:type\" content=\"image\/jpeg\" \/>\n<meta name=\"twitter:card\" content=\"summary_large_image\" \/>\n<meta name=\"twitter:label1\" content=\"Tiempo de lectura\" \/>\n\t<meta name=\"twitter:data1\" content=\"1 minuto\" \/>\n<script type=\"application\/ld+json\" class=\"yoast-schema-graph\">{\"@context\":\"https:\/\/schema.org\",\"@graph\":[{\"@type\":\"WebPage\",\"@id\":\"https:\/\/www.ull.es\/portal\/agenda\/evento\/charla-que-nos-dicen-las-senales-electricas-del-cerebro-sobre-el-lenguaje\/\",\"url\":\"https:\/\/www.ull.es\/portal\/agenda\/evento\/charla-que-nos-dicen-las-senales-electricas-del-cerebro-sobre-el-lenguaje\/\",\"name\":\"Charla: \u00bfQu\u00e9 nos dicen las se\u00f1ales el\u00e9ctricas del cerebro sobre el lenguaje? - ULL - Agenda\",\"isPartOf\":{\"@id\":\"https:\/\/www.ull.es\/portal\/agenda\/#website\"},\"datePublished\":\"2022-04-06T09:02:20+00:00\",\"dateModified\":\"2022-04-06T09:02:20+00:00\",\"breadcrumb\":{\"@id\":\"https:\/\/www.ull.es\/portal\/agenda\/evento\/charla-que-nos-dicen-las-senales-electricas-del-cerebro-sobre-el-lenguaje\/#breadcrumb\"},\"inLanguage\":\"es\",\"potentialAction\":[{\"@type\":\"ReadAction\",\"target\":[\"https:\/\/www.ull.es\/portal\/agenda\/evento\/charla-que-nos-dicen-las-senales-electricas-del-cerebro-sobre-el-lenguaje\/\"]}]},{\"@type\":\"BreadcrumbList\",\"@id\":\"https:\/\/www.ull.es\/portal\/agenda\/evento\/charla-que-nos-dicen-las-senales-electricas-del-cerebro-sobre-el-lenguaje\/#breadcrumb\",\"itemListElement\":[{\"@type\":\"ListItem\",\"position\":1,\"name\":\"Portada\",\"item\":\"https:\/\/www.ull.es\/portal\/agenda\/\"},{\"@type\":\"ListItem\",\"position\":2,\"name\":\"Charla: \u00bfQu\u00e9 nos dicen las se\u00f1ales el\u00e9ctricas del cerebro sobre el lenguaje?\"}]},{\"@type\":\"WebSite\",\"@id\":\"https:\/\/www.ull.es\/portal\/agenda\/#website\",\"url\":\"https:\/\/www.ull.es\/portal\/agenda\/\",\"name\":\"ULL - Agenda\",\"description\":\"\",\"potentialAction\":[{\"@type\":\"SearchAction\",\"target\":{\"@type\":\"EntryPoint\",\"urlTemplate\":\"https:\/\/www.ull.es\/portal\/agenda\/?s={search_term_string}\"},\"query-input\":\"required name=search_term_string\"}],\"inLanguage\":\"es\"}]}<\/script>\n<!-- \/ Yoast SEO plugin. -->","yoast_head_json":{"title":"Charla: \u00bfQu\u00e9 nos dicen las se\u00f1ales el\u00e9ctricas del cerebro sobre el lenguaje? - ULL - Agenda","robots":{"index":"index","follow":"follow","max-snippet":"max-snippet:-1","max-image-preview":"max-image-preview:large","max-video-preview":"max-video-preview:-1"},"canonical":"https:\/\/www.ull.es\/portal\/agenda\/evento\/charla-que-nos-dicen-las-senales-electricas-del-cerebro-sobre-el-lenguaje\/","og_locale":"es_ES","og_type":"article","og_title":"Charla: \u00bfQu\u00e9 nos dicen las se\u00f1ales el\u00e9ctricas del cerebro sobre el lenguaje? - ULL - Agenda","og_description":"El Instituto Universitario de Neurociencia presenta la charla &#8216;\u00bfQu\u00e9 nos dicen las se\u00f1ales el\u00e9ctricas del cerebro sobre el lenguaje?&#8217;, presentada por\u00a0Manuel de Vega. La conferencia tendr\u00e1 lugar el jueves 7 de abril a las 22:00 horas v\u00eda telem\u00e1tica. Para poder acceder a esta charla debe pulsar este\u00a0enlace. ID de reuni\u00f3n: 820 1294 2960. C\u00f3digo de...","og_url":"https:\/\/www.ull.es\/portal\/agenda\/evento\/charla-que-nos-dicen-las-senales-electricas-del-cerebro-sobre-el-lenguaje\/","og_site_name":"ULL - Agenda","og_image":[{"width":700,"height":350,"url":"https:\/\/www.ull.es\/portal\/agenda\/wp-content\/uploads\/sites\/12\/2022\/04\/vega.jpg","type":"image\/jpeg"}],"twitter_card":"summary_large_image","twitter_misc":{"Tiempo de lectura":"1 minuto"},"schema":{"@context":"https:\/\/schema.org","@graph":[{"@type":"WebPage","@id":"https:\/\/www.ull.es\/portal\/agenda\/evento\/charla-que-nos-dicen-las-senales-electricas-del-cerebro-sobre-el-lenguaje\/","url":"https:\/\/www.ull.es\/portal\/agenda\/evento\/charla-que-nos-dicen-las-senales-electricas-del-cerebro-sobre-el-lenguaje\/","name":"Charla: \u00bfQu\u00e9 nos dicen las se\u00f1ales el\u00e9ctricas del cerebro sobre el lenguaje? - ULL - Agenda","isPartOf":{"@id":"https:\/\/www.ull.es\/portal\/agenda\/#website"},"datePublished":"2022-04-06T09:02:20+00:00","dateModified":"2022-04-06T09:02:20+00:00","breadcrumb":{"@id":"https:\/\/www.ull.es\/portal\/agenda\/evento\/charla-que-nos-dicen-las-senales-electricas-del-cerebro-sobre-el-lenguaje\/#breadcrumb"},"inLanguage":"es","potentialAction":[{"@type":"ReadAction","target":["https:\/\/www.ull.es\/portal\/agenda\/evento\/charla-que-nos-dicen-las-senales-electricas-del-cerebro-sobre-el-lenguaje\/"]}]},{"@type":"BreadcrumbList","@id":"https:\/\/www.ull.es\/portal\/agenda\/evento\/charla-que-nos-dicen-las-senales-electricas-del-cerebro-sobre-el-lenguaje\/#breadcrumb","itemListElement":[{"@type":"ListItem","position":1,"name":"Portada","item":"https:\/\/www.ull.es\/portal\/agenda\/"},{"@type":"ListItem","position":2,"name":"Charla: \u00bfQu\u00e9 nos dicen las se\u00f1ales el\u00e9ctricas del cerebro sobre el lenguaje?"}]},{"@type":"WebSite","@id":"https:\/\/www.ull.es\/portal\/agenda\/#website","url":"https:\/\/www.ull.es\/portal\/agenda\/","name":"ULL - Agenda","description":"","potentialAction":[{"@type":"SearchAction","target":{"@type":"EntryPoint","urlTemplate":"https:\/\/www.ull.es\/portal\/agenda\/?s={search_term_string}"},"query-input":"required name=search_term_string"}],"inLanguage":"es"}]}},"_links":{"self":[{"href":"https:\/\/www.ull.es\/portal\/agenda\/wp-json\/wp\/v2\/tribe_events\/23852"}],"collection":[{"href":"https:\/\/www.ull.es\/portal\/agenda\/wp-json\/wp\/v2\/tribe_events"}],"about":[{"href":"https:\/\/www.ull.es\/portal\/agenda\/wp-json\/wp\/v2\/types\/tribe_events"}],"author":[{"embeddable":true,"href":"https:\/\/www.ull.es\/portal\/agenda\/wp-json\/wp\/v2\/users\/65"}],"replies":[{"embeddable":true,"href":"https:\/\/www.ull.es\/portal\/agenda\/wp-json\/wp\/v2\/comments?post=23852"}],"version-history":[{"count":1,"href":"https:\/\/www.ull.es\/portal\/agenda\/wp-json\/wp\/v2\/tribe_events\/23852\/revisions"}],"predecessor-version":[{"id":23856,"href":"https:\/\/www.ull.es\/portal\/agenda\/wp-json\/wp\/v2\/tribe_events\/23852\/revisions\/23856"}],"wp:featuredmedia":[{"embeddable":true,"href":"https:\/\/www.ull.es\/portal\/agenda\/wp-json\/wp\/v2\/media\/23854"}],"wp:attachment":[{"href":"https:\/\/www.ull.es\/portal\/agenda\/wp-json\/wp\/v2\/media?parent=23852"}],"wp:term":[{"taxonomy":"post_tag","embeddable":true,"href":"https:\/\/www.ull.es\/portal\/agenda\/wp-json\/wp\/v2\/tags?post=23852"},{"taxonomy":"tribe_events_cat","embeddable":true,"href":"https:\/\/www.ull.es\/portal\/agenda\/wp-json\/wp\/v2\/tribe_events_cat?post=23852"}],"curies":[{"name":"wp","href":"https:\/\/api.w.org\/{rel}","templated":true}]}}

Charla: ¿Qué nos dicen las señales eléctricas del cerebro sobre el lenguaje?

<p>El <span class="qu" tabindex="-1" role="gridcell" translate="no"><span class="gD" data-hovercard-id="iuneuro@ull.edu.es" data-hovercard-owner-id="104">Instituto Universitario de Neurociencia presenta la charla</span></span> &#8216;¿Qué nos dicen las señales eléctricas del cerebro sobre el lenguaje?&#8217;, presentada por Manuel de Vega. La conferencia tendrá lugar el jueves 7 de abril a las 22:00 horas vía telemática.</p>
<p>Para poder acceder a esta charla debe pulsar este <a href="https://reuna.zoom.us/j/82012942960?pwd=N2ZzZkJVNkt6NzhWc0RPRmNNNTlDdz09" data-saferedirecturl="https://www.google.com/url?q=https://reuna.zoom.us/j/82012942960?pwd%3DN2ZzZkJVNkt6NzhWc0RPRmNNNTlDdz09&amp;source=gmail&amp;ust=1649319831214000&amp;usg=AOvVaw07ZAaKUd3rc_HrNK0ojQfu" target="_blank" rel="noopener">enlace.</a> ID de reunión: 820 1294 2960. Código de acceso: 015560</p>
<p style="font-weight: 400;"><a href="https://www.youtube.com/watch?v=CEaLgPEvUAU" target="_blank" rel="noopener" target="_blank" rel="noopener"><strong>Transmisión YouTube.</strong></a></p>

<p>El Instituto Universitario de Neurociencia presenta la charla &#8216;¿Qué nos dicen las señales eléctricas del cerebro sobre el lenguaje?&#8217;, presentada por Manuel de Vega. La conferencia tendrá lugar el jueves 7 de abril a las 22:00 horas vía telemática. Para poder acceder a esta charla debe pulsar este enlace. ID de reunión: 820 1294 2960. Código de&#8230;</p>

<!-- This site is optimized with the Yoast SEO plugin v21.3 - https://yoast.com/wordpress/plugins/seo/ -->
<title>Charla: ¿Qué nos dicen las señales eléctricas del cerebro sobre el lenguaje? - ULL - Agenda</title>
<meta name="robots" content="index, follow, max-snippet:-1, max-image-preview:large, max-video-preview:-1" />
<link rel="canonical" href="https://www.ull.es/portal/agenda/evento/charla-que-nos-dicen-las-senales-electricas-del-cerebro-sobre-el-lenguaje/" />
<meta property="og:locale" content="es_ES" />
<meta property="og:type" content="article" />
<meta property="og:title" content="Charla: ¿Qué nos dicen las señales eléctricas del cerebro sobre el lenguaje? - ULL - Agenda" />
<meta property="og:description" content="El Instituto Universitario de Neurociencia presenta la charla &#8216;¿Qué nos dicen las señales eléctricas del cerebro sobre el lenguaje?&#8217;, presentada por Manuel de Vega. La conferencia tendrá lugar el jueves 7 de abril a las 22:00 horas vía telemática. Para poder acceder a esta charla debe pulsar este enlace. ID de reunión: 820 1294 2960. Código de..." />
<meta property="og:url" content="https://www.ull.es/portal/agenda/evento/charla-que-nos-dicen-las-senales-electricas-del-cerebro-sobre-el-lenguaje/" />
<meta property="og:site_name" content="ULL - Agenda" />
<meta property="og:image" content="https://www.ull.es/portal/agenda/wp-content/uploads/sites/12/2022/04/vega.jpg" />
	<meta property="og:image:width" content="700" />
	<meta property="og:image:height" content="350" />
	<meta property="og:image:type" content="image/jpeg" />
<meta name="twitter:card" content="summary_large_image" />
<meta name="twitter:label1" content="Tiempo de lectura" />
	<meta name="twitter:data1" content="1 minuto" />
<script type="application/ld+json" class="yoast-schema-graph">{"@context":"https://schema.org","@graph":[{"@type":"WebPage","@id":"https://www.ull.es/portal/agenda/evento/charla-que-nos-dicen-las-senales-electricas-del-cerebro-sobre-el-lenguaje/","url":"https://www.ull.es/portal/agenda/evento/charla-que-nos-dicen-las-senales-electricas-del-cerebro-sobre-el-lenguaje/","name":"Charla: ¿Qué nos dicen las señales eléctricas del cerebro sobre el lenguaje? - ULL - Agenda","isPartOf":{"@id":"https://www.ull.es/portal/agenda/#website"},"datePublished":"2022-04-06T09:02:20+00:00","dateModified":"2022-04-06T09:02:20+00:00","breadcrumb":{"@id":"https://www.ull.es/portal/agenda/evento/charla-que-nos-dicen-las-senales-electricas-del-cerebro-sobre-el-lenguaje/#breadcrumb"},"inLanguage":"es","potentialAction":[{"@type":"ReadAction","target":["https://www.ull.es/portal/agenda/evento/charla-que-nos-dicen-las-senales-electricas-del-cerebro-sobre-el-lenguaje/"]}]},{"@type":"BreadcrumbList","@id":"https://www.ull.es/portal/agenda/evento/charla-que-nos-dicen-las-senales-electricas-del-cerebro-sobre-el-lenguaje/#breadcrumb","itemListElement":[{"@type":"ListItem","position":1,"name":"Portada","item":"https://www.ull.es/portal/agenda/"},{"@type":"ListItem","position":2,"name":"Charla: ¿Qué nos dicen las señales eléctricas del cerebro sobre el lenguaje?"}]},{"@type":"WebSite","@id":"https://www.ull.es/portal/agenda/#website","url":"https://www.ull.es/portal/agenda/","name":"ULL - Agenda","description":"","potentialAction":[{"@type":"SearchAction","target":{"@type":"EntryPoint","urlTemplate":"https://www.ull.es/portal/agenda/?s={search_term_string}"},"query-input":"required name=search_term_string"}],"inLanguage":"es"}]}</script>
<!-- / Yoast SEO plugin. -->

Charla: ¿Qué nos dicen las señales eléctricas del cerebro sobre el lenguaje? - ULL - Agenda

El Instituto Universitario de Neurociencia presenta la charla &#8216;¿Qué nos dicen las señales eléctricas del cerebro sobre el lenguaje?&#8217;, presentada por Manuel de Vega. La conferencia tendrá lugar el jueves 7 de abril a las 22:00 horas vía telemática. Para poder acceder a esta charla debe pulsar este enlace. ID de reunión: 820 1294 2960. Código de...
