{"id":24740,"date":"2022-05-24T13:53:33","date_gmt":"2022-05-24T13:53:33","guid":{"rendered":"https:\/\/www.ull.es\/portal\/agenda\/?post_type=tribe_events&#038;p=24740"},"modified":"2022-06-13T10:55:05","modified_gmt":"2022-06-13T10:55:05","slug":"acto-institucional-del-dia-de-la-sostenibilidad-de-la-universidad-de-la-laguna","status":"publish","type":"tribe_events","link":"https:\/\/www.ull.es\/portal\/agenda\/evento\/acto-institucional-del-dia-de-la-sostenibilidad-de-la-universidad-de-la-laguna\/","title":{"rendered":"Acto Institucional del D\u00eda de la Sostenibilidad de la Universidad de La Laguna"},"content":{"rendered":"<p>El viernes, 23 de junio de 2022, se va a celebrar el <b>Acto Institucional del D\u00eda de la Sostenibilidad de la Universidad de La Laguna<\/b>, con motivo del D\u00eda Mundial del Medio Ambiente, que no pudo celebrarse el pasado 3 de junio por alerta metereol\u00f3gica. En dicho acto se pretenden llevar a cabo una serie de <b><u>actividades\u00a0<\/u><\/b>durante toda la ma\u00f1ana, de 9:30 a 13:00 horas, para implicar y seguir sumando a la comunidad universitaria y al resto de agentes sociales en el proceso iniciado por la Universidad de La Laguna, despu\u00e9s de la Declaraci\u00f3n del Estado de Emergencia Clim\u00e1tica en la instituci\u00f3n.<\/p>\n<p>De 13:00 a 14:30 horas tendr\u00e1 lugar el <b><u>acto de clausura<\/u><\/b>\u00a0del D\u00eda de la Sostenibilidad de la ULL, donde se realizar\u00e1 una<i>\u00a0\u201crendici\u00f3n de cuentas\u201d<\/i> del trabajo realizado y de los principales resultados obtenidos hasta la fecha de las 40 propuestas incluidas en el <i>\u201cAnexo a la Declaraci\u00f3n del Estado de Emergencia Clim\u00e1tica en la Universidad de La Laguna\u201d<\/i>.<\/p>\n<p><a href=\"https:\/\/drive.google.com\/file\/d\/14BQAxtY73kyT4fa3Qra_-tWA7lOxhGIJ\/view?usp=sharing\" target=\"_blank\" rel=\"noopener\" target=\"_blank\" rel=\"noopener\">Programa<\/a><\/p>\n","protected":false},"excerpt":{"rendered":"<p>El viernes, 23 de junio de 2022, se va a celebrar el Acto Institucional del D\u00eda de la Sostenibilidad de la Universidad de La Laguna, con motivo del D\u00eda Mundial del Medio Ambiente, que no pudo celebrarse el pasado 3 de junio por alerta metereol\u00f3gica. En dicho acto se pretenden llevar a cabo una serie&#8230;<\/p>\n","protected":false},"author":65,"featured_media":25080,"comment_status":"closed","ping_status":"closed","template":"","tags":[],"tribe_events_cat":[2303,3779,4],"acf":[],"yoast_head":"<!-- This site is optimized with the Yoast SEO plugin v21.3 - https:\/\/yoast.com\/wordpress\/plugins\/seo\/ -->\n<title>Acto Institucional del D\u00eda de la Sostenibilidad de la Universidad de La Laguna - ULL - Agenda<\/title>\n<meta name=\"robots\" content=\"index, follow, max-snippet:-1, max-image-preview:large, max-video-preview:-1\" \/>\n<link rel=\"canonical\" href=\"https:\/\/www.ull.es\/portal\/agenda\/evento\/acto-institucional-del-dia-de-la-sostenibilidad-de-la-universidad-de-la-laguna\/\" \/>\n<meta property=\"og:locale\" content=\"es_ES\" \/>\n<meta property=\"og:type\" content=\"article\" \/>\n<meta property=\"og:title\" content=\"Acto Institucional del D\u00eda de la Sostenibilidad de la Universidad de La Laguna - ULL - Agenda\" \/>\n<meta property=\"og:description\" content=\"El viernes, 23 de junio de 2022, se va a celebrar el Acto Institucional del D\u00eda de la Sostenibilidad de la Universidad de La Laguna, con motivo del D\u00eda Mundial del Medio Ambiente, que no pudo celebrarse el pasado 3 de junio por alerta metereol\u00f3gica. En dicho acto se pretenden llevar a cabo una serie...\" \/>\n<meta property=\"og:url\" content=\"https:\/\/www.ull.es\/portal\/agenda\/evento\/acto-institucional-del-dia-de-la-sostenibilidad-de-la-universidad-de-la-laguna\/\" \/>\n<meta property=\"og:site_name\" content=\"ULL - Agenda\" \/>\n<meta property=\"article:modified_time\" content=\"2022-06-13T10:55:05+00:00\" \/>\n<meta property=\"og:image\" content=\"https:\/\/www.ull.es\/portal\/agenda\/wp-content\/uploads\/sites\/12\/2022\/05\/Acto-institucional-del-Di\u0301a-de-la-Sostenibilidad-de-la-Universidad-de-La-Laguna_Banner-evento-1.png\" \/>\n\t<meta property=\"og:image:width\" content=\"700\" \/>\n\t<meta property=\"og:image:height\" content=\"350\" \/>\n\t<meta property=\"og:image:type\" content=\"image\/png\" \/>\n<meta name=\"twitter:card\" content=\"summary_large_image\" \/>\n<meta name=\"twitter:label1\" content=\"Tiempo de lectura\" \/>\n\t<meta name=\"twitter:data1\" content=\"1 minuto\" \/>\n<script type=\"application\/ld+json\" class=\"yoast-schema-graph\">{\"@context\":\"https:\/\/schema.org\",\"@graph\":[{\"@type\":\"WebPage\",\"@id\":\"https:\/\/www.ull.es\/portal\/agenda\/evento\/acto-institucional-del-dia-de-la-sostenibilidad-de-la-universidad-de-la-laguna\/\",\"url\":\"https:\/\/www.ull.es\/portal\/agenda\/evento\/acto-institucional-del-dia-de-la-sostenibilidad-de-la-universidad-de-la-laguna\/\",\"name\":\"Acto Institucional del D\u00eda de la Sostenibilidad de la Universidad de La Laguna - ULL - Agenda\",\"isPartOf\":{\"@id\":\"https:\/\/www.ull.es\/portal\/agenda\/#website\"},\"datePublished\":\"2022-05-24T13:53:33+00:00\",\"dateModified\":\"2022-06-13T10:55:05+00:00\",\"breadcrumb\":{\"@id\":\"https:\/\/www.ull.es\/portal\/agenda\/evento\/acto-institucional-del-dia-de-la-sostenibilidad-de-la-universidad-de-la-laguna\/#breadcrumb\"},\"inLanguage\":\"es\",\"potentialAction\":[{\"@type\":\"ReadAction\",\"target\":[\"https:\/\/www.ull.es\/portal\/agenda\/evento\/acto-institucional-del-dia-de-la-sostenibilidad-de-la-universidad-de-la-laguna\/\"]}]},{\"@type\":\"BreadcrumbList\",\"@id\":\"https:\/\/www.ull.es\/portal\/agenda\/evento\/acto-institucional-del-dia-de-la-sostenibilidad-de-la-universidad-de-la-laguna\/#breadcrumb\",\"itemListElement\":[{\"@type\":\"ListItem\",\"position\":1,\"name\":\"Portada\",\"item\":\"https:\/\/www.ull.es\/portal\/agenda\/\"},{\"@type\":\"ListItem\",\"position\":2,\"name\":\"Acto Institucional del D\u00eda de la Sostenibilidad de la Universidad de La Laguna\"}]},{\"@type\":\"WebSite\",\"@id\":\"https:\/\/www.ull.es\/portal\/agenda\/#website\",\"url\":\"https:\/\/www.ull.es\/portal\/agenda\/\",\"name\":\"ULL - Agenda\",\"description\":\"\",\"potentialAction\":[{\"@type\":\"SearchAction\",\"target\":{\"@type\":\"EntryPoint\",\"urlTemplate\":\"https:\/\/www.ull.es\/portal\/agenda\/?s={search_term_string}\"},\"query-input\":\"required name=search_term_string\"}],\"inLanguage\":\"es\"}]}<\/script>\n<!-- \/ Yoast SEO plugin. -->","yoast_head_json":{"title":"Acto Institucional del D\u00eda de la Sostenibilidad de la Universidad de La Laguna - ULL - Agenda","robots":{"index":"index","follow":"follow","max-snippet":"max-snippet:-1","max-image-preview":"max-image-preview:large","max-video-preview":"max-video-preview:-1"},"canonical":"https:\/\/www.ull.es\/portal\/agenda\/evento\/acto-institucional-del-dia-de-la-sostenibilidad-de-la-universidad-de-la-laguna\/","og_locale":"es_ES","og_type":"article","og_title":"Acto Institucional del D\u00eda de la Sostenibilidad de la Universidad de La Laguna - ULL - Agenda","og_description":"El viernes, 23 de junio de 2022, se va a celebrar el Acto Institucional del D\u00eda de la Sostenibilidad de la Universidad de La Laguna, con motivo del D\u00eda Mundial del Medio Ambiente, que no pudo celebrarse el pasado 3 de junio por alerta metereol\u00f3gica. En dicho acto se pretenden llevar a cabo una serie...","og_url":"https:\/\/www.ull.es\/portal\/agenda\/evento\/acto-institucional-del-dia-de-la-sostenibilidad-de-la-universidad-de-la-laguna\/","og_site_name":"ULL - Agenda","article_modified_time":"2022-06-13T10:55:05+00:00","og_image":[{"width":700,"height":350,"url":"https:\/\/www.ull.es\/portal\/agenda\/wp-content\/uploads\/sites\/12\/2022\/05\/Acto-institucional-del-Di\u0301a-de-la-Sostenibilidad-de-la-Universidad-de-La-Laguna_Banner-evento-1.png","type":"image\/png"}],"twitter_card":"summary_large_image","twitter_misc":{"Tiempo de lectura":"1 minuto"},"schema":{"@context":"https:\/\/schema.org","@graph":[{"@type":"WebPage","@id":"https:\/\/www.ull.es\/portal\/agenda\/evento\/acto-institucional-del-dia-de-la-sostenibilidad-de-la-universidad-de-la-laguna\/","url":"https:\/\/www.ull.es\/portal\/agenda\/evento\/acto-institucional-del-dia-de-la-sostenibilidad-de-la-universidad-de-la-laguna\/","name":"Acto Institucional del D\u00eda de la Sostenibilidad de la Universidad de La Laguna - ULL - Agenda","isPartOf":{"@id":"https:\/\/www.ull.es\/portal\/agenda\/#website"},"datePublished":"2022-05-24T13:53:33+00:00","dateModified":"2022-06-13T10:55:05+00:00","breadcrumb":{"@id":"https:\/\/www.ull.es\/portal\/agenda\/evento\/acto-institucional-del-dia-de-la-sostenibilidad-de-la-universidad-de-la-laguna\/#breadcrumb"},"inLanguage":"es","potentialAction":[{"@type":"ReadAction","target":["https:\/\/www.ull.es\/portal\/agenda\/evento\/acto-institucional-del-dia-de-la-sostenibilidad-de-la-universidad-de-la-laguna\/"]}]},{"@type":"BreadcrumbList","@id":"https:\/\/www.ull.es\/portal\/agenda\/evento\/acto-institucional-del-dia-de-la-sostenibilidad-de-la-universidad-de-la-laguna\/#breadcrumb","itemListElement":[{"@type":"ListItem","position":1,"name":"Portada","item":"https:\/\/www.ull.es\/portal\/agenda\/"},{"@type":"ListItem","position":2,"name":"Acto Institucional del D\u00eda de la Sostenibilidad de la Universidad de La Laguna"}]},{"@type":"WebSite","@id":"https:\/\/www.ull.es\/portal\/agenda\/#website","url":"https:\/\/www.ull.es\/portal\/agenda\/","name":"ULL - Agenda","description":"","potentialAction":[{"@type":"SearchAction","target":{"@type":"EntryPoint","urlTemplate":"https:\/\/www.ull.es\/portal\/agenda\/?s={search_term_string}"},"query-input":"required name=search_term_string"}],"inLanguage":"es"}]}},"_links":{"self":[{"href":"https:\/\/www.ull.es\/portal\/agenda\/wp-json\/wp\/v2\/tribe_events\/24740"}],"collection":[{"href":"https:\/\/www.ull.es\/portal\/agenda\/wp-json\/wp\/v2\/tribe_events"}],"about":[{"href":"https:\/\/www.ull.es\/portal\/agenda\/wp-json\/wp\/v2\/types\/tribe_events"}],"author":[{"embeddable":true,"href":"https:\/\/www.ull.es\/portal\/agenda\/wp-json\/wp\/v2\/users\/65"}],"replies":[{"embeddable":true,"href":"https:\/\/www.ull.es\/portal\/agenda\/wp-json\/wp\/v2\/comments?post=24740"}],"version-history":[{"count":6,"href":"https:\/\/www.ull.es\/portal\/agenda\/wp-json\/wp\/v2\/tribe_events\/24740\/revisions"}],"predecessor-version":[{"id":25081,"href":"https:\/\/www.ull.es\/portal\/agenda\/wp-json\/wp\/v2\/tribe_events\/24740\/revisions\/25081"}],"wp:featuredmedia":[{"embeddable":true,"href":"https:\/\/www.ull.es\/portal\/agenda\/wp-json\/wp\/v2\/media\/25080"}],"wp:attachment":[{"href":"https:\/\/www.ull.es\/portal\/agenda\/wp-json\/wp\/v2\/media?parent=24740"}],"wp:term":[{"taxonomy":"post_tag","embeddable":true,"href":"https:\/\/www.ull.es\/portal\/agenda\/wp-json\/wp\/v2\/tags?post=24740"},{"taxonomy":"tribe_events_cat","embeddable":true,"href":"https:\/\/www.ull.es\/portal\/agenda\/wp-json\/wp\/v2\/tribe_events_cat?post=24740"}],"curies":[{"name":"wp","href":"https:\/\/api.w.org\/{rel}","templated":true}]}}

Acto Institucional del Día de la Sostenibilidad de la Universidad de La Laguna

<p>El viernes, 23 de junio de 2022, se va a celebrar el <b>Acto Institucional del Día de la Sostenibilidad de la Universidad de La Laguna</b>, con motivo del Día Mundial del Medio Ambiente, que no pudo celebrarse el pasado 3 de junio por alerta metereológica. En dicho acto se pretenden llevar a cabo una serie de <b><u>actividades </u></b>durante toda la mañana, de 9:30 a 13:00 horas, para implicar y seguir sumando a la comunidad universitaria y al resto de agentes sociales en el proceso iniciado por la Universidad de La Laguna, después de la Declaración del Estado de Emergencia Climática en la institución.</p>
<p>De 13:00 a 14:30 horas tendrá lugar el <b><u>acto de clausura</u></b> del Día de la Sostenibilidad de la ULL, donde se realizará una<i> “rendición de cuentas”</i> del trabajo realizado y de los principales resultados obtenidos hasta la fecha de las 40 propuestas incluidas en el <i>“Anexo a la Declaración del Estado de Emergencia Climática en la Universidad de La Laguna”</i>.</p>
<p><a href="https://drive.google.com/file/d/14BQAxtY73kyT4fa3Qra_-tWA7lOxhGIJ/view?usp=sharing" target="_blank" rel="noopener" target="_blank" rel="noopener">Programa</a></p>

<p>El viernes, 23 de junio de 2022, se va a celebrar el Acto Institucional del Día de la Sostenibilidad de la Universidad de La Laguna, con motivo del Día Mundial del Medio Ambiente, que no pudo celebrarse el pasado 3 de junio por alerta metereológica. En dicho acto se pretenden llevar a cabo una serie&#8230;</p>

<!-- This site is optimized with the Yoast SEO plugin v21.3 - https://yoast.com/wordpress/plugins/seo/ -->
<title>Acto Institucional del Día de la Sostenibilidad de la Universidad de La Laguna - ULL - Agenda</title>
<meta name="robots" content="index, follow, max-snippet:-1, max-image-preview:large, max-video-preview:-1" />
<link rel="canonical" href="https://www.ull.es/portal/agenda/evento/acto-institucional-del-dia-de-la-sostenibilidad-de-la-universidad-de-la-laguna/" />
<meta property="og:locale" content="es_ES" />
<meta property="og:type" content="article" />
<meta property="og:title" content="Acto Institucional del Día de la Sostenibilidad de la Universidad de La Laguna - ULL - Agenda" />
<meta property="og:description" content="El viernes, 23 de junio de 2022, se va a celebrar el Acto Institucional del Día de la Sostenibilidad de la Universidad de La Laguna, con motivo del Día Mundial del Medio Ambiente, que no pudo celebrarse el pasado 3 de junio por alerta metereológica. En dicho acto se pretenden llevar a cabo una serie..." />
<meta property="og:url" content="https://www.ull.es/portal/agenda/evento/acto-institucional-del-dia-de-la-sostenibilidad-de-la-universidad-de-la-laguna/" />
<meta property="og:site_name" content="ULL - Agenda" />
<meta property="article:modified_time" content="2022-06-13T10:55:05+00:00" />
<meta property="og:image" content="https://www.ull.es/portal/agenda/wp-content/uploads/sites/12/2022/05/Acto-institucional-del-Día-de-la-Sostenibilidad-de-la-Universidad-de-La-Laguna_Banner-evento-1.png" />
	<meta property="og:image:width" content="700" />
	<meta property="og:image:height" content="350" />
	<meta property="og:image:type" content="image/png" />
<meta name="twitter:card" content="summary_large_image" />
<meta name="twitter:label1" content="Tiempo de lectura" />
	<meta name="twitter:data1" content="1 minuto" />
<script type="application/ld+json" class="yoast-schema-graph">{"@context":"https://schema.org","@graph":[{"@type":"WebPage","@id":"https://www.ull.es/portal/agenda/evento/acto-institucional-del-dia-de-la-sostenibilidad-de-la-universidad-de-la-laguna/","url":"https://www.ull.es/portal/agenda/evento/acto-institucional-del-dia-de-la-sostenibilidad-de-la-universidad-de-la-laguna/","name":"Acto Institucional del Día de la Sostenibilidad de la Universidad de La Laguna - ULL - Agenda","isPartOf":{"@id":"https://www.ull.es/portal/agenda/#website"},"datePublished":"2022-05-24T13:53:33+00:00","dateModified":"2022-06-13T10:55:05+00:00","breadcrumb":{"@id":"https://www.ull.es/portal/agenda/evento/acto-institucional-del-dia-de-la-sostenibilidad-de-la-universidad-de-la-laguna/#breadcrumb"},"inLanguage":"es","potentialAction":[{"@type":"ReadAction","target":["https://www.ull.es/portal/agenda/evento/acto-institucional-del-dia-de-la-sostenibilidad-de-la-universidad-de-la-laguna/"]}]},{"@type":"BreadcrumbList","@id":"https://www.ull.es/portal/agenda/evento/acto-institucional-del-dia-de-la-sostenibilidad-de-la-universidad-de-la-laguna/#breadcrumb","itemListElement":[{"@type":"ListItem","position":1,"name":"Portada","item":"https://www.ull.es/portal/agenda/"},{"@type":"ListItem","position":2,"name":"Acto Institucional del Día de la Sostenibilidad de la Universidad de La Laguna"}]},{"@type":"WebSite","@id":"https://www.ull.es/portal/agenda/#website","url":"https://www.ull.es/portal/agenda/","name":"ULL - Agenda","description":"","potentialAction":[{"@type":"SearchAction","target":{"@type":"EntryPoint","urlTemplate":"https://www.ull.es/portal/agenda/?s={search_term_string}"},"query-input":"required name=search_term_string"}],"inLanguage":"es"}]}</script>
<!-- / Yoast SEO plugin. -->

Acto Institucional del Día de la Sostenibilidad de la Universidad de La Laguna - ULL - Agenda

El viernes, 23 de junio de 2022, se va a celebrar el Acto Institucional del Día de la Sostenibilidad de la Universidad de La Laguna, con motivo del Día Mundial del Medio Ambiente, que no pudo celebrarse el pasado 3 de junio por alerta metereológica. En dicho acto se pretenden llevar a cabo una serie...
