{"id":24850,"date":"2022-06-02T12:42:41","date_gmt":"2022-06-02T12:42:41","guid":{"rendered":"https:\/\/www.ull.es\/portal\/agenda\/?post_type=tribe_events&#038;p=24850"},"modified":"2022-07-04T08:15:36","modified_gmt":"2022-07-04T08:15:36","slug":"conferencia-inaugural-universidad-de-verano-de-la-gomera-2022-relacion-del-pensamiento-computacional-y-las-habilidades-steam","status":"publish","type":"tribe_events","link":"https:\/\/www.ull.es\/portal\/agenda\/evento\/conferencia-inaugural-universidad-de-verano-de-la-gomera-2022-relacion-del-pensamiento-computacional-y-las-habilidades-steam\/","title":{"rendered":"Conferencia inaugural Universidad de Verano de La Gomera 2022: \u00abRelaci\u00f3n del Pensamiento Computacional y las habilidades STEAM\u00bb"},"content":{"rendered":"<p>Este a\u00f1o contaremos con la Dra. Coromoto Le\u00f3n Hern\u00e1ndez, Catedr\u00e1tica del \u00e1rea de Lenguajes y Sistemas Inform\u00e1ticos de la Universidad de La Laguna y co-directora del Aula Cultural de Pensamiento Computacional de la ULL, en el acto de apertura de la <a href=\"https:\/\/www.ull.es\/cultura\/cursos-extension-universitaria\/universidad-de-verano-de-la-gomera\/\" target=\"_blank\" rel=\"noopener\" target=\"_blank\" rel=\"noopener\">Universidad de Verano de La Gomera 2022<\/a>, quien impartir\u00e1 la conferencia inaugural bajo el t\u00edtulo <em><strong>\u00abRelaci\u00f3n del Pensamiento Computacional y las habilidades STEAM\u00bb<\/strong><\/em>, que tendr\u00e1 lugar el pr\u00f3ximo<strong> 8 de julio<\/strong>\u00a0<span style=\"color: #000000;\">en la <strong>Sede del Cabildo Insular de La Gomera<\/strong>, a las 20:00 horas.<\/span><\/p>\n<p>STEAM es el acr\u00f3nimo de los t\u00e9rminos en ingl\u00e9s: Science, Technology, Engineering, Arts and Mathematics. Las siglas en espa\u00f1ol ser\u00edan CTIAM y hacen referencia a un enfoque educativo para el aprendizaje que utiliza la Ciencia, la Tecnolog\u00eda, la Ingenier\u00eda, las Artes y las Matem\u00e1ticas como puntos de acceso para guiar el desarrollo en los estudiantes de las habilidades de investigaci\u00f3n, pensamiento cr\u00edtico, soluci\u00f3n de problemas, creatividad, comunicaci\u00f3n y colaboraci\u00f3n. Como un subgrupo de habilidades se encuentra el Pensamiento Computacional, que es el proceso de reconocimiento de aspectos de la Inform\u00e1tica en el mundo que nos rodea as\u00ed como la aplicaci\u00f3n de herramientas y t\u00e9cnicas de la Inform\u00e1tica para comprender y razonar sobre los sistemas y procesos tanto naturales como artificiales.<\/p>\n<p>Desde la introducci\u00f3n del t\u00e9rmino en el a\u00f1o 2006 por J. Wing, los educadores de todo el mundo han tenido la inquietud de incluir el pensamiento computacional dentro de sus clases ya sea de ciencias, de tecnolog\u00eda, de arte o de matem\u00e1ticas. Por ello, el objetivo del Aula Cultural de Pensamiento Computacional de la ULL es promover sus habilidades tanto en el \u00e1mbito universitario como en el de la sociedad. En esta presentaci\u00f3n se mostrar\u00e1n algunas de las acciones que se han llevado a cabo y los resultados obtenidos, as\u00ed como las que se est\u00e1n ejecutando en la actualidad.<\/p>\n<p>Comienza as\u00ed una nueva programaci\u00f3n de la Universidad de Verano de La Gomera, que ofrecer\u00e1 siete cursos que abordar\u00e1n materias de salud mental, dise\u00f1o y fabricaci\u00f3n digital, competencias digitales, drones, autismo y neurodiversidad, paleontolog\u00eda y c\u00f3mic; as\u00ed como un taller de pensamiento computacional dirigido a ni\u00f1os entre 6 y 12 a\u00f1os de edad.<\/p>\n<p>El Cabildo de La Gomera, junto a la Universidad de La Laguna, organizan estas acciones formativas que forman parte de las Actividades de Extensi\u00f3n Universitaria, con las que pretende acercar el conocimiento a toda la poblaci\u00f3n de la isla de La Gomera y reforzar los v\u00ednculos que nos unen con el \u00e1mbito regional de nuestro territorio, y que est\u00e1n dirigidas al p\u00fablico en general, no s\u00f3lo a estudiantes.<\/p>\n<div class=\"tribe-events-single-event-description tribe-events-content\">\n<p><strong>Entrada libre a la conferencia inaugural hasta completar el aforo.<\/strong><\/p>\n<\/div>\n<p>La inscripci\u00f3n a los cursos se realiza v\u00eda online en\u00a0<strong><a href=\"https:\/\/www.ull.es\/cultura\/cursos-extension-universitaria\/universidad-de-verano-de-la-gomera\/\" target=\"_blank\" rel=\"noopener\">ull.es\/cursosdeextension<\/a><\/strong>.<\/p>\n<p><strong>Contacto: 922 319 626 \/ 922 319 616 \u2013 <\/strong><a href=\"mailto:extuni@ull.edu.es\" target=\"_blank\" rel=\"noopener\"><strong>extuni@ull.es<\/strong><\/a><\/p>\n","protected":false},"excerpt":{"rendered":"<p>Este a\u00f1o contaremos con la Dra. Coromoto Le\u00f3n Hern\u00e1ndez, Catedr\u00e1tica del \u00e1rea de Lenguajes y Sistemas Inform\u00e1ticos de la Universidad de La Laguna y co-directora del Aula Cultural de Pensamiento Computacional de la ULL, en el acto de apertura de la Universidad de Verano de La Gomera 2022, quien impartir\u00e1 la conferencia inaugural bajo el&#8230;<\/p>\n","protected":false},"author":43,"featured_media":25159,"comment_status":"closed","ping_status":"closed","template":"","tags":[4259,4712,977,3812,4713,3751,3001],"tribe_events_cat":[472,1555,3987,4,186,191],"acf":[],"yoast_head":"<!-- This site is optimized with the Yoast SEO plugin v21.3 - https:\/\/yoast.com\/wordpress\/plugins\/seo\/ -->\n<title>Conferencia inaugural Universidad de Verano de La Gomera 2022: \u00abRelaci\u00f3n del Pensamiento Computacional y las habilidades STEAM\u00bb - ULL - Agenda<\/title>\n<meta name=\"robots\" content=\"index, follow, max-snippet:-1, max-image-preview:large, max-video-preview:-1\" \/>\n<link rel=\"canonical\" href=\"https:\/\/www.ull.es\/portal\/agenda\/evento\/conferencia-inaugural-universidad-de-verano-de-la-gomera-2022-relacion-del-pensamiento-computacional-y-las-habilidades-steam\/\" \/>\n<meta property=\"og:locale\" content=\"es_ES\" \/>\n<meta property=\"og:type\" content=\"article\" \/>\n<meta property=\"og:title\" content=\"Conferencia inaugural Universidad de Verano de La Gomera 2022: \u00abRelaci\u00f3n del Pensamiento Computacional y las habilidades STEAM\u00bb - ULL - Agenda\" \/>\n<meta property=\"og:description\" content=\"Este a\u00f1o contaremos con la Dra. Coromoto Le\u00f3n Hern\u00e1ndez, Catedr\u00e1tica del \u00e1rea de Lenguajes y Sistemas Inform\u00e1ticos de la Universidad de La Laguna y co-directora del Aula Cultural de Pensamiento Computacional de la ULL, en el acto de apertura de la Universidad de Verano de La Gomera 2022, quien impartir\u00e1 la conferencia inaugural bajo el...\" \/>\n<meta property=\"og:url\" content=\"https:\/\/www.ull.es\/portal\/agenda\/evento\/conferencia-inaugural-universidad-de-verano-de-la-gomera-2022-relacion-del-pensamiento-computacional-y-las-habilidades-steam\/\" \/>\n<meta property=\"og:site_name\" content=\"ULL - Agenda\" \/>\n<meta property=\"article:modified_time\" content=\"2022-07-04T08:15:36+00:00\" \/>\n<meta property=\"og:image\" content=\"https:\/\/www.ull.es\/portal\/agenda\/wp-content\/uploads\/sites\/12\/2022\/06\/1.png\" \/>\n\t<meta property=\"og:image:width\" content=\"700\" \/>\n\t<meta property=\"og:image:height\" content=\"350\" \/>\n\t<meta property=\"og:image:type\" content=\"image\/png\" \/>\n<meta name=\"twitter:card\" content=\"summary_large_image\" \/>\n<meta name=\"twitter:label1\" content=\"Tiempo de lectura\" \/>\n\t<meta name=\"twitter:data1\" content=\"3 minutos\" \/>\n<script type=\"application\/ld+json\" class=\"yoast-schema-graph\">{\"@context\":\"https:\/\/schema.org\",\"@graph\":[{\"@type\":\"WebPage\",\"@id\":\"https:\/\/www.ull.es\/portal\/agenda\/evento\/conferencia-inaugural-universidad-de-verano-de-la-gomera-2022-relacion-del-pensamiento-computacional-y-las-habilidades-steam\/\",\"url\":\"https:\/\/www.ull.es\/portal\/agenda\/evento\/conferencia-inaugural-universidad-de-verano-de-la-gomera-2022-relacion-del-pensamiento-computacional-y-las-habilidades-steam\/\",\"name\":\"Conferencia inaugural Universidad de Verano de La Gomera 2022: \u00abRelaci\u00f3n del Pensamiento Computacional y las habilidades STEAM\u00bb - ULL - Agenda\",\"isPartOf\":{\"@id\":\"https:\/\/www.ull.es\/portal\/agenda\/#website\"},\"datePublished\":\"2022-06-02T12:42:41+00:00\",\"dateModified\":\"2022-07-04T08:15:36+00:00\",\"breadcrumb\":{\"@id\":\"https:\/\/www.ull.es\/portal\/agenda\/evento\/conferencia-inaugural-universidad-de-verano-de-la-gomera-2022-relacion-del-pensamiento-computacional-y-las-habilidades-steam\/#breadcrumb\"},\"inLanguage\":\"es\",\"potentialAction\":[{\"@type\":\"ReadAction\",\"target\":[\"https:\/\/www.ull.es\/portal\/agenda\/evento\/conferencia-inaugural-universidad-de-verano-de-la-gomera-2022-relacion-del-pensamiento-computacional-y-las-habilidades-steam\/\"]}]},{\"@type\":\"BreadcrumbList\",\"@id\":\"https:\/\/www.ull.es\/portal\/agenda\/evento\/conferencia-inaugural-universidad-de-verano-de-la-gomera-2022-relacion-del-pensamiento-computacional-y-las-habilidades-steam\/#breadcrumb\",\"itemListElement\":[{\"@type\":\"ListItem\",\"position\":1,\"name\":\"Portada\",\"item\":\"https:\/\/www.ull.es\/portal\/agenda\/\"},{\"@type\":\"ListItem\",\"position\":2,\"name\":\"Conferencia inaugural Universidad de Verano de La Gomera 2022: \u00abRelaci\u00f3n del Pensamiento Computacional y las habilidades STEAM\u00bb\"}]},{\"@type\":\"WebSite\",\"@id\":\"https:\/\/www.ull.es\/portal\/agenda\/#website\",\"url\":\"https:\/\/www.ull.es\/portal\/agenda\/\",\"name\":\"ULL - Agenda\",\"description\":\"\",\"potentialAction\":[{\"@type\":\"SearchAction\",\"target\":{\"@type\":\"EntryPoint\",\"urlTemplate\":\"https:\/\/www.ull.es\/portal\/agenda\/?s={search_term_string}\"},\"query-input\":\"required name=search_term_string\"}],\"inLanguage\":\"es\"}]}<\/script>\n<!-- \/ Yoast SEO plugin. -->","yoast_head_json":{"title":"Conferencia inaugural Universidad de Verano de La Gomera 2022: \u00abRelaci\u00f3n del Pensamiento Computacional y las habilidades STEAM\u00bb - ULL - Agenda","robots":{"index":"index","follow":"follow","max-snippet":"max-snippet:-1","max-image-preview":"max-image-preview:large","max-video-preview":"max-video-preview:-1"},"canonical":"https:\/\/www.ull.es\/portal\/agenda\/evento\/conferencia-inaugural-universidad-de-verano-de-la-gomera-2022-relacion-del-pensamiento-computacional-y-las-habilidades-steam\/","og_locale":"es_ES","og_type":"article","og_title":"Conferencia inaugural Universidad de Verano de La Gomera 2022: \u00abRelaci\u00f3n del Pensamiento Computacional y las habilidades STEAM\u00bb - ULL - Agenda","og_description":"Este a\u00f1o contaremos con la Dra. Coromoto Le\u00f3n Hern\u00e1ndez, Catedr\u00e1tica del \u00e1rea de Lenguajes y Sistemas Inform\u00e1ticos de la Universidad de La Laguna y co-directora del Aula Cultural de Pensamiento Computacional de la ULL, en el acto de apertura de la Universidad de Verano de La Gomera 2022, quien impartir\u00e1 la conferencia inaugural bajo el...","og_url":"https:\/\/www.ull.es\/portal\/agenda\/evento\/conferencia-inaugural-universidad-de-verano-de-la-gomera-2022-relacion-del-pensamiento-computacional-y-las-habilidades-steam\/","og_site_name":"ULL - Agenda","article_modified_time":"2022-07-04T08:15:36+00:00","og_image":[{"width":700,"height":350,"url":"https:\/\/www.ull.es\/portal\/agenda\/wp-content\/uploads\/sites\/12\/2022\/06\/1.png","type":"image\/png"}],"twitter_card":"summary_large_image","twitter_misc":{"Tiempo de lectura":"3 minutos"},"schema":{"@context":"https:\/\/schema.org","@graph":[{"@type":"WebPage","@id":"https:\/\/www.ull.es\/portal\/agenda\/evento\/conferencia-inaugural-universidad-de-verano-de-la-gomera-2022-relacion-del-pensamiento-computacional-y-las-habilidades-steam\/","url":"https:\/\/www.ull.es\/portal\/agenda\/evento\/conferencia-inaugural-universidad-de-verano-de-la-gomera-2022-relacion-del-pensamiento-computacional-y-las-habilidades-steam\/","name":"Conferencia inaugural Universidad de Verano de La Gomera 2022: \u00abRelaci\u00f3n del Pensamiento Computacional y las habilidades STEAM\u00bb - ULL - Agenda","isPartOf":{"@id":"https:\/\/www.ull.es\/portal\/agenda\/#website"},"datePublished":"2022-06-02T12:42:41+00:00","dateModified":"2022-07-04T08:15:36+00:00","breadcrumb":{"@id":"https:\/\/www.ull.es\/portal\/agenda\/evento\/conferencia-inaugural-universidad-de-verano-de-la-gomera-2022-relacion-del-pensamiento-computacional-y-las-habilidades-steam\/#breadcrumb"},"inLanguage":"es","potentialAction":[{"@type":"ReadAction","target":["https:\/\/www.ull.es\/portal\/agenda\/evento\/conferencia-inaugural-universidad-de-verano-de-la-gomera-2022-relacion-del-pensamiento-computacional-y-las-habilidades-steam\/"]}]},{"@type":"BreadcrumbList","@id":"https:\/\/www.ull.es\/portal\/agenda\/evento\/conferencia-inaugural-universidad-de-verano-de-la-gomera-2022-relacion-del-pensamiento-computacional-y-las-habilidades-steam\/#breadcrumb","itemListElement":[{"@type":"ListItem","position":1,"name":"Portada","item":"https:\/\/www.ull.es\/portal\/agenda\/"},{"@type":"ListItem","position":2,"name":"Conferencia inaugural Universidad de Verano de La Gomera 2022: \u00abRelaci\u00f3n del Pensamiento Computacional y las habilidades STEAM\u00bb"}]},{"@type":"WebSite","@id":"https:\/\/www.ull.es\/portal\/agenda\/#website","url":"https:\/\/www.ull.es\/portal\/agenda\/","name":"ULL - Agenda","description":"","potentialAction":[{"@type":"SearchAction","target":{"@type":"EntryPoint","urlTemplate":"https:\/\/www.ull.es\/portal\/agenda\/?s={search_term_string}"},"query-input":"required name=search_term_string"}],"inLanguage":"es"}]}},"_links":{"self":[{"href":"https:\/\/www.ull.es\/portal\/agenda\/wp-json\/wp\/v2\/tribe_events\/24850"}],"collection":[{"href":"https:\/\/www.ull.es\/portal\/agenda\/wp-json\/wp\/v2\/tribe_events"}],"about":[{"href":"https:\/\/www.ull.es\/portal\/agenda\/wp-json\/wp\/v2\/types\/tribe_events"}],"author":[{"embeddable":true,"href":"https:\/\/www.ull.es\/portal\/agenda\/wp-json\/wp\/v2\/users\/43"}],"replies":[{"embeddable":true,"href":"https:\/\/www.ull.es\/portal\/agenda\/wp-json\/wp\/v2\/comments?post=24850"}],"version-history":[{"count":8,"href":"https:\/\/www.ull.es\/portal\/agenda\/wp-json\/wp\/v2\/tribe_events\/24850\/revisions"}],"predecessor-version":[{"id":31164,"href":"https:\/\/www.ull.es\/portal\/agenda\/wp-json\/wp\/v2\/tribe_events\/24850\/revisions\/31164"}],"wp:featuredmedia":[{"embeddable":true,"href":"https:\/\/www.ull.es\/portal\/agenda\/wp-json\/wp\/v2\/media\/25159"}],"wp:attachment":[{"href":"https:\/\/www.ull.es\/portal\/agenda\/wp-json\/wp\/v2\/media?parent=24850"}],"wp:term":[{"taxonomy":"post_tag","embeddable":true,"href":"https:\/\/www.ull.es\/portal\/agenda\/wp-json\/wp\/v2\/tags?post=24850"},{"taxonomy":"tribe_events_cat","embeddable":true,"href":"https:\/\/www.ull.es\/portal\/agenda\/wp-json\/wp\/v2\/tribe_events_cat?post=24850"}],"curies":[{"name":"wp","href":"https:\/\/api.w.org\/{rel}","templated":true}]}}

Conferencia inaugural Universidad de Verano de La Gomera 2022: «Relación del Pensamiento Computacional y las habilidades STEAM»

<p>Este año contaremos con la Dra. Coromoto León Hernández, Catedrática del área de Lenguajes y Sistemas Informáticos de la Universidad de La Laguna y co-directora del Aula Cultural de Pensamiento Computacional de la ULL, en el acto de apertura de la <a href="https://www.ull.es/cultura/cursos-extension-universitaria/universidad-de-verano-de-la-gomera/" target="_blank" rel="noopener" target="_blank" rel="noopener">Universidad de Verano de La Gomera 2022</a>, quien impartirá la conferencia inaugural bajo el título <em><strong>«Relación del Pensamiento Computacional y las habilidades STEAM»</strong></em>, que tendrá lugar el próximo<strong> 8 de julio</strong> <span style="color: #000000;">en la <strong>Sede del Cabildo Insular de La Gomera</strong>, a las 20:00 horas.</span></p>
<p>STEAM es el acrónimo de los términos en inglés: Science, Technology, Engineering, Arts and Mathematics. Las siglas en español serían CTIAM y hacen referencia a un enfoque educativo para el aprendizaje que utiliza la Ciencia, la Tecnología, la Ingeniería, las Artes y las Matemáticas como puntos de acceso para guiar el desarrollo en los estudiantes de las habilidades de investigación, pensamiento crítico, solución de problemas, creatividad, comunicación y colaboración. Como un subgrupo de habilidades se encuentra el Pensamiento Computacional, que es el proceso de reconocimiento de aspectos de la Informática en el mundo que nos rodea así como la aplicación de herramientas y técnicas de la Informática para comprender y razonar sobre los sistemas y procesos tanto naturales como artificiales.</p>
<p>Desde la introducción del término en el año 2006 por J. Wing, los educadores de todo el mundo han tenido la inquietud de incluir el pensamiento computacional dentro de sus clases ya sea de ciencias, de tecnología, de arte o de matemáticas. Por ello, el objetivo del Aula Cultural de Pensamiento Computacional de la ULL es promover sus habilidades tanto en el ámbito universitario como en el de la sociedad. En esta presentación se mostrarán algunas de las acciones que se han llevado a cabo y los resultados obtenidos, así como las que se están ejecutando en la actualidad.</p>
<p>Comienza así una nueva programación de la Universidad de Verano de La Gomera, que ofrecerá siete cursos que abordarán materias de salud mental, diseño y fabricación digital, competencias digitales, drones, autismo y neurodiversidad, paleontología y cómic; así como un taller de pensamiento computacional dirigido a niños entre 6 y 12 años de edad.</p>
<p>El Cabildo de La Gomera, junto a la Universidad de La Laguna, organizan estas acciones formativas que forman parte de las Actividades de Extensión Universitaria, con las que pretende acercar el conocimiento a toda la población de la isla de La Gomera y reforzar los vínculos que nos unen con el ámbito regional de nuestro territorio, y que están dirigidas al público en general, no sólo a estudiantes.</p>
<div class="tribe-events-single-event-description tribe-events-content">
<p><strong>Entrada libre a la conferencia inaugural hasta completar el aforo.</strong></p>
</div>
<p>La inscripción a los cursos se realiza vía online en <strong><a href="https://www.ull.es/cultura/cursos-extension-universitaria/universidad-de-verano-de-la-gomera/" target="_blank" rel="noopener">ull.es/cursosdeextension</a></strong>.</p>
<p><strong>Contacto: 922 319 626 / 922 319 616 – </strong><a href="mailto:extuni@ull.edu.es" target="_blank" rel="noopener"><strong>extuni@ull.es</strong></a></p>

<p>Este año contaremos con la Dra. Coromoto León Hernández, Catedrática del área de Lenguajes y Sistemas Informáticos de la Universidad de La Laguna y co-directora del Aula Cultural de Pensamiento Computacional de la ULL, en el acto de apertura de la Universidad de Verano de La Gomera 2022, quien impartirá la conferencia inaugural bajo el&#8230;</p>

<!-- This site is optimized with the Yoast SEO plugin v21.3 - https://yoast.com/wordpress/plugins/seo/ -->
<title>Conferencia inaugural Universidad de Verano de La Gomera 2022: «Relación del Pensamiento Computacional y las habilidades STEAM» - ULL - Agenda</title>
<meta name="robots" content="index, follow, max-snippet:-1, max-image-preview:large, max-video-preview:-1" />
<link rel="canonical" href="https://www.ull.es/portal/agenda/evento/conferencia-inaugural-universidad-de-verano-de-la-gomera-2022-relacion-del-pensamiento-computacional-y-las-habilidades-steam/" />
<meta property="og:locale" content="es_ES" />
<meta property="og:type" content="article" />
<meta property="og:title" content="Conferencia inaugural Universidad de Verano de La Gomera 2022: «Relación del Pensamiento Computacional y las habilidades STEAM» - ULL - Agenda" />
<meta property="og:description" content="Este año contaremos con la Dra. Coromoto León Hernández, Catedrática del área de Lenguajes y Sistemas Informáticos de la Universidad de La Laguna y co-directora del Aula Cultural de Pensamiento Computacional de la ULL, en el acto de apertura de la Universidad de Verano de La Gomera 2022, quien impartirá la conferencia inaugural bajo el..." />
<meta property="og:url" content="https://www.ull.es/portal/agenda/evento/conferencia-inaugural-universidad-de-verano-de-la-gomera-2022-relacion-del-pensamiento-computacional-y-las-habilidades-steam/" />
<meta property="og:site_name" content="ULL - Agenda" />
<meta property="article:modified_time" content="2022-07-04T08:15:36+00:00" />
<meta property="og:image" content="https://www.ull.es/portal/agenda/wp-content/uploads/sites/12/2022/06/1.png" />
	<meta property="og:image:width" content="700" />
	<meta property="og:image:height" content="350" />
	<meta property="og:image:type" content="image/png" />
<meta name="twitter:card" content="summary_large_image" />
<meta name="twitter:label1" content="Tiempo de lectura" />
	<meta name="twitter:data1" content="3 minutos" />
<script type="application/ld+json" class="yoast-schema-graph">{"@context":"https://schema.org","@graph":[{"@type":"WebPage","@id":"https://www.ull.es/portal/agenda/evento/conferencia-inaugural-universidad-de-verano-de-la-gomera-2022-relacion-del-pensamiento-computacional-y-las-habilidades-steam/","url":"https://www.ull.es/portal/agenda/evento/conferencia-inaugural-universidad-de-verano-de-la-gomera-2022-relacion-del-pensamiento-computacional-y-las-habilidades-steam/","name":"Conferencia inaugural Universidad de Verano de La Gomera 2022: «Relación del Pensamiento Computacional y las habilidades STEAM» - ULL - Agenda","isPartOf":{"@id":"https://www.ull.es/portal/agenda/#website"},"datePublished":"2022-06-02T12:42:41+00:00","dateModified":"2022-07-04T08:15:36+00:00","breadcrumb":{"@id":"https://www.ull.es/portal/agenda/evento/conferencia-inaugural-universidad-de-verano-de-la-gomera-2022-relacion-del-pensamiento-computacional-y-las-habilidades-steam/#breadcrumb"},"inLanguage":"es","potentialAction":[{"@type":"ReadAction","target":["https://www.ull.es/portal/agenda/evento/conferencia-inaugural-universidad-de-verano-de-la-gomera-2022-relacion-del-pensamiento-computacional-y-las-habilidades-steam/"]}]},{"@type":"BreadcrumbList","@id":"https://www.ull.es/portal/agenda/evento/conferencia-inaugural-universidad-de-verano-de-la-gomera-2022-relacion-del-pensamiento-computacional-y-las-habilidades-steam/#breadcrumb","itemListElement":[{"@type":"ListItem","position":1,"name":"Portada","item":"https://www.ull.es/portal/agenda/"},{"@type":"ListItem","position":2,"name":"Conferencia inaugural Universidad de Verano de La Gomera 2022: «Relación del Pensamiento Computacional y las habilidades STEAM»"}]},{"@type":"WebSite","@id":"https://www.ull.es/portal/agenda/#website","url":"https://www.ull.es/portal/agenda/","name":"ULL - Agenda","description":"","potentialAction":[{"@type":"SearchAction","target":{"@type":"EntryPoint","urlTemplate":"https://www.ull.es/portal/agenda/?s={search_term_string}"},"query-input":"required name=search_term_string"}],"inLanguage":"es"}]}</script>
<!-- / Yoast SEO plugin. -->

Conferencia inaugural Universidad de Verano de La Gomera 2022: «Relación del Pensamiento Computacional y las habilidades STEAM» - ULL - Agenda

Este año contaremos con la Dra. Coromoto León Hernández, Catedrática del área de Lenguajes y Sistemas Informáticos de la Universidad de La Laguna y co-directora del Aula Cultural de Pensamiento Computacional de la ULL, en el acto de apertura de la Universidad de Verano de La Gomera 2022, quien impartirá la conferencia inaugural bajo el...
