{"id":25026,"date":"2022-06-09T08:46:42","date_gmt":"2022-06-09T08:46:42","guid":{"rendered":"https:\/\/www.ull.es\/portal\/agenda\/?post_type=tribe_events&#038;p=25026"},"modified":"2022-06-15T08:19:41","modified_gmt":"2022-06-15T08:19:41","slug":"turismo-y-consumo-de-agua-una-perspectiva-desde-el-turista","status":"publish","type":"tribe_events","link":"https:\/\/www.ull.es\/portal\/agenda\/evento\/turismo-y-consumo-de-agua-una-perspectiva-desde-el-turista\/","title":{"rendered":"Turismo y consumo de agua: una perspectiva desde el turista"},"content":{"rendered":"<p>Actividad de Extensi\u00f3n Universitaria desarrollada en el marco del proyecto <em><strong>An\u00e1lisis del efecto econ\u00f3mico, social y medioambiental del uso de sistemas no convencionales de producci\u00f3n de agua vinculados al sector tur\u00edstico (NOCAGUATUR)<\/strong><\/em>. Proyecto de Investigaci\u00f3n reconocido dentro de las \u00e1reas prioritarias de la Estrategia de Especializaci\u00f3n Inteligente de Canarias (RIS-3) subvencionado por el Gobierno de Canarias para su desarrollo durante el per\u00edodo 2021 &#8211; 2022 con la colaboraci\u00f3n de la C\u00e1tedra de Turismo CajaCanarias-Ashotel-ULL y el Instituto Universitario de la Empresa, que se celebrar\u00e1 en la <strong>Facultad de Econom\u00eda, Empresa y Turismo<\/strong> el <strong>23 de junio<\/strong> de 2022, de<strong> 10:00 &#8211; 12:30 horas<\/strong>.<\/p>\n<p>Objetivos: Compartir algunos de los resultados obtenidos asociados al desarrollo del proyecto An\u00e1lisis del efecto econ\u00f3mico, social y medioambiental del uso de sistemas no convencionales de producci\u00f3n de agua vinculados al sector tur\u00edstico (NOCAGUATUR) y debatir sobre las l\u00edneas de investigaci\u00f3n futuras vinculadas a la gesti\u00f3n del agua en el \u00e1mbito tur\u00edstico.<\/p>\n<p>Dirigido a todas las personas que tengan inter\u00e9s profesional y\/o acad\u00e9mico por la tem\u00e1tica.<\/p>\n<p>Dirigen:<\/p>\n<ul>\n<li>Carmen In\u00e9s Ruiz de la Rosa. Profesora Contratada Doctora, Departamento de Econom\u00eda, Contabilidad y Finanzas de la Universidad de La Laguna.<\/li>\n<li>Desiderio Guti\u00e9rrez Ta\u00f1o. Profesor Titular, Departamento de Direcci\u00f3n de Empresas e Historia Econ\u00f3mica de la Universidad de La Laguna.<\/li>\n<\/ul>\n<p><strong>CERTIFICADO DE ASISTENCIA: <\/strong>La ULL, a trav\u00e9s del Vicerrectorado de Cultura, Participaci\u00f3n Social y Campus Ofra y La Palma, emitir\u00e1 un certificado de asistencia a todas aquellas personas que participen, previa inscripci\u00f3n en la actividad.<\/p>\n<div class=\"tribe-events-single-event-description tribe-events-content\">\n<p><a href=\"https:\/\/sede.fg.ull.es\/es\/curso\/detalle\/a22020206\/turismo-y-consumo-de-agua-una-perspectiva-desde-el-turista\" target=\"_blank\" rel=\"noopener noreferrer\" target=\"_blank\" rel=\"noopener\"><strong><u>M\u00e1s informaci\u00f3n e inscripci\u00f3n gratuita aqu\u00ed.<\/u><\/strong><\/a><\/p>\n<p><strong>Contacto: 922 319 616 \/ 922 319 626 \u2013\u00a0<\/strong><strong><a href=\"mailto:extuni@ull.edu.es\" target=\"_blank\" rel=\"noopener\">extuni@ull.es<\/a><\/strong><\/p>\n<\/div>\n","protected":false},"excerpt":{"rendered":"<p>Actividad de Extensi\u00f3n Universitaria desarrollada en el marco del proyecto An\u00e1lisis del efecto econ\u00f3mico, social y medioambiental del uso de sistemas no convencionales de producci\u00f3n de agua vinculados al sector tur\u00edstico (NOCAGUATUR). Proyecto de Investigaci\u00f3n reconocido dentro de las \u00e1reas prioritarias de la Estrategia de Especializaci\u00f3n Inteligente de Canarias (RIS-3) subvencionado por el Gobierno de&#8230;<\/p>\n","protected":false},"author":43,"featured_media":25027,"comment_status":"closed","ping_status":"closed","template":"","tags":[4259,977,3812,3751],"tribe_events_cat":[472,4,186],"acf":[],"yoast_head":"<!-- This site is optimized with the Yoast SEO plugin v21.3 - https:\/\/yoast.com\/wordpress\/plugins\/seo\/ -->\n<title>Turismo y consumo de agua: una perspectiva desde el turista - ULL - Agenda<\/title>\n<meta name=\"robots\" content=\"index, follow, max-snippet:-1, max-image-preview:large, max-video-preview:-1\" \/>\n<link rel=\"canonical\" href=\"https:\/\/www.ull.es\/portal\/agenda\/evento\/turismo-y-consumo-de-agua-una-perspectiva-desde-el-turista\/\" \/>\n<meta property=\"og:locale\" content=\"es_ES\" \/>\n<meta property=\"og:type\" content=\"article\" \/>\n<meta property=\"og:title\" content=\"Turismo y consumo de agua: una perspectiva desde el turista - ULL - Agenda\" \/>\n<meta property=\"og:description\" content=\"Actividad de Extensi\u00f3n Universitaria desarrollada en el marco del proyecto An\u00e1lisis del efecto econ\u00f3mico, social y medioambiental del uso de sistemas no convencionales de producci\u00f3n de agua vinculados al sector tur\u00edstico (NOCAGUATUR). Proyecto de Investigaci\u00f3n reconocido dentro de las \u00e1reas prioritarias de la Estrategia de Especializaci\u00f3n Inteligente de Canarias (RIS-3) subvencionado por el Gobierno de...\" \/>\n<meta property=\"og:url\" content=\"https:\/\/www.ull.es\/portal\/agenda\/evento\/turismo-y-consumo-de-agua-una-perspectiva-desde-el-turista\/\" \/>\n<meta property=\"og:site_name\" content=\"ULL - Agenda\" \/>\n<meta property=\"article:modified_time\" content=\"2022-06-15T08:19:41+00:00\" \/>\n<meta property=\"og:image\" content=\"https:\/\/www.ull.es\/portal\/agenda\/wp-content\/uploads\/sites\/12\/2022\/06\/Banneraguaturismo23junio.jpg\" \/>\n\t<meta property=\"og:image:width\" content=\"700\" \/>\n\t<meta property=\"og:image:height\" content=\"350\" \/>\n\t<meta property=\"og:image:type\" content=\"image\/jpeg\" \/>\n<meta name=\"twitter:card\" content=\"summary_large_image\" \/>\n<meta name=\"twitter:label1\" content=\"Tiempo de lectura\" \/>\n\t<meta name=\"twitter:data1\" content=\"2 minutos\" \/>\n<script type=\"application\/ld+json\" class=\"yoast-schema-graph\">{\"@context\":\"https:\/\/schema.org\",\"@graph\":[{\"@type\":\"WebPage\",\"@id\":\"https:\/\/www.ull.es\/portal\/agenda\/evento\/turismo-y-consumo-de-agua-una-perspectiva-desde-el-turista\/\",\"url\":\"https:\/\/www.ull.es\/portal\/agenda\/evento\/turismo-y-consumo-de-agua-una-perspectiva-desde-el-turista\/\",\"name\":\"Turismo y consumo de agua: una perspectiva desde el turista - ULL - Agenda\",\"isPartOf\":{\"@id\":\"https:\/\/www.ull.es\/portal\/agenda\/#website\"},\"datePublished\":\"2022-06-09T08:46:42+00:00\",\"dateModified\":\"2022-06-15T08:19:41+00:00\",\"breadcrumb\":{\"@id\":\"https:\/\/www.ull.es\/portal\/agenda\/evento\/turismo-y-consumo-de-agua-una-perspectiva-desde-el-turista\/#breadcrumb\"},\"inLanguage\":\"es\",\"potentialAction\":[{\"@type\":\"ReadAction\",\"target\":[\"https:\/\/www.ull.es\/portal\/agenda\/evento\/turismo-y-consumo-de-agua-una-perspectiva-desde-el-turista\/\"]}]},{\"@type\":\"BreadcrumbList\",\"@id\":\"https:\/\/www.ull.es\/portal\/agenda\/evento\/turismo-y-consumo-de-agua-una-perspectiva-desde-el-turista\/#breadcrumb\",\"itemListElement\":[{\"@type\":\"ListItem\",\"position\":1,\"name\":\"Portada\",\"item\":\"https:\/\/www.ull.es\/portal\/agenda\/\"},{\"@type\":\"ListItem\",\"position\":2,\"name\":\"Turismo y consumo de agua: una perspectiva desde el turista\"}]},{\"@type\":\"WebSite\",\"@id\":\"https:\/\/www.ull.es\/portal\/agenda\/#website\",\"url\":\"https:\/\/www.ull.es\/portal\/agenda\/\",\"name\":\"ULL - Agenda\",\"description\":\"\",\"potentialAction\":[{\"@type\":\"SearchAction\",\"target\":{\"@type\":\"EntryPoint\",\"urlTemplate\":\"https:\/\/www.ull.es\/portal\/agenda\/?s={search_term_string}\"},\"query-input\":\"required name=search_term_string\"}],\"inLanguage\":\"es\"}]}<\/script>\n<!-- \/ Yoast SEO plugin. -->","yoast_head_json":{"title":"Turismo y consumo de agua: una perspectiva desde el turista - ULL - Agenda","robots":{"index":"index","follow":"follow","max-snippet":"max-snippet:-1","max-image-preview":"max-image-preview:large","max-video-preview":"max-video-preview:-1"},"canonical":"https:\/\/www.ull.es\/portal\/agenda\/evento\/turismo-y-consumo-de-agua-una-perspectiva-desde-el-turista\/","og_locale":"es_ES","og_type":"article","og_title":"Turismo y consumo de agua: una perspectiva desde el turista - ULL - Agenda","og_description":"Actividad de Extensi\u00f3n Universitaria desarrollada en el marco del proyecto An\u00e1lisis del efecto econ\u00f3mico, social y medioambiental del uso de sistemas no convencionales de producci\u00f3n de agua vinculados al sector tur\u00edstico (NOCAGUATUR). Proyecto de Investigaci\u00f3n reconocido dentro de las \u00e1reas prioritarias de la Estrategia de Especializaci\u00f3n Inteligente de Canarias (RIS-3) subvencionado por el Gobierno de...","og_url":"https:\/\/www.ull.es\/portal\/agenda\/evento\/turismo-y-consumo-de-agua-una-perspectiva-desde-el-turista\/","og_site_name":"ULL - Agenda","article_modified_time":"2022-06-15T08:19:41+00:00","og_image":[{"width":700,"height":350,"url":"https:\/\/www.ull.es\/portal\/agenda\/wp-content\/uploads\/sites\/12\/2022\/06\/Banneraguaturismo23junio.jpg","type":"image\/jpeg"}],"twitter_card":"summary_large_image","twitter_misc":{"Tiempo de lectura":"2 minutos"},"schema":{"@context":"https:\/\/schema.org","@graph":[{"@type":"WebPage","@id":"https:\/\/www.ull.es\/portal\/agenda\/evento\/turismo-y-consumo-de-agua-una-perspectiva-desde-el-turista\/","url":"https:\/\/www.ull.es\/portal\/agenda\/evento\/turismo-y-consumo-de-agua-una-perspectiva-desde-el-turista\/","name":"Turismo y consumo de agua: una perspectiva desde el turista - ULL - Agenda","isPartOf":{"@id":"https:\/\/www.ull.es\/portal\/agenda\/#website"},"datePublished":"2022-06-09T08:46:42+00:00","dateModified":"2022-06-15T08:19:41+00:00","breadcrumb":{"@id":"https:\/\/www.ull.es\/portal\/agenda\/evento\/turismo-y-consumo-de-agua-una-perspectiva-desde-el-turista\/#breadcrumb"},"inLanguage":"es","potentialAction":[{"@type":"ReadAction","target":["https:\/\/www.ull.es\/portal\/agenda\/evento\/turismo-y-consumo-de-agua-una-perspectiva-desde-el-turista\/"]}]},{"@type":"BreadcrumbList","@id":"https:\/\/www.ull.es\/portal\/agenda\/evento\/turismo-y-consumo-de-agua-una-perspectiva-desde-el-turista\/#breadcrumb","itemListElement":[{"@type":"ListItem","position":1,"name":"Portada","item":"https:\/\/www.ull.es\/portal\/agenda\/"},{"@type":"ListItem","position":2,"name":"Turismo y consumo de agua: una perspectiva desde el turista"}]},{"@type":"WebSite","@id":"https:\/\/www.ull.es\/portal\/agenda\/#website","url":"https:\/\/www.ull.es\/portal\/agenda\/","name":"ULL - Agenda","description":"","potentialAction":[{"@type":"SearchAction","target":{"@type":"EntryPoint","urlTemplate":"https:\/\/www.ull.es\/portal\/agenda\/?s={search_term_string}"},"query-input":"required name=search_term_string"}],"inLanguage":"es"}]}},"_links":{"self":[{"href":"https:\/\/www.ull.es\/portal\/agenda\/wp-json\/wp\/v2\/tribe_events\/25026"}],"collection":[{"href":"https:\/\/www.ull.es\/portal\/agenda\/wp-json\/wp\/v2\/tribe_events"}],"about":[{"href":"https:\/\/www.ull.es\/portal\/agenda\/wp-json\/wp\/v2\/types\/tribe_events"}],"author":[{"embeddable":true,"href":"https:\/\/www.ull.es\/portal\/agenda\/wp-json\/wp\/v2\/users\/43"}],"replies":[{"embeddable":true,"href":"https:\/\/www.ull.es\/portal\/agenda\/wp-json\/wp\/v2\/comments?post=25026"}],"version-history":[{"count":4,"href":"https:\/\/www.ull.es\/portal\/agenda\/wp-json\/wp\/v2\/tribe_events\/25026\/revisions"}],"predecessor-version":[{"id":25171,"href":"https:\/\/www.ull.es\/portal\/agenda\/wp-json\/wp\/v2\/tribe_events\/25026\/revisions\/25171"}],"wp:featuredmedia":[{"embeddable":true,"href":"https:\/\/www.ull.es\/portal\/agenda\/wp-json\/wp\/v2\/media\/25027"}],"wp:attachment":[{"href":"https:\/\/www.ull.es\/portal\/agenda\/wp-json\/wp\/v2\/media?parent=25026"}],"wp:term":[{"taxonomy":"post_tag","embeddable":true,"href":"https:\/\/www.ull.es\/portal\/agenda\/wp-json\/wp\/v2\/tags?post=25026"},{"taxonomy":"tribe_events_cat","embeddable":true,"href":"https:\/\/www.ull.es\/portal\/agenda\/wp-json\/wp\/v2\/tribe_events_cat?post=25026"}],"curies":[{"name":"wp","href":"https:\/\/api.w.org\/{rel}","templated":true}]}}

<p>Actividad de Extensión Universitaria desarrollada en el marco del proyecto <em><strong>Análisis del efecto económico, social y medioambiental del uso de sistemas no convencionales de producción de agua vinculados al sector turístico (NOCAGUATUR)</strong></em>. Proyecto de Investigación reconocido dentro de las áreas prioritarias de la Estrategia de Especialización Inteligente de Canarias (RIS-3) subvencionado por el Gobierno de Canarias para su desarrollo durante el período 2021 &#8211; 2022 con la colaboración de la Cátedra de Turismo CajaCanarias-Ashotel-ULL y el Instituto Universitario de la Empresa, que se celebrará en la <strong>Facultad de Economía, Empresa y Turismo</strong> el <strong>23 de junio</strong> de 2022, de<strong> 10:00 &#8211; 12:30 horas</strong>.</p>
<p>Objetivos: Compartir algunos de los resultados obtenidos asociados al desarrollo del proyecto Análisis del efecto económico, social y medioambiental del uso de sistemas no convencionales de producción de agua vinculados al sector turístico (NOCAGUATUR) y debatir sobre las líneas de investigación futuras vinculadas a la gestión del agua en el ámbito turístico.</p>
<p>Dirigido a todas las personas que tengan interés profesional y/o académico por la temática.</p>
<p>Dirigen:</p>
<ul>
<li>Carmen Inés Ruiz de la Rosa. Profesora Contratada Doctora, Departamento de Economía, Contabilidad y Finanzas de la Universidad de La Laguna.</li>
<li>Desiderio Gutiérrez Taño. Profesor Titular, Departamento de Dirección de Empresas e Historia Económica de la Universidad de La Laguna.</li>
</ul>
<p><strong>CERTIFICADO DE ASISTENCIA: </strong>La ULL, a través del Vicerrectorado de Cultura, Participación Social y Campus Ofra y La Palma, emitirá un certificado de asistencia a todas aquellas personas que participen, previa inscripción en la actividad.</p>
<div class="tribe-events-single-event-description tribe-events-content">
<p><a href="https://sede.fg.ull.es/es/curso/detalle/a22020206/turismo-y-consumo-de-agua-una-perspectiva-desde-el-turista" target="_blank" rel="noopener noreferrer" target="_blank" rel="noopener"><strong><u>Más información e inscripción gratuita aquí.</u></strong></a></p>
<p><strong>Contacto: 922 319 616 / 922 319 626 – </strong><strong><a href="mailto:extuni@ull.edu.es" target="_blank" rel="noopener">extuni@ull.es</a></strong></p>
</div>

<p>Actividad de Extensión Universitaria desarrollada en el marco del proyecto Análisis del efecto económico, social y medioambiental del uso de sistemas no convencionales de producción de agua vinculados al sector turístico (NOCAGUATUR). Proyecto de Investigación reconocido dentro de las áreas prioritarias de la Estrategia de Especialización Inteligente de Canarias (RIS-3) subvencionado por el Gobierno de&#8230;</p>

<!-- This site is optimized with the Yoast SEO plugin v21.3 - https://yoast.com/wordpress/plugins/seo/ -->
<title>Turismo y consumo de agua: una perspectiva desde el turista - ULL - Agenda</title>
<meta name="robots" content="index, follow, max-snippet:-1, max-image-preview:large, max-video-preview:-1" />
<link rel="canonical" href="https://www.ull.es/portal/agenda/evento/turismo-y-consumo-de-agua-una-perspectiva-desde-el-turista/" />
<meta property="og:locale" content="es_ES" />
<meta property="og:type" content="article" />
<meta property="og:title" content="Turismo y consumo de agua: una perspectiva desde el turista - ULL - Agenda" />
<meta property="og:description" content="Actividad de Extensión Universitaria desarrollada en el marco del proyecto Análisis del efecto económico, social y medioambiental del uso de sistemas no convencionales de producción de agua vinculados al sector turístico (NOCAGUATUR). Proyecto de Investigación reconocido dentro de las áreas prioritarias de la Estrategia de Especialización Inteligente de Canarias (RIS-3) subvencionado por el Gobierno de..." />
<meta property="og:url" content="https://www.ull.es/portal/agenda/evento/turismo-y-consumo-de-agua-una-perspectiva-desde-el-turista/" />
<meta property="og:site_name" content="ULL - Agenda" />
<meta property="article:modified_time" content="2022-06-15T08:19:41+00:00" />
<meta property="og:image" content="https://www.ull.es/portal/agenda/wp-content/uploads/sites/12/2022/06/Banneraguaturismo23junio.jpg" />
	<meta property="og:image:width" content="700" />
	<meta property="og:image:height" content="350" />
	<meta property="og:image:type" content="image/jpeg" />
<meta name="twitter:card" content="summary_large_image" />
<meta name="twitter:label1" content="Tiempo de lectura" />
	<meta name="twitter:data1" content="2 minutos" />
<script type="application/ld+json" class="yoast-schema-graph">{"@context":"https://schema.org","@graph":[{"@type":"WebPage","@id":"https://www.ull.es/portal/agenda/evento/turismo-y-consumo-de-agua-una-perspectiva-desde-el-turista/","url":"https://www.ull.es/portal/agenda/evento/turismo-y-consumo-de-agua-una-perspectiva-desde-el-turista/","name":"Turismo y consumo de agua: una perspectiva desde el turista - ULL - Agenda","isPartOf":{"@id":"https://www.ull.es/portal/agenda/#website"},"datePublished":"2022-06-09T08:46:42+00:00","dateModified":"2022-06-15T08:19:41+00:00","breadcrumb":{"@id":"https://www.ull.es/portal/agenda/evento/turismo-y-consumo-de-agua-una-perspectiva-desde-el-turista/#breadcrumb"},"inLanguage":"es","potentialAction":[{"@type":"ReadAction","target":["https://www.ull.es/portal/agenda/evento/turismo-y-consumo-de-agua-una-perspectiva-desde-el-turista/"]}]},{"@type":"BreadcrumbList","@id":"https://www.ull.es/portal/agenda/evento/turismo-y-consumo-de-agua-una-perspectiva-desde-el-turista/#breadcrumb","itemListElement":[{"@type":"ListItem","position":1,"name":"Portada","item":"https://www.ull.es/portal/agenda/"},{"@type":"ListItem","position":2,"name":"Turismo y consumo de agua: una perspectiva desde el turista"}]},{"@type":"WebSite","@id":"https://www.ull.es/portal/agenda/#website","url":"https://www.ull.es/portal/agenda/","name":"ULL - Agenda","description":"","potentialAction":[{"@type":"SearchAction","target":{"@type":"EntryPoint","urlTemplate":"https://www.ull.es/portal/agenda/?s={search_term_string}"},"query-input":"required name=search_term_string"}],"inLanguage":"es"}]}</script>
<!-- / Yoast SEO plugin. -->

Actividad de Extensión Universitaria desarrollada en el marco del proyecto Análisis del efecto económico, social y medioambiental del uso de sistemas no convencionales de producción de agua vinculados al sector turístico (NOCAGUATUR). Proyecto de Investigación reconocido dentro de las áreas prioritarias de la Estrategia de Especialización Inteligente de Canarias (RIS-3) subvencionado por el Gobierno de...
