{"id":25619,"date":"2022-07-22T11:30:59","date_gmt":"2022-07-22T11:30:59","guid":{"rendered":"https:\/\/www.ull.es\/portal\/agenda\/?post_type=tribe_events&#038;p=25619"},"modified":"2022-09-30T13:21:20","modified_gmt":"2022-09-30T13:21:20","slug":"seminario-nuevas-fronteras-en-la-investigacion-antropologica-sobre-migraciones-personas-entidades-y-espacios-de-contacto","status":"publish","type":"tribe_events","link":"https:\/\/www.ull.es\/portal\/agenda\/evento\/seminario-nuevas-fronteras-en-la-investigacion-antropologica-sobre-migraciones-personas-entidades-y-espacios-de-contacto\/","title":{"rendered":"Seminario: \u00abNuevas fronteras en la investigaci\u00f3n antropol\u00f3gica sobre migraciones: personas, entidades y espacios de contacto\u00bb"},"content":{"rendered":"<p>Llega la <strong>III edici\u00f3n de Campus Am\u00e9rica del 10 al 21 de octubre<\/strong>, un espacio de valoraci\u00f3n e impulso de las acciones de internacionalizaci\u00f3n de la Universidad de La Laguna con el continente americano, que contar\u00e1 dentro su programaci\u00f3n de formaci\u00f3n, con el <strong>seminario &#8216;Nuevas fronteras en la investigaci\u00f3n antropol\u00f3gica sobre migraciones: personas, entidades y espacios de contacto&#8217;<\/strong>, que tendr\u00e1 lugar el lunes 10 de octubre de 16:00 a 20:00 horas.<\/p>\n<ul>\n<li>Conferencia. \u00abAltares migrantes: Di\u00e1logos y reterritorializaciones en los espacios y usos simb\u00f3licos del territorio\u00bb. Grecy P\u00e9rez Amores, Universidad de La Laguna<\/li>\n<li>Conferencia. \u201cDiez a\u00f1os despu\u00e9s: Reflexiones sobre un trabajo de campo en la Sierra Gorda Mejicana\u201d. Silvia Zelaya, Universidad de La Laguna.<\/li>\n<li>Conferencia. \u00abOtros territorios, otros cuerpos. Una lectura de pr\u00e1cticas de mujeres iku desde antropolog\u00edas latinoamericanas\u00bb. Ana Milena Horta Prieta, Profesora invitada del CIESAS CDMX.<\/li>\n<li>Conferencia. \u00abEl culto a la Virgen de la Caridad del Cobre. Comunidades de fe en movimiento\u00bb. Juan Carlos Rosario Molina, Universidad de Oriente, Santiago de Cuba.<\/li>\n<\/ul>\n<p>Coordina: Silvia Zelaya \u00c1lvarez, Universidad de La Laguna.<\/p>\n<p><strong><a href=\"https:\/\/youtu.be\/iTTo_ANgz0Q\" target=\"_blank\" rel=\"noopener\" target=\"_blank\" rel=\"noopener\">Enlace para retransmisi\u00f3n online<\/a><\/strong><\/p>\n<p><a href=\"https:\/\/drive.google.com\/file\/d\/1xjWBNKGxPFoDK1VyCWDDfFShIc93zQF8\/view?usp=sharing\" target=\"_blank\" rel=\"noopener\" target=\"_blank\" rel=\"noopener\">Res\u00famenes del seminario<\/a><\/p>\n","protected":false},"excerpt":{"rendered":"<p>Llega la III edici\u00f3n de Campus Am\u00e9rica del 10 al 21 de octubre, un espacio de valoraci\u00f3n e impulso de las acciones de internacionalizaci\u00f3n de la Universidad de La Laguna con el continente americano, que contar\u00e1 dentro su programaci\u00f3n de formaci\u00f3n, con el seminario &#8216;Nuevas fronteras en la investigaci\u00f3n antropol\u00f3gica sobre migraciones: personas, entidades y&#8230;<\/p>\n","protected":false},"author":86,"featured_media":25626,"comment_status":"closed","ping_status":"closed","template":"","tags":[4733,526,4010,270],"tribe_events_cat":[392,4731,30],"acf":[],"yoast_head":"<!-- This site is optimized with the Yoast SEO plugin v21.3 - https:\/\/yoast.com\/wordpress\/plugins\/seo\/ -->\n<title>Seminario: &quot;Nuevas fronteras en la investigaci\u00f3n antropol\u00f3gica sobre migraciones: personas, entidades y espacios de contacto&quot; - ULL - Agenda<\/title>\n<meta name=\"robots\" content=\"index, follow, max-snippet:-1, max-image-preview:large, max-video-preview:-1\" \/>\n<link rel=\"canonical\" href=\"https:\/\/www.ull.es\/portal\/agenda\/evento\/seminario-nuevas-fronteras-en-la-investigacion-antropologica-sobre-migraciones-personas-entidades-y-espacios-de-contacto\/\" \/>\n<meta property=\"og:locale\" content=\"es_ES\" \/>\n<meta property=\"og:type\" content=\"article\" \/>\n<meta property=\"og:title\" content=\"Seminario: &quot;Nuevas fronteras en la investigaci\u00f3n antropol\u00f3gica sobre migraciones: personas, entidades y espacios de contacto&quot; - ULL - Agenda\" \/>\n<meta property=\"og:description\" content=\"Llega la III edici\u00f3n de Campus Am\u00e9rica del 10 al 21 de octubre, un espacio de valoraci\u00f3n e impulso de las acciones de internacionalizaci\u00f3n de la Universidad de La Laguna con el continente americano, que contar\u00e1 dentro su programaci\u00f3n de formaci\u00f3n, con el seminario &#8216;Nuevas fronteras en la investigaci\u00f3n antropol\u00f3gica sobre migraciones: personas, entidades y...\" \/>\n<meta property=\"og:url\" content=\"https:\/\/www.ull.es\/portal\/agenda\/evento\/seminario-nuevas-fronteras-en-la-investigacion-antropologica-sobre-migraciones-personas-entidades-y-espacios-de-contacto\/\" \/>\n<meta property=\"og:site_name\" content=\"ULL - Agenda\" \/>\n<meta property=\"article:modified_time\" content=\"2022-09-30T13:21:20+00:00\" \/>\n<meta property=\"og:image\" content=\"https:\/\/www.ull.es\/portal\/agenda\/wp-content\/uploads\/sites\/12\/2022\/07\/Formacion_Fronteras.png\" \/>\n\t<meta property=\"og:image:width\" content=\"700\" \/>\n\t<meta property=\"og:image:height\" content=\"350\" \/>\n\t<meta property=\"og:image:type\" content=\"image\/png\" \/>\n<meta name=\"twitter:card\" content=\"summary_large_image\" \/>\n<meta name=\"twitter:label1\" content=\"Tiempo de lectura\" \/>\n\t<meta name=\"twitter:data1\" content=\"1 minuto\" \/>\n<script type=\"application\/ld+json\" class=\"yoast-schema-graph\">{\"@context\":\"https:\/\/schema.org\",\"@graph\":[{\"@type\":\"WebPage\",\"@id\":\"https:\/\/www.ull.es\/portal\/agenda\/evento\/seminario-nuevas-fronteras-en-la-investigacion-antropologica-sobre-migraciones-personas-entidades-y-espacios-de-contacto\/\",\"url\":\"https:\/\/www.ull.es\/portal\/agenda\/evento\/seminario-nuevas-fronteras-en-la-investigacion-antropologica-sobre-migraciones-personas-entidades-y-espacios-de-contacto\/\",\"name\":\"Seminario: \\\"Nuevas fronteras en la investigaci\u00f3n antropol\u00f3gica sobre migraciones: personas, entidades y espacios de contacto\\\" - ULL - Agenda\",\"isPartOf\":{\"@id\":\"https:\/\/www.ull.es\/portal\/agenda\/#website\"},\"datePublished\":\"2022-07-22T11:30:59+00:00\",\"dateModified\":\"2022-09-30T13:21:20+00:00\",\"breadcrumb\":{\"@id\":\"https:\/\/www.ull.es\/portal\/agenda\/evento\/seminario-nuevas-fronteras-en-la-investigacion-antropologica-sobre-migraciones-personas-entidades-y-espacios-de-contacto\/#breadcrumb\"},\"inLanguage\":\"es\",\"potentialAction\":[{\"@type\":\"ReadAction\",\"target\":[\"https:\/\/www.ull.es\/portal\/agenda\/evento\/seminario-nuevas-fronteras-en-la-investigacion-antropologica-sobre-migraciones-personas-entidades-y-espacios-de-contacto\/\"]}]},{\"@type\":\"BreadcrumbList\",\"@id\":\"https:\/\/www.ull.es\/portal\/agenda\/evento\/seminario-nuevas-fronteras-en-la-investigacion-antropologica-sobre-migraciones-personas-entidades-y-espacios-de-contacto\/#breadcrumb\",\"itemListElement\":[{\"@type\":\"ListItem\",\"position\":1,\"name\":\"Portada\",\"item\":\"https:\/\/www.ull.es\/portal\/agenda\/\"},{\"@type\":\"ListItem\",\"position\":2,\"name\":\"Seminario: \u00abNuevas fronteras en la investigaci\u00f3n antropol\u00f3gica sobre migraciones: personas, entidades y espacios de contacto\u00bb\"}]},{\"@type\":\"WebSite\",\"@id\":\"https:\/\/www.ull.es\/portal\/agenda\/#website\",\"url\":\"https:\/\/www.ull.es\/portal\/agenda\/\",\"name\":\"ULL - Agenda\",\"description\":\"\",\"potentialAction\":[{\"@type\":\"SearchAction\",\"target\":{\"@type\":\"EntryPoint\",\"urlTemplate\":\"https:\/\/www.ull.es\/portal\/agenda\/?s={search_term_string}\"},\"query-input\":\"required name=search_term_string\"}],\"inLanguage\":\"es\"}]}<\/script>\n<!-- \/ Yoast SEO plugin. -->","yoast_head_json":{"title":"Seminario: \"Nuevas fronteras en la investigaci\u00f3n antropol\u00f3gica sobre migraciones: personas, entidades y espacios de contacto\" - ULL - Agenda","robots":{"index":"index","follow":"follow","max-snippet":"max-snippet:-1","max-image-preview":"max-image-preview:large","max-video-preview":"max-video-preview:-1"},"canonical":"https:\/\/www.ull.es\/portal\/agenda\/evento\/seminario-nuevas-fronteras-en-la-investigacion-antropologica-sobre-migraciones-personas-entidades-y-espacios-de-contacto\/","og_locale":"es_ES","og_type":"article","og_title":"Seminario: \"Nuevas fronteras en la investigaci\u00f3n antropol\u00f3gica sobre migraciones: personas, entidades y espacios de contacto\" - ULL - Agenda","og_description":"Llega la III edici\u00f3n de Campus Am\u00e9rica del 10 al 21 de octubre, un espacio de valoraci\u00f3n e impulso de las acciones de internacionalizaci\u00f3n de la Universidad de La Laguna con el continente americano, que contar\u00e1 dentro su programaci\u00f3n de formaci\u00f3n, con el seminario &#8216;Nuevas fronteras en la investigaci\u00f3n antropol\u00f3gica sobre migraciones: personas, entidades y...","og_url":"https:\/\/www.ull.es\/portal\/agenda\/evento\/seminario-nuevas-fronteras-en-la-investigacion-antropologica-sobre-migraciones-personas-entidades-y-espacios-de-contacto\/","og_site_name":"ULL - Agenda","article_modified_time":"2022-09-30T13:21:20+00:00","og_image":[{"width":700,"height":350,"url":"https:\/\/www.ull.es\/portal\/agenda\/wp-content\/uploads\/sites\/12\/2022\/07\/Formacion_Fronteras.png","type":"image\/png"}],"twitter_card":"summary_large_image","twitter_misc":{"Tiempo de lectura":"1 minuto"},"schema":{"@context":"https:\/\/schema.org","@graph":[{"@type":"WebPage","@id":"https:\/\/www.ull.es\/portal\/agenda\/evento\/seminario-nuevas-fronteras-en-la-investigacion-antropologica-sobre-migraciones-personas-entidades-y-espacios-de-contacto\/","url":"https:\/\/www.ull.es\/portal\/agenda\/evento\/seminario-nuevas-fronteras-en-la-investigacion-antropologica-sobre-migraciones-personas-entidades-y-espacios-de-contacto\/","name":"Seminario: \"Nuevas fronteras en la investigaci\u00f3n antropol\u00f3gica sobre migraciones: personas, entidades y espacios de contacto\" - ULL - Agenda","isPartOf":{"@id":"https:\/\/www.ull.es\/portal\/agenda\/#website"},"datePublished":"2022-07-22T11:30:59+00:00","dateModified":"2022-09-30T13:21:20+00:00","breadcrumb":{"@id":"https:\/\/www.ull.es\/portal\/agenda\/evento\/seminario-nuevas-fronteras-en-la-investigacion-antropologica-sobre-migraciones-personas-entidades-y-espacios-de-contacto\/#breadcrumb"},"inLanguage":"es","potentialAction":[{"@type":"ReadAction","target":["https:\/\/www.ull.es\/portal\/agenda\/evento\/seminario-nuevas-fronteras-en-la-investigacion-antropologica-sobre-migraciones-personas-entidades-y-espacios-de-contacto\/"]}]},{"@type":"BreadcrumbList","@id":"https:\/\/www.ull.es\/portal\/agenda\/evento\/seminario-nuevas-fronteras-en-la-investigacion-antropologica-sobre-migraciones-personas-entidades-y-espacios-de-contacto\/#breadcrumb","itemListElement":[{"@type":"ListItem","position":1,"name":"Portada","item":"https:\/\/www.ull.es\/portal\/agenda\/"},{"@type":"ListItem","position":2,"name":"Seminario: \u00abNuevas fronteras en la investigaci\u00f3n antropol\u00f3gica sobre migraciones: personas, entidades y espacios de contacto\u00bb"}]},{"@type":"WebSite","@id":"https:\/\/www.ull.es\/portal\/agenda\/#website","url":"https:\/\/www.ull.es\/portal\/agenda\/","name":"ULL - Agenda","description":"","potentialAction":[{"@type":"SearchAction","target":{"@type":"EntryPoint","urlTemplate":"https:\/\/www.ull.es\/portal\/agenda\/?s={search_term_string}"},"query-input":"required name=search_term_string"}],"inLanguage":"es"}]}},"_links":{"self":[{"href":"https:\/\/www.ull.es\/portal\/agenda\/wp-json\/wp\/v2\/tribe_events\/25619"}],"collection":[{"href":"https:\/\/www.ull.es\/portal\/agenda\/wp-json\/wp\/v2\/tribe_events"}],"about":[{"href":"https:\/\/www.ull.es\/portal\/agenda\/wp-json\/wp\/v2\/types\/tribe_events"}],"author":[{"embeddable":true,"href":"https:\/\/www.ull.es\/portal\/agenda\/wp-json\/wp\/v2\/users\/86"}],"replies":[{"embeddable":true,"href":"https:\/\/www.ull.es\/portal\/agenda\/wp-json\/wp\/v2\/comments?post=25619"}],"version-history":[{"count":7,"href":"https:\/\/www.ull.es\/portal\/agenda\/wp-json\/wp\/v2\/tribe_events\/25619\/revisions"}],"predecessor-version":[{"id":26857,"href":"https:\/\/www.ull.es\/portal\/agenda\/wp-json\/wp\/v2\/tribe_events\/25619\/revisions\/26857"}],"wp:featuredmedia":[{"embeddable":true,"href":"https:\/\/www.ull.es\/portal\/agenda\/wp-json\/wp\/v2\/media\/25626"}],"wp:attachment":[{"href":"https:\/\/www.ull.es\/portal\/agenda\/wp-json\/wp\/v2\/media?parent=25619"}],"wp:term":[{"taxonomy":"post_tag","embeddable":true,"href":"https:\/\/www.ull.es\/portal\/agenda\/wp-json\/wp\/v2\/tags?post=25619"},{"taxonomy":"tribe_events_cat","embeddable":true,"href":"https:\/\/www.ull.es\/portal\/agenda\/wp-json\/wp\/v2\/tribe_events_cat?post=25619"}],"curies":[{"name":"wp","href":"https:\/\/api.w.org\/{rel}","templated":true}]}}

Seminario: «Nuevas fronteras en la investigación antropológica sobre migraciones: personas, entidades y espacios de contacto»

<p>Llega la <strong>III edición de Campus América del 10 al 21 de octubre</strong>, un espacio de valoración e impulso de las acciones de internacionalización de la Universidad de La Laguna con el continente americano, que contará dentro su programación de formación, con el <strong>seminario &#8216;Nuevas fronteras en la investigación antropológica sobre migraciones: personas, entidades y espacios de contacto&#8217;</strong>, que tendrá lugar el lunes 10 de octubre de 16:00 a 20:00 horas.</p>
<ul>
<li>Conferencia. «Altares migrantes: Diálogos y reterritorializaciones en los espacios y usos simbólicos del territorio». Grecy Pérez Amores, Universidad de La Laguna</li>
<li>Conferencia. “Diez años después: Reflexiones sobre un trabajo de campo en la Sierra Gorda Mejicana”. Silvia Zelaya, Universidad de La Laguna.</li>
<li>Conferencia. «Otros territorios, otros cuerpos. Una lectura de prácticas de mujeres iku desde antropologías latinoamericanas». Ana Milena Horta Prieta, Profesora invitada del CIESAS CDMX.</li>
<li>Conferencia. «El culto a la Virgen de la Caridad del Cobre. Comunidades de fe en movimiento». Juan Carlos Rosario Molina, Universidad de Oriente, Santiago de Cuba.</li>
</ul>
<p>Coordina: Silvia Zelaya Álvarez, Universidad de La Laguna.</p>
<p><strong><a href="https://youtu.be/iTTo_ANgz0Q" target="_blank" rel="noopener" target="_blank" rel="noopener">Enlace para retransmisión online</a></strong></p>
<p><a href="https://drive.google.com/file/d/1xjWBNKGxPFoDK1VyCWDDfFShIc93zQF8/view?usp=sharing" target="_blank" rel="noopener" target="_blank" rel="noopener">Resúmenes del seminario</a></p>

<p>Llega la III edición de Campus América del 10 al 21 de octubre, un espacio de valoración e impulso de las acciones de internacionalización de la Universidad de La Laguna con el continente americano, que contará dentro su programación de formación, con el seminario &#8216;Nuevas fronteras en la investigación antropológica sobre migraciones: personas, entidades y&#8230;</p>

<!-- This site is optimized with the Yoast SEO plugin v21.3 - https://yoast.com/wordpress/plugins/seo/ -->
<title>Seminario: &quot;Nuevas fronteras en la investigación antropológica sobre migraciones: personas, entidades y espacios de contacto&quot; - ULL - Agenda</title>
<meta name="robots" content="index, follow, max-snippet:-1, max-image-preview:large, max-video-preview:-1" />
<link rel="canonical" href="https://www.ull.es/portal/agenda/evento/seminario-nuevas-fronteras-en-la-investigacion-antropologica-sobre-migraciones-personas-entidades-y-espacios-de-contacto/" />
<meta property="og:locale" content="es_ES" />
<meta property="og:type" content="article" />
<meta property="og:title" content="Seminario: &quot;Nuevas fronteras en la investigación antropológica sobre migraciones: personas, entidades y espacios de contacto&quot; - ULL - Agenda" />
<meta property="og:description" content="Llega la III edición de Campus América del 10 al 21 de octubre, un espacio de valoración e impulso de las acciones de internacionalización de la Universidad de La Laguna con el continente americano, que contará dentro su programación de formación, con el seminario &#8216;Nuevas fronteras en la investigación antropológica sobre migraciones: personas, entidades y..." />
<meta property="og:url" content="https://www.ull.es/portal/agenda/evento/seminario-nuevas-fronteras-en-la-investigacion-antropologica-sobre-migraciones-personas-entidades-y-espacios-de-contacto/" />
<meta property="og:site_name" content="ULL - Agenda" />
<meta property="article:modified_time" content="2022-09-30T13:21:20+00:00" />
<meta property="og:image" content="https://www.ull.es/portal/agenda/wp-content/uploads/sites/12/2022/07/Formacion_Fronteras.png" />
	<meta property="og:image:width" content="700" />
	<meta property="og:image:height" content="350" />
	<meta property="og:image:type" content="image/png" />
<meta name="twitter:card" content="summary_large_image" />
<meta name="twitter:label1" content="Tiempo de lectura" />
	<meta name="twitter:data1" content="1 minuto" />
<script type="application/ld+json" class="yoast-schema-graph">{"@context":"https://schema.org","@graph":[{"@type":"WebPage","@id":"https://www.ull.es/portal/agenda/evento/seminario-nuevas-fronteras-en-la-investigacion-antropologica-sobre-migraciones-personas-entidades-y-espacios-de-contacto/","url":"https://www.ull.es/portal/agenda/evento/seminario-nuevas-fronteras-en-la-investigacion-antropologica-sobre-migraciones-personas-entidades-y-espacios-de-contacto/","name":"Seminario: \"Nuevas fronteras en la investigación antropológica sobre migraciones: personas, entidades y espacios de contacto\" - ULL - Agenda","isPartOf":{"@id":"https://www.ull.es/portal/agenda/#website"},"datePublished":"2022-07-22T11:30:59+00:00","dateModified":"2022-09-30T13:21:20+00:00","breadcrumb":{"@id":"https://www.ull.es/portal/agenda/evento/seminario-nuevas-fronteras-en-la-investigacion-antropologica-sobre-migraciones-personas-entidades-y-espacios-de-contacto/#breadcrumb"},"inLanguage":"es","potentialAction":[{"@type":"ReadAction","target":["https://www.ull.es/portal/agenda/evento/seminario-nuevas-fronteras-en-la-investigacion-antropologica-sobre-migraciones-personas-entidades-y-espacios-de-contacto/"]}]},{"@type":"BreadcrumbList","@id":"https://www.ull.es/portal/agenda/evento/seminario-nuevas-fronteras-en-la-investigacion-antropologica-sobre-migraciones-personas-entidades-y-espacios-de-contacto/#breadcrumb","itemListElement":[{"@type":"ListItem","position":1,"name":"Portada","item":"https://www.ull.es/portal/agenda/"},{"@type":"ListItem","position":2,"name":"Seminario: «Nuevas fronteras en la investigación antropológica sobre migraciones: personas, entidades y espacios de contacto»"}]},{"@type":"WebSite","@id":"https://www.ull.es/portal/agenda/#website","url":"https://www.ull.es/portal/agenda/","name":"ULL - Agenda","description":"","potentialAction":[{"@type":"SearchAction","target":{"@type":"EntryPoint","urlTemplate":"https://www.ull.es/portal/agenda/?s={search_term_string}"},"query-input":"required name=search_term_string"}],"inLanguage":"es"}]}</script>
<!-- / Yoast SEO plugin. -->

Seminario: "Nuevas fronteras en la investigación antropológica sobre migraciones: personas, entidades y espacios de contacto" - ULL - Agenda

Llega la III edición de Campus América del 10 al 21 de octubre, un espacio de valoración e impulso de las acciones de internacionalización de la Universidad de La Laguna con el continente americano, que contará dentro su programación de formación, con el seminario &#8216;Nuevas fronteras en la investigación antropológica sobre migraciones: personas, entidades y...
