{"id":26892,"date":"2022-10-03T09:52:39","date_gmt":"2022-10-03T09:52:39","guid":{"rendered":"https:\/\/www.ull.es\/portal\/agenda\/?post_type=tribe_events&#038;p=26892"},"modified":"2022-10-03T23:48:49","modified_gmt":"2022-10-03T23:48:49","slug":"presentacion-del-libro-relatos-de-los-dias-tristes-de-angela-peris-alonso","status":"publish","type":"tribe_events","link":"https:\/\/www.ull.es\/portal\/agenda\/evento\/presentacion-del-libro-relatos-de-los-dias-tristes-de-angela-peris-alonso\/","title":{"rendered":"Presentaci\u00f3n del libro \u00abRelatos de los d\u00edas tristes\u00bb de \u00c1ngela Peris Alonso"},"content":{"rendered":"<p>La Sala de Audiovisuales de la Secci\u00f3n de Filolog\u00eda de la Facultad de Humanidades de la Universidad de La Laguna acoge el 7 de octubre a las 12:00 horas la presentaci\u00f3n del libro \u00abRelatos de los d\u00edas tristes\u00bb de \u00c1ngela Peris Alonso. Este libro es una colecci\u00f3n de microrrelatos y un cuento final m\u00e1s largo, El juego del escondite.<\/p>\n<p>Los microrrelatos son historias que plantean reflexiones sobre estos tiempos excepcionales, vividos en la incertidumbre de los hogares, a trav\u00e9s de perfiles que han sido y siguen siendo protagonistas de nuestros d\u00edas.<\/p>\n<p>En todos los relatos la ambig\u00fcedad es tambi\u00e9n protagonista, sorprender\u00e1 al lector y lo dejar\u00e1 entre dudas. Quiz\u00e1 todo sea met\u00e1fora de nuestra realidad, tan tristemente superficial a veces.<\/p>\n<p>El \u00faltimo relato plantea una distop\u00eda inspirada en el momento de salir a las calles, al terminar el confinamiento. Un caso extremo que recoge las pinceladas esbozadas en las anteriores historias para revelarnos poco a poco un panorama absurdo y peligroso al que se dirige una gran ciudad sin definir, reflejo de otras muchas que podr\u00edan estar sufriendo la misma suerte. En esa situaci\u00f3n, protagonistas an\u00f3nimos se debaten por encontrar soluciones.<\/p>\n<p><a href=\"https:\/\/drive.google.com\/file\/d\/1IwlXh9MvtHgGa65c5oklhJXAd20_chB_\/view?usp=sharing\" target=\"_blank\" rel=\"noopener\" target=\"_blank\" rel=\"noopener\">Cartel<\/a><\/p>\n","protected":false},"excerpt":{"rendered":"<p>La Sala de Audiovisuales de la Secci\u00f3n de Filolog\u00eda de la Facultad de Humanidades de la Universidad de La Laguna acoge el 7 de octubre a las 12:00 horas la presentaci\u00f3n del libro \u00abRelatos de los d\u00edas tristes\u00bb de \u00c1ngela Peris Alonso. Este libro es una colecci\u00f3n de microrrelatos y un cuento final m\u00e1s largo,&#8230;<\/p>\n","protected":false},"author":65,"featured_media":26902,"comment_status":"closed","ping_status":"closed","template":"","tags":[],"tribe_events_cat":[985,473],"acf":[],"yoast_head":"<!-- This site is optimized with the Yoast SEO plugin v21.3 - https:\/\/yoast.com\/wordpress\/plugins\/seo\/ -->\n<title>Presentaci\u00f3n del libro &quot;Relatos de los d\u00edas tristes&quot; de \u00c1ngela Peris Alonso - ULL - Agenda<\/title>\n<meta name=\"robots\" content=\"index, follow, max-snippet:-1, max-image-preview:large, max-video-preview:-1\" \/>\n<link rel=\"canonical\" href=\"https:\/\/www.ull.es\/portal\/agenda\/evento\/presentacion-del-libro-relatos-de-los-dias-tristes-de-angela-peris-alonso\/\" \/>\n<meta property=\"og:locale\" content=\"es_ES\" \/>\n<meta property=\"og:type\" content=\"article\" \/>\n<meta property=\"og:title\" content=\"Presentaci\u00f3n del libro &quot;Relatos de los d\u00edas tristes&quot; de \u00c1ngela Peris Alonso - ULL - Agenda\" \/>\n<meta property=\"og:description\" content=\"La Sala de Audiovisuales de la Secci\u00f3n de Filolog\u00eda de la Facultad de Humanidades de la Universidad de La Laguna acoge el 7 de octubre a las 12:00 horas la presentaci\u00f3n del libro \u00abRelatos de los d\u00edas tristes\u00bb de \u00c1ngela Peris Alonso. Este libro es una colecci\u00f3n de microrrelatos y un cuento final m\u00e1s largo,...\" \/>\n<meta property=\"og:url\" content=\"https:\/\/www.ull.es\/portal\/agenda\/evento\/presentacion-del-libro-relatos-de-los-dias-tristes-de-angela-peris-alonso\/\" \/>\n<meta property=\"og:site_name\" content=\"ULL - Agenda\" \/>\n<meta property=\"article:modified_time\" content=\"2022-10-03T23:48:49+00:00\" \/>\n<meta property=\"og:image\" content=\"https:\/\/www.ull.es\/portal\/agenda\/wp-content\/uploads\/sites\/12\/2022\/10\/Presentacio\u0301n-libro-A\u0301ngela-Peris-Alonso_Banner-evento.png\" \/>\n\t<meta property=\"og:image:width\" content=\"700\" \/>\n\t<meta property=\"og:image:height\" content=\"350\" \/>\n\t<meta property=\"og:image:type\" content=\"image\/png\" \/>\n<meta name=\"twitter:card\" content=\"summary_large_image\" \/>\n<meta name=\"twitter:label1\" content=\"Tiempo de lectura\" \/>\n\t<meta name=\"twitter:data1\" content=\"1 minuto\" \/>\n<script type=\"application\/ld+json\" class=\"yoast-schema-graph\">{\"@context\":\"https:\/\/schema.org\",\"@graph\":[{\"@type\":\"WebPage\",\"@id\":\"https:\/\/www.ull.es\/portal\/agenda\/evento\/presentacion-del-libro-relatos-de-los-dias-tristes-de-angela-peris-alonso\/\",\"url\":\"https:\/\/www.ull.es\/portal\/agenda\/evento\/presentacion-del-libro-relatos-de-los-dias-tristes-de-angela-peris-alonso\/\",\"name\":\"Presentaci\u00f3n del libro \\\"Relatos de los d\u00edas tristes\\\" de \u00c1ngela Peris Alonso - ULL - Agenda\",\"isPartOf\":{\"@id\":\"https:\/\/www.ull.es\/portal\/agenda\/#website\"},\"datePublished\":\"2022-10-03T09:52:39+00:00\",\"dateModified\":\"2022-10-03T23:48:49+00:00\",\"breadcrumb\":{\"@id\":\"https:\/\/www.ull.es\/portal\/agenda\/evento\/presentacion-del-libro-relatos-de-los-dias-tristes-de-angela-peris-alonso\/#breadcrumb\"},\"inLanguage\":\"es\",\"potentialAction\":[{\"@type\":\"ReadAction\",\"target\":[\"https:\/\/www.ull.es\/portal\/agenda\/evento\/presentacion-del-libro-relatos-de-los-dias-tristes-de-angela-peris-alonso\/\"]}]},{\"@type\":\"BreadcrumbList\",\"@id\":\"https:\/\/www.ull.es\/portal\/agenda\/evento\/presentacion-del-libro-relatos-de-los-dias-tristes-de-angela-peris-alonso\/#breadcrumb\",\"itemListElement\":[{\"@type\":\"ListItem\",\"position\":1,\"name\":\"Portada\",\"item\":\"https:\/\/www.ull.es\/portal\/agenda\/\"},{\"@type\":\"ListItem\",\"position\":2,\"name\":\"Presentaci\u00f3n del libro \u00abRelatos de los d\u00edas tristes\u00bb de \u00c1ngela Peris Alonso\"}]},{\"@type\":\"WebSite\",\"@id\":\"https:\/\/www.ull.es\/portal\/agenda\/#website\",\"url\":\"https:\/\/www.ull.es\/portal\/agenda\/\",\"name\":\"ULL - Agenda\",\"description\":\"\",\"potentialAction\":[{\"@type\":\"SearchAction\",\"target\":{\"@type\":\"EntryPoint\",\"urlTemplate\":\"https:\/\/www.ull.es\/portal\/agenda\/?s={search_term_string}\"},\"query-input\":\"required name=search_term_string\"}],\"inLanguage\":\"es\"}]}<\/script>\n<!-- \/ Yoast SEO plugin. -->","yoast_head_json":{"title":"Presentaci\u00f3n del libro \"Relatos de los d\u00edas tristes\" de \u00c1ngela Peris Alonso - ULL - Agenda","robots":{"index":"index","follow":"follow","max-snippet":"max-snippet:-1","max-image-preview":"max-image-preview:large","max-video-preview":"max-video-preview:-1"},"canonical":"https:\/\/www.ull.es\/portal\/agenda\/evento\/presentacion-del-libro-relatos-de-los-dias-tristes-de-angela-peris-alonso\/","og_locale":"es_ES","og_type":"article","og_title":"Presentaci\u00f3n del libro \"Relatos de los d\u00edas tristes\" de \u00c1ngela Peris Alonso - ULL - Agenda","og_description":"La Sala de Audiovisuales de la Secci\u00f3n de Filolog\u00eda de la Facultad de Humanidades de la Universidad de La Laguna acoge el 7 de octubre a las 12:00 horas la presentaci\u00f3n del libro \u00abRelatos de los d\u00edas tristes\u00bb de \u00c1ngela Peris Alonso. Este libro es una colecci\u00f3n de microrrelatos y un cuento final m\u00e1s largo,...","og_url":"https:\/\/www.ull.es\/portal\/agenda\/evento\/presentacion-del-libro-relatos-de-los-dias-tristes-de-angela-peris-alonso\/","og_site_name":"ULL - Agenda","article_modified_time":"2022-10-03T23:48:49+00:00","og_image":[{"width":700,"height":350,"url":"https:\/\/www.ull.es\/portal\/agenda\/wp-content\/uploads\/sites\/12\/2022\/10\/Presentacio\u0301n-libro-A\u0301ngela-Peris-Alonso_Banner-evento.png","type":"image\/png"}],"twitter_card":"summary_large_image","twitter_misc":{"Tiempo de lectura":"1 minuto"},"schema":{"@context":"https:\/\/schema.org","@graph":[{"@type":"WebPage","@id":"https:\/\/www.ull.es\/portal\/agenda\/evento\/presentacion-del-libro-relatos-de-los-dias-tristes-de-angela-peris-alonso\/","url":"https:\/\/www.ull.es\/portal\/agenda\/evento\/presentacion-del-libro-relatos-de-los-dias-tristes-de-angela-peris-alonso\/","name":"Presentaci\u00f3n del libro \"Relatos de los d\u00edas tristes\" de \u00c1ngela Peris Alonso - ULL - Agenda","isPartOf":{"@id":"https:\/\/www.ull.es\/portal\/agenda\/#website"},"datePublished":"2022-10-03T09:52:39+00:00","dateModified":"2022-10-03T23:48:49+00:00","breadcrumb":{"@id":"https:\/\/www.ull.es\/portal\/agenda\/evento\/presentacion-del-libro-relatos-de-los-dias-tristes-de-angela-peris-alonso\/#breadcrumb"},"inLanguage":"es","potentialAction":[{"@type":"ReadAction","target":["https:\/\/www.ull.es\/portal\/agenda\/evento\/presentacion-del-libro-relatos-de-los-dias-tristes-de-angela-peris-alonso\/"]}]},{"@type":"BreadcrumbList","@id":"https:\/\/www.ull.es\/portal\/agenda\/evento\/presentacion-del-libro-relatos-de-los-dias-tristes-de-angela-peris-alonso\/#breadcrumb","itemListElement":[{"@type":"ListItem","position":1,"name":"Portada","item":"https:\/\/www.ull.es\/portal\/agenda\/"},{"@type":"ListItem","position":2,"name":"Presentaci\u00f3n del libro \u00abRelatos de los d\u00edas tristes\u00bb de \u00c1ngela Peris Alonso"}]},{"@type":"WebSite","@id":"https:\/\/www.ull.es\/portal\/agenda\/#website","url":"https:\/\/www.ull.es\/portal\/agenda\/","name":"ULL - Agenda","description":"","potentialAction":[{"@type":"SearchAction","target":{"@type":"EntryPoint","urlTemplate":"https:\/\/www.ull.es\/portal\/agenda\/?s={search_term_string}"},"query-input":"required name=search_term_string"}],"inLanguage":"es"}]}},"_links":{"self":[{"href":"https:\/\/www.ull.es\/portal\/agenda\/wp-json\/wp\/v2\/tribe_events\/26892"}],"collection":[{"href":"https:\/\/www.ull.es\/portal\/agenda\/wp-json\/wp\/v2\/tribe_events"}],"about":[{"href":"https:\/\/www.ull.es\/portal\/agenda\/wp-json\/wp\/v2\/types\/tribe_events"}],"author":[{"embeddable":true,"href":"https:\/\/www.ull.es\/portal\/agenda\/wp-json\/wp\/v2\/users\/65"}],"replies":[{"embeddable":true,"href":"https:\/\/www.ull.es\/portal\/agenda\/wp-json\/wp\/v2\/comments?post=26892"}],"version-history":[{"count":3,"href":"https:\/\/www.ull.es\/portal\/agenda\/wp-json\/wp\/v2\/tribe_events\/26892\/revisions"}],"predecessor-version":[{"id":26904,"href":"https:\/\/www.ull.es\/portal\/agenda\/wp-json\/wp\/v2\/tribe_events\/26892\/revisions\/26904"}],"wp:featuredmedia":[{"embeddable":true,"href":"https:\/\/www.ull.es\/portal\/agenda\/wp-json\/wp\/v2\/media\/26902"}],"wp:attachment":[{"href":"https:\/\/www.ull.es\/portal\/agenda\/wp-json\/wp\/v2\/media?parent=26892"}],"wp:term":[{"taxonomy":"post_tag","embeddable":true,"href":"https:\/\/www.ull.es\/portal\/agenda\/wp-json\/wp\/v2\/tags?post=26892"},{"taxonomy":"tribe_events_cat","embeddable":true,"href":"https:\/\/www.ull.es\/portal\/agenda\/wp-json\/wp\/v2\/tribe_events_cat?post=26892"}],"curies":[{"name":"wp","href":"https:\/\/api.w.org\/{rel}","templated":true}]}}

Presentación del libro «Relatos de los días tristes» de Ángela Peris Alonso

<p>La Sala de Audiovisuales de la Sección de Filología de la Facultad de Humanidades de la Universidad de La Laguna acoge el 7 de octubre a las 12:00 horas la presentación del libro «Relatos de los días tristes» de Ángela Peris Alonso. Este libro es una colección de microrrelatos y un cuento final más largo, El juego del escondite.</p>
<p>Los microrrelatos son historias que plantean reflexiones sobre estos tiempos excepcionales, vividos en la incertidumbre de los hogares, a través de perfiles que han sido y siguen siendo protagonistas de nuestros días.</p>
<p>En todos los relatos la ambigüedad es también protagonista, sorprenderá al lector y lo dejará entre dudas. Quizá todo sea metáfora de nuestra realidad, tan tristemente superficial a veces.</p>
<p>El último relato plantea una distopía inspirada en el momento de salir a las calles, al terminar el confinamiento. Un caso extremo que recoge las pinceladas esbozadas en las anteriores historias para revelarnos poco a poco un panorama absurdo y peligroso al que se dirige una gran ciudad sin definir, reflejo de otras muchas que podrían estar sufriendo la misma suerte. En esa situación, protagonistas anónimos se debaten por encontrar soluciones.</p>
<p><a href="https://drive.google.com/file/d/1IwlXh9MvtHgGa65c5oklhJXAd20_chB_/view?usp=sharing" target="_blank" rel="noopener" target="_blank" rel="noopener">Cartel</a></p>

<p>La Sala de Audiovisuales de la Sección de Filología de la Facultad de Humanidades de la Universidad de La Laguna acoge el 7 de octubre a las 12:00 horas la presentación del libro «Relatos de los días tristes» de Ángela Peris Alonso. Este libro es una colección de microrrelatos y un cuento final más largo,&#8230;</p>

<!-- This site is optimized with the Yoast SEO plugin v21.3 - https://yoast.com/wordpress/plugins/seo/ -->
<title>Presentación del libro &quot;Relatos de los días tristes&quot; de Ángela Peris Alonso - ULL - Agenda</title>
<meta name="robots" content="index, follow, max-snippet:-1, max-image-preview:large, max-video-preview:-1" />
<link rel="canonical" href="https://www.ull.es/portal/agenda/evento/presentacion-del-libro-relatos-de-los-dias-tristes-de-angela-peris-alonso/" />
<meta property="og:locale" content="es_ES" />
<meta property="og:type" content="article" />
<meta property="og:title" content="Presentación del libro &quot;Relatos de los días tristes&quot; de Ángela Peris Alonso - ULL - Agenda" />
<meta property="og:description" content="La Sala de Audiovisuales de la Sección de Filología de la Facultad de Humanidades de la Universidad de La Laguna acoge el 7 de octubre a las 12:00 horas la presentación del libro «Relatos de los días tristes» de Ángela Peris Alonso. Este libro es una colección de microrrelatos y un cuento final más largo,..." />
<meta property="og:url" content="https://www.ull.es/portal/agenda/evento/presentacion-del-libro-relatos-de-los-dias-tristes-de-angela-peris-alonso/" />
<meta property="og:site_name" content="ULL - Agenda" />
<meta property="article:modified_time" content="2022-10-03T23:48:49+00:00" />
<meta property="og:image" content="https://www.ull.es/portal/agenda/wp-content/uploads/sites/12/2022/10/Presentación-libro-Ángela-Peris-Alonso_Banner-evento.png" />
	<meta property="og:image:width" content="700" />
	<meta property="og:image:height" content="350" />
	<meta property="og:image:type" content="image/png" />
<meta name="twitter:card" content="summary_large_image" />
<meta name="twitter:label1" content="Tiempo de lectura" />
	<meta name="twitter:data1" content="1 minuto" />
<script type="application/ld+json" class="yoast-schema-graph">{"@context":"https://schema.org","@graph":[{"@type":"WebPage","@id":"https://www.ull.es/portal/agenda/evento/presentacion-del-libro-relatos-de-los-dias-tristes-de-angela-peris-alonso/","url":"https://www.ull.es/portal/agenda/evento/presentacion-del-libro-relatos-de-los-dias-tristes-de-angela-peris-alonso/","name":"Presentación del libro \"Relatos de los días tristes\" de Ángela Peris Alonso - ULL - Agenda","isPartOf":{"@id":"https://www.ull.es/portal/agenda/#website"},"datePublished":"2022-10-03T09:52:39+00:00","dateModified":"2022-10-03T23:48:49+00:00","breadcrumb":{"@id":"https://www.ull.es/portal/agenda/evento/presentacion-del-libro-relatos-de-los-dias-tristes-de-angela-peris-alonso/#breadcrumb"},"inLanguage":"es","potentialAction":[{"@type":"ReadAction","target":["https://www.ull.es/portal/agenda/evento/presentacion-del-libro-relatos-de-los-dias-tristes-de-angela-peris-alonso/"]}]},{"@type":"BreadcrumbList","@id":"https://www.ull.es/portal/agenda/evento/presentacion-del-libro-relatos-de-los-dias-tristes-de-angela-peris-alonso/#breadcrumb","itemListElement":[{"@type":"ListItem","position":1,"name":"Portada","item":"https://www.ull.es/portal/agenda/"},{"@type":"ListItem","position":2,"name":"Presentación del libro «Relatos de los días tristes» de Ángela Peris Alonso"}]},{"@type":"WebSite","@id":"https://www.ull.es/portal/agenda/#website","url":"https://www.ull.es/portal/agenda/","name":"ULL - Agenda","description":"","potentialAction":[{"@type":"SearchAction","target":{"@type":"EntryPoint","urlTemplate":"https://www.ull.es/portal/agenda/?s={search_term_string}"},"query-input":"required name=search_term_string"}],"inLanguage":"es"}]}</script>
<!-- / Yoast SEO plugin. -->

Presentación del libro "Relatos de los días tristes" de Ángela Peris Alonso - ULL - Agenda

La Sala de Audiovisuales de la Sección de Filología de la Facultad de Humanidades de la Universidad de La Laguna acoge el 7 de octubre a las 12:00 horas la presentación del libro «Relatos de los días tristes» de Ángela Peris Alonso. Este libro es una colección de microrrelatos y un cuento final más largo,...
