{"id":26992,"date":"2022-10-06T13:27:01","date_gmt":"2022-10-06T13:27:01","guid":{"rendered":"https:\/\/www.ull.es\/portal\/agenda\/?post_type=tribe_events&#038;p=26992"},"modified":"2022-10-07T12:59:47","modified_gmt":"2022-10-07T12:59:47","slug":"hablando-sobre-libros-xvii-agroecologia-asignatura-pendiente","status":"publish","type":"tribe_events","link":"https:\/\/www.ull.es\/portal\/agenda\/evento\/hablando-sobre-libros-xvii-agroecologia-asignatura-pendiente\/","title":{"rendered":"Hablando sobre libros XVII: Agroecologi\u0301a, asignatura pendiente"},"content":{"rendered":"<div class=\"Qr7Oae\" role=\"listitem\">\n<div class=\"OxAavc NVbRL\" data-required=\"true\" data-item-id=\"527596313\">\n<div class=\"Ih4Dzb\">\n<div class=\"q4tvle JqSWld yqQS1\">\n<p>Despu\u00e9s de un hiato de dos a\u00f1os y medio, el programa literario de Radio Campus vuelve a su versi\u00f3n presencial y lo hace en pub \u00abS\u00f3crates\u00bb de La Laguna, con la presentaci\u00f3n de una nueva obra en la que su autor hablar\u00e1 con la audiencia sobre su libro y conversar\u00e1 con la audiencia sobre el mismo.<\/p>\n<p>El evento se grabar\u00e1 y ser\u00e1 publicado en los canales que la emisora universitaria tiene en iVoox y YouTube. Experimentalmente, se emitir\u00e1 en directo en Twicht, en la que ser\u00e1 la primera transmisi\u00f3n que se haga desde esta red social, por parte del aula cutural.<\/p>\n<\/div>\n<\/div>\n<\/div>\n<\/div>\n<div><\/div>\n<div><a href=\"https:\/\/drive.google.com\/file\/d\/1MhwgXAV9vuzr3S7e0UKsBrEjHWbiKTz2\/view?usp=sharing\" target=\"_blank\" rel=\"noopener\" target=\"_blank\" rel=\"noopener\">Cartel<\/a><\/div>\n","protected":false},"excerpt":{"rendered":"<p>Despu\u00e9s de un hiato de dos a\u00f1os y medio, el programa literario de Radio Campus vuelve a su versi\u00f3n presencial y lo hace en pub \u00abS\u00f3crates\u00bb de La Laguna, con la presentaci\u00f3n de una nueva obra en la que su autor hablar\u00e1 con la audiencia sobre su libro y conversar\u00e1 con la audiencia sobre el&#8230;<\/p>\n","protected":false},"author":65,"featured_media":27023,"comment_status":"closed","ping_status":"closed","template":"","tags":[],"tribe_events_cat":[344,3987],"acf":[],"yoast_head":"<!-- This site is optimized with the Yoast SEO plugin v21.3 - https:\/\/yoast.com\/wordpress\/plugins\/seo\/ -->\n<title>Hablando sobre libros XVII: Agroecologi\u0301a, asignatura pendiente - ULL - Agenda<\/title>\n<meta name=\"robots\" content=\"index, follow, max-snippet:-1, max-image-preview:large, max-video-preview:-1\" \/>\n<link rel=\"canonical\" href=\"https:\/\/www.ull.es\/portal\/agenda\/evento\/hablando-sobre-libros-xvii-agroecologia-asignatura-pendiente\/\" \/>\n<meta property=\"og:locale\" content=\"es_ES\" \/>\n<meta property=\"og:type\" content=\"article\" \/>\n<meta property=\"og:title\" content=\"Hablando sobre libros XVII: Agroecologi\u0301a, asignatura pendiente - ULL - Agenda\" \/>\n<meta property=\"og:description\" content=\"Despu\u00e9s de un hiato de dos a\u00f1os y medio, el programa literario de Radio Campus vuelve a su versi\u00f3n presencial y lo hace en pub \u00abS\u00f3crates\u00bb de La Laguna, con la presentaci\u00f3n de una nueva obra en la que su autor hablar\u00e1 con la audiencia sobre su libro y conversar\u00e1 con la audiencia sobre el...\" \/>\n<meta property=\"og:url\" content=\"https:\/\/www.ull.es\/portal\/agenda\/evento\/hablando-sobre-libros-xvii-agroecologia-asignatura-pendiente\/\" \/>\n<meta property=\"og:site_name\" content=\"ULL - Agenda\" \/>\n<meta property=\"article:modified_time\" content=\"2022-10-07T12:59:47+00:00\" \/>\n<meta property=\"og:image\" content=\"https:\/\/www.ull.es\/portal\/agenda\/wp-content\/uploads\/sites\/12\/2022\/10\/Hablando-sobre-libros-XVII-Agroecologi\u0301a-asignatura-pendiente_Banner-evento.jpg\" \/>\n\t<meta property=\"og:image:width\" content=\"700\" \/>\n\t<meta property=\"og:image:height\" content=\"350\" \/>\n\t<meta property=\"og:image:type\" content=\"image\/jpeg\" \/>\n<meta name=\"twitter:card\" content=\"summary_large_image\" \/>\n<meta name=\"twitter:label1\" content=\"Tiempo de lectura\" \/>\n\t<meta name=\"twitter:data1\" content=\"1 minuto\" \/>\n<script type=\"application\/ld+json\" class=\"yoast-schema-graph\">{\"@context\":\"https:\/\/schema.org\",\"@graph\":[{\"@type\":\"WebPage\",\"@id\":\"https:\/\/www.ull.es\/portal\/agenda\/evento\/hablando-sobre-libros-xvii-agroecologia-asignatura-pendiente\/\",\"url\":\"https:\/\/www.ull.es\/portal\/agenda\/evento\/hablando-sobre-libros-xvii-agroecologia-asignatura-pendiente\/\",\"name\":\"Hablando sobre libros XVII: Agroecologi\u0301a, asignatura pendiente - ULL - Agenda\",\"isPartOf\":{\"@id\":\"https:\/\/www.ull.es\/portal\/agenda\/#website\"},\"datePublished\":\"2022-10-06T13:27:01+00:00\",\"dateModified\":\"2022-10-07T12:59:47+00:00\",\"breadcrumb\":{\"@id\":\"https:\/\/www.ull.es\/portal\/agenda\/evento\/hablando-sobre-libros-xvii-agroecologia-asignatura-pendiente\/#breadcrumb\"},\"inLanguage\":\"es\",\"potentialAction\":[{\"@type\":\"ReadAction\",\"target\":[\"https:\/\/www.ull.es\/portal\/agenda\/evento\/hablando-sobre-libros-xvii-agroecologia-asignatura-pendiente\/\"]}]},{\"@type\":\"BreadcrumbList\",\"@id\":\"https:\/\/www.ull.es\/portal\/agenda\/evento\/hablando-sobre-libros-xvii-agroecologia-asignatura-pendiente\/#breadcrumb\",\"itemListElement\":[{\"@type\":\"ListItem\",\"position\":1,\"name\":\"Portada\",\"item\":\"https:\/\/www.ull.es\/portal\/agenda\/\"},{\"@type\":\"ListItem\",\"position\":2,\"name\":\"Hablando sobre libros XVII: Agroecologi\u0301a, asignatura pendiente\"}]},{\"@type\":\"WebSite\",\"@id\":\"https:\/\/www.ull.es\/portal\/agenda\/#website\",\"url\":\"https:\/\/www.ull.es\/portal\/agenda\/\",\"name\":\"ULL - Agenda\",\"description\":\"\",\"potentialAction\":[{\"@type\":\"SearchAction\",\"target\":{\"@type\":\"EntryPoint\",\"urlTemplate\":\"https:\/\/www.ull.es\/portal\/agenda\/?s={search_term_string}\"},\"query-input\":\"required name=search_term_string\"}],\"inLanguage\":\"es\"}]}<\/script>\n<!-- \/ Yoast SEO plugin. -->","yoast_head_json":{"title":"Hablando sobre libros XVII: Agroecologi\u0301a, asignatura pendiente - ULL - Agenda","robots":{"index":"index","follow":"follow","max-snippet":"max-snippet:-1","max-image-preview":"max-image-preview:large","max-video-preview":"max-video-preview:-1"},"canonical":"https:\/\/www.ull.es\/portal\/agenda\/evento\/hablando-sobre-libros-xvii-agroecologia-asignatura-pendiente\/","og_locale":"es_ES","og_type":"article","og_title":"Hablando sobre libros XVII: Agroecologi\u0301a, asignatura pendiente - ULL - Agenda","og_description":"Despu\u00e9s de un hiato de dos a\u00f1os y medio, el programa literario de Radio Campus vuelve a su versi\u00f3n presencial y lo hace en pub \u00abS\u00f3crates\u00bb de La Laguna, con la presentaci\u00f3n de una nueva obra en la que su autor hablar\u00e1 con la audiencia sobre su libro y conversar\u00e1 con la audiencia sobre el...","og_url":"https:\/\/www.ull.es\/portal\/agenda\/evento\/hablando-sobre-libros-xvii-agroecologia-asignatura-pendiente\/","og_site_name":"ULL - Agenda","article_modified_time":"2022-10-07T12:59:47+00:00","og_image":[{"width":700,"height":350,"url":"https:\/\/www.ull.es\/portal\/agenda\/wp-content\/uploads\/sites\/12\/2022\/10\/Hablando-sobre-libros-XVII-Agroecologi\u0301a-asignatura-pendiente_Banner-evento.jpg","type":"image\/jpeg"}],"twitter_card":"summary_large_image","twitter_misc":{"Tiempo de lectura":"1 minuto"},"schema":{"@context":"https:\/\/schema.org","@graph":[{"@type":"WebPage","@id":"https:\/\/www.ull.es\/portal\/agenda\/evento\/hablando-sobre-libros-xvii-agroecologia-asignatura-pendiente\/","url":"https:\/\/www.ull.es\/portal\/agenda\/evento\/hablando-sobre-libros-xvii-agroecologia-asignatura-pendiente\/","name":"Hablando sobre libros XVII: Agroecologi\u0301a, asignatura pendiente - ULL - Agenda","isPartOf":{"@id":"https:\/\/www.ull.es\/portal\/agenda\/#website"},"datePublished":"2022-10-06T13:27:01+00:00","dateModified":"2022-10-07T12:59:47+00:00","breadcrumb":{"@id":"https:\/\/www.ull.es\/portal\/agenda\/evento\/hablando-sobre-libros-xvii-agroecologia-asignatura-pendiente\/#breadcrumb"},"inLanguage":"es","potentialAction":[{"@type":"ReadAction","target":["https:\/\/www.ull.es\/portal\/agenda\/evento\/hablando-sobre-libros-xvii-agroecologia-asignatura-pendiente\/"]}]},{"@type":"BreadcrumbList","@id":"https:\/\/www.ull.es\/portal\/agenda\/evento\/hablando-sobre-libros-xvii-agroecologia-asignatura-pendiente\/#breadcrumb","itemListElement":[{"@type":"ListItem","position":1,"name":"Portada","item":"https:\/\/www.ull.es\/portal\/agenda\/"},{"@type":"ListItem","position":2,"name":"Hablando sobre libros XVII: Agroecologi\u0301a, asignatura pendiente"}]},{"@type":"WebSite","@id":"https:\/\/www.ull.es\/portal\/agenda\/#website","url":"https:\/\/www.ull.es\/portal\/agenda\/","name":"ULL - Agenda","description":"","potentialAction":[{"@type":"SearchAction","target":{"@type":"EntryPoint","urlTemplate":"https:\/\/www.ull.es\/portal\/agenda\/?s={search_term_string}"},"query-input":"required name=search_term_string"}],"inLanguage":"es"}]}},"_links":{"self":[{"href":"https:\/\/www.ull.es\/portal\/agenda\/wp-json\/wp\/v2\/tribe_events\/26992"}],"collection":[{"href":"https:\/\/www.ull.es\/portal\/agenda\/wp-json\/wp\/v2\/tribe_events"}],"about":[{"href":"https:\/\/www.ull.es\/portal\/agenda\/wp-json\/wp\/v2\/types\/tribe_events"}],"author":[{"embeddable":true,"href":"https:\/\/www.ull.es\/portal\/agenda\/wp-json\/wp\/v2\/users\/65"}],"replies":[{"embeddable":true,"href":"https:\/\/www.ull.es\/portal\/agenda\/wp-json\/wp\/v2\/comments?post=26992"}],"version-history":[{"count":2,"href":"https:\/\/www.ull.es\/portal\/agenda\/wp-json\/wp\/v2\/tribe_events\/26992\/revisions"}],"predecessor-version":[{"id":26998,"href":"https:\/\/www.ull.es\/portal\/agenda\/wp-json\/wp\/v2\/tribe_events\/26992\/revisions\/26998"}],"wp:featuredmedia":[{"embeddable":true,"href":"https:\/\/www.ull.es\/portal\/agenda\/wp-json\/wp\/v2\/media\/27023"}],"wp:attachment":[{"href":"https:\/\/www.ull.es\/portal\/agenda\/wp-json\/wp\/v2\/media?parent=26992"}],"wp:term":[{"taxonomy":"post_tag","embeddable":true,"href":"https:\/\/www.ull.es\/portal\/agenda\/wp-json\/wp\/v2\/tags?post=26992"},{"taxonomy":"tribe_events_cat","embeddable":true,"href":"https:\/\/www.ull.es\/portal\/agenda\/wp-json\/wp\/v2\/tribe_events_cat?post=26992"}],"curies":[{"name":"wp","href":"https:\/\/api.w.org\/{rel}","templated":true}]}}

<div class="Qr7Oae" role="listitem">
<div class="OxAavc NVbRL" data-required="true" data-item-id="527596313">
<div class="Ih4Dzb">
<div class="q4tvle JqSWld yqQS1">
<p>Después de un hiato de dos años y medio, el programa literario de Radio Campus vuelve a su versión presencial y lo hace en pub «Sócrates» de La Laguna, con la presentación de una nueva obra en la que su autor hablará con la audiencia sobre su libro y conversará con la audiencia sobre el mismo.</p>
<p>El evento se grabará y será publicado en los canales que la emisora universitaria tiene en iVoox y YouTube. Experimentalmente, se emitirá en directo en Twicht, en la que será la primera transmisión que se haga desde esta red social, por parte del aula cutural.</p>
</div>
</div>
</div>
</div>
<div></div>
<div><a href="https://drive.google.com/file/d/1MhwgXAV9vuzr3S7e0UKsBrEjHWbiKTz2/view?usp=sharing" target="_blank" rel="noopener" target="_blank" rel="noopener">Cartel</a></div>

<p>Después de un hiato de dos años y medio, el programa literario de Radio Campus vuelve a su versión presencial y lo hace en pub «Sócrates» de La Laguna, con la presentación de una nueva obra en la que su autor hablará con la audiencia sobre su libro y conversará con la audiencia sobre el&#8230;</p>

<!-- This site is optimized with the Yoast SEO plugin v21.3 - https://yoast.com/wordpress/plugins/seo/ -->
<title>Hablando sobre libros XVII: Agroecología, asignatura pendiente - ULL - Agenda</title>
<meta name="robots" content="index, follow, max-snippet:-1, max-image-preview:large, max-video-preview:-1" />
<link rel="canonical" href="https://www.ull.es/portal/agenda/evento/hablando-sobre-libros-xvii-agroecologia-asignatura-pendiente/" />
<meta property="og:locale" content="es_ES" />
<meta property="og:type" content="article" />
<meta property="og:title" content="Hablando sobre libros XVII: Agroecología, asignatura pendiente - ULL - Agenda" />
<meta property="og:description" content="Después de un hiato de dos años y medio, el programa literario de Radio Campus vuelve a su versión presencial y lo hace en pub «Sócrates» de La Laguna, con la presentación de una nueva obra en la que su autor hablará con la audiencia sobre su libro y conversará con la audiencia sobre el..." />
<meta property="og:url" content="https://www.ull.es/portal/agenda/evento/hablando-sobre-libros-xvii-agroecologia-asignatura-pendiente/" />
<meta property="og:site_name" content="ULL - Agenda" />
<meta property="article:modified_time" content="2022-10-07T12:59:47+00:00" />
<meta property="og:image" content="https://www.ull.es/portal/agenda/wp-content/uploads/sites/12/2022/10/Hablando-sobre-libros-XVII-Agroecología-asignatura-pendiente_Banner-evento.jpg" />
	<meta property="og:image:width" content="700" />
	<meta property="og:image:height" content="350" />
	<meta property="og:image:type" content="image/jpeg" />
<meta name="twitter:card" content="summary_large_image" />
<meta name="twitter:label1" content="Tiempo de lectura" />
	<meta name="twitter:data1" content="1 minuto" />
<script type="application/ld+json" class="yoast-schema-graph">{"@context":"https://schema.org","@graph":[{"@type":"WebPage","@id":"https://www.ull.es/portal/agenda/evento/hablando-sobre-libros-xvii-agroecologia-asignatura-pendiente/","url":"https://www.ull.es/portal/agenda/evento/hablando-sobre-libros-xvii-agroecologia-asignatura-pendiente/","name":"Hablando sobre libros XVII: Agroecología, asignatura pendiente - ULL - Agenda","isPartOf":{"@id":"https://www.ull.es/portal/agenda/#website"},"datePublished":"2022-10-06T13:27:01+00:00","dateModified":"2022-10-07T12:59:47+00:00","breadcrumb":{"@id":"https://www.ull.es/portal/agenda/evento/hablando-sobre-libros-xvii-agroecologia-asignatura-pendiente/#breadcrumb"},"inLanguage":"es","potentialAction":[{"@type":"ReadAction","target":["https://www.ull.es/portal/agenda/evento/hablando-sobre-libros-xvii-agroecologia-asignatura-pendiente/"]}]},{"@type":"BreadcrumbList","@id":"https://www.ull.es/portal/agenda/evento/hablando-sobre-libros-xvii-agroecologia-asignatura-pendiente/#breadcrumb","itemListElement":[{"@type":"ListItem","position":1,"name":"Portada","item":"https://www.ull.es/portal/agenda/"},{"@type":"ListItem","position":2,"name":"Hablando sobre libros XVII: Agroecología, asignatura pendiente"}]},{"@type":"WebSite","@id":"https://www.ull.es/portal/agenda/#website","url":"https://www.ull.es/portal/agenda/","name":"ULL - Agenda","description":"","potentialAction":[{"@type":"SearchAction","target":{"@type":"EntryPoint","urlTemplate":"https://www.ull.es/portal/agenda/?s={search_term_string}"},"query-input":"required name=search_term_string"}],"inLanguage":"es"}]}</script>
<!-- / Yoast SEO plugin. -->

Después de un hiato de dos años y medio, el programa literario de Radio Campus vuelve a su versión presencial y lo hace en pub «Sócrates» de La Laguna, con la presentación de una nueva obra en la que su autor hablará con la audiencia sobre su libro y conversará con la audiencia sobre el...
