{"id":27042,"date":"2022-10-10T10:15:21","date_gmt":"2022-10-10T10:15:21","guid":{"rendered":"https:\/\/www.ull.es\/portal\/agenda\/?post_type=tribe_events&#038;p=27042"},"modified":"2022-10-25T08:16:33","modified_gmt":"2022-10-25T08:16:33","slug":"iii-congreso-nacional-e-internacional-de-historia-del-arte-cultura-y-sociedad-viajes-encuentros-y-mestizajes-en-latinoamerica-africa-y-europa","status":"publish","type":"tribe_events","link":"https:\/\/www.ull.es\/portal\/agenda\/evento\/iii-congreso-nacional-e-internacional-de-historia-del-arte-cultura-y-sociedad-viajes-encuentros-y-mestizajes-en-latinoamerica-africa-y-europa\/","title":{"rendered":"III Congreso Nacional e Internacional de Historia del Arte, Cultura y Sociedad. Viajes encuentros y mestizajes en Latinoam\u00e9rica, \u00c1frica y Europa"},"content":{"rendered":"<p>III Congreso Nacional e Internacional de Historia del Arte, Cultura y Sociedad. Viajes encuentros y mestizajes en Latinoam\u00e9rica, \u00c1frica y Europa organizado por el Departamento de Historia del Arte y Filosof\u00eda, que se celebrar\u00e1 en el Campus de Guajara (Edificio de la Facultad de Geograf\u00eda e Historia y Aulario de Guajara) los d\u00edas 26, 27 y 28 octubre de 2022.<\/p>\n<p>El objetivo de esta actividad es acercar al alumnado al tema de \u201cviajes, encuentros, mestizajes en Latinoam\u00e9rica, \u00c1frica y Europa\u201d desde una perspectiva investigadora.<\/p>\n<p>Dirigida especialmente al alumnado del Grado de Historia del Arte.<\/p>\n<p>Dirigen:<\/p>\n<ul>\n<li>Noemi Cinelli. Profesora Contratada Doctora. Departamento de Historia del Arte y Filosof\u00eda, Universidad de La Laguna.<\/li>\n<li>Gonzalo Pav\u00e9s Borges. Profesor Titular de Universidad. Departamento de Historia del Arte y Filosof\u00eda, Universidad de La Laguna.<\/li>\n<\/ul>\n<p>Coordina: Nuria Segovia Mart\u00edn. Profesora Asociada. Departamento de Historia del Arte y Filosof\u00eda, Universidad de La Laguna.<\/p>\n<p><strong>CERTIFICADO DE ASISTENCIA, APTITUD Y RECONOCIMIENTO POR CR\u00c9DITO ECTS<\/strong><\/p>\n<p>La ULL, a trav\u00e9s del Vicerrectorado de Cultura, Participaci\u00f3n Social y Campus Ofra y La Palma, emitir\u00e1 un certificado de asistencia a todas aquellas personas que asistan a un m\u00ednimo del 80% de las horas lectivas presenciales. Asimismo, aquellas personas que superen el trabajo aut\u00f3nomo del alumnado, recibir\u00e1n un certificado de asistencia y aprovechamiento, reconocible a su vez por un cr\u00e9dito ECTS.<\/p>\n<p><a href=\"https:\/\/drive.google.com\/file\/d\/1ZMt6xAF6Z7pOUklhVxxppuPQTcR7d0vD\/view?usp=sharing\" target=\"_blank\" rel=\"noopener\" target=\"_blank\" rel=\"noopener\"><strong>Descargar programa.<\/strong><\/a><\/p>\n<p><a href=\"https:\/\/sede.fg.ull.es\/es\/curso\/detalle\/a22020254\/iii-congreso-nacional-e-internacional-de-historia-del-arte-cultura-y-sociedad-viajes-encuentros-y-mestizajes-en-latinoamerica-africa-y-europa\" target=\"_blank\" rel=\"noopener noreferrer\" target=\"_blank\" rel=\"noopener\"><strong><u>M\u00e1s informaci\u00f3n e inscripci\u00f3n aqu\u00ed.<\/u><\/strong><\/a><\/p>\n<p><span style=\"color: #ff0000;\"><strong>\u00a1PLAZAS AGOTADAS!<\/strong><\/span><\/p>\n<p><strong>Contacto: 922 319 616 \/ 922 319 626 \u2013\u00a0<\/strong><a href=\"mailto:extuni@ull.edu.es\" target=\"_blank\" rel=\"noopener\"><strong>extuni@ull.es<\/strong><\/a><\/p>\n","protected":false},"excerpt":{"rendered":"<p>III Congreso Nacional e Internacional de Historia del Arte, Cultura y Sociedad. Viajes encuentros y mestizajes en Latinoam\u00e9rica, \u00c1frica y Europa organizado por el Departamento de Historia del Arte y Filosof\u00eda, que se celebrar\u00e1 en el Campus de Guajara (Edificio de la Facultad de Geograf\u00eda e Historia y Aulario de Guajara) los d\u00edas 26, 27&#8230;<\/p>\n","protected":false},"author":43,"featured_media":27043,"comment_status":"closed","ping_status":"closed","template":"","tags":[4259,977,3812,3751],"tribe_events_cat":[472,4,349,186,191],"acf":[],"yoast_head":"<!-- This site is optimized with the Yoast SEO plugin v21.3 - https:\/\/yoast.com\/wordpress\/plugins\/seo\/ -->\n<title>III Congreso Nacional e Internacional de Historia del Arte, Cultura y Sociedad. Viajes encuentros y mestizajes en Latinoam\u00e9rica, \u00c1frica y Europa - ULL - Agenda<\/title>\n<meta name=\"robots\" content=\"index, follow, max-snippet:-1, max-image-preview:large, max-video-preview:-1\" \/>\n<link rel=\"canonical\" href=\"https:\/\/www.ull.es\/portal\/agenda\/evento\/iii-congreso-nacional-e-internacional-de-historia-del-arte-cultura-y-sociedad-viajes-encuentros-y-mestizajes-en-latinoamerica-africa-y-europa\/\" \/>\n<meta property=\"og:locale\" content=\"es_ES\" \/>\n<meta property=\"og:type\" content=\"article\" \/>\n<meta property=\"og:title\" content=\"III Congreso Nacional e Internacional de Historia del Arte, Cultura y Sociedad. Viajes encuentros y mestizajes en Latinoam\u00e9rica, \u00c1frica y Europa - ULL - Agenda\" \/>\n<meta property=\"og:description\" content=\"III Congreso Nacional e Internacional de Historia del Arte, Cultura y Sociedad. Viajes encuentros y mestizajes en Latinoam\u00e9rica, \u00c1frica y Europa organizado por el Departamento de Historia del Arte y Filosof\u00eda, que se celebrar\u00e1 en el Campus de Guajara (Edificio de la Facultad de Geograf\u00eda e Historia y Aulario de Guajara) los d\u00edas 26, 27...\" \/>\n<meta property=\"og:url\" content=\"https:\/\/www.ull.es\/portal\/agenda\/evento\/iii-congreso-nacional-e-internacional-de-historia-del-arte-cultura-y-sociedad-viajes-encuentros-y-mestizajes-en-latinoamerica-africa-y-europa\/\" \/>\n<meta property=\"og:site_name\" content=\"ULL - Agenda\" \/>\n<meta property=\"article:modified_time\" content=\"2022-10-25T08:16:33+00:00\" \/>\n<meta property=\"og:image\" content=\"https:\/\/www.ull.es\/portal\/agenda\/wp-content\/uploads\/sites\/12\/2022\/10\/Bannercangrejo.png\" \/>\n\t<meta property=\"og:image:width\" content=\"700\" \/>\n\t<meta property=\"og:image:height\" content=\"350\" \/>\n\t<meta property=\"og:image:type\" content=\"image\/png\" \/>\n<meta name=\"twitter:card\" content=\"summary_large_image\" \/>\n<meta name=\"twitter:label1\" content=\"Tiempo de lectura\" \/>\n\t<meta name=\"twitter:data1\" content=\"2 minutos\" \/>\n<script type=\"application\/ld+json\" class=\"yoast-schema-graph\">{\"@context\":\"https:\/\/schema.org\",\"@graph\":[{\"@type\":\"WebPage\",\"@id\":\"https:\/\/www.ull.es\/portal\/agenda\/evento\/iii-congreso-nacional-e-internacional-de-historia-del-arte-cultura-y-sociedad-viajes-encuentros-y-mestizajes-en-latinoamerica-africa-y-europa\/\",\"url\":\"https:\/\/www.ull.es\/portal\/agenda\/evento\/iii-congreso-nacional-e-internacional-de-historia-del-arte-cultura-y-sociedad-viajes-encuentros-y-mestizajes-en-latinoamerica-africa-y-europa\/\",\"name\":\"III Congreso Nacional e Internacional de Historia del Arte, Cultura y Sociedad. Viajes encuentros y mestizajes en Latinoam\u00e9rica, \u00c1frica y Europa - ULL - Agenda\",\"isPartOf\":{\"@id\":\"https:\/\/www.ull.es\/portal\/agenda\/#website\"},\"datePublished\":\"2022-10-10T10:15:21+00:00\",\"dateModified\":\"2022-10-25T08:16:33+00:00\",\"breadcrumb\":{\"@id\":\"https:\/\/www.ull.es\/portal\/agenda\/evento\/iii-congreso-nacional-e-internacional-de-historia-del-arte-cultura-y-sociedad-viajes-encuentros-y-mestizajes-en-latinoamerica-africa-y-europa\/#breadcrumb\"},\"inLanguage\":\"es\",\"potentialAction\":[{\"@type\":\"ReadAction\",\"target\":[\"https:\/\/www.ull.es\/portal\/agenda\/evento\/iii-congreso-nacional-e-internacional-de-historia-del-arte-cultura-y-sociedad-viajes-encuentros-y-mestizajes-en-latinoamerica-africa-y-europa\/\"]}]},{\"@type\":\"BreadcrumbList\",\"@id\":\"https:\/\/www.ull.es\/portal\/agenda\/evento\/iii-congreso-nacional-e-internacional-de-historia-del-arte-cultura-y-sociedad-viajes-encuentros-y-mestizajes-en-latinoamerica-africa-y-europa\/#breadcrumb\",\"itemListElement\":[{\"@type\":\"ListItem\",\"position\":1,\"name\":\"Portada\",\"item\":\"https:\/\/www.ull.es\/portal\/agenda\/\"},{\"@type\":\"ListItem\",\"position\":2,\"name\":\"III Congreso Nacional e Internacional de Historia del Arte, Cultura y Sociedad. Viajes encuentros y mestizajes en Latinoam\u00e9rica, \u00c1frica y Europa\"}]},{\"@type\":\"WebSite\",\"@id\":\"https:\/\/www.ull.es\/portal\/agenda\/#website\",\"url\":\"https:\/\/www.ull.es\/portal\/agenda\/\",\"name\":\"ULL - Agenda\",\"description\":\"\",\"potentialAction\":[{\"@type\":\"SearchAction\",\"target\":{\"@type\":\"EntryPoint\",\"urlTemplate\":\"https:\/\/www.ull.es\/portal\/agenda\/?s={search_term_string}\"},\"query-input\":\"required name=search_term_string\"}],\"inLanguage\":\"es\"}]}<\/script>\n<!-- \/ Yoast SEO plugin. -->","yoast_head_json":{"title":"III Congreso Nacional e Internacional de Historia del Arte, Cultura y Sociedad. Viajes encuentros y mestizajes en Latinoam\u00e9rica, \u00c1frica y Europa - ULL - Agenda","robots":{"index":"index","follow":"follow","max-snippet":"max-snippet:-1","max-image-preview":"max-image-preview:large","max-video-preview":"max-video-preview:-1"},"canonical":"https:\/\/www.ull.es\/portal\/agenda\/evento\/iii-congreso-nacional-e-internacional-de-historia-del-arte-cultura-y-sociedad-viajes-encuentros-y-mestizajes-en-latinoamerica-africa-y-europa\/","og_locale":"es_ES","og_type":"article","og_title":"III Congreso Nacional e Internacional de Historia del Arte, Cultura y Sociedad. Viajes encuentros y mestizajes en Latinoam\u00e9rica, \u00c1frica y Europa - ULL - Agenda","og_description":"III Congreso Nacional e Internacional de Historia del Arte, Cultura y Sociedad. Viajes encuentros y mestizajes en Latinoam\u00e9rica, \u00c1frica y Europa organizado por el Departamento de Historia del Arte y Filosof\u00eda, que se celebrar\u00e1 en el Campus de Guajara (Edificio de la Facultad de Geograf\u00eda e Historia y Aulario de Guajara) los d\u00edas 26, 27...","og_url":"https:\/\/www.ull.es\/portal\/agenda\/evento\/iii-congreso-nacional-e-internacional-de-historia-del-arte-cultura-y-sociedad-viajes-encuentros-y-mestizajes-en-latinoamerica-africa-y-europa\/","og_site_name":"ULL - Agenda","article_modified_time":"2022-10-25T08:16:33+00:00","og_image":[{"width":700,"height":350,"url":"https:\/\/www.ull.es\/portal\/agenda\/wp-content\/uploads\/sites\/12\/2022\/10\/Bannercangrejo.png","type":"image\/png"}],"twitter_card":"summary_large_image","twitter_misc":{"Tiempo de lectura":"2 minutos"},"schema":{"@context":"https:\/\/schema.org","@graph":[{"@type":"WebPage","@id":"https:\/\/www.ull.es\/portal\/agenda\/evento\/iii-congreso-nacional-e-internacional-de-historia-del-arte-cultura-y-sociedad-viajes-encuentros-y-mestizajes-en-latinoamerica-africa-y-europa\/","url":"https:\/\/www.ull.es\/portal\/agenda\/evento\/iii-congreso-nacional-e-internacional-de-historia-del-arte-cultura-y-sociedad-viajes-encuentros-y-mestizajes-en-latinoamerica-africa-y-europa\/","name":"III Congreso Nacional e Internacional de Historia del Arte, Cultura y Sociedad. Viajes encuentros y mestizajes en Latinoam\u00e9rica, \u00c1frica y Europa - ULL - Agenda","isPartOf":{"@id":"https:\/\/www.ull.es\/portal\/agenda\/#website"},"datePublished":"2022-10-10T10:15:21+00:00","dateModified":"2022-10-25T08:16:33+00:00","breadcrumb":{"@id":"https:\/\/www.ull.es\/portal\/agenda\/evento\/iii-congreso-nacional-e-internacional-de-historia-del-arte-cultura-y-sociedad-viajes-encuentros-y-mestizajes-en-latinoamerica-africa-y-europa\/#breadcrumb"},"inLanguage":"es","potentialAction":[{"@type":"ReadAction","target":["https:\/\/www.ull.es\/portal\/agenda\/evento\/iii-congreso-nacional-e-internacional-de-historia-del-arte-cultura-y-sociedad-viajes-encuentros-y-mestizajes-en-latinoamerica-africa-y-europa\/"]}]},{"@type":"BreadcrumbList","@id":"https:\/\/www.ull.es\/portal\/agenda\/evento\/iii-congreso-nacional-e-internacional-de-historia-del-arte-cultura-y-sociedad-viajes-encuentros-y-mestizajes-en-latinoamerica-africa-y-europa\/#breadcrumb","itemListElement":[{"@type":"ListItem","position":1,"name":"Portada","item":"https:\/\/www.ull.es\/portal\/agenda\/"},{"@type":"ListItem","position":2,"name":"III Congreso Nacional e Internacional de Historia del Arte, Cultura y Sociedad. Viajes encuentros y mestizajes en Latinoam\u00e9rica, \u00c1frica y Europa"}]},{"@type":"WebSite","@id":"https:\/\/www.ull.es\/portal\/agenda\/#website","url":"https:\/\/www.ull.es\/portal\/agenda\/","name":"ULL - Agenda","description":"","potentialAction":[{"@type":"SearchAction","target":{"@type":"EntryPoint","urlTemplate":"https:\/\/www.ull.es\/portal\/agenda\/?s={search_term_string}"},"query-input":"required name=search_term_string"}],"inLanguage":"es"}]}},"_links":{"self":[{"href":"https:\/\/www.ull.es\/portal\/agenda\/wp-json\/wp\/v2\/tribe_events\/27042"}],"collection":[{"href":"https:\/\/www.ull.es\/portal\/agenda\/wp-json\/wp\/v2\/tribe_events"}],"about":[{"href":"https:\/\/www.ull.es\/portal\/agenda\/wp-json\/wp\/v2\/types\/tribe_events"}],"author":[{"embeddable":true,"href":"https:\/\/www.ull.es\/portal\/agenda\/wp-json\/wp\/v2\/users\/43"}],"replies":[{"embeddable":true,"href":"https:\/\/www.ull.es\/portal\/agenda\/wp-json\/wp\/v2\/comments?post=27042"}],"version-history":[{"count":9,"href":"https:\/\/www.ull.es\/portal\/agenda\/wp-json\/wp\/v2\/tribe_events\/27042\/revisions"}],"predecessor-version":[{"id":27329,"href":"https:\/\/www.ull.es\/portal\/agenda\/wp-json\/wp\/v2\/tribe_events\/27042\/revisions\/27329"}],"wp:featuredmedia":[{"embeddable":true,"href":"https:\/\/www.ull.es\/portal\/agenda\/wp-json\/wp\/v2\/media\/27043"}],"wp:attachment":[{"href":"https:\/\/www.ull.es\/portal\/agenda\/wp-json\/wp\/v2\/media?parent=27042"}],"wp:term":[{"taxonomy":"post_tag","embeddable":true,"href":"https:\/\/www.ull.es\/portal\/agenda\/wp-json\/wp\/v2\/tags?post=27042"},{"taxonomy":"tribe_events_cat","embeddable":true,"href":"https:\/\/www.ull.es\/portal\/agenda\/wp-json\/wp\/v2\/tribe_events_cat?post=27042"}],"curies":[{"name":"wp","href":"https:\/\/api.w.org\/{rel}","templated":true}]}}

III Congreso Nacional e Internacional de Historia del Arte, Cultura y Sociedad. Viajes encuentros y mestizajes en Latinoamérica, África y Europa

<p>III Congreso Nacional e Internacional de Historia del Arte, Cultura y Sociedad. Viajes encuentros y mestizajes en Latinoamérica, África y Europa organizado por el Departamento de Historia del Arte y Filosofía, que se celebrará en el Campus de Guajara (Edificio de la Facultad de Geografía e Historia y Aulario de Guajara) los días 26, 27 y 28 octubre de 2022.</p>
<p>El objetivo de esta actividad es acercar al alumnado al tema de “viajes, encuentros, mestizajes en Latinoamérica, África y Europa” desde una perspectiva investigadora.</p>
<p>Dirigida especialmente al alumnado del Grado de Historia del Arte.</p>
<p>Dirigen:</p>
<ul>
<li>Noemi Cinelli. Profesora Contratada Doctora. Departamento de Historia del Arte y Filosofía, Universidad de La Laguna.</li>
<li>Gonzalo Pavés Borges. Profesor Titular de Universidad. Departamento de Historia del Arte y Filosofía, Universidad de La Laguna.</li>
</ul>
<p>Coordina: Nuria Segovia Martín. Profesora Asociada. Departamento de Historia del Arte y Filosofía, Universidad de La Laguna.</p>
<p><strong>CERTIFICADO DE ASISTENCIA, APTITUD Y RECONOCIMIENTO POR CRÉDITO ECTS</strong></p>
<p>La ULL, a través del Vicerrectorado de Cultura, Participación Social y Campus Ofra y La Palma, emitirá un certificado de asistencia a todas aquellas personas que asistan a un mínimo del 80% de las horas lectivas presenciales. Asimismo, aquellas personas que superen el trabajo autónomo del alumnado, recibirán un certificado de asistencia y aprovechamiento, reconocible a su vez por un crédito ECTS.</p>
<p><a href="https://drive.google.com/file/d/1ZMt6xAF6Z7pOUklhVxxppuPQTcR7d0vD/view?usp=sharing" target="_blank" rel="noopener" target="_blank" rel="noopener"><strong>Descargar programa.</strong></a></p>
<p><a href="https://sede.fg.ull.es/es/curso/detalle/a22020254/iii-congreso-nacional-e-internacional-de-historia-del-arte-cultura-y-sociedad-viajes-encuentros-y-mestizajes-en-latinoamerica-africa-y-europa" target="_blank" rel="noopener noreferrer" target="_blank" rel="noopener"><strong><u>Más información e inscripción aquí.</u></strong></a></p>
<p><span style="color: #ff0000;"><strong>¡PLAZAS AGOTADAS!</strong></span></p>
<p><strong>Contacto: 922 319 616 / 922 319 626 – </strong><a href="mailto:extuni@ull.edu.es" target="_blank" rel="noopener"><strong>extuni@ull.es</strong></a></p>

<p>III Congreso Nacional e Internacional de Historia del Arte, Cultura y Sociedad. Viajes encuentros y mestizajes en Latinoamérica, África y Europa organizado por el Departamento de Historia del Arte y Filosofía, que se celebrará en el Campus de Guajara (Edificio de la Facultad de Geografía e Historia y Aulario de Guajara) los días 26, 27&#8230;</p>

<!-- This site is optimized with the Yoast SEO plugin v21.3 - https://yoast.com/wordpress/plugins/seo/ -->
<title>III Congreso Nacional e Internacional de Historia del Arte, Cultura y Sociedad. Viajes encuentros y mestizajes en Latinoamérica, África y Europa - ULL - Agenda</title>
<meta name="robots" content="index, follow, max-snippet:-1, max-image-preview:large, max-video-preview:-1" />
<link rel="canonical" href="https://www.ull.es/portal/agenda/evento/iii-congreso-nacional-e-internacional-de-historia-del-arte-cultura-y-sociedad-viajes-encuentros-y-mestizajes-en-latinoamerica-africa-y-europa/" />
<meta property="og:locale" content="es_ES" />
<meta property="og:type" content="article" />
<meta property="og:title" content="III Congreso Nacional e Internacional de Historia del Arte, Cultura y Sociedad. Viajes encuentros y mestizajes en Latinoamérica, África y Europa - ULL - Agenda" />
<meta property="og:description" content="III Congreso Nacional e Internacional de Historia del Arte, Cultura y Sociedad. Viajes encuentros y mestizajes en Latinoamérica, África y Europa organizado por el Departamento de Historia del Arte y Filosofía, que se celebrará en el Campus de Guajara (Edificio de la Facultad de Geografía e Historia y Aulario de Guajara) los días 26, 27..." />
<meta property="og:url" content="https://www.ull.es/portal/agenda/evento/iii-congreso-nacional-e-internacional-de-historia-del-arte-cultura-y-sociedad-viajes-encuentros-y-mestizajes-en-latinoamerica-africa-y-europa/" />
<meta property="og:site_name" content="ULL - Agenda" />
<meta property="article:modified_time" content="2022-10-25T08:16:33+00:00" />
<meta property="og:image" content="https://www.ull.es/portal/agenda/wp-content/uploads/sites/12/2022/10/Bannercangrejo.png" />
	<meta property="og:image:width" content="700" />
	<meta property="og:image:height" content="350" />
	<meta property="og:image:type" content="image/png" />
<meta name="twitter:card" content="summary_large_image" />
<meta name="twitter:label1" content="Tiempo de lectura" />
	<meta name="twitter:data1" content="2 minutos" />
<script type="application/ld+json" class="yoast-schema-graph">{"@context":"https://schema.org","@graph":[{"@type":"WebPage","@id":"https://www.ull.es/portal/agenda/evento/iii-congreso-nacional-e-internacional-de-historia-del-arte-cultura-y-sociedad-viajes-encuentros-y-mestizajes-en-latinoamerica-africa-y-europa/","url":"https://www.ull.es/portal/agenda/evento/iii-congreso-nacional-e-internacional-de-historia-del-arte-cultura-y-sociedad-viajes-encuentros-y-mestizajes-en-latinoamerica-africa-y-europa/","name":"III Congreso Nacional e Internacional de Historia del Arte, Cultura y Sociedad. Viajes encuentros y mestizajes en Latinoamérica, África y Europa - ULL - Agenda","isPartOf":{"@id":"https://www.ull.es/portal/agenda/#website"},"datePublished":"2022-10-10T10:15:21+00:00","dateModified":"2022-10-25T08:16:33+00:00","breadcrumb":{"@id":"https://www.ull.es/portal/agenda/evento/iii-congreso-nacional-e-internacional-de-historia-del-arte-cultura-y-sociedad-viajes-encuentros-y-mestizajes-en-latinoamerica-africa-y-europa/#breadcrumb"},"inLanguage":"es","potentialAction":[{"@type":"ReadAction","target":["https://www.ull.es/portal/agenda/evento/iii-congreso-nacional-e-internacional-de-historia-del-arte-cultura-y-sociedad-viajes-encuentros-y-mestizajes-en-latinoamerica-africa-y-europa/"]}]},{"@type":"BreadcrumbList","@id":"https://www.ull.es/portal/agenda/evento/iii-congreso-nacional-e-internacional-de-historia-del-arte-cultura-y-sociedad-viajes-encuentros-y-mestizajes-en-latinoamerica-africa-y-europa/#breadcrumb","itemListElement":[{"@type":"ListItem","position":1,"name":"Portada","item":"https://www.ull.es/portal/agenda/"},{"@type":"ListItem","position":2,"name":"III Congreso Nacional e Internacional de Historia del Arte, Cultura y Sociedad. Viajes encuentros y mestizajes en Latinoamérica, África y Europa"}]},{"@type":"WebSite","@id":"https://www.ull.es/portal/agenda/#website","url":"https://www.ull.es/portal/agenda/","name":"ULL - Agenda","description":"","potentialAction":[{"@type":"SearchAction","target":{"@type":"EntryPoint","urlTemplate":"https://www.ull.es/portal/agenda/?s={search_term_string}"},"query-input":"required name=search_term_string"}],"inLanguage":"es"}]}</script>
<!-- / Yoast SEO plugin. -->

III Congreso Nacional e Internacional de Historia del Arte, Cultura y Sociedad. Viajes encuentros y mestizajes en Latinoamérica, África y Europa - ULL - Agenda

III Congreso Nacional e Internacional de Historia del Arte, Cultura y Sociedad. Viajes encuentros y mestizajes en Latinoamérica, África y Europa organizado por el Departamento de Historia del Arte y Filosofía, que se celebrará en el Campus de Guajara (Edificio de la Facultad de Geografía e Historia y Aulario de Guajara) los días 26, 27...
