{"id":27083,"date":"2022-10-11T13:19:38","date_gmt":"2022-10-11T13:19:38","guid":{"rendered":"https:\/\/www.ull.es\/portal\/agenda\/?post_type=tribe_events&#038;p=27083"},"modified":"2022-10-11T13:19:38","modified_gmt":"2022-10-11T13:19:38","slug":"vai-vem-de-gato-sa-teatro-fisico","status":"publish","type":"tribe_events","link":"https:\/\/www.ull.es\/portal\/agenda\/evento\/vai-vem-de-gato-sa-teatro-fisico\/","title":{"rendered":"Vai Vem. De Gato Sa (Teatro f\u00edsico)"},"content":{"rendered":"<p>Despu\u00e9s de haber estado con su compa\u00f1\u00eda colombiana &#8216;Casa Del Silencio&#8217; en Vila Nova de Santo Andr\u00e9, Juan Carlos Agudelo Plata fue invitado por GATO SA a trabajar con el grupo de teatro local en un nuevo espect\u00e1culo de teatro f\u00edsico.<\/p>\n<p>Se cre\u00f3 el espect\u00e1culo &#8216;Vai Vem&#8217;, que se estren\u00f3 en 2015 en Lisboa, en el Teatro A Barraca, donde actu\u00f3 durante una temporada, luego se traslad\u00f3 a Vila Nova de Santo Andr\u00e9, Gr\u00e2ndola, Santiago do Cac\u00e9m, Sines, Alandroal, Set\u00fabal, Teatro da Trindade. , en Lisboa, P\u00f3voa de Varzim y Beja.<\/p>\n<p>El espect\u00e1culo tambi\u00e9n ha traspasado fronteras, habi\u00e9ndose presentado en 2016 en el XV Festival Iberoamericano de Teatro en Bogot\u00e1, Colombia, y en la primera edici\u00f3n del ZGZ, Festival Internacional Teatro Danza Circo en Zaragoza, Espa\u00f1a. En 2017, GATO SA llev\u00f3 \u2018Vai Vem\u2019 a Polonia, al XVII Festival Internacional de Mimo, en Varsovia, y al Festiwal Teatralny Inqbator, en Ostroleka. En 2020, en medio de la pandemia, GATO SA fue invitada a presentar, en formato de video, el show en festivales de Polonia y Bangladesh.<\/p>\n<p><strong>Sinopsis<\/strong><\/p>\n<p>Un hombre, un motivo, un lugar y comienza el viaje.<br \/>\nCuatro personajes, sus historias, un naufragio y alta mar. Encontrar el amor, escapar del pasado, escapar del deber y encontrar un lugar para sembrar nuevamente, motivan la decisi\u00f3n de dejar a estos seres que, sin boletos de regreso, se hunden en un oc\u00e9ano inmenso. Un viaje incierto, inacabado e infinito aparece suspendido en un escenario a trav\u00e9s de informes m\u00ednimos que nos recuerdan al Hombre, tan familiar como enigm\u00e1tico, tan \u00fanico como extra\u00f1o, tan migrante como est\u00e1tico.<\/p>\n<p>Vai Vem es un viaje visual donde el cuerpo y el silencio son los protagonistas. Inspirada en la migraci\u00f3n como territorio visual y el teatro f\u00edsico como herramienta narrativa, la obra presenta a los personajes como sombras atemporales que deambulan por sus historias y, como un caleidoscopio, nos hablan de desapego, ilusi\u00f3n, vac\u00edo humano, miedos, soledad, amor, la vida y los impulsos que nos llevan a partir.<br \/>\nHelena Rosa, Marina Leonardo, Raul Oliveira y Tom\u00e1s Porto dan vida a los personajes y sus historias en el escenario de un naufragio en alta mar.<\/p>\n<p>\u201cEncontrar el amor, escapar del pasado, escapar del deber y encontrar un lugar para sembrar nuevamente, motivan la decisi\u00f3n de dejar a estos seres que, sin boletos de regreso, se hunden en un oc\u00e9ano inmenso. Un viaje incierto, inacabado e infinito aparece suspendido en un escenario a trav\u00e9s de relatos m\u00ednimos que nos recuerdan al Hombre, tan familiar como enigm\u00e1tico, tan \u00fanico como extra\u00f1o, tan migrante como est\u00e1tico\u201d, describe la sinopsis.<\/p>\n<p><strong>Datos t\u00e9cnicos y art\u00edsticos<\/strong><\/p>\n<p>Dirigida por Juan Carlos Agudelo Plata<br \/>\nDramaturgia \u00c1ngela Valderrama<br \/>\nInterpretaci\u00f3n Helena Rosa, Marina Leonardo, Raul Oliveira, Tom\u00e1s Porto<br \/>\nConsejo Mario Primo<br \/>\nDibujo de Luz Rui Senos<br \/>\nDise\u00f1o de sonido Jorge Oliveira<br \/>\nAnimaciones Multimedia Rui Senos, Nuno Cintr\u00e3o<br \/>\nM\u00e1scaras de Mario Primo<br \/>\nAtrezzo y vestuario colectivo<br \/>\nDise\u00f1ador gr\u00e1fico Pedro D\u00edas<br \/>\nFotograf\u00eda Jos\u00e9 M\u00f3nica, Paulo Chaves, Victormar<br \/>\nV\u00eddeo JVZ Audiovisuales<br \/>\nProducci\u00f3n AJAGATO<\/p>\n<p>&nbsp;<\/p>\n<p><strong>Entrada:<\/strong> 9 \u20ac<\/p>\n","protected":false},"excerpt":{"rendered":"<p>Despu\u00e9s de haber estado con su compa\u00f1\u00eda colombiana &#8216;Casa Del Silencio&#8217; en Vila Nova de Santo Andr\u00e9, Juan Carlos Agudelo Plata fue invitado por GATO SA a trabajar con el grupo de teatro local en un nuevo espect\u00e1culo de teatro f\u00edsico. Se cre\u00f3 el espect\u00e1culo &#8216;Vai Vem&#8217;, que se estren\u00f3 en 2015 en Lisboa, en&#8230;<\/p>\n","protected":false},"author":65,"featured_media":27084,"comment_status":"closed","ping_status":"closed","template":"","tags":[],"tribe_events_cat":[3987,4,343,191],"acf":[],"yoast_head":"<!-- This site is optimized with the Yoast SEO plugin v21.3 - https:\/\/yoast.com\/wordpress\/plugins\/seo\/ -->\n<title>Vai Vem. De Gato Sa (Teatro f\u00edsico) - ULL - Agenda<\/title>\n<meta name=\"robots\" content=\"index, follow, max-snippet:-1, max-image-preview:large, max-video-preview:-1\" \/>\n<link rel=\"canonical\" href=\"https:\/\/www.ull.es\/portal\/agenda\/evento\/vai-vem-de-gato-sa-teatro-fisico\/\" \/>\n<meta property=\"og:locale\" content=\"es_ES\" \/>\n<meta property=\"og:type\" content=\"article\" \/>\n<meta property=\"og:title\" content=\"Vai Vem. De Gato Sa (Teatro f\u00edsico) - ULL - Agenda\" \/>\n<meta property=\"og:description\" content=\"Despu\u00e9s de haber estado con su compa\u00f1\u00eda colombiana &#8216;Casa Del Silencio&#8217; en Vila Nova de Santo Andr\u00e9, Juan Carlos Agudelo Plata fue invitado por GATO SA a trabajar con el grupo de teatro local en un nuevo espect\u00e1culo de teatro f\u00edsico. Se cre\u00f3 el espect\u00e1culo &#8216;Vai Vem&#8217;, que se estren\u00f3 en 2015 en Lisboa, en...\" \/>\n<meta property=\"og:url\" content=\"https:\/\/www.ull.es\/portal\/agenda\/evento\/vai-vem-de-gato-sa-teatro-fisico\/\" \/>\n<meta property=\"og:site_name\" content=\"ULL - Agenda\" \/>\n<meta property=\"og:image\" content=\"https:\/\/www.ull.es\/portal\/agenda\/wp-content\/uploads\/sites\/12\/2022\/10\/af-VAI-VEM-Oye-Toca-Ver-700x350-px.jpg\" \/>\n\t<meta property=\"og:image:width\" content=\"700\" \/>\n\t<meta property=\"og:image:height\" content=\"350\" \/>\n\t<meta property=\"og:image:type\" content=\"image\/jpeg\" \/>\n<meta name=\"twitter:card\" content=\"summary_large_image\" \/>\n<meta name=\"twitter:label1\" content=\"Tiempo de lectura\" \/>\n\t<meta name=\"twitter:data1\" content=\"3 minutos\" \/>\n<script type=\"application\/ld+json\" class=\"yoast-schema-graph\">{\"@context\":\"https:\/\/schema.org\",\"@graph\":[{\"@type\":\"WebPage\",\"@id\":\"https:\/\/www.ull.es\/portal\/agenda\/evento\/vai-vem-de-gato-sa-teatro-fisico\/\",\"url\":\"https:\/\/www.ull.es\/portal\/agenda\/evento\/vai-vem-de-gato-sa-teatro-fisico\/\",\"name\":\"Vai Vem. De Gato Sa (Teatro f\u00edsico) - ULL - Agenda\",\"isPartOf\":{\"@id\":\"https:\/\/www.ull.es\/portal\/agenda\/#website\"},\"datePublished\":\"2022-10-11T13:19:38+00:00\",\"dateModified\":\"2022-10-11T13:19:38+00:00\",\"breadcrumb\":{\"@id\":\"https:\/\/www.ull.es\/portal\/agenda\/evento\/vai-vem-de-gato-sa-teatro-fisico\/#breadcrumb\"},\"inLanguage\":\"es\",\"potentialAction\":[{\"@type\":\"ReadAction\",\"target\":[\"https:\/\/www.ull.es\/portal\/agenda\/evento\/vai-vem-de-gato-sa-teatro-fisico\/\"]}]},{\"@type\":\"BreadcrumbList\",\"@id\":\"https:\/\/www.ull.es\/portal\/agenda\/evento\/vai-vem-de-gato-sa-teatro-fisico\/#breadcrumb\",\"itemListElement\":[{\"@type\":\"ListItem\",\"position\":1,\"name\":\"Portada\",\"item\":\"https:\/\/www.ull.es\/portal\/agenda\/\"},{\"@type\":\"ListItem\",\"position\":2,\"name\":\"Vai Vem. De Gato Sa (Teatro f\u00edsico)\"}]},{\"@type\":\"WebSite\",\"@id\":\"https:\/\/www.ull.es\/portal\/agenda\/#website\",\"url\":\"https:\/\/www.ull.es\/portal\/agenda\/\",\"name\":\"ULL - Agenda\",\"description\":\"\",\"potentialAction\":[{\"@type\":\"SearchAction\",\"target\":{\"@type\":\"EntryPoint\",\"urlTemplate\":\"https:\/\/www.ull.es\/portal\/agenda\/?s={search_term_string}\"},\"query-input\":\"required name=search_term_string\"}],\"inLanguage\":\"es\"}]}<\/script>\n<!-- \/ Yoast SEO plugin. -->","yoast_head_json":{"title":"Vai Vem. De Gato Sa (Teatro f\u00edsico) - ULL - Agenda","robots":{"index":"index","follow":"follow","max-snippet":"max-snippet:-1","max-image-preview":"max-image-preview:large","max-video-preview":"max-video-preview:-1"},"canonical":"https:\/\/www.ull.es\/portal\/agenda\/evento\/vai-vem-de-gato-sa-teatro-fisico\/","og_locale":"es_ES","og_type":"article","og_title":"Vai Vem. De Gato Sa (Teatro f\u00edsico) - ULL - Agenda","og_description":"Despu\u00e9s de haber estado con su compa\u00f1\u00eda colombiana &#8216;Casa Del Silencio&#8217; en Vila Nova de Santo Andr\u00e9, Juan Carlos Agudelo Plata fue invitado por GATO SA a trabajar con el grupo de teatro local en un nuevo espect\u00e1culo de teatro f\u00edsico. Se cre\u00f3 el espect\u00e1culo &#8216;Vai Vem&#8217;, que se estren\u00f3 en 2015 en Lisboa, en...","og_url":"https:\/\/www.ull.es\/portal\/agenda\/evento\/vai-vem-de-gato-sa-teatro-fisico\/","og_site_name":"ULL - Agenda","og_image":[{"width":700,"height":350,"url":"https:\/\/www.ull.es\/portal\/agenda\/wp-content\/uploads\/sites\/12\/2022\/10\/af-VAI-VEM-Oye-Toca-Ver-700x350-px.jpg","type":"image\/jpeg"}],"twitter_card":"summary_large_image","twitter_misc":{"Tiempo de lectura":"3 minutos"},"schema":{"@context":"https:\/\/schema.org","@graph":[{"@type":"WebPage","@id":"https:\/\/www.ull.es\/portal\/agenda\/evento\/vai-vem-de-gato-sa-teatro-fisico\/","url":"https:\/\/www.ull.es\/portal\/agenda\/evento\/vai-vem-de-gato-sa-teatro-fisico\/","name":"Vai Vem. De Gato Sa (Teatro f\u00edsico) - ULL - Agenda","isPartOf":{"@id":"https:\/\/www.ull.es\/portal\/agenda\/#website"},"datePublished":"2022-10-11T13:19:38+00:00","dateModified":"2022-10-11T13:19:38+00:00","breadcrumb":{"@id":"https:\/\/www.ull.es\/portal\/agenda\/evento\/vai-vem-de-gato-sa-teatro-fisico\/#breadcrumb"},"inLanguage":"es","potentialAction":[{"@type":"ReadAction","target":["https:\/\/www.ull.es\/portal\/agenda\/evento\/vai-vem-de-gato-sa-teatro-fisico\/"]}]},{"@type":"BreadcrumbList","@id":"https:\/\/www.ull.es\/portal\/agenda\/evento\/vai-vem-de-gato-sa-teatro-fisico\/#breadcrumb","itemListElement":[{"@type":"ListItem","position":1,"name":"Portada","item":"https:\/\/www.ull.es\/portal\/agenda\/"},{"@type":"ListItem","position":2,"name":"Vai Vem. De Gato Sa (Teatro f\u00edsico)"}]},{"@type":"WebSite","@id":"https:\/\/www.ull.es\/portal\/agenda\/#website","url":"https:\/\/www.ull.es\/portal\/agenda\/","name":"ULL - Agenda","description":"","potentialAction":[{"@type":"SearchAction","target":{"@type":"EntryPoint","urlTemplate":"https:\/\/www.ull.es\/portal\/agenda\/?s={search_term_string}"},"query-input":"required name=search_term_string"}],"inLanguage":"es"}]}},"_links":{"self":[{"href":"https:\/\/www.ull.es\/portal\/agenda\/wp-json\/wp\/v2\/tribe_events\/27083"}],"collection":[{"href":"https:\/\/www.ull.es\/portal\/agenda\/wp-json\/wp\/v2\/tribe_events"}],"about":[{"href":"https:\/\/www.ull.es\/portal\/agenda\/wp-json\/wp\/v2\/types\/tribe_events"}],"author":[{"embeddable":true,"href":"https:\/\/www.ull.es\/portal\/agenda\/wp-json\/wp\/v2\/users\/65"}],"replies":[{"embeddable":true,"href":"https:\/\/www.ull.es\/portal\/agenda\/wp-json\/wp\/v2\/comments?post=27083"}],"version-history":[{"count":1,"href":"https:\/\/www.ull.es\/portal\/agenda\/wp-json\/wp\/v2\/tribe_events\/27083\/revisions"}],"predecessor-version":[{"id":27085,"href":"https:\/\/www.ull.es\/portal\/agenda\/wp-json\/wp\/v2\/tribe_events\/27083\/revisions\/27085"}],"wp:featuredmedia":[{"embeddable":true,"href":"https:\/\/www.ull.es\/portal\/agenda\/wp-json\/wp\/v2\/media\/27084"}],"wp:attachment":[{"href":"https:\/\/www.ull.es\/portal\/agenda\/wp-json\/wp\/v2\/media?parent=27083"}],"wp:term":[{"taxonomy":"post_tag","embeddable":true,"href":"https:\/\/www.ull.es\/portal\/agenda\/wp-json\/wp\/v2\/tags?post=27083"},{"taxonomy":"tribe_events_cat","embeddable":true,"href":"https:\/\/www.ull.es\/portal\/agenda\/wp-json\/wp\/v2\/tribe_events_cat?post=27083"}],"curies":[{"name":"wp","href":"https:\/\/api.w.org\/{rel}","templated":true}]}}

Vai Vem. De Gato Sa (Teatro físico)

<p>Después de haber estado con su compañía colombiana &#8216;Casa Del Silencio&#8217; en Vila Nova de Santo André, Juan Carlos Agudelo Plata fue invitado por GATO SA a trabajar con el grupo de teatro local en un nuevo espectáculo de teatro físico.</p>
<p>Se creó el espectáculo &#8216;Vai Vem&#8217;, que se estrenó en 2015 en Lisboa, en el Teatro A Barraca, donde actuó durante una temporada, luego se trasladó a Vila Nova de Santo André, Grândola, Santiago do Cacém, Sines, Alandroal, Setúbal, Teatro da Trindade. , en Lisboa, Póvoa de Varzim y Beja.</p>
<p>El espectáculo también ha traspasado fronteras, habiéndose presentado en 2016 en el XV Festival Iberoamericano de Teatro en Bogotá, Colombia, y en la primera edición del ZGZ, Festival Internacional Teatro Danza Circo en Zaragoza, España. En 2017, GATO SA llevó ‘Vai Vem’ a Polonia, al XVII Festival Internacional de Mimo, en Varsovia, y al Festiwal Teatralny Inqbator, en Ostroleka. En 2020, en medio de la pandemia, GATO SA fue invitada a presentar, en formato de video, el show en festivales de Polonia y Bangladesh.</p>
<p><strong>Sinopsis</strong></p>
<p>Un hombre, un motivo, un lugar y comienza el viaje.<br />
Cuatro personajes, sus historias, un naufragio y alta mar. Encontrar el amor, escapar del pasado, escapar del deber y encontrar un lugar para sembrar nuevamente, motivan la decisión de dejar a estos seres que, sin boletos de regreso, se hunden en un océano inmenso. Un viaje incierto, inacabado e infinito aparece suspendido en un escenario a través de informes mínimos que nos recuerdan al Hombre, tan familiar como enigmático, tan único como extraño, tan migrante como estático.</p>
<p>Vai Vem es un viaje visual donde el cuerpo y el silencio son los protagonistas. Inspirada en la migración como territorio visual y el teatro físico como herramienta narrativa, la obra presenta a los personajes como sombras atemporales que deambulan por sus historias y, como un caleidoscopio, nos hablan de desapego, ilusión, vacío humano, miedos, soledad, amor, la vida y los impulsos que nos llevan a partir.<br />
Helena Rosa, Marina Leonardo, Raul Oliveira y Tomás Porto dan vida a los personajes y sus historias en el escenario de un naufragio en alta mar.</p>
<p>“Encontrar el amor, escapar del pasado, escapar del deber y encontrar un lugar para sembrar nuevamente, motivan la decisión de dejar a estos seres que, sin boletos de regreso, se hunden en un océano inmenso. Un viaje incierto, inacabado e infinito aparece suspendido en un escenario a través de relatos mínimos que nos recuerdan al Hombre, tan familiar como enigmático, tan único como extraño, tan migrante como estático”, describe la sinopsis.</p>
<p><strong>Datos técnicos y artísticos</strong></p>
<p>Dirigida por Juan Carlos Agudelo Plata<br />
Dramaturgia Ángela Valderrama<br />
Interpretación Helena Rosa, Marina Leonardo, Raul Oliveira, Tomás Porto<br />
Consejo Mario Primo<br />
Dibujo de Luz Rui Senos<br />
Diseño de sonido Jorge Oliveira<br />
Animaciones Multimedia Rui Senos, Nuno Cintrão<br />
Máscaras de Mario Primo<br />
Atrezzo y vestuario colectivo<br />
Diseñador gráfico Pedro Días<br />
Fotografía José Mónica, Paulo Chaves, Victormar<br />
Vídeo JVZ Audiovisuales<br />
Producción AJAGATO</p>
<p>&nbsp;</p>
<p><strong>Entrada:</strong> 9 €</p>

<p>Después de haber estado con su compañía colombiana &#8216;Casa Del Silencio&#8217; en Vila Nova de Santo André, Juan Carlos Agudelo Plata fue invitado por GATO SA a trabajar con el grupo de teatro local en un nuevo espectáculo de teatro físico. Se creó el espectáculo &#8216;Vai Vem&#8217;, que se estrenó en 2015 en Lisboa, en&#8230;</p>

<!-- This site is optimized with the Yoast SEO plugin v21.3 - https://yoast.com/wordpress/plugins/seo/ -->
<title>Vai Vem. De Gato Sa (Teatro físico) - ULL - Agenda</title>
<meta name="robots" content="index, follow, max-snippet:-1, max-image-preview:large, max-video-preview:-1" />
<link rel="canonical" href="https://www.ull.es/portal/agenda/evento/vai-vem-de-gato-sa-teatro-fisico/" />
<meta property="og:locale" content="es_ES" />
<meta property="og:type" content="article" />
<meta property="og:title" content="Vai Vem. De Gato Sa (Teatro físico) - ULL - Agenda" />
<meta property="og:description" content="Después de haber estado con su compañía colombiana &#8216;Casa Del Silencio&#8217; en Vila Nova de Santo André, Juan Carlos Agudelo Plata fue invitado por GATO SA a trabajar con el grupo de teatro local en un nuevo espectáculo de teatro físico. Se creó el espectáculo &#8216;Vai Vem&#8217;, que se estrenó en 2015 en Lisboa, en..." />
<meta property="og:url" content="https://www.ull.es/portal/agenda/evento/vai-vem-de-gato-sa-teatro-fisico/" />
<meta property="og:site_name" content="ULL - Agenda" />
<meta property="og:image" content="https://www.ull.es/portal/agenda/wp-content/uploads/sites/12/2022/10/af-VAI-VEM-Oye-Toca-Ver-700x350-px.jpg" />
	<meta property="og:image:width" content="700" />
	<meta property="og:image:height" content="350" />
	<meta property="og:image:type" content="image/jpeg" />
<meta name="twitter:card" content="summary_large_image" />
<meta name="twitter:label1" content="Tiempo de lectura" />
	<meta name="twitter:data1" content="3 minutos" />
<script type="application/ld+json" class="yoast-schema-graph">{"@context":"https://schema.org","@graph":[{"@type":"WebPage","@id":"https://www.ull.es/portal/agenda/evento/vai-vem-de-gato-sa-teatro-fisico/","url":"https://www.ull.es/portal/agenda/evento/vai-vem-de-gato-sa-teatro-fisico/","name":"Vai Vem. De Gato Sa (Teatro físico) - ULL - Agenda","isPartOf":{"@id":"https://www.ull.es/portal/agenda/#website"},"datePublished":"2022-10-11T13:19:38+00:00","dateModified":"2022-10-11T13:19:38+00:00","breadcrumb":{"@id":"https://www.ull.es/portal/agenda/evento/vai-vem-de-gato-sa-teatro-fisico/#breadcrumb"},"inLanguage":"es","potentialAction":[{"@type":"ReadAction","target":["https://www.ull.es/portal/agenda/evento/vai-vem-de-gato-sa-teatro-fisico/"]}]},{"@type":"BreadcrumbList","@id":"https://www.ull.es/portal/agenda/evento/vai-vem-de-gato-sa-teatro-fisico/#breadcrumb","itemListElement":[{"@type":"ListItem","position":1,"name":"Portada","item":"https://www.ull.es/portal/agenda/"},{"@type":"ListItem","position":2,"name":"Vai Vem. De Gato Sa (Teatro físico)"}]},{"@type":"WebSite","@id":"https://www.ull.es/portal/agenda/#website","url":"https://www.ull.es/portal/agenda/","name":"ULL - Agenda","description":"","potentialAction":[{"@type":"SearchAction","target":{"@type":"EntryPoint","urlTemplate":"https://www.ull.es/portal/agenda/?s={search_term_string}"},"query-input":"required name=search_term_string"}],"inLanguage":"es"}]}</script>
<!-- / Yoast SEO plugin. -->

Vai Vem. De Gato Sa (Teatro físico) - ULL - Agenda

Después de haber estado con su compañía colombiana &#8216;Casa Del Silencio&#8217; en Vila Nova de Santo André, Juan Carlos Agudelo Plata fue invitado por GATO SA a trabajar con el grupo de teatro local en un nuevo espectáculo de teatro físico. Se creó el espectáculo &#8216;Vai Vem&#8217;, que se estrenó en 2015 en Lisboa, en...
