{"id":27093,"date":"2022-10-11T14:56:06","date_gmt":"2022-10-11T14:56:06","guid":{"rendered":"https:\/\/www.ull.es\/portal\/agenda\/?post_type=tribe_events&#038;p=27093"},"modified":"2022-10-11T14:56:06","modified_gmt":"2022-10-11T14:56:06","slug":"jajajja-de-abian-diaz","status":"publish","type":"tribe_events","link":"https:\/\/www.ull.es\/portal\/agenda\/evento\/jajajja-de-abian-diaz\/","title":{"rendered":"JAJAJJA de Abi\u00e1n D\u00edaz"},"content":{"rendered":"<p>\u00abJAJAJJA\u201d es el nuevo espect\u00e1culo de humor de Abi\u00e1n D\u00edaz. En esta ocasi\u00f3n, este nuevo show es la relaci\u00f3n de los mejores momentos escogidos de sus obras anteriores \u201c5 EUROS\u201d y \u201cGRACIOS\u00cdSIMO\u201d. Aunque a\u00f1adiendo cosas nuevas. Sin pretender otra cosa que la risa, Abi\u00e1n se introducir\u00e1 en una serie de temas de su vida que, por alguna raz\u00f3n, quiere mencionar en p\u00fablico de nuevo. \u00bfQu\u00e9 le vamos a hacer? Ahora adem\u00e1s cree que, si escoge lo mejor que ha desarrollado en sus \u00faltimos a\u00f1os de carrera, quiz\u00e1s Dave Chapelle le llame para una colaboraci\u00f3n.<\/p>\n<p>Este espect\u00e1culo tiene una duraci\u00f3n de 80 minutos. A no ser que usted tenga que irse antes. En ese caso, su duraci\u00f3n es la misma pero quiz\u00e1s pasados los a\u00f1os piense \u201cque corta me pareci\u00f3 la obra de Abi\u00e1n\u201d. \u201cJAJAJJA\u201d es ese mensaje que contestamos a cualquier meme recibido con indiferencia de si nos hemos o no re\u00eddo. Es aquel meme que hemos visto en soledad y queremos ahora compartir.<\/p>\n<p><a href=\"http:\/\/www.tomaticket.es\/recintos\/paraninfo-ull\" target=\"_blank\" rel=\"noopener\" target=\"_blank\" rel=\"noopener\">Entrada:<\/a> 13 \u20ac<\/p>\n","protected":false},"excerpt":{"rendered":"<p>\u00abJAJAJJA\u201d es el nuevo espect\u00e1culo de humor de Abi\u00e1n D\u00edaz. En esta ocasi\u00f3n, este nuevo show es la relaci\u00f3n de los mejores momentos escogidos de sus obras anteriores \u201c5 EUROS\u201d y \u201cGRACIOS\u00cdSIMO\u201d. Aunque a\u00f1adiendo cosas nuevas. Sin pretender otra cosa que la risa, Abi\u00e1n se introducir\u00e1 en una serie de temas de su vida que,&#8230;<\/p>\n","protected":false},"author":65,"featured_media":27094,"comment_status":"closed","ping_status":"closed","template":"","tags":[],"tribe_events_cat":[3987,4,343,191],"acf":[],"yoast_head":"<!-- This site is optimized with the Yoast SEO plugin v21.3 - https:\/\/yoast.com\/wordpress\/plugins\/seo\/ -->\n<title>JAJAJJA de Abi\u00e1n D\u00edaz - ULL - Agenda<\/title>\n<meta name=\"robots\" content=\"index, follow, max-snippet:-1, max-image-preview:large, max-video-preview:-1\" \/>\n<link rel=\"canonical\" href=\"https:\/\/www.ull.es\/portal\/agenda\/evento\/jajajja-de-abian-diaz\/\" \/>\n<meta property=\"og:locale\" content=\"es_ES\" \/>\n<meta property=\"og:type\" content=\"article\" \/>\n<meta property=\"og:title\" content=\"JAJAJJA de Abi\u00e1n D\u00edaz - ULL - Agenda\" \/>\n<meta property=\"og:description\" content=\"\u00abJAJAJJA\u201d es el nuevo espect\u00e1culo de humor de Abi\u00e1n D\u00edaz. En esta ocasi\u00f3n, este nuevo show es la relaci\u00f3n de los mejores momentos escogidos de sus obras anteriores \u201c5 EUROS\u201d y \u201cGRACIOS\u00cdSIMO\u201d. Aunque a\u00f1adiendo cosas nuevas. Sin pretender otra cosa que la risa, Abi\u00e1n se introducir\u00e1 en una serie de temas de su vida que,...\" \/>\n<meta property=\"og:url\" content=\"https:\/\/www.ull.es\/portal\/agenda\/evento\/jajajja-de-abian-diaz\/\" \/>\n<meta property=\"og:site_name\" content=\"ULL - Agenda\" \/>\n<meta property=\"og:image\" content=\"https:\/\/www.ull.es\/portal\/agenda\/wp-content\/uploads\/sites\/12\/2022\/10\/abian-jajajja-LALAGUNA-700x350-1.jpg\" \/>\n\t<meta property=\"og:image:width\" content=\"1458\" \/>\n\t<meta property=\"og:image:height\" content=\"729\" \/>\n\t<meta property=\"og:image:type\" content=\"image\/jpeg\" \/>\n<meta name=\"twitter:card\" content=\"summary_large_image\" \/>\n<meta name=\"twitter:label1\" content=\"Tiempo de lectura\" \/>\n\t<meta name=\"twitter:data1\" content=\"1 minuto\" \/>\n<script type=\"application\/ld+json\" class=\"yoast-schema-graph\">{\"@context\":\"https:\/\/schema.org\",\"@graph\":[{\"@type\":\"WebPage\",\"@id\":\"https:\/\/www.ull.es\/portal\/agenda\/evento\/jajajja-de-abian-diaz\/\",\"url\":\"https:\/\/www.ull.es\/portal\/agenda\/evento\/jajajja-de-abian-diaz\/\",\"name\":\"JAJAJJA de Abi\u00e1n D\u00edaz - ULL - Agenda\",\"isPartOf\":{\"@id\":\"https:\/\/www.ull.es\/portal\/agenda\/#website\"},\"datePublished\":\"2022-10-11T14:56:06+00:00\",\"dateModified\":\"2022-10-11T14:56:06+00:00\",\"breadcrumb\":{\"@id\":\"https:\/\/www.ull.es\/portal\/agenda\/evento\/jajajja-de-abian-diaz\/#breadcrumb\"},\"inLanguage\":\"es\",\"potentialAction\":[{\"@type\":\"ReadAction\",\"target\":[\"https:\/\/www.ull.es\/portal\/agenda\/evento\/jajajja-de-abian-diaz\/\"]}]},{\"@type\":\"BreadcrumbList\",\"@id\":\"https:\/\/www.ull.es\/portal\/agenda\/evento\/jajajja-de-abian-diaz\/#breadcrumb\",\"itemListElement\":[{\"@type\":\"ListItem\",\"position\":1,\"name\":\"Portada\",\"item\":\"https:\/\/www.ull.es\/portal\/agenda\/\"},{\"@type\":\"ListItem\",\"position\":2,\"name\":\"JAJAJJA de Abi\u00e1n D\u00edaz\"}]},{\"@type\":\"WebSite\",\"@id\":\"https:\/\/www.ull.es\/portal\/agenda\/#website\",\"url\":\"https:\/\/www.ull.es\/portal\/agenda\/\",\"name\":\"ULL - Agenda\",\"description\":\"\",\"potentialAction\":[{\"@type\":\"SearchAction\",\"target\":{\"@type\":\"EntryPoint\",\"urlTemplate\":\"https:\/\/www.ull.es\/portal\/agenda\/?s={search_term_string}\"},\"query-input\":\"required name=search_term_string\"}],\"inLanguage\":\"es\"}]}<\/script>\n<!-- \/ Yoast SEO plugin. -->","yoast_head_json":{"title":"JAJAJJA de Abi\u00e1n D\u00edaz - ULL - Agenda","robots":{"index":"index","follow":"follow","max-snippet":"max-snippet:-1","max-image-preview":"max-image-preview:large","max-video-preview":"max-video-preview:-1"},"canonical":"https:\/\/www.ull.es\/portal\/agenda\/evento\/jajajja-de-abian-diaz\/","og_locale":"es_ES","og_type":"article","og_title":"JAJAJJA de Abi\u00e1n D\u00edaz - ULL - Agenda","og_description":"\u00abJAJAJJA\u201d es el nuevo espect\u00e1culo de humor de Abi\u00e1n D\u00edaz. En esta ocasi\u00f3n, este nuevo show es la relaci\u00f3n de los mejores momentos escogidos de sus obras anteriores \u201c5 EUROS\u201d y \u201cGRACIOS\u00cdSIMO\u201d. Aunque a\u00f1adiendo cosas nuevas. Sin pretender otra cosa que la risa, Abi\u00e1n se introducir\u00e1 en una serie de temas de su vida que,...","og_url":"https:\/\/www.ull.es\/portal\/agenda\/evento\/jajajja-de-abian-diaz\/","og_site_name":"ULL - Agenda","og_image":[{"width":1458,"height":729,"url":"https:\/\/www.ull.es\/portal\/agenda\/wp-content\/uploads\/sites\/12\/2022\/10\/abian-jajajja-LALAGUNA-700x350-1.jpg","type":"image\/jpeg"}],"twitter_card":"summary_large_image","twitter_misc":{"Tiempo de lectura":"1 minuto"},"schema":{"@context":"https:\/\/schema.org","@graph":[{"@type":"WebPage","@id":"https:\/\/www.ull.es\/portal\/agenda\/evento\/jajajja-de-abian-diaz\/","url":"https:\/\/www.ull.es\/portal\/agenda\/evento\/jajajja-de-abian-diaz\/","name":"JAJAJJA de Abi\u00e1n D\u00edaz - ULL - Agenda","isPartOf":{"@id":"https:\/\/www.ull.es\/portal\/agenda\/#website"},"datePublished":"2022-10-11T14:56:06+00:00","dateModified":"2022-10-11T14:56:06+00:00","breadcrumb":{"@id":"https:\/\/www.ull.es\/portal\/agenda\/evento\/jajajja-de-abian-diaz\/#breadcrumb"},"inLanguage":"es","potentialAction":[{"@type":"ReadAction","target":["https:\/\/www.ull.es\/portal\/agenda\/evento\/jajajja-de-abian-diaz\/"]}]},{"@type":"BreadcrumbList","@id":"https:\/\/www.ull.es\/portal\/agenda\/evento\/jajajja-de-abian-diaz\/#breadcrumb","itemListElement":[{"@type":"ListItem","position":1,"name":"Portada","item":"https:\/\/www.ull.es\/portal\/agenda\/"},{"@type":"ListItem","position":2,"name":"JAJAJJA de Abi\u00e1n D\u00edaz"}]},{"@type":"WebSite","@id":"https:\/\/www.ull.es\/portal\/agenda\/#website","url":"https:\/\/www.ull.es\/portal\/agenda\/","name":"ULL - Agenda","description":"","potentialAction":[{"@type":"SearchAction","target":{"@type":"EntryPoint","urlTemplate":"https:\/\/www.ull.es\/portal\/agenda\/?s={search_term_string}"},"query-input":"required name=search_term_string"}],"inLanguage":"es"}]}},"_links":{"self":[{"href":"https:\/\/www.ull.es\/portal\/agenda\/wp-json\/wp\/v2\/tribe_events\/27093"}],"collection":[{"href":"https:\/\/www.ull.es\/portal\/agenda\/wp-json\/wp\/v2\/tribe_events"}],"about":[{"href":"https:\/\/www.ull.es\/portal\/agenda\/wp-json\/wp\/v2\/types\/tribe_events"}],"author":[{"embeddable":true,"href":"https:\/\/www.ull.es\/portal\/agenda\/wp-json\/wp\/v2\/users\/65"}],"replies":[{"embeddable":true,"href":"https:\/\/www.ull.es\/portal\/agenda\/wp-json\/wp\/v2\/comments?post=27093"}],"version-history":[{"count":1,"href":"https:\/\/www.ull.es\/portal\/agenda\/wp-json\/wp\/v2\/tribe_events\/27093\/revisions"}],"predecessor-version":[{"id":27095,"href":"https:\/\/www.ull.es\/portal\/agenda\/wp-json\/wp\/v2\/tribe_events\/27093\/revisions\/27095"}],"wp:featuredmedia":[{"embeddable":true,"href":"https:\/\/www.ull.es\/portal\/agenda\/wp-json\/wp\/v2\/media\/27094"}],"wp:attachment":[{"href":"https:\/\/www.ull.es\/portal\/agenda\/wp-json\/wp\/v2\/media?parent=27093"}],"wp:term":[{"taxonomy":"post_tag","embeddable":true,"href":"https:\/\/www.ull.es\/portal\/agenda\/wp-json\/wp\/v2\/tags?post=27093"},{"taxonomy":"tribe_events_cat","embeddable":true,"href":"https:\/\/www.ull.es\/portal\/agenda\/wp-json\/wp\/v2\/tribe_events_cat?post=27093"}],"curies":[{"name":"wp","href":"https:\/\/api.w.org\/{rel}","templated":true}]}}

JAJAJJA de Abián Díaz

<p>«JAJAJJA” es el nuevo espectáculo de humor de Abián Díaz. En esta ocasión, este nuevo show es la relación de los mejores momentos escogidos de sus obras anteriores “5 EUROS” y “GRACIOSÍSIMO”. Aunque añadiendo cosas nuevas. Sin pretender otra cosa que la risa, Abián se introducirá en una serie de temas de su vida que, por alguna razón, quiere mencionar en público de nuevo. ¿Qué le vamos a hacer? Ahora además cree que, si escoge lo mejor que ha desarrollado en sus últimos años de carrera, quizás Dave Chapelle le llame para una colaboración.</p>
<p>Este espectáculo tiene una duración de 80 minutos. A no ser que usted tenga que irse antes. En ese caso, su duración es la misma pero quizás pasados los años piense “que corta me pareció la obra de Abián”. “JAJAJJA” es ese mensaje que contestamos a cualquier meme recibido con indiferencia de si nos hemos o no reído. Es aquel meme que hemos visto en soledad y queremos ahora compartir.</p>
<p><a href="http://www.tomaticket.es/recintos/paraninfo-ull" target="_blank" rel="noopener" target="_blank" rel="noopener">Entrada:</a> 13 €</p>

<p>«JAJAJJA” es el nuevo espectáculo de humor de Abián Díaz. En esta ocasión, este nuevo show es la relación de los mejores momentos escogidos de sus obras anteriores “5 EUROS” y “GRACIOSÍSIMO”. Aunque añadiendo cosas nuevas. Sin pretender otra cosa que la risa, Abián se introducirá en una serie de temas de su vida que,&#8230;</p>

<!-- This site is optimized with the Yoast SEO plugin v21.3 - https://yoast.com/wordpress/plugins/seo/ -->
<title>JAJAJJA de Abián Díaz - ULL - Agenda</title>
<meta name="robots" content="index, follow, max-snippet:-1, max-image-preview:large, max-video-preview:-1" />
<link rel="canonical" href="https://www.ull.es/portal/agenda/evento/jajajja-de-abian-diaz/" />
<meta property="og:locale" content="es_ES" />
<meta property="og:type" content="article" />
<meta property="og:title" content="JAJAJJA de Abián Díaz - ULL - Agenda" />
<meta property="og:description" content="«JAJAJJA” es el nuevo espectáculo de humor de Abián Díaz. En esta ocasión, este nuevo show es la relación de los mejores momentos escogidos de sus obras anteriores “5 EUROS” y “GRACIOSÍSIMO”. Aunque añadiendo cosas nuevas. Sin pretender otra cosa que la risa, Abián se introducirá en una serie de temas de su vida que,..." />
<meta property="og:url" content="https://www.ull.es/portal/agenda/evento/jajajja-de-abian-diaz/" />
<meta property="og:site_name" content="ULL - Agenda" />
<meta property="og:image" content="https://www.ull.es/portal/agenda/wp-content/uploads/sites/12/2022/10/abian-jajajja-LALAGUNA-700x350-1.jpg" />
	<meta property="og:image:width" content="1458" />
	<meta property="og:image:height" content="729" />
	<meta property="og:image:type" content="image/jpeg" />
<meta name="twitter:card" content="summary_large_image" />
<meta name="twitter:label1" content="Tiempo de lectura" />
	<meta name="twitter:data1" content="1 minuto" />
<script type="application/ld+json" class="yoast-schema-graph">{"@context":"https://schema.org","@graph":[{"@type":"WebPage","@id":"https://www.ull.es/portal/agenda/evento/jajajja-de-abian-diaz/","url":"https://www.ull.es/portal/agenda/evento/jajajja-de-abian-diaz/","name":"JAJAJJA de Abián Díaz - ULL - Agenda","isPartOf":{"@id":"https://www.ull.es/portal/agenda/#website"},"datePublished":"2022-10-11T14:56:06+00:00","dateModified":"2022-10-11T14:56:06+00:00","breadcrumb":{"@id":"https://www.ull.es/portal/agenda/evento/jajajja-de-abian-diaz/#breadcrumb"},"inLanguage":"es","potentialAction":[{"@type":"ReadAction","target":["https://www.ull.es/portal/agenda/evento/jajajja-de-abian-diaz/"]}]},{"@type":"BreadcrumbList","@id":"https://www.ull.es/portal/agenda/evento/jajajja-de-abian-diaz/#breadcrumb","itemListElement":[{"@type":"ListItem","position":1,"name":"Portada","item":"https://www.ull.es/portal/agenda/"},{"@type":"ListItem","position":2,"name":"JAJAJJA de Abián Díaz"}]},{"@type":"WebSite","@id":"https://www.ull.es/portal/agenda/#website","url":"https://www.ull.es/portal/agenda/","name":"ULL - Agenda","description":"","potentialAction":[{"@type":"SearchAction","target":{"@type":"EntryPoint","urlTemplate":"https://www.ull.es/portal/agenda/?s={search_term_string}"},"query-input":"required name=search_term_string"}],"inLanguage":"es"}]}</script>
<!-- / Yoast SEO plugin. -->

JAJAJJA de Abián Díaz - ULL - Agenda

«JAJAJJA” es el nuevo espectáculo de humor de Abián Díaz. En esta ocasión, este nuevo show es la relación de los mejores momentos escogidos de sus obras anteriores “5 EUROS” y “GRACIOSÍSIMO”. Aunque añadiendo cosas nuevas. Sin pretender otra cosa que la risa, Abián se introducirá en una serie de temas de su vida que,...
