{"id":27295,"date":"2022-10-24T12:12:06","date_gmt":"2022-10-24T12:12:06","guid":{"rendered":"https:\/\/www.ull.es\/portal\/agenda\/?post_type=tribe_events&#038;p=27295"},"modified":"2022-11-30T11:02:24","modified_gmt":"2022-11-30T11:02:24","slug":"empleoland-ii-feria-de-empleo-y-emprendimiento-de-tenerife","status":"publish","type":"tribe_events","link":"https:\/\/www.ull.es\/portal\/agenda\/evento\/empleoland-ii-feria-de-empleo-y-emprendimiento-de-tenerife\/","title":{"rendered":"Empleoland &#8211; II Feria de Empleo y Emprendimiento de Tenerife"},"content":{"rendered":"<p>La II Feria de Empleo y Emprendimiento de Tenerife Empleoland surge con la necesidad\u00a0de acercar, mover y difundir las necesidades del mercado laboral a las personas que intervienen en el proceso de empleabilidad desde la formaci\u00f3n, hasta el departamento encargado de reclutar dentro de las empresas, las instituciones y organizaciones que colaboran durante el mismo, etc.<\/p>\n<p>Este evento, que se celebrar\u00e1 el 26 y el 27 de octubre en el Recinto Ferial de Tenerife, se realiza con la intenci\u00f3n de promover la inserci\u00f3n laboral a trav\u00e9s de actividades, talleres y ponencias de personas referentes de diferentes sectores orientadas a canalizar el talento.<\/p>\n<p>La Universidad de La Laguna, a trav\u00e9s del Consejo Social, ha organizado una programa propio que tendr\u00e1 lugar en la Sala Anexa. Durante estas dos jornadas expertos de la instituci\u00f3n acad\u00e9mica participar\u00e1n en este evento con diversas charlas, mesas redondas, reuniones, etc. que versar\u00e1n sobre la empleabilidad, el derecho al trabajo, la internacionalizaci\u00f3n, entre otras materias. Adem\u00e1s, la Fundaci\u00f3n General de la Universidad de La Laguna tendr\u00e1 un stand en la feria.<\/p>\n<p><strong>Guagua gratuita para el alumnado<\/strong><\/p>\n<p>El Consejo Social de la ULL pone a disposici\u00f3n del alumnado una guagua gratuita para que puedan asistir a la Feria de Empleo en el Recinto Ferial de Santa Cruz. Saldr\u00e1 del edificio de Biolog\u00eda, en el Campus de Anchieta a las 9:30 horas, el 26 y 27 de octubre, y a las 16:30 horas del 27 de octubre, pasando luego por el aparcamiento de alumnado del Edificio Central, y por delante de la Biblioteca Universitaria del Campus de Guajara. El horario de regreso desde el Recinto Ferial hacia La Laguna ser\u00e1 a las 13:30 y a las 18:30 horas, con las mismas paradas.<\/p>\n<p>Consulta toda la programaci\u00f3n en la<a href=\"https:\/\/www.empleoland.com\/\" target=\"_blank\" rel=\"noopener\" target=\"_blank\" rel=\"noopener\"> p\u00e1gina web.<\/a><\/p>\n","protected":false},"excerpt":{"rendered":"<p>La II Feria de Empleo y Emprendimiento de Tenerife Empleoland surge con la necesidad\u00a0de acercar, mover y difundir las necesidades del mercado laboral a las personas que intervienen en el proceso de empleabilidad desde la formaci\u00f3n, hasta el departamento encargado de reclutar dentro de las empresas, las instituciones y organizaciones que colaboran durante el mismo,&#8230;<\/p>\n","protected":false},"author":67,"featured_media":27303,"comment_status":"closed","ping_status":"closed","template":"","tags":[],"tribe_events_cat":[4819,4],"acf":[],"yoast_head":"<!-- This site is optimized with the Yoast SEO plugin v21.3 - https:\/\/yoast.com\/wordpress\/plugins\/seo\/ -->\n<title>Empleoland - II Feria de Empleo y Emprendimiento de Tenerife - ULL - Agenda<\/title>\n<meta name=\"robots\" content=\"index, follow, max-snippet:-1, max-image-preview:large, max-video-preview:-1\" \/>\n<link rel=\"canonical\" href=\"https:\/\/www.ull.es\/portal\/agenda\/evento\/empleoland-ii-feria-de-empleo-y-emprendimiento-de-tenerife\/\" \/>\n<meta property=\"og:locale\" content=\"es_ES\" \/>\n<meta property=\"og:type\" content=\"article\" \/>\n<meta property=\"og:title\" content=\"Empleoland - II Feria de Empleo y Emprendimiento de Tenerife - ULL - Agenda\" \/>\n<meta property=\"og:description\" content=\"La II Feria de Empleo y Emprendimiento de Tenerife Empleoland surge con la necesidad\u00a0de acercar, mover y difundir las necesidades del mercado laboral a las personas que intervienen en el proceso de empleabilidad desde la formaci\u00f3n, hasta el departamento encargado de reclutar dentro de las empresas, las instituciones y organizaciones que colaboran durante el mismo,...\" \/>\n<meta property=\"og:url\" content=\"https:\/\/www.ull.es\/portal\/agenda\/evento\/empleoland-ii-feria-de-empleo-y-emprendimiento-de-tenerife\/\" \/>\n<meta property=\"og:site_name\" content=\"ULL - Agenda\" \/>\n<meta property=\"article:modified_time\" content=\"2022-11-30T11:02:24+00:00\" \/>\n<meta property=\"og:image\" content=\"https:\/\/www.ull.es\/portal\/agenda\/wp-content\/uploads\/sites\/12\/2022\/10\/empleoland.jpg\" \/>\n\t<meta property=\"og:image:width\" content=\"700\" \/>\n\t<meta property=\"og:image:height\" content=\"350\" \/>\n\t<meta property=\"og:image:type\" content=\"image\/jpeg\" \/>\n<meta name=\"twitter:card\" content=\"summary_large_image\" \/>\n<meta name=\"twitter:label1\" content=\"Tiempo de lectura\" \/>\n\t<meta name=\"twitter:data1\" content=\"2 minutos\" \/>\n<script type=\"application\/ld+json\" class=\"yoast-schema-graph\">{\"@context\":\"https:\/\/schema.org\",\"@graph\":[{\"@type\":\"WebPage\",\"@id\":\"https:\/\/www.ull.es\/portal\/agenda\/evento\/empleoland-ii-feria-de-empleo-y-emprendimiento-de-tenerife\/\",\"url\":\"https:\/\/www.ull.es\/portal\/agenda\/evento\/empleoland-ii-feria-de-empleo-y-emprendimiento-de-tenerife\/\",\"name\":\"Empleoland - II Feria de Empleo y Emprendimiento de Tenerife - ULL - Agenda\",\"isPartOf\":{\"@id\":\"https:\/\/www.ull.es\/portal\/agenda\/#website\"},\"datePublished\":\"2022-10-24T12:12:06+00:00\",\"dateModified\":\"2022-11-30T11:02:24+00:00\",\"breadcrumb\":{\"@id\":\"https:\/\/www.ull.es\/portal\/agenda\/evento\/empleoland-ii-feria-de-empleo-y-emprendimiento-de-tenerife\/#breadcrumb\"},\"inLanguage\":\"es\",\"potentialAction\":[{\"@type\":\"ReadAction\",\"target\":[\"https:\/\/www.ull.es\/portal\/agenda\/evento\/empleoland-ii-feria-de-empleo-y-emprendimiento-de-tenerife\/\"]}]},{\"@type\":\"BreadcrumbList\",\"@id\":\"https:\/\/www.ull.es\/portal\/agenda\/evento\/empleoland-ii-feria-de-empleo-y-emprendimiento-de-tenerife\/#breadcrumb\",\"itemListElement\":[{\"@type\":\"ListItem\",\"position\":1,\"name\":\"Portada\",\"item\":\"https:\/\/www.ull.es\/portal\/agenda\/\"},{\"@type\":\"ListItem\",\"position\":2,\"name\":\"Empleoland &#8211; II Feria de Empleo y Emprendimiento de Tenerife\"}]},{\"@type\":\"WebSite\",\"@id\":\"https:\/\/www.ull.es\/portal\/agenda\/#website\",\"url\":\"https:\/\/www.ull.es\/portal\/agenda\/\",\"name\":\"ULL - Agenda\",\"description\":\"\",\"potentialAction\":[{\"@type\":\"SearchAction\",\"target\":{\"@type\":\"EntryPoint\",\"urlTemplate\":\"https:\/\/www.ull.es\/portal\/agenda\/?s={search_term_string}\"},\"query-input\":\"required name=search_term_string\"}],\"inLanguage\":\"es\"}]}<\/script>\n<!-- \/ Yoast SEO plugin. -->","yoast_head_json":{"title":"Empleoland - II Feria de Empleo y Emprendimiento de Tenerife - ULL - Agenda","robots":{"index":"index","follow":"follow","max-snippet":"max-snippet:-1","max-image-preview":"max-image-preview:large","max-video-preview":"max-video-preview:-1"},"canonical":"https:\/\/www.ull.es\/portal\/agenda\/evento\/empleoland-ii-feria-de-empleo-y-emprendimiento-de-tenerife\/","og_locale":"es_ES","og_type":"article","og_title":"Empleoland - II Feria de Empleo y Emprendimiento de Tenerife - ULL - Agenda","og_description":"La II Feria de Empleo y Emprendimiento de Tenerife Empleoland surge con la necesidad\u00a0de acercar, mover y difundir las necesidades del mercado laboral a las personas que intervienen en el proceso de empleabilidad desde la formaci\u00f3n, hasta el departamento encargado de reclutar dentro de las empresas, las instituciones y organizaciones que colaboran durante el mismo,...","og_url":"https:\/\/www.ull.es\/portal\/agenda\/evento\/empleoland-ii-feria-de-empleo-y-emprendimiento-de-tenerife\/","og_site_name":"ULL - Agenda","article_modified_time":"2022-11-30T11:02:24+00:00","og_image":[{"width":700,"height":350,"url":"https:\/\/www.ull.es\/portal\/agenda\/wp-content\/uploads\/sites\/12\/2022\/10\/empleoland.jpg","type":"image\/jpeg"}],"twitter_card":"summary_large_image","twitter_misc":{"Tiempo de lectura":"2 minutos"},"schema":{"@context":"https:\/\/schema.org","@graph":[{"@type":"WebPage","@id":"https:\/\/www.ull.es\/portal\/agenda\/evento\/empleoland-ii-feria-de-empleo-y-emprendimiento-de-tenerife\/","url":"https:\/\/www.ull.es\/portal\/agenda\/evento\/empleoland-ii-feria-de-empleo-y-emprendimiento-de-tenerife\/","name":"Empleoland - II Feria de Empleo y Emprendimiento de Tenerife - ULL - Agenda","isPartOf":{"@id":"https:\/\/www.ull.es\/portal\/agenda\/#website"},"datePublished":"2022-10-24T12:12:06+00:00","dateModified":"2022-11-30T11:02:24+00:00","breadcrumb":{"@id":"https:\/\/www.ull.es\/portal\/agenda\/evento\/empleoland-ii-feria-de-empleo-y-emprendimiento-de-tenerife\/#breadcrumb"},"inLanguage":"es","potentialAction":[{"@type":"ReadAction","target":["https:\/\/www.ull.es\/portal\/agenda\/evento\/empleoland-ii-feria-de-empleo-y-emprendimiento-de-tenerife\/"]}]},{"@type":"BreadcrumbList","@id":"https:\/\/www.ull.es\/portal\/agenda\/evento\/empleoland-ii-feria-de-empleo-y-emprendimiento-de-tenerife\/#breadcrumb","itemListElement":[{"@type":"ListItem","position":1,"name":"Portada","item":"https:\/\/www.ull.es\/portal\/agenda\/"},{"@type":"ListItem","position":2,"name":"Empleoland &#8211; II Feria de Empleo y Emprendimiento de Tenerife"}]},{"@type":"WebSite","@id":"https:\/\/www.ull.es\/portal\/agenda\/#website","url":"https:\/\/www.ull.es\/portal\/agenda\/","name":"ULL - Agenda","description":"","potentialAction":[{"@type":"SearchAction","target":{"@type":"EntryPoint","urlTemplate":"https:\/\/www.ull.es\/portal\/agenda\/?s={search_term_string}"},"query-input":"required name=search_term_string"}],"inLanguage":"es"}]}},"_links":{"self":[{"href":"https:\/\/www.ull.es\/portal\/agenda\/wp-json\/wp\/v2\/tribe_events\/27295"}],"collection":[{"href":"https:\/\/www.ull.es\/portal\/agenda\/wp-json\/wp\/v2\/tribe_events"}],"about":[{"href":"https:\/\/www.ull.es\/portal\/agenda\/wp-json\/wp\/v2\/types\/tribe_events"}],"author":[{"embeddable":true,"href":"https:\/\/www.ull.es\/portal\/agenda\/wp-json\/wp\/v2\/users\/67"}],"replies":[{"embeddable":true,"href":"https:\/\/www.ull.es\/portal\/agenda\/wp-json\/wp\/v2\/comments?post=27295"}],"version-history":[{"count":4,"href":"https:\/\/www.ull.es\/portal\/agenda\/wp-json\/wp\/v2\/tribe_events\/27295\/revisions"}],"predecessor-version":[{"id":27345,"href":"https:\/\/www.ull.es\/portal\/agenda\/wp-json\/wp\/v2\/tribe_events\/27295\/revisions\/27345"}],"wp:featuredmedia":[{"embeddable":true,"href":"https:\/\/www.ull.es\/portal\/agenda\/wp-json\/wp\/v2\/media\/27303"}],"wp:attachment":[{"href":"https:\/\/www.ull.es\/portal\/agenda\/wp-json\/wp\/v2\/media?parent=27295"}],"wp:term":[{"taxonomy":"post_tag","embeddable":true,"href":"https:\/\/www.ull.es\/portal\/agenda\/wp-json\/wp\/v2\/tags?post=27295"},{"taxonomy":"tribe_events_cat","embeddable":true,"href":"https:\/\/www.ull.es\/portal\/agenda\/wp-json\/wp\/v2\/tribe_events_cat?post=27295"}],"curies":[{"name":"wp","href":"https:\/\/api.w.org\/{rel}","templated":true}]}}

<p>La II Feria de Empleo y Emprendimiento de Tenerife Empleoland surge con la necesidad de acercar, mover y difundir las necesidades del mercado laboral a las personas que intervienen en el proceso de empleabilidad desde la formación, hasta el departamento encargado de reclutar dentro de las empresas, las instituciones y organizaciones que colaboran durante el mismo, etc.</p>
<p>Este evento, que se celebrará el 26 y el 27 de octubre en el Recinto Ferial de Tenerife, se realiza con la intención de promover la inserción laboral a través de actividades, talleres y ponencias de personas referentes de diferentes sectores orientadas a canalizar el talento.</p>
<p>La Universidad de La Laguna, a través del Consejo Social, ha organizado una programa propio que tendrá lugar en la Sala Anexa. Durante estas dos jornadas expertos de la institución académica participarán en este evento con diversas charlas, mesas redondas, reuniones, etc. que versarán sobre la empleabilidad, el derecho al trabajo, la internacionalización, entre otras materias. Además, la Fundación General de la Universidad de La Laguna tendrá un stand en la feria.</p>
<p><strong>Guagua gratuita para el alumnado</strong></p>
<p>El Consejo Social de la ULL pone a disposición del alumnado una guagua gratuita para que puedan asistir a la Feria de Empleo en el Recinto Ferial de Santa Cruz. Saldrá del edificio de Biología, en el Campus de Anchieta a las 9:30 horas, el 26 y 27 de octubre, y a las 16:30 horas del 27 de octubre, pasando luego por el aparcamiento de alumnado del Edificio Central, y por delante de la Biblioteca Universitaria del Campus de Guajara. El horario de regreso desde el Recinto Ferial hacia La Laguna será a las 13:30 y a las 18:30 horas, con las mismas paradas.</p>
<p>Consulta toda la programación en la<a href="https://www.empleoland.com/" target="_blank" rel="noopener" target="_blank" rel="noopener"> página web.</a></p>

<p>La II Feria de Empleo y Emprendimiento de Tenerife Empleoland surge con la necesidad de acercar, mover y difundir las necesidades del mercado laboral a las personas que intervienen en el proceso de empleabilidad desde la formación, hasta el departamento encargado de reclutar dentro de las empresas, las instituciones y organizaciones que colaboran durante el mismo,&#8230;</p>

<!-- This site is optimized with the Yoast SEO plugin v21.3 - https://yoast.com/wordpress/plugins/seo/ -->
<title>Empleoland - II Feria de Empleo y Emprendimiento de Tenerife - ULL - Agenda</title>
<meta name="robots" content="index, follow, max-snippet:-1, max-image-preview:large, max-video-preview:-1" />
<link rel="canonical" href="https://www.ull.es/portal/agenda/evento/empleoland-ii-feria-de-empleo-y-emprendimiento-de-tenerife/" />
<meta property="og:locale" content="es_ES" />
<meta property="og:type" content="article" />
<meta property="og:title" content="Empleoland - II Feria de Empleo y Emprendimiento de Tenerife - ULL - Agenda" />
<meta property="og:description" content="La II Feria de Empleo y Emprendimiento de Tenerife Empleoland surge con la necesidad de acercar, mover y difundir las necesidades del mercado laboral a las personas que intervienen en el proceso de empleabilidad desde la formación, hasta el departamento encargado de reclutar dentro de las empresas, las instituciones y organizaciones que colaboran durante el mismo,..." />
<meta property="og:url" content="https://www.ull.es/portal/agenda/evento/empleoland-ii-feria-de-empleo-y-emprendimiento-de-tenerife/" />
<meta property="og:site_name" content="ULL - Agenda" />
<meta property="article:modified_time" content="2022-11-30T11:02:24+00:00" />
<meta property="og:image" content="https://www.ull.es/portal/agenda/wp-content/uploads/sites/12/2022/10/empleoland.jpg" />
	<meta property="og:image:width" content="700" />
	<meta property="og:image:height" content="350" />
	<meta property="og:image:type" content="image/jpeg" />
<meta name="twitter:card" content="summary_large_image" />
<meta name="twitter:label1" content="Tiempo de lectura" />
	<meta name="twitter:data1" content="2 minutos" />
<script type="application/ld+json" class="yoast-schema-graph">{"@context":"https://schema.org","@graph":[{"@type":"WebPage","@id":"https://www.ull.es/portal/agenda/evento/empleoland-ii-feria-de-empleo-y-emprendimiento-de-tenerife/","url":"https://www.ull.es/portal/agenda/evento/empleoland-ii-feria-de-empleo-y-emprendimiento-de-tenerife/","name":"Empleoland - II Feria de Empleo y Emprendimiento de Tenerife - ULL - Agenda","isPartOf":{"@id":"https://www.ull.es/portal/agenda/#website"},"datePublished":"2022-10-24T12:12:06+00:00","dateModified":"2022-11-30T11:02:24+00:00","breadcrumb":{"@id":"https://www.ull.es/portal/agenda/evento/empleoland-ii-feria-de-empleo-y-emprendimiento-de-tenerife/#breadcrumb"},"inLanguage":"es","potentialAction":[{"@type":"ReadAction","target":["https://www.ull.es/portal/agenda/evento/empleoland-ii-feria-de-empleo-y-emprendimiento-de-tenerife/"]}]},{"@type":"BreadcrumbList","@id":"https://www.ull.es/portal/agenda/evento/empleoland-ii-feria-de-empleo-y-emprendimiento-de-tenerife/#breadcrumb","itemListElement":[{"@type":"ListItem","position":1,"name":"Portada","item":"https://www.ull.es/portal/agenda/"},{"@type":"ListItem","position":2,"name":"Empleoland &#8211; II Feria de Empleo y Emprendimiento de Tenerife"}]},{"@type":"WebSite","@id":"https://www.ull.es/portal/agenda/#website","url":"https://www.ull.es/portal/agenda/","name":"ULL - Agenda","description":"","potentialAction":[{"@type":"SearchAction","target":{"@type":"EntryPoint","urlTemplate":"https://www.ull.es/portal/agenda/?s={search_term_string}"},"query-input":"required name=search_term_string"}],"inLanguage":"es"}]}</script>
<!-- / Yoast SEO plugin. -->

La II Feria de Empleo y Emprendimiento de Tenerife Empleoland surge con la necesidad de acercar, mover y difundir las necesidades del mercado laboral a las personas que intervienen en el proceso de empleabilidad desde la formación, hasta el departamento encargado de reclutar dentro de las empresas, las instituciones y organizaciones que colaboran durante el mismo,...
