{"id":27318,"date":"2022-10-24T13:08:43","date_gmt":"2022-10-24T13:08:43","guid":{"rendered":"https:\/\/www.ull.es\/portal\/agenda\/?post_type=tribe_events&#038;p=27318"},"modified":"2022-10-24T13:08:43","modified_gmt":"2022-10-24T13:08:43","slug":"un-cafe-con-gdi-las-competencias-del-futuro","status":"publish","type":"tribe_events","link":"https:\/\/www.ull.es\/portal\/agenda\/evento\/un-cafe-con-gdi-las-competencias-del-futuro\/","title":{"rendered":"Un caf\u00e9 con GDI: las competencias del futuro"},"content":{"rendered":"<p>El Programa de Gestores de la Innovaci\u00f3n de la Fundaci\u00f3n General Universidad de La Laguna organiza la ponencia \u00abUn caf\u00e9 con GDI: las competencias del futuro\u00bb ,el mi\u00e9rcoles 26 de octubre de 10:00 a 11:00 horas.<\/p>\n<p>En esta charla, el invitado David Alay\u00f3n acercar\u00e1 a las personas asistentes a las competencias necesarias para las profesiones del futuro: \u201cLas maneras de trabajar est\u00e1n evolucionando hacia nuevos modelos a\u00fan por vislumbrar y muchas habilidades se quedan obsoletas en apenas unos pocos a\u00f1os. \u00bfQu\u00e9 nuevos conocimientos y competencias deber\u00edamos aprender para navegar un futuro incierto?\u201d<\/p>\n<p>Los objetivos principales de este evento son los siguientes:<\/p>\n<ul>\n<li>Acercar al alumnado a la realidad actual y futura de los requerimientos de las empresas.<\/li>\n<li>Dar a conocer las formaciones del Programa GDI ya que \u00e9stas podr\u00edan mejorar las competencias y las posibilidades de empleabilidad de cara al futuro del alumnado participante.<\/li>\n<li>Divulgar informaci\u00f3n sobre la Subvenci\u00f3n para la Incorporaci\u00f3n de Personal Innovador (IPI) ya que \u00e9sta puede suponer una posibilidad de contrataci\u00f3n para el alumnado.<\/li>\n<\/ul>\n<p>Dirigido en especial a alumnado de cualquier grado o facultad que quiera mejorar su formaci\u00f3n en Innovaci\u00f3n o Transformaci\u00f3n digital de manera gratuita con el programa de Gestores de la Innovaci\u00f3n.<\/p>\n<p><a href=\"https:\/\/forms.gle\/sHqiHQERby2sxq3Q7\" target=\"_blank\" rel=\"noopener\" target=\"_blank\" rel=\"noopener\"><span style=\"font-weight: 400;\">Inscripci\u00f3n<\/span><\/a><\/p>\n<p><span style=\"font-weight: 400;\">M\u00e1s informaci\u00f3n en este <a href=\"https:\/\/fg.ull.es\/portal\/gdi\/un-cafe-con-gdi-las-competencias-de-futuro-con-david-alayon\/\" target=\"_blank\" rel=\"noopener\" target=\"_blank\" rel=\"noopener\">enlace.<\/a><\/span><\/p>\n","protected":false},"excerpt":{"rendered":"<p>El Programa de Gestores de la Innovaci\u00f3n de la Fundaci\u00f3n General Universidad de La Laguna organiza la ponencia \u00abUn caf\u00e9 con GDI: las competencias del futuro\u00bb ,el mi\u00e9rcoles 26 de octubre de 10:00 a 11:00 horas. En esta charla, el invitado David Alay\u00f3n acercar\u00e1 a las personas asistentes a las competencias necesarias para las profesiones&#8230;<\/p>\n","protected":false},"author":65,"featured_media":27319,"comment_status":"closed","ping_status":"closed","template":"","tags":[],"tribe_events_cat":[4,2739,186],"acf":[],"yoast_head":"<!-- This site is optimized with the Yoast SEO plugin v21.3 - https:\/\/yoast.com\/wordpress\/plugins\/seo\/ -->\n<title>Un caf\u00e9 con GDI: las competencias del futuro - ULL - Agenda<\/title>\n<meta name=\"robots\" content=\"index, follow, max-snippet:-1, max-image-preview:large, max-video-preview:-1\" \/>\n<link rel=\"canonical\" href=\"https:\/\/www.ull.es\/portal\/agenda\/evento\/un-cafe-con-gdi-las-competencias-del-futuro\/\" \/>\n<meta property=\"og:locale\" content=\"es_ES\" \/>\n<meta property=\"og:type\" content=\"article\" \/>\n<meta property=\"og:title\" content=\"Un caf\u00e9 con GDI: las competencias del futuro - ULL - Agenda\" \/>\n<meta property=\"og:description\" content=\"El Programa de Gestores de la Innovaci\u00f3n de la Fundaci\u00f3n General Universidad de La Laguna organiza la ponencia \u00abUn caf\u00e9 con GDI: las competencias del futuro\u00bb ,el mi\u00e9rcoles 26 de octubre de 10:00 a 11:00 horas. En esta charla, el invitado David Alay\u00f3n acercar\u00e1 a las personas asistentes a las competencias necesarias para las profesiones...\" \/>\n<meta property=\"og:url\" content=\"https:\/\/www.ull.es\/portal\/agenda\/evento\/un-cafe-con-gdi-las-competencias-del-futuro\/\" \/>\n<meta property=\"og:site_name\" content=\"ULL - Agenda\" \/>\n<meta property=\"og:image\" content=\"https:\/\/www.ull.es\/portal\/agenda\/wp-content\/uploads\/sites\/12\/2022\/10\/Cafe-GDI_Banner-ull.jpg\" \/>\n\t<meta property=\"og:image:width\" content=\"700\" \/>\n\t<meta property=\"og:image:height\" content=\"350\" \/>\n\t<meta property=\"og:image:type\" content=\"image\/jpeg\" \/>\n<meta name=\"twitter:card\" content=\"summary_large_image\" \/>\n<meta name=\"twitter:label1\" content=\"Tiempo de lectura\" \/>\n\t<meta name=\"twitter:data1\" content=\"1 minuto\" \/>\n<script type=\"application\/ld+json\" class=\"yoast-schema-graph\">{\"@context\":\"https:\/\/schema.org\",\"@graph\":[{\"@type\":\"WebPage\",\"@id\":\"https:\/\/www.ull.es\/portal\/agenda\/evento\/un-cafe-con-gdi-las-competencias-del-futuro\/\",\"url\":\"https:\/\/www.ull.es\/portal\/agenda\/evento\/un-cafe-con-gdi-las-competencias-del-futuro\/\",\"name\":\"Un caf\u00e9 con GDI: las competencias del futuro - ULL - Agenda\",\"isPartOf\":{\"@id\":\"https:\/\/www.ull.es\/portal\/agenda\/#website\"},\"datePublished\":\"2022-10-24T13:08:43+00:00\",\"dateModified\":\"2022-10-24T13:08:43+00:00\",\"breadcrumb\":{\"@id\":\"https:\/\/www.ull.es\/portal\/agenda\/evento\/un-cafe-con-gdi-las-competencias-del-futuro\/#breadcrumb\"},\"inLanguage\":\"es\",\"potentialAction\":[{\"@type\":\"ReadAction\",\"target\":[\"https:\/\/www.ull.es\/portal\/agenda\/evento\/un-cafe-con-gdi-las-competencias-del-futuro\/\"]}]},{\"@type\":\"BreadcrumbList\",\"@id\":\"https:\/\/www.ull.es\/portal\/agenda\/evento\/un-cafe-con-gdi-las-competencias-del-futuro\/#breadcrumb\",\"itemListElement\":[{\"@type\":\"ListItem\",\"position\":1,\"name\":\"Portada\",\"item\":\"https:\/\/www.ull.es\/portal\/agenda\/\"},{\"@type\":\"ListItem\",\"position\":2,\"name\":\"Un caf\u00e9 con GDI: las competencias del futuro\"}]},{\"@type\":\"WebSite\",\"@id\":\"https:\/\/www.ull.es\/portal\/agenda\/#website\",\"url\":\"https:\/\/www.ull.es\/portal\/agenda\/\",\"name\":\"ULL - Agenda\",\"description\":\"\",\"potentialAction\":[{\"@type\":\"SearchAction\",\"target\":{\"@type\":\"EntryPoint\",\"urlTemplate\":\"https:\/\/www.ull.es\/portal\/agenda\/?s={search_term_string}\"},\"query-input\":\"required name=search_term_string\"}],\"inLanguage\":\"es\"}]}<\/script>\n<!-- \/ Yoast SEO plugin. -->","yoast_head_json":{"title":"Un caf\u00e9 con GDI: las competencias del futuro - ULL - Agenda","robots":{"index":"index","follow":"follow","max-snippet":"max-snippet:-1","max-image-preview":"max-image-preview:large","max-video-preview":"max-video-preview:-1"},"canonical":"https:\/\/www.ull.es\/portal\/agenda\/evento\/un-cafe-con-gdi-las-competencias-del-futuro\/","og_locale":"es_ES","og_type":"article","og_title":"Un caf\u00e9 con GDI: las competencias del futuro - ULL - Agenda","og_description":"El Programa de Gestores de la Innovaci\u00f3n de la Fundaci\u00f3n General Universidad de La Laguna organiza la ponencia \u00abUn caf\u00e9 con GDI: las competencias del futuro\u00bb ,el mi\u00e9rcoles 26 de octubre de 10:00 a 11:00 horas. En esta charla, el invitado David Alay\u00f3n acercar\u00e1 a las personas asistentes a las competencias necesarias para las profesiones...","og_url":"https:\/\/www.ull.es\/portal\/agenda\/evento\/un-cafe-con-gdi-las-competencias-del-futuro\/","og_site_name":"ULL - Agenda","og_image":[{"width":700,"height":350,"url":"https:\/\/www.ull.es\/portal\/agenda\/wp-content\/uploads\/sites\/12\/2022\/10\/Cafe-GDI_Banner-ull.jpg","type":"image\/jpeg"}],"twitter_card":"summary_large_image","twitter_misc":{"Tiempo de lectura":"1 minuto"},"schema":{"@context":"https:\/\/schema.org","@graph":[{"@type":"WebPage","@id":"https:\/\/www.ull.es\/portal\/agenda\/evento\/un-cafe-con-gdi-las-competencias-del-futuro\/","url":"https:\/\/www.ull.es\/portal\/agenda\/evento\/un-cafe-con-gdi-las-competencias-del-futuro\/","name":"Un caf\u00e9 con GDI: las competencias del futuro - ULL - Agenda","isPartOf":{"@id":"https:\/\/www.ull.es\/portal\/agenda\/#website"},"datePublished":"2022-10-24T13:08:43+00:00","dateModified":"2022-10-24T13:08:43+00:00","breadcrumb":{"@id":"https:\/\/www.ull.es\/portal\/agenda\/evento\/un-cafe-con-gdi-las-competencias-del-futuro\/#breadcrumb"},"inLanguage":"es","potentialAction":[{"@type":"ReadAction","target":["https:\/\/www.ull.es\/portal\/agenda\/evento\/un-cafe-con-gdi-las-competencias-del-futuro\/"]}]},{"@type":"BreadcrumbList","@id":"https:\/\/www.ull.es\/portal\/agenda\/evento\/un-cafe-con-gdi-las-competencias-del-futuro\/#breadcrumb","itemListElement":[{"@type":"ListItem","position":1,"name":"Portada","item":"https:\/\/www.ull.es\/portal\/agenda\/"},{"@type":"ListItem","position":2,"name":"Un caf\u00e9 con GDI: las competencias del futuro"}]},{"@type":"WebSite","@id":"https:\/\/www.ull.es\/portal\/agenda\/#website","url":"https:\/\/www.ull.es\/portal\/agenda\/","name":"ULL - Agenda","description":"","potentialAction":[{"@type":"SearchAction","target":{"@type":"EntryPoint","urlTemplate":"https:\/\/www.ull.es\/portal\/agenda\/?s={search_term_string}"},"query-input":"required name=search_term_string"}],"inLanguage":"es"}]}},"_links":{"self":[{"href":"https:\/\/www.ull.es\/portal\/agenda\/wp-json\/wp\/v2\/tribe_events\/27318"}],"collection":[{"href":"https:\/\/www.ull.es\/portal\/agenda\/wp-json\/wp\/v2\/tribe_events"}],"about":[{"href":"https:\/\/www.ull.es\/portal\/agenda\/wp-json\/wp\/v2\/types\/tribe_events"}],"author":[{"embeddable":true,"href":"https:\/\/www.ull.es\/portal\/agenda\/wp-json\/wp\/v2\/users\/65"}],"replies":[{"embeddable":true,"href":"https:\/\/www.ull.es\/portal\/agenda\/wp-json\/wp\/v2\/comments?post=27318"}],"version-history":[{"count":1,"href":"https:\/\/www.ull.es\/portal\/agenda\/wp-json\/wp\/v2\/tribe_events\/27318\/revisions"}],"predecessor-version":[{"id":27320,"href":"https:\/\/www.ull.es\/portal\/agenda\/wp-json\/wp\/v2\/tribe_events\/27318\/revisions\/27320"}],"wp:featuredmedia":[{"embeddable":true,"href":"https:\/\/www.ull.es\/portal\/agenda\/wp-json\/wp\/v2\/media\/27319"}],"wp:attachment":[{"href":"https:\/\/www.ull.es\/portal\/agenda\/wp-json\/wp\/v2\/media?parent=27318"}],"wp:term":[{"taxonomy":"post_tag","embeddable":true,"href":"https:\/\/www.ull.es\/portal\/agenda\/wp-json\/wp\/v2\/tags?post=27318"},{"taxonomy":"tribe_events_cat","embeddable":true,"href":"https:\/\/www.ull.es\/portal\/agenda\/wp-json\/wp\/v2\/tribe_events_cat?post=27318"}],"curies":[{"name":"wp","href":"https:\/\/api.w.org\/{rel}","templated":true}]}}

Un café con GDI: las competencias del futuro

<p>El Programa de Gestores de la Innovación de la Fundación General Universidad de La Laguna organiza la ponencia «Un café con GDI: las competencias del futuro» ,el miércoles 26 de octubre de 10:00 a 11:00 horas.</p>
<p>En esta charla, el invitado David Alayón acercará a las personas asistentes a las competencias necesarias para las profesiones del futuro: “Las maneras de trabajar están evolucionando hacia nuevos modelos aún por vislumbrar y muchas habilidades se quedan obsoletas en apenas unos pocos años. ¿Qué nuevos conocimientos y competencias deberíamos aprender para navegar un futuro incierto?”</p>
<p>Los objetivos principales de este evento son los siguientes:</p>
<ul>
<li>Acercar al alumnado a la realidad actual y futura de los requerimientos de las empresas.</li>
<li>Dar a conocer las formaciones del Programa GDI ya que éstas podrían mejorar las competencias y las posibilidades de empleabilidad de cara al futuro del alumnado participante.</li>
<li>Divulgar información sobre la Subvención para la Incorporación de Personal Innovador (IPI) ya que ésta puede suponer una posibilidad de contratación para el alumnado.</li>
</ul>
<p>Dirigido en especial a alumnado de cualquier grado o facultad que quiera mejorar su formación en Innovación o Transformación digital de manera gratuita con el programa de Gestores de la Innovación.</p>
<p><a href="https://forms.gle/sHqiHQERby2sxq3Q7" target="_blank" rel="noopener" target="_blank" rel="noopener"><span style="font-weight: 400;">Inscripción</span></a></p>
<p><span style="font-weight: 400;">Más información en este <a href="https://fg.ull.es/portal/gdi/un-cafe-con-gdi-las-competencias-de-futuro-con-david-alayon/" target="_blank" rel="noopener" target="_blank" rel="noopener">enlace.</a></span></p>

<p>El Programa de Gestores de la Innovación de la Fundación General Universidad de La Laguna organiza la ponencia «Un café con GDI: las competencias del futuro» ,el miércoles 26 de octubre de 10:00 a 11:00 horas. En esta charla, el invitado David Alayón acercará a las personas asistentes a las competencias necesarias para las profesiones&#8230;</p>

<!-- This site is optimized with the Yoast SEO plugin v21.3 - https://yoast.com/wordpress/plugins/seo/ -->
<title>Un café con GDI: las competencias del futuro - ULL - Agenda</title>
<meta name="robots" content="index, follow, max-snippet:-1, max-image-preview:large, max-video-preview:-1" />
<link rel="canonical" href="https://www.ull.es/portal/agenda/evento/un-cafe-con-gdi-las-competencias-del-futuro/" />
<meta property="og:locale" content="es_ES" />
<meta property="og:type" content="article" />
<meta property="og:title" content="Un café con GDI: las competencias del futuro - ULL - Agenda" />
<meta property="og:description" content="El Programa de Gestores de la Innovación de la Fundación General Universidad de La Laguna organiza la ponencia «Un café con GDI: las competencias del futuro» ,el miércoles 26 de octubre de 10:00 a 11:00 horas. En esta charla, el invitado David Alayón acercará a las personas asistentes a las competencias necesarias para las profesiones..." />
<meta property="og:url" content="https://www.ull.es/portal/agenda/evento/un-cafe-con-gdi-las-competencias-del-futuro/" />
<meta property="og:site_name" content="ULL - Agenda" />
<meta property="og:image" content="https://www.ull.es/portal/agenda/wp-content/uploads/sites/12/2022/10/Cafe-GDI_Banner-ull.jpg" />
	<meta property="og:image:width" content="700" />
	<meta property="og:image:height" content="350" />
	<meta property="og:image:type" content="image/jpeg" />
<meta name="twitter:card" content="summary_large_image" />
<meta name="twitter:label1" content="Tiempo de lectura" />
	<meta name="twitter:data1" content="1 minuto" />
<script type="application/ld+json" class="yoast-schema-graph">{"@context":"https://schema.org","@graph":[{"@type":"WebPage","@id":"https://www.ull.es/portal/agenda/evento/un-cafe-con-gdi-las-competencias-del-futuro/","url":"https://www.ull.es/portal/agenda/evento/un-cafe-con-gdi-las-competencias-del-futuro/","name":"Un café con GDI: las competencias del futuro - ULL - Agenda","isPartOf":{"@id":"https://www.ull.es/portal/agenda/#website"},"datePublished":"2022-10-24T13:08:43+00:00","dateModified":"2022-10-24T13:08:43+00:00","breadcrumb":{"@id":"https://www.ull.es/portal/agenda/evento/un-cafe-con-gdi-las-competencias-del-futuro/#breadcrumb"},"inLanguage":"es","potentialAction":[{"@type":"ReadAction","target":["https://www.ull.es/portal/agenda/evento/un-cafe-con-gdi-las-competencias-del-futuro/"]}]},{"@type":"BreadcrumbList","@id":"https://www.ull.es/portal/agenda/evento/un-cafe-con-gdi-las-competencias-del-futuro/#breadcrumb","itemListElement":[{"@type":"ListItem","position":1,"name":"Portada","item":"https://www.ull.es/portal/agenda/"},{"@type":"ListItem","position":2,"name":"Un café con GDI: las competencias del futuro"}]},{"@type":"WebSite","@id":"https://www.ull.es/portal/agenda/#website","url":"https://www.ull.es/portal/agenda/","name":"ULL - Agenda","description":"","potentialAction":[{"@type":"SearchAction","target":{"@type":"EntryPoint","urlTemplate":"https://www.ull.es/portal/agenda/?s={search_term_string}"},"query-input":"required name=search_term_string"}],"inLanguage":"es"}]}</script>
<!-- / Yoast SEO plugin. -->

Un café con GDI: las competencias del futuro - ULL - Agenda

El Programa de Gestores de la Innovación de la Fundación General Universidad de La Laguna organiza la ponencia «Un café con GDI: las competencias del futuro» ,el miércoles 26 de octubre de 10:00 a 11:00 horas. En esta charla, el invitado David Alayón acercará a las personas asistentes a las competencias necesarias para las profesiones...
