{"id":27446,"date":"2022-11-02T09:02:58","date_gmt":"2022-11-02T09:02:58","guid":{"rendered":"https:\/\/www.ull.es\/portal\/agenda\/?post_type=tribe_events&#038;p=27446"},"modified":"2022-11-18T11:38:29","modified_gmt":"2022-11-18T11:38:29","slug":"las-dos-fridas-de-elisa-escamez","status":"publish","type":"tribe_events","link":"https:\/\/www.ull.es\/portal\/agenda\/evento\/las-dos-fridas-de-elisa-escamez\/","title":{"rendered":"Las dos Fridas. Elisa Esc\u00e1mez (CANCELADO)"},"content":{"rendered":"<p><span style=\"color: #ff0000;\">EVENTO CANCELADO<\/span><\/p>\n<p>Texto, que firma Jos\u00e9 de Jes\u00fas Gonz\u00e1lez, y que ha recibido innumerables ovaciones en Espa\u00f1a, Venezuela y los Estados Unidos, ofrece un retorno de la pintora Magdalena Carmen Frida Kahlo Calder\u00f3n, nacida en Coyoac\u00e1n, un 6 de julio de 1907.<\/p>\n<p>Estamos ante una reencarnaci\u00f3n de la Frida artista que analiza cada instante de su vida. Para el dramaturgo, es un texto que levanta la voz por la diversidad, bajo el lema \u201cno est\u00e1 mal pensar distinto\u201d. Refleja de una manera contundente la vida de la artista Frida Kahlo, una mujer que se sent\u00eda diferente al resto y tuvo la necesidad de manifestarlo en su arte, su forma de vestir, sus h\u00e1bitos de vida, una mujer notoriamente rebelde para la \u00e9poca, de sentimientos incomprendidos y con una sensibilidad que le permit\u00eda interpretar al mundo m\u00e1s all\u00e1 de lo habitual.<\/p>\n<p>El texto que interpreta magistralmente la actriz Elisa Esc\u00e1mez ofrece una visi\u00f3n personal sobre Frida la artista, frente a su desmitificaci\u00f3n, una Frida irreverente que juega del cociente al inconsciente, del amor al desamor, de la vida a la muerte, del cielo a la tierra. Una mujer que no persegu\u00eda el \u00e9xito\u2026 \u201cMe pinto a m\u00ed misma, porque soy la persona que mejor conozco\u201d.<\/p>\n<p><a href=\"http:\/\/www.tomaticket.es\/recintos\/paraninfo-ull\" target=\"_blank\" rel=\"noopener\" target=\"_blank\" rel=\"noopener\">Entrada<\/a>: 15 \u20ac.<\/p>\n","protected":false},"excerpt":{"rendered":"<p>EVENTO CANCELADO Texto, que firma Jos\u00e9 de Jes\u00fas Gonz\u00e1lez, y que ha recibido innumerables ovaciones en Espa\u00f1a, Venezuela y los Estados Unidos, ofrece un retorno de la pintora Magdalena Carmen Frida Kahlo Calder\u00f3n, nacida en Coyoac\u00e1n, un 6 de julio de 1907. Estamos ante una reencarnaci\u00f3n de la Frida artista que analiza cada instante de&#8230;<\/p>\n","protected":false},"author":65,"featured_media":27864,"comment_status":"closed","ping_status":"closed","template":"","tags":[],"tribe_events_cat":[3987,4,343],"acf":[],"yoast_head":"<!-- This site is optimized with the Yoast SEO plugin v21.3 - https:\/\/yoast.com\/wordpress\/plugins\/seo\/ -->\n<title>Las dos Fridas. Elisa Esc\u00e1mez (CANCELADO) - ULL - Agenda<\/title>\n<meta name=\"robots\" content=\"index, follow, max-snippet:-1, max-image-preview:large, max-video-preview:-1\" \/>\n<link rel=\"canonical\" href=\"https:\/\/www.ull.es\/portal\/agenda\/evento\/las-dos-fridas-de-elisa-escamez\/\" \/>\n<meta property=\"og:locale\" content=\"es_ES\" \/>\n<meta property=\"og:type\" content=\"article\" \/>\n<meta property=\"og:title\" content=\"Las dos Fridas. Elisa Esc\u00e1mez (CANCELADO) - ULL - Agenda\" \/>\n<meta property=\"og:description\" content=\"EVENTO CANCELADO Texto, que firma Jos\u00e9 de Jes\u00fas Gonz\u00e1lez, y que ha recibido innumerables ovaciones en Espa\u00f1a, Venezuela y los Estados Unidos, ofrece un retorno de la pintora Magdalena Carmen Frida Kahlo Calder\u00f3n, nacida en Coyoac\u00e1n, un 6 de julio de 1907. Estamos ante una reencarnaci\u00f3n de la Frida artista que analiza cada instante de...\" \/>\n<meta property=\"og:url\" content=\"https:\/\/www.ull.es\/portal\/agenda\/evento\/las-dos-fridas-de-elisa-escamez\/\" \/>\n<meta property=\"og:site_name\" content=\"ULL - Agenda\" \/>\n<meta property=\"article:modified_time\" content=\"2022-11-18T11:38:29+00:00\" \/>\n<meta property=\"og:image\" content=\"https:\/\/www.ull.es\/portal\/agenda\/wp-content\/uploads\/sites\/12\/2022\/11\/18-de-noviembre-700X350-1.jpg\" \/>\n\t<meta property=\"og:image:width\" content=\"700\" \/>\n\t<meta property=\"og:image:height\" content=\"351\" \/>\n\t<meta property=\"og:image:type\" content=\"image\/jpeg\" \/>\n<meta name=\"twitter:card\" content=\"summary_large_image\" \/>\n<meta name=\"twitter:label1\" content=\"Tiempo de lectura\" \/>\n\t<meta name=\"twitter:data1\" content=\"1 minuto\" \/>\n<script type=\"application\/ld+json\" class=\"yoast-schema-graph\">{\"@context\":\"https:\/\/schema.org\",\"@graph\":[{\"@type\":\"WebPage\",\"@id\":\"https:\/\/www.ull.es\/portal\/agenda\/evento\/las-dos-fridas-de-elisa-escamez\/\",\"url\":\"https:\/\/www.ull.es\/portal\/agenda\/evento\/las-dos-fridas-de-elisa-escamez\/\",\"name\":\"Las dos Fridas. Elisa Esc\u00e1mez (CANCELADO) - ULL - Agenda\",\"isPartOf\":{\"@id\":\"https:\/\/www.ull.es\/portal\/agenda\/#website\"},\"datePublished\":\"2022-11-02T09:02:58+00:00\",\"dateModified\":\"2022-11-18T11:38:29+00:00\",\"breadcrumb\":{\"@id\":\"https:\/\/www.ull.es\/portal\/agenda\/evento\/las-dos-fridas-de-elisa-escamez\/#breadcrumb\"},\"inLanguage\":\"es\",\"potentialAction\":[{\"@type\":\"ReadAction\",\"target\":[\"https:\/\/www.ull.es\/portal\/agenda\/evento\/las-dos-fridas-de-elisa-escamez\/\"]}]},{\"@type\":\"BreadcrumbList\",\"@id\":\"https:\/\/www.ull.es\/portal\/agenda\/evento\/las-dos-fridas-de-elisa-escamez\/#breadcrumb\",\"itemListElement\":[{\"@type\":\"ListItem\",\"position\":1,\"name\":\"Portada\",\"item\":\"https:\/\/www.ull.es\/portal\/agenda\/\"},{\"@type\":\"ListItem\",\"position\":2,\"name\":\"Las dos Fridas. Elisa Esc\u00e1mez (CANCELADO)\"}]},{\"@type\":\"WebSite\",\"@id\":\"https:\/\/www.ull.es\/portal\/agenda\/#website\",\"url\":\"https:\/\/www.ull.es\/portal\/agenda\/\",\"name\":\"ULL - Agenda\",\"description\":\"\",\"potentialAction\":[{\"@type\":\"SearchAction\",\"target\":{\"@type\":\"EntryPoint\",\"urlTemplate\":\"https:\/\/www.ull.es\/portal\/agenda\/?s={search_term_string}\"},\"query-input\":\"required name=search_term_string\"}],\"inLanguage\":\"es\"}]}<\/script>\n<!-- \/ Yoast SEO plugin. -->","yoast_head_json":{"title":"Las dos Fridas. Elisa Esc\u00e1mez (CANCELADO) - ULL - Agenda","robots":{"index":"index","follow":"follow","max-snippet":"max-snippet:-1","max-image-preview":"max-image-preview:large","max-video-preview":"max-video-preview:-1"},"canonical":"https:\/\/www.ull.es\/portal\/agenda\/evento\/las-dos-fridas-de-elisa-escamez\/","og_locale":"es_ES","og_type":"article","og_title":"Las dos Fridas. Elisa Esc\u00e1mez (CANCELADO) - ULL - Agenda","og_description":"EVENTO CANCELADO Texto, que firma Jos\u00e9 de Jes\u00fas Gonz\u00e1lez, y que ha recibido innumerables ovaciones en Espa\u00f1a, Venezuela y los Estados Unidos, ofrece un retorno de la pintora Magdalena Carmen Frida Kahlo Calder\u00f3n, nacida en Coyoac\u00e1n, un 6 de julio de 1907. Estamos ante una reencarnaci\u00f3n de la Frida artista que analiza cada instante de...","og_url":"https:\/\/www.ull.es\/portal\/agenda\/evento\/las-dos-fridas-de-elisa-escamez\/","og_site_name":"ULL - Agenda","article_modified_time":"2022-11-18T11:38:29+00:00","og_image":[{"width":700,"height":351,"url":"https:\/\/www.ull.es\/portal\/agenda\/wp-content\/uploads\/sites\/12\/2022\/11\/18-de-noviembre-700X350-1.jpg","type":"image\/jpeg"}],"twitter_card":"summary_large_image","twitter_misc":{"Tiempo de lectura":"1 minuto"},"schema":{"@context":"https:\/\/schema.org","@graph":[{"@type":"WebPage","@id":"https:\/\/www.ull.es\/portal\/agenda\/evento\/las-dos-fridas-de-elisa-escamez\/","url":"https:\/\/www.ull.es\/portal\/agenda\/evento\/las-dos-fridas-de-elisa-escamez\/","name":"Las dos Fridas. Elisa Esc\u00e1mez (CANCELADO) - ULL - Agenda","isPartOf":{"@id":"https:\/\/www.ull.es\/portal\/agenda\/#website"},"datePublished":"2022-11-02T09:02:58+00:00","dateModified":"2022-11-18T11:38:29+00:00","breadcrumb":{"@id":"https:\/\/www.ull.es\/portal\/agenda\/evento\/las-dos-fridas-de-elisa-escamez\/#breadcrumb"},"inLanguage":"es","potentialAction":[{"@type":"ReadAction","target":["https:\/\/www.ull.es\/portal\/agenda\/evento\/las-dos-fridas-de-elisa-escamez\/"]}]},{"@type":"BreadcrumbList","@id":"https:\/\/www.ull.es\/portal\/agenda\/evento\/las-dos-fridas-de-elisa-escamez\/#breadcrumb","itemListElement":[{"@type":"ListItem","position":1,"name":"Portada","item":"https:\/\/www.ull.es\/portal\/agenda\/"},{"@type":"ListItem","position":2,"name":"Las dos Fridas. Elisa Esc\u00e1mez (CANCELADO)"}]},{"@type":"WebSite","@id":"https:\/\/www.ull.es\/portal\/agenda\/#website","url":"https:\/\/www.ull.es\/portal\/agenda\/","name":"ULL - Agenda","description":"","potentialAction":[{"@type":"SearchAction","target":{"@type":"EntryPoint","urlTemplate":"https:\/\/www.ull.es\/portal\/agenda\/?s={search_term_string}"},"query-input":"required name=search_term_string"}],"inLanguage":"es"}]}},"_links":{"self":[{"href":"https:\/\/www.ull.es\/portal\/agenda\/wp-json\/wp\/v2\/tribe_events\/27446"}],"collection":[{"href":"https:\/\/www.ull.es\/portal\/agenda\/wp-json\/wp\/v2\/tribe_events"}],"about":[{"href":"https:\/\/www.ull.es\/portal\/agenda\/wp-json\/wp\/v2\/types\/tribe_events"}],"author":[{"embeddable":true,"href":"https:\/\/www.ull.es\/portal\/agenda\/wp-json\/wp\/v2\/users\/65"}],"replies":[{"embeddable":true,"href":"https:\/\/www.ull.es\/portal\/agenda\/wp-json\/wp\/v2\/comments?post=27446"}],"version-history":[{"count":4,"href":"https:\/\/www.ull.es\/portal\/agenda\/wp-json\/wp\/v2\/tribe_events\/27446\/revisions"}],"predecessor-version":[{"id":27866,"href":"https:\/\/www.ull.es\/portal\/agenda\/wp-json\/wp\/v2\/tribe_events\/27446\/revisions\/27866"}],"wp:featuredmedia":[{"embeddable":true,"href":"https:\/\/www.ull.es\/portal\/agenda\/wp-json\/wp\/v2\/media\/27864"}],"wp:attachment":[{"href":"https:\/\/www.ull.es\/portal\/agenda\/wp-json\/wp\/v2\/media?parent=27446"}],"wp:term":[{"taxonomy":"post_tag","embeddable":true,"href":"https:\/\/www.ull.es\/portal\/agenda\/wp-json\/wp\/v2\/tags?post=27446"},{"taxonomy":"tribe_events_cat","embeddable":true,"href":"https:\/\/www.ull.es\/portal\/agenda\/wp-json\/wp\/v2\/tribe_events_cat?post=27446"}],"curies":[{"name":"wp","href":"https:\/\/api.w.org\/{rel}","templated":true}]}}

Las dos Fridas. Elisa Escámez (CANCELADO)

<p><span style="color: #ff0000;">EVENTO CANCELADO</span></p>
<p>Texto, que firma José de Jesús González, y que ha recibido innumerables ovaciones en España, Venezuela y los Estados Unidos, ofrece un retorno de la pintora Magdalena Carmen Frida Kahlo Calderón, nacida en Coyoacán, un 6 de julio de 1907.</p>
<p>Estamos ante una reencarnación de la Frida artista que analiza cada instante de su vida. Para el dramaturgo, es un texto que levanta la voz por la diversidad, bajo el lema “no está mal pensar distinto”. Refleja de una manera contundente la vida de la artista Frida Kahlo, una mujer que se sentía diferente al resto y tuvo la necesidad de manifestarlo en su arte, su forma de vestir, sus hábitos de vida, una mujer notoriamente rebelde para la época, de sentimientos incomprendidos y con una sensibilidad que le permitía interpretar al mundo más allá de lo habitual.</p>
<p>El texto que interpreta magistralmente la actriz Elisa Escámez ofrece una visión personal sobre Frida la artista, frente a su desmitificación, una Frida irreverente que juega del cociente al inconsciente, del amor al desamor, de la vida a la muerte, del cielo a la tierra. Una mujer que no perseguía el éxito… “Me pinto a mí misma, porque soy la persona que mejor conozco”.</p>
<p><a href="http://www.tomaticket.es/recintos/paraninfo-ull" target="_blank" rel="noopener" target="_blank" rel="noopener">Entrada</a>: 15 €.</p>

<p>EVENTO CANCELADO Texto, que firma José de Jesús González, y que ha recibido innumerables ovaciones en España, Venezuela y los Estados Unidos, ofrece un retorno de la pintora Magdalena Carmen Frida Kahlo Calderón, nacida en Coyoacán, un 6 de julio de 1907. Estamos ante una reencarnación de la Frida artista que analiza cada instante de&#8230;</p>

<!-- This site is optimized with the Yoast SEO plugin v21.3 - https://yoast.com/wordpress/plugins/seo/ -->
<title>Las dos Fridas. Elisa Escámez (CANCELADO) - ULL - Agenda</title>
<meta name="robots" content="index, follow, max-snippet:-1, max-image-preview:large, max-video-preview:-1" />
<link rel="canonical" href="https://www.ull.es/portal/agenda/evento/las-dos-fridas-de-elisa-escamez/" />
<meta property="og:locale" content="es_ES" />
<meta property="og:type" content="article" />
<meta property="og:title" content="Las dos Fridas. Elisa Escámez (CANCELADO) - ULL - Agenda" />
<meta property="og:description" content="EVENTO CANCELADO Texto, que firma José de Jesús González, y que ha recibido innumerables ovaciones en España, Venezuela y los Estados Unidos, ofrece un retorno de la pintora Magdalena Carmen Frida Kahlo Calderón, nacida en Coyoacán, un 6 de julio de 1907. Estamos ante una reencarnación de la Frida artista que analiza cada instante de..." />
<meta property="og:url" content="https://www.ull.es/portal/agenda/evento/las-dos-fridas-de-elisa-escamez/" />
<meta property="og:site_name" content="ULL - Agenda" />
<meta property="article:modified_time" content="2022-11-18T11:38:29+00:00" />
<meta property="og:image" content="https://www.ull.es/portal/agenda/wp-content/uploads/sites/12/2022/11/18-de-noviembre-700X350-1.jpg" />
	<meta property="og:image:width" content="700" />
	<meta property="og:image:height" content="351" />
	<meta property="og:image:type" content="image/jpeg" />
<meta name="twitter:card" content="summary_large_image" />
<meta name="twitter:label1" content="Tiempo de lectura" />
	<meta name="twitter:data1" content="1 minuto" />
<script type="application/ld+json" class="yoast-schema-graph">{"@context":"https://schema.org","@graph":[{"@type":"WebPage","@id":"https://www.ull.es/portal/agenda/evento/las-dos-fridas-de-elisa-escamez/","url":"https://www.ull.es/portal/agenda/evento/las-dos-fridas-de-elisa-escamez/","name":"Las dos Fridas. Elisa Escámez (CANCELADO) - ULL - Agenda","isPartOf":{"@id":"https://www.ull.es/portal/agenda/#website"},"datePublished":"2022-11-02T09:02:58+00:00","dateModified":"2022-11-18T11:38:29+00:00","breadcrumb":{"@id":"https://www.ull.es/portal/agenda/evento/las-dos-fridas-de-elisa-escamez/#breadcrumb"},"inLanguage":"es","potentialAction":[{"@type":"ReadAction","target":["https://www.ull.es/portal/agenda/evento/las-dos-fridas-de-elisa-escamez/"]}]},{"@type":"BreadcrumbList","@id":"https://www.ull.es/portal/agenda/evento/las-dos-fridas-de-elisa-escamez/#breadcrumb","itemListElement":[{"@type":"ListItem","position":1,"name":"Portada","item":"https://www.ull.es/portal/agenda/"},{"@type":"ListItem","position":2,"name":"Las dos Fridas. Elisa Escámez (CANCELADO)"}]},{"@type":"WebSite","@id":"https://www.ull.es/portal/agenda/#website","url":"https://www.ull.es/portal/agenda/","name":"ULL - Agenda","description":"","potentialAction":[{"@type":"SearchAction","target":{"@type":"EntryPoint","urlTemplate":"https://www.ull.es/portal/agenda/?s={search_term_string}"},"query-input":"required name=search_term_string"}],"inLanguage":"es"}]}</script>
<!-- / Yoast SEO plugin. -->

Las dos Fridas. Elisa Escámez (CANCELADO) - ULL - Agenda

EVENTO CANCELADO Texto, que firma José de Jesús González, y que ha recibido innumerables ovaciones en España, Venezuela y los Estados Unidos, ofrece un retorno de la pintora Magdalena Carmen Frida Kahlo Calderón, nacida en Coyoacán, un 6 de julio de 1907. Estamos ante una reencarnación de la Frida artista que analiza cada instante de...
