{"id":27513,"date":"2022-11-04T10:59:45","date_gmt":"2022-11-04T10:59:45","guid":{"rendered":"https:\/\/www.ull.es\/portal\/agenda\/?post_type=tribe_events&#038;p=27513"},"modified":"2022-11-07T14:37:34","modified_gmt":"2022-11-07T14:37:34","slug":"acercamiento-al-arbolado-urbano-y-su-gestion","status":"publish","type":"tribe_events","link":"https:\/\/www.ull.es\/portal\/agenda\/evento\/acercamiento-al-arbolado-urbano-y-su-gestion\/","title":{"rendered":"Acercamiento al arbolado urbano y su gesti\u00f3n"},"content":{"rendered":"<p>Actividad de Extensi\u00f3n Universitaria organizada por el Aula Cultural de Jardiner\u00eda, Biodiversidad y Permacultura de la Universidad de La Laguna y el Excmo. Ayuntamiento de la Ciudad de Tacoronte, que se celebrar\u00e1 en <strong>el municipio de Tacoronte<\/strong> el<strong>\u00a011 de noviembre\u00a0<\/strong><strong>de 2022<\/strong>.<\/p>\n<p>La actividad tiene como objetivos principales incorporar las nuevas nociones de intervenci\u00f3n en el arbolado urbano por parte de los jardineros y difundir el est\u00e1ndar europeo de poda.<\/p>\n<p>Dirigido especialmente al alumnado de Ingenier\u00eda Agraria, personal de jardiner\u00eda municipal y personal de empresas de jardiner\u00eda.<\/p>\n<p>Dirigen:<\/p>\n<ul>\n<li>Antonio Perdomo Molina. DEA en Geograf\u00eda e Ingeniero T\u00e9cnico Agr\u00edcola. Profesor Asociado. \u00c1rea de Producci\u00f3n Vegetal. Departamento de Ingenier\u00eda Agraria, N\u00e1utica, Civil y Mar\u00edtima de la Universidad de La Laguna.<\/li>\n<li>Pablo Jos\u00e9 V\u00e1zquez Gil. Ingeniero T\u00e9cnico Agr\u00edcola. Director del Aula Cultural de Jardiner\u00eda, Biodiversidad y Permacultura de la Universidad de La Laguna.<\/li>\n<\/ul>\n<p><strong>CERTIFICADO DE ASISTENCIA Y APTITUD:\u00a0<\/strong>La ULL, a trav\u00e9s del Vicerrectorado de Cultura, Participaci\u00f3n Social y Campus Ofra y La Palma, emitir\u00e1 un certificado de asistencia a todas aquellas personas que participen, previa inscripci\u00f3n en la actividad. Adem\u00e1s, aquellas personas que superen la evaluaci\u00f3n, recibir\u00e1n un certificado de asistencia y aprovechamiento.<\/p>\n<div class=\"tribe-events-single-event-description tribe-events-content\">\n<p><a href=\"https:\/\/sede.fg.ull.es\/es\/curso\/detalle\/a22020290\/acercamiento-al-arbolado-urbano-y-su-gestion\" target=\"_blank\" rel=\"noopener noreferrer\" target=\"_blank\" rel=\"noopener\"><strong><u>Consulta el programa e inscr\u00edbete aqu\u00ed.<\/u><\/strong><\/a><\/p>\n<p><span style=\"color: #ff0000\"><strong>\u00a1PLAZAS AGOTADAS!<\/strong><\/span><\/p>\n<p><strong>Contacto: 922 319 616 \/ 922 319 626 \u2013\u00a0<\/strong><strong><a href=\"mailto:extuni@ull.edu.es\" target=\"_blank\" rel=\"noopener\">extuni@ull.es<\/a><\/strong><\/p>\n<\/div>\n","protected":false},"excerpt":{"rendered":"<p>Actividad de Extensi\u00f3n Universitaria organizada por el Aula Cultural de Jardiner\u00eda, Biodiversidad y Permacultura de la Universidad de La Laguna y el Excmo. Ayuntamiento de la Ciudad de Tacoronte, que se celebrar\u00e1 en el municipio de Tacoronte el\u00a011 de noviembre\u00a0de 2022. La actividad tiene como objetivos principales incorporar las nuevas nociones de intervenci\u00f3n en el&#8230;<\/p>\n","protected":false},"author":43,"featured_media":27514,"comment_status":"closed","ping_status":"closed","template":"","tags":[4806,4259,977,3812,4805,3751],"tribe_events_cat":[472,471,4,186],"acf":[],"yoast_head":"<!-- This site is optimized with the Yoast SEO plugin v21.3 - https:\/\/yoast.com\/wordpress\/plugins\/seo\/ -->\n<title>Acercamiento al arbolado urbano y su gesti\u00f3n - ULL - Agenda<\/title>\n<meta name=\"robots\" content=\"index, follow, max-snippet:-1, max-image-preview:large, max-video-preview:-1\" \/>\n<link rel=\"canonical\" href=\"https:\/\/www.ull.es\/portal\/agenda\/evento\/acercamiento-al-arbolado-urbano-y-su-gestion\/\" \/>\n<meta property=\"og:locale\" content=\"es_ES\" \/>\n<meta property=\"og:type\" content=\"article\" \/>\n<meta property=\"og:title\" content=\"Acercamiento al arbolado urbano y su gesti\u00f3n - ULL - Agenda\" \/>\n<meta property=\"og:description\" content=\"Actividad de Extensi\u00f3n Universitaria organizada por el Aula Cultural de Jardiner\u00eda, Biodiversidad y Permacultura de la Universidad de La Laguna y el Excmo. Ayuntamiento de la Ciudad de Tacoronte, que se celebrar\u00e1 en el municipio de Tacoronte el\u00a011 de noviembre\u00a0de 2022. La actividad tiene como objetivos principales incorporar las nuevas nociones de intervenci\u00f3n en el...\" \/>\n<meta property=\"og:url\" content=\"https:\/\/www.ull.es\/portal\/agenda\/evento\/acercamiento-al-arbolado-urbano-y-su-gestion\/\" \/>\n<meta property=\"og:site_name\" content=\"ULL - Agenda\" \/>\n<meta property=\"article:modified_time\" content=\"2022-11-07T14:37:34+00:00\" \/>\n<meta property=\"og:image\" content=\"https:\/\/www.ull.es\/portal\/agenda\/wp-content\/uploads\/sites\/12\/2022\/11\/BannerArbolado11noviembre.jpg\" \/>\n\t<meta property=\"og:image:width\" content=\"700\" \/>\n\t<meta property=\"og:image:height\" content=\"350\" \/>\n\t<meta property=\"og:image:type\" content=\"image\/jpeg\" \/>\n<meta name=\"twitter:card\" content=\"summary_large_image\" \/>\n<meta name=\"twitter:label1\" content=\"Tiempo de lectura\" \/>\n\t<meta name=\"twitter:data1\" content=\"1 minuto\" \/>\n<script type=\"application\/ld+json\" class=\"yoast-schema-graph\">{\"@context\":\"https:\/\/schema.org\",\"@graph\":[{\"@type\":\"WebPage\",\"@id\":\"https:\/\/www.ull.es\/portal\/agenda\/evento\/acercamiento-al-arbolado-urbano-y-su-gestion\/\",\"url\":\"https:\/\/www.ull.es\/portal\/agenda\/evento\/acercamiento-al-arbolado-urbano-y-su-gestion\/\",\"name\":\"Acercamiento al arbolado urbano y su gesti\u00f3n - ULL - Agenda\",\"isPartOf\":{\"@id\":\"https:\/\/www.ull.es\/portal\/agenda\/#website\"},\"datePublished\":\"2022-11-04T10:59:45+00:00\",\"dateModified\":\"2022-11-07T14:37:34+00:00\",\"breadcrumb\":{\"@id\":\"https:\/\/www.ull.es\/portal\/agenda\/evento\/acercamiento-al-arbolado-urbano-y-su-gestion\/#breadcrumb\"},\"inLanguage\":\"es\",\"potentialAction\":[{\"@type\":\"ReadAction\",\"target\":[\"https:\/\/www.ull.es\/portal\/agenda\/evento\/acercamiento-al-arbolado-urbano-y-su-gestion\/\"]}]},{\"@type\":\"BreadcrumbList\",\"@id\":\"https:\/\/www.ull.es\/portal\/agenda\/evento\/acercamiento-al-arbolado-urbano-y-su-gestion\/#breadcrumb\",\"itemListElement\":[{\"@type\":\"ListItem\",\"position\":1,\"name\":\"Portada\",\"item\":\"https:\/\/www.ull.es\/portal\/agenda\/\"},{\"@type\":\"ListItem\",\"position\":2,\"name\":\"Acercamiento al arbolado urbano y su gesti\u00f3n\"}]},{\"@type\":\"WebSite\",\"@id\":\"https:\/\/www.ull.es\/portal\/agenda\/#website\",\"url\":\"https:\/\/www.ull.es\/portal\/agenda\/\",\"name\":\"ULL - Agenda\",\"description\":\"\",\"potentialAction\":[{\"@type\":\"SearchAction\",\"target\":{\"@type\":\"EntryPoint\",\"urlTemplate\":\"https:\/\/www.ull.es\/portal\/agenda\/?s={search_term_string}\"},\"query-input\":\"required name=search_term_string\"}],\"inLanguage\":\"es\"}]}<\/script>\n<!-- \/ Yoast SEO plugin. -->","yoast_head_json":{"title":"Acercamiento al arbolado urbano y su gesti\u00f3n - ULL - Agenda","robots":{"index":"index","follow":"follow","max-snippet":"max-snippet:-1","max-image-preview":"max-image-preview:large","max-video-preview":"max-video-preview:-1"},"canonical":"https:\/\/www.ull.es\/portal\/agenda\/evento\/acercamiento-al-arbolado-urbano-y-su-gestion\/","og_locale":"es_ES","og_type":"article","og_title":"Acercamiento al arbolado urbano y su gesti\u00f3n - ULL - Agenda","og_description":"Actividad de Extensi\u00f3n Universitaria organizada por el Aula Cultural de Jardiner\u00eda, Biodiversidad y Permacultura de la Universidad de La Laguna y el Excmo. Ayuntamiento de la Ciudad de Tacoronte, que se celebrar\u00e1 en el municipio de Tacoronte el\u00a011 de noviembre\u00a0de 2022. La actividad tiene como objetivos principales incorporar las nuevas nociones de intervenci\u00f3n en el...","og_url":"https:\/\/www.ull.es\/portal\/agenda\/evento\/acercamiento-al-arbolado-urbano-y-su-gestion\/","og_site_name":"ULL - Agenda","article_modified_time":"2022-11-07T14:37:34+00:00","og_image":[{"width":700,"height":350,"url":"https:\/\/www.ull.es\/portal\/agenda\/wp-content\/uploads\/sites\/12\/2022\/11\/BannerArbolado11noviembre.jpg","type":"image\/jpeg"}],"twitter_card":"summary_large_image","twitter_misc":{"Tiempo de lectura":"1 minuto"},"schema":{"@context":"https:\/\/schema.org","@graph":[{"@type":"WebPage","@id":"https:\/\/www.ull.es\/portal\/agenda\/evento\/acercamiento-al-arbolado-urbano-y-su-gestion\/","url":"https:\/\/www.ull.es\/portal\/agenda\/evento\/acercamiento-al-arbolado-urbano-y-su-gestion\/","name":"Acercamiento al arbolado urbano y su gesti\u00f3n - ULL - Agenda","isPartOf":{"@id":"https:\/\/www.ull.es\/portal\/agenda\/#website"},"datePublished":"2022-11-04T10:59:45+00:00","dateModified":"2022-11-07T14:37:34+00:00","breadcrumb":{"@id":"https:\/\/www.ull.es\/portal\/agenda\/evento\/acercamiento-al-arbolado-urbano-y-su-gestion\/#breadcrumb"},"inLanguage":"es","potentialAction":[{"@type":"ReadAction","target":["https:\/\/www.ull.es\/portal\/agenda\/evento\/acercamiento-al-arbolado-urbano-y-su-gestion\/"]}]},{"@type":"BreadcrumbList","@id":"https:\/\/www.ull.es\/portal\/agenda\/evento\/acercamiento-al-arbolado-urbano-y-su-gestion\/#breadcrumb","itemListElement":[{"@type":"ListItem","position":1,"name":"Portada","item":"https:\/\/www.ull.es\/portal\/agenda\/"},{"@type":"ListItem","position":2,"name":"Acercamiento al arbolado urbano y su gesti\u00f3n"}]},{"@type":"WebSite","@id":"https:\/\/www.ull.es\/portal\/agenda\/#website","url":"https:\/\/www.ull.es\/portal\/agenda\/","name":"ULL - Agenda","description":"","potentialAction":[{"@type":"SearchAction","target":{"@type":"EntryPoint","urlTemplate":"https:\/\/www.ull.es\/portal\/agenda\/?s={search_term_string}"},"query-input":"required name=search_term_string"}],"inLanguage":"es"}]}},"_links":{"self":[{"href":"https:\/\/www.ull.es\/portal\/agenda\/wp-json\/wp\/v2\/tribe_events\/27513"}],"collection":[{"href":"https:\/\/www.ull.es\/portal\/agenda\/wp-json\/wp\/v2\/tribe_events"}],"about":[{"href":"https:\/\/www.ull.es\/portal\/agenda\/wp-json\/wp\/v2\/types\/tribe_events"}],"author":[{"embeddable":true,"href":"https:\/\/www.ull.es\/portal\/agenda\/wp-json\/wp\/v2\/users\/43"}],"replies":[{"embeddable":true,"href":"https:\/\/www.ull.es\/portal\/agenda\/wp-json\/wp\/v2\/comments?post=27513"}],"version-history":[{"count":3,"href":"https:\/\/www.ull.es\/portal\/agenda\/wp-json\/wp\/v2\/tribe_events\/27513\/revisions"}],"predecessor-version":[{"id":27584,"href":"https:\/\/www.ull.es\/portal\/agenda\/wp-json\/wp\/v2\/tribe_events\/27513\/revisions\/27584"}],"wp:featuredmedia":[{"embeddable":true,"href":"https:\/\/www.ull.es\/portal\/agenda\/wp-json\/wp\/v2\/media\/27514"}],"wp:attachment":[{"href":"https:\/\/www.ull.es\/portal\/agenda\/wp-json\/wp\/v2\/media?parent=27513"}],"wp:term":[{"taxonomy":"post_tag","embeddable":true,"href":"https:\/\/www.ull.es\/portal\/agenda\/wp-json\/wp\/v2\/tags?post=27513"},{"taxonomy":"tribe_events_cat","embeddable":true,"href":"https:\/\/www.ull.es\/portal\/agenda\/wp-json\/wp\/v2\/tribe_events_cat?post=27513"}],"curies":[{"name":"wp","href":"https:\/\/api.w.org\/{rel}","templated":true}]}}

Acercamiento al arbolado urbano y su gestión

<p>Actividad de Extensión Universitaria organizada por el Aula Cultural de Jardinería, Biodiversidad y Permacultura de la Universidad de La Laguna y el Excmo. Ayuntamiento de la Ciudad de Tacoronte, que se celebrará en <strong>el municipio de Tacoronte</strong> el<strong> 11 de noviembre </strong><strong>de 2022</strong>.</p>
<p>La actividad tiene como objetivos principales incorporar las nuevas nociones de intervención en el arbolado urbano por parte de los jardineros y difundir el estándar europeo de poda.</p>
<p>Dirigido especialmente al alumnado de Ingeniería Agraria, personal de jardinería municipal y personal de empresas de jardinería.</p>
<p>Dirigen:</p>
<ul>
<li>Antonio Perdomo Molina. DEA en Geografía e Ingeniero Técnico Agrícola. Profesor Asociado. Área de Producción Vegetal. Departamento de Ingeniería Agraria, Náutica, Civil y Marítima de la Universidad de La Laguna.</li>
<li>Pablo José Vázquez Gil. Ingeniero Técnico Agrícola. Director del Aula Cultural de Jardinería, Biodiversidad y Permacultura de la Universidad de La Laguna.</li>
</ul>
<p><strong>CERTIFICADO DE ASISTENCIA Y APTITUD: </strong>La ULL, a través del Vicerrectorado de Cultura, Participación Social y Campus Ofra y La Palma, emitirá un certificado de asistencia a todas aquellas personas que participen, previa inscripción en la actividad. Además, aquellas personas que superen la evaluación, recibirán un certificado de asistencia y aprovechamiento.</p>
<div class="tribe-events-single-event-description tribe-events-content">
<p><a href="https://sede.fg.ull.es/es/curso/detalle/a22020290/acercamiento-al-arbolado-urbano-y-su-gestion" target="_blank" rel="noopener noreferrer" target="_blank" rel="noopener"><strong><u>Consulta el programa e inscríbete aquí.</u></strong></a></p>
<p><span style="color: #ff0000"><strong>¡PLAZAS AGOTADAS!</strong></span></p>
<p><strong>Contacto: 922 319 616 / 922 319 626 – </strong><strong><a href="mailto:extuni@ull.edu.es" target="_blank" rel="noopener">extuni@ull.es</a></strong></p>
</div>

<p>Actividad de Extensión Universitaria organizada por el Aula Cultural de Jardinería, Biodiversidad y Permacultura de la Universidad de La Laguna y el Excmo. Ayuntamiento de la Ciudad de Tacoronte, que se celebrará en el municipio de Tacoronte el 11 de noviembre de 2022. La actividad tiene como objetivos principales incorporar las nuevas nociones de intervención en el&#8230;</p>

<!-- This site is optimized with the Yoast SEO plugin v21.3 - https://yoast.com/wordpress/plugins/seo/ -->
<title>Acercamiento al arbolado urbano y su gestión - ULL - Agenda</title>
<meta name="robots" content="index, follow, max-snippet:-1, max-image-preview:large, max-video-preview:-1" />
<link rel="canonical" href="https://www.ull.es/portal/agenda/evento/acercamiento-al-arbolado-urbano-y-su-gestion/" />
<meta property="og:locale" content="es_ES" />
<meta property="og:type" content="article" />
<meta property="og:title" content="Acercamiento al arbolado urbano y su gestión - ULL - Agenda" />
<meta property="og:description" content="Actividad de Extensión Universitaria organizada por el Aula Cultural de Jardinería, Biodiversidad y Permacultura de la Universidad de La Laguna y el Excmo. Ayuntamiento de la Ciudad de Tacoronte, que se celebrará en el municipio de Tacoronte el 11 de noviembre de 2022. La actividad tiene como objetivos principales incorporar las nuevas nociones de intervención en el..." />
<meta property="og:url" content="https://www.ull.es/portal/agenda/evento/acercamiento-al-arbolado-urbano-y-su-gestion/" />
<meta property="og:site_name" content="ULL - Agenda" />
<meta property="article:modified_time" content="2022-11-07T14:37:34+00:00" />
<meta property="og:image" content="https://www.ull.es/portal/agenda/wp-content/uploads/sites/12/2022/11/BannerArbolado11noviembre.jpg" />
	<meta property="og:image:width" content="700" />
	<meta property="og:image:height" content="350" />
	<meta property="og:image:type" content="image/jpeg" />
<meta name="twitter:card" content="summary_large_image" />
<meta name="twitter:label1" content="Tiempo de lectura" />
	<meta name="twitter:data1" content="1 minuto" />
<script type="application/ld+json" class="yoast-schema-graph">{"@context":"https://schema.org","@graph":[{"@type":"WebPage","@id":"https://www.ull.es/portal/agenda/evento/acercamiento-al-arbolado-urbano-y-su-gestion/","url":"https://www.ull.es/portal/agenda/evento/acercamiento-al-arbolado-urbano-y-su-gestion/","name":"Acercamiento al arbolado urbano y su gestión - ULL - Agenda","isPartOf":{"@id":"https://www.ull.es/portal/agenda/#website"},"datePublished":"2022-11-04T10:59:45+00:00","dateModified":"2022-11-07T14:37:34+00:00","breadcrumb":{"@id":"https://www.ull.es/portal/agenda/evento/acercamiento-al-arbolado-urbano-y-su-gestion/#breadcrumb"},"inLanguage":"es","potentialAction":[{"@type":"ReadAction","target":["https://www.ull.es/portal/agenda/evento/acercamiento-al-arbolado-urbano-y-su-gestion/"]}]},{"@type":"BreadcrumbList","@id":"https://www.ull.es/portal/agenda/evento/acercamiento-al-arbolado-urbano-y-su-gestion/#breadcrumb","itemListElement":[{"@type":"ListItem","position":1,"name":"Portada","item":"https://www.ull.es/portal/agenda/"},{"@type":"ListItem","position":2,"name":"Acercamiento al arbolado urbano y su gestión"}]},{"@type":"WebSite","@id":"https://www.ull.es/portal/agenda/#website","url":"https://www.ull.es/portal/agenda/","name":"ULL - Agenda","description":"","potentialAction":[{"@type":"SearchAction","target":{"@type":"EntryPoint","urlTemplate":"https://www.ull.es/portal/agenda/?s={search_term_string}"},"query-input":"required name=search_term_string"}],"inLanguage":"es"}]}</script>
<!-- / Yoast SEO plugin. -->

Acercamiento al arbolado urbano y su gestión - ULL - Agenda

Actividad de Extensión Universitaria organizada por el Aula Cultural de Jardinería, Biodiversidad y Permacultura de la Universidad de La Laguna y el Excmo. Ayuntamiento de la Ciudad de Tacoronte, que se celebrará en el municipio de Tacoronte el 11 de noviembre de 2022. La actividad tiene como objetivos principales incorporar las nuevas nociones de intervención en el...
