{"id":27590,"date":"2022-11-08T09:30:24","date_gmt":"2022-11-08T09:30:24","guid":{"rendered":"https:\/\/www.ull.es\/portal\/agenda\/?post_type=tribe_events&#038;p=27590"},"modified":"2022-11-18T10:47:27","modified_gmt":"2022-11-18T10:47:27","slug":"iii-jornadas-de-aproximacion-a-las-amenazas-al-patrimonio-cultural","status":"publish","type":"tribe_events","link":"https:\/\/www.ull.es\/portal\/agenda\/evento\/iii-jornadas-de-aproximacion-a-las-amenazas-al-patrimonio-cultural\/","title":{"rendered":"III Jornadas de aproximaci\u00f3n a las amenazas al patrimonio cultural"},"content":{"rendered":"<div>El \u00c1rea de Patrimonio del Excmo. Ayuntamiento de San Crist\u00f3bal de _La Laguna organiza las III Jornadas de Aproximaci\u00f3n del Patrimonio Cultural, con motivo del 23\u00ba Aniversario de Patrimonio Mundial de San Crist\u00f3bal de La laguna, que tendr\u00e1n lugar entre el 22 y 23 de noviembre de 2022 en la Sala de Juntas de la Escuela Polit\u00e9cnica Superior de Ingenier\u00eda, Edf. de Arquitectura T\u00e9cnica e Ingenier\u00eda Civil, Universidad de La Laguna.<\/div>\n<div><\/div>\n<div>Se ha acordado que la direcci\u00f3n acad\u00e9mica y cient\u00edfica del evento la realice la C\u00e1tedra cultural La Laguna Patrimonio Mundial. Asimismo, la Fundaci\u00f3n General de la Universidad de La Laguna (FGULL), realizar\u00e1 la organizaci\u00f3n y log\u00edstica de dichas jornadas que tienen un formato mixto: online y presencial con aforo limitado.<\/div>\n<div><\/div>\n<div>En esta propuesta, junto a un presupuesto, se van a esbozar las primeras ideas sobre la din\u00e1mica de estas jornadas.<\/div>\n<div><\/div>\n<div><strong>Objetivos:<\/strong> El objetivo principal de las jornadas es la divulgaci\u00f3n sobre los riesgos y amenazas existentes para el patrimonio cultural y l amanera de gestionar y coordinar acciones sobre esta materia.<\/div>\n<div><\/div>\n<div><strong>Conceptualizaci\u00f3n:<\/strong> Partimos del objetivo inicial donde las jornadas buscan dar a cono9cer los riesgos y amenazas del patrimonio, informaci\u00f3n de gran valor para un sector con formaci\u00f3n t\u00e9cnica y acad\u00e9mica, pero que buscar llegar a la sociedad en general.<\/div>\n<p>Para m\u00e1s informaci\u00f3n, pulse este <a href=\"https:\/\/jornadasamenazapatrimoniolalaguna.org\/\" target=\"_blank\" rel=\"noopener\" target=\"_blank\" rel=\"noopener\">enlace.\u00a0<\/a><\/p>\n<p><a href=\"https:\/\/drive.google.com\/file\/d\/1Q7F7IxcuhRKSvSFy-GkMh10eTbgKgk1T\/view?usp=share_link\" target=\"_blank\" rel=\"noopener\" target=\"_blank\" rel=\"noopener\">Programa<\/a><\/p>\n","protected":false},"excerpt":{"rendered":"<p>El \u00c1rea de Patrimonio del Excmo. Ayuntamiento de San Crist\u00f3bal de _La Laguna organiza las III Jornadas de Aproximaci\u00f3n del Patrimonio Cultural, con motivo del 23\u00ba Aniversario de Patrimonio Mundial de San Crist\u00f3bal de La laguna, que tendr\u00e1n lugar entre el 22 y 23 de noviembre de 2022 en la Sala de Juntas de la&#8230;<\/p>\n","protected":false},"author":65,"featured_media":27742,"comment_status":"closed","ping_status":"closed","template":"","tags":[],"tribe_events_cat":[344,4,915,191],"acf":[],"yoast_head":"<!-- This site is optimized with the Yoast SEO plugin v21.3 - https:\/\/yoast.com\/wordpress\/plugins\/seo\/ -->\n<title>III Jornadas de aproximaci\u00f3n a las amenazas al patrimonio cultural - ULL - Agenda<\/title>\n<meta name=\"robots\" content=\"index, follow, max-snippet:-1, max-image-preview:large, max-video-preview:-1\" \/>\n<link rel=\"canonical\" href=\"https:\/\/www.ull.es\/portal\/agenda\/evento\/iii-jornadas-de-aproximacion-a-las-amenazas-al-patrimonio-cultural\/\" \/>\n<meta property=\"og:locale\" content=\"es_ES\" \/>\n<meta property=\"og:type\" content=\"article\" \/>\n<meta property=\"og:title\" content=\"III Jornadas de aproximaci\u00f3n a las amenazas al patrimonio cultural - ULL - Agenda\" \/>\n<meta property=\"og:description\" content=\"El \u00c1rea de Patrimonio del Excmo. Ayuntamiento de San Crist\u00f3bal de _La Laguna organiza las III Jornadas de Aproximaci\u00f3n del Patrimonio Cultural, con motivo del 23\u00ba Aniversario de Patrimonio Mundial de San Crist\u00f3bal de La laguna, que tendr\u00e1n lugar entre el 22 y 23 de noviembre de 2022 en la Sala de Juntas de la...\" \/>\n<meta property=\"og:url\" content=\"https:\/\/www.ull.es\/portal\/agenda\/evento\/iii-jornadas-de-aproximacion-a-las-amenazas-al-patrimonio-cultural\/\" \/>\n<meta property=\"og:site_name\" content=\"ULL - Agenda\" \/>\n<meta property=\"article:modified_time\" content=\"2022-11-18T10:47:27+00:00\" \/>\n<meta property=\"og:image\" content=\"https:\/\/www.ull.es\/portal\/agenda\/wp-content\/uploads\/sites\/12\/2022\/11\/III-Jornadas-de-aproximacion-a-las-amenazas-al-patrimonio-cultural_Banner-evento.png\" \/>\n\t<meta property=\"og:image:width\" content=\"700\" \/>\n\t<meta property=\"og:image:height\" content=\"350\" \/>\n\t<meta property=\"og:image:type\" content=\"image\/png\" \/>\n<meta name=\"twitter:card\" content=\"summary_large_image\" \/>\n<meta name=\"twitter:label1\" content=\"Tiempo de lectura\" \/>\n\t<meta name=\"twitter:data1\" content=\"1 minuto\" \/>\n<script type=\"application\/ld+json\" class=\"yoast-schema-graph\">{\"@context\":\"https:\/\/schema.org\",\"@graph\":[{\"@type\":\"WebPage\",\"@id\":\"https:\/\/www.ull.es\/portal\/agenda\/evento\/iii-jornadas-de-aproximacion-a-las-amenazas-al-patrimonio-cultural\/\",\"url\":\"https:\/\/www.ull.es\/portal\/agenda\/evento\/iii-jornadas-de-aproximacion-a-las-amenazas-al-patrimonio-cultural\/\",\"name\":\"III Jornadas de aproximaci\u00f3n a las amenazas al patrimonio cultural - ULL - Agenda\",\"isPartOf\":{\"@id\":\"https:\/\/www.ull.es\/portal\/agenda\/#website\"},\"datePublished\":\"2022-11-08T09:30:24+00:00\",\"dateModified\":\"2022-11-18T10:47:27+00:00\",\"breadcrumb\":{\"@id\":\"https:\/\/www.ull.es\/portal\/agenda\/evento\/iii-jornadas-de-aproximacion-a-las-amenazas-al-patrimonio-cultural\/#breadcrumb\"},\"inLanguage\":\"es\",\"potentialAction\":[{\"@type\":\"ReadAction\",\"target\":[\"https:\/\/www.ull.es\/portal\/agenda\/evento\/iii-jornadas-de-aproximacion-a-las-amenazas-al-patrimonio-cultural\/\"]}]},{\"@type\":\"BreadcrumbList\",\"@id\":\"https:\/\/www.ull.es\/portal\/agenda\/evento\/iii-jornadas-de-aproximacion-a-las-amenazas-al-patrimonio-cultural\/#breadcrumb\",\"itemListElement\":[{\"@type\":\"ListItem\",\"position\":1,\"name\":\"Portada\",\"item\":\"https:\/\/www.ull.es\/portal\/agenda\/\"},{\"@type\":\"ListItem\",\"position\":2,\"name\":\"III Jornadas de aproximaci\u00f3n a las amenazas al patrimonio cultural\"}]},{\"@type\":\"WebSite\",\"@id\":\"https:\/\/www.ull.es\/portal\/agenda\/#website\",\"url\":\"https:\/\/www.ull.es\/portal\/agenda\/\",\"name\":\"ULL - Agenda\",\"description\":\"\",\"potentialAction\":[{\"@type\":\"SearchAction\",\"target\":{\"@type\":\"EntryPoint\",\"urlTemplate\":\"https:\/\/www.ull.es\/portal\/agenda\/?s={search_term_string}\"},\"query-input\":\"required name=search_term_string\"}],\"inLanguage\":\"es\"}]}<\/script>\n<!-- \/ Yoast SEO plugin. -->","yoast_head_json":{"title":"III Jornadas de aproximaci\u00f3n a las amenazas al patrimonio cultural - ULL - Agenda","robots":{"index":"index","follow":"follow","max-snippet":"max-snippet:-1","max-image-preview":"max-image-preview:large","max-video-preview":"max-video-preview:-1"},"canonical":"https:\/\/www.ull.es\/portal\/agenda\/evento\/iii-jornadas-de-aproximacion-a-las-amenazas-al-patrimonio-cultural\/","og_locale":"es_ES","og_type":"article","og_title":"III Jornadas de aproximaci\u00f3n a las amenazas al patrimonio cultural - ULL - Agenda","og_description":"El \u00c1rea de Patrimonio del Excmo. Ayuntamiento de San Crist\u00f3bal de _La Laguna organiza las III Jornadas de Aproximaci\u00f3n del Patrimonio Cultural, con motivo del 23\u00ba Aniversario de Patrimonio Mundial de San Crist\u00f3bal de La laguna, que tendr\u00e1n lugar entre el 22 y 23 de noviembre de 2022 en la Sala de Juntas de la...","og_url":"https:\/\/www.ull.es\/portal\/agenda\/evento\/iii-jornadas-de-aproximacion-a-las-amenazas-al-patrimonio-cultural\/","og_site_name":"ULL - Agenda","article_modified_time":"2022-11-18T10:47:27+00:00","og_image":[{"width":700,"height":350,"url":"https:\/\/www.ull.es\/portal\/agenda\/wp-content\/uploads\/sites\/12\/2022\/11\/III-Jornadas-de-aproximacion-a-las-amenazas-al-patrimonio-cultural_Banner-evento.png","type":"image\/png"}],"twitter_card":"summary_large_image","twitter_misc":{"Tiempo de lectura":"1 minuto"},"schema":{"@context":"https:\/\/schema.org","@graph":[{"@type":"WebPage","@id":"https:\/\/www.ull.es\/portal\/agenda\/evento\/iii-jornadas-de-aproximacion-a-las-amenazas-al-patrimonio-cultural\/","url":"https:\/\/www.ull.es\/portal\/agenda\/evento\/iii-jornadas-de-aproximacion-a-las-amenazas-al-patrimonio-cultural\/","name":"III Jornadas de aproximaci\u00f3n a las amenazas al patrimonio cultural - ULL - Agenda","isPartOf":{"@id":"https:\/\/www.ull.es\/portal\/agenda\/#website"},"datePublished":"2022-11-08T09:30:24+00:00","dateModified":"2022-11-18T10:47:27+00:00","breadcrumb":{"@id":"https:\/\/www.ull.es\/portal\/agenda\/evento\/iii-jornadas-de-aproximacion-a-las-amenazas-al-patrimonio-cultural\/#breadcrumb"},"inLanguage":"es","potentialAction":[{"@type":"ReadAction","target":["https:\/\/www.ull.es\/portal\/agenda\/evento\/iii-jornadas-de-aproximacion-a-las-amenazas-al-patrimonio-cultural\/"]}]},{"@type":"BreadcrumbList","@id":"https:\/\/www.ull.es\/portal\/agenda\/evento\/iii-jornadas-de-aproximacion-a-las-amenazas-al-patrimonio-cultural\/#breadcrumb","itemListElement":[{"@type":"ListItem","position":1,"name":"Portada","item":"https:\/\/www.ull.es\/portal\/agenda\/"},{"@type":"ListItem","position":2,"name":"III Jornadas de aproximaci\u00f3n a las amenazas al patrimonio cultural"}]},{"@type":"WebSite","@id":"https:\/\/www.ull.es\/portal\/agenda\/#website","url":"https:\/\/www.ull.es\/portal\/agenda\/","name":"ULL - Agenda","description":"","potentialAction":[{"@type":"SearchAction","target":{"@type":"EntryPoint","urlTemplate":"https:\/\/www.ull.es\/portal\/agenda\/?s={search_term_string}"},"query-input":"required name=search_term_string"}],"inLanguage":"es"}]}},"_links":{"self":[{"href":"https:\/\/www.ull.es\/portal\/agenda\/wp-json\/wp\/v2\/tribe_events\/27590"}],"collection":[{"href":"https:\/\/www.ull.es\/portal\/agenda\/wp-json\/wp\/v2\/tribe_events"}],"about":[{"href":"https:\/\/www.ull.es\/portal\/agenda\/wp-json\/wp\/v2\/types\/tribe_events"}],"author":[{"embeddable":true,"href":"https:\/\/www.ull.es\/portal\/agenda\/wp-json\/wp\/v2\/users\/65"}],"replies":[{"embeddable":true,"href":"https:\/\/www.ull.es\/portal\/agenda\/wp-json\/wp\/v2\/comments?post=27590"}],"version-history":[{"count":3,"href":"https:\/\/www.ull.es\/portal\/agenda\/wp-json\/wp\/v2\/tribe_events\/27590\/revisions"}],"predecessor-version":[{"id":27895,"href":"https:\/\/www.ull.es\/portal\/agenda\/wp-json\/wp\/v2\/tribe_events\/27590\/revisions\/27895"}],"wp:featuredmedia":[{"embeddable":true,"href":"https:\/\/www.ull.es\/portal\/agenda\/wp-json\/wp\/v2\/media\/27742"}],"wp:attachment":[{"href":"https:\/\/www.ull.es\/portal\/agenda\/wp-json\/wp\/v2\/media?parent=27590"}],"wp:term":[{"taxonomy":"post_tag","embeddable":true,"href":"https:\/\/www.ull.es\/portal\/agenda\/wp-json\/wp\/v2\/tags?post=27590"},{"taxonomy":"tribe_events_cat","embeddable":true,"href":"https:\/\/www.ull.es\/portal\/agenda\/wp-json\/wp\/v2\/tribe_events_cat?post=27590"}],"curies":[{"name":"wp","href":"https:\/\/api.w.org\/{rel}","templated":true}]}}

III Jornadas de aproximación a las amenazas al patrimonio cultural

<div>El Área de Patrimonio del Excmo. Ayuntamiento de San Cristóbal de _La Laguna organiza las III Jornadas de Aproximación del Patrimonio Cultural, con motivo del 23º Aniversario de Patrimonio Mundial de San Cristóbal de La laguna, que tendrán lugar entre el 22 y 23 de noviembre de 2022 en la Sala de Juntas de la Escuela Politécnica Superior de Ingeniería, Edf. de Arquitectura Técnica e Ingeniería Civil, Universidad de La Laguna.</div>
<div></div>
<div>Se ha acordado que la dirección académica y científica del evento la realice la Cátedra cultural La Laguna Patrimonio Mundial. Asimismo, la Fundación General de la Universidad de La Laguna (FGULL), realizará la organización y logística de dichas jornadas que tienen un formato mixto: online y presencial con aforo limitado.</div>
<div></div>
<div>En esta propuesta, junto a un presupuesto, se van a esbozar las primeras ideas sobre la dinámica de estas jornadas.</div>
<div></div>
<div><strong>Objetivos:</strong> El objetivo principal de las jornadas es la divulgación sobre los riesgos y amenazas existentes para el patrimonio cultural y l amanera de gestionar y coordinar acciones sobre esta materia.</div>
<div></div>
<div><strong>Conceptualización:</strong> Partimos del objetivo inicial donde las jornadas buscan dar a cono9cer los riesgos y amenazas del patrimonio, información de gran valor para un sector con formación técnica y académica, pero que buscar llegar a la sociedad en general.</div>
<p>Para más información, pulse este <a href="https://jornadasamenazapatrimoniolalaguna.org/" target="_blank" rel="noopener" target="_blank" rel="noopener">enlace. </a></p>
<p><a href="https://drive.google.com/file/d/1Q7F7IxcuhRKSvSFy-GkMh10eTbgKgk1T/view?usp=share_link" target="_blank" rel="noopener" target="_blank" rel="noopener">Programa</a></p>

<p>El Área de Patrimonio del Excmo. Ayuntamiento de San Cristóbal de _La Laguna organiza las III Jornadas de Aproximación del Patrimonio Cultural, con motivo del 23º Aniversario de Patrimonio Mundial de San Cristóbal de La laguna, que tendrán lugar entre el 22 y 23 de noviembre de 2022 en la Sala de Juntas de la&#8230;</p>

<!-- This site is optimized with the Yoast SEO plugin v21.3 - https://yoast.com/wordpress/plugins/seo/ -->
<title>III Jornadas de aproximación a las amenazas al patrimonio cultural - ULL - Agenda</title>
<meta name="robots" content="index, follow, max-snippet:-1, max-image-preview:large, max-video-preview:-1" />
<link rel="canonical" href="https://www.ull.es/portal/agenda/evento/iii-jornadas-de-aproximacion-a-las-amenazas-al-patrimonio-cultural/" />
<meta property="og:locale" content="es_ES" />
<meta property="og:type" content="article" />
<meta property="og:title" content="III Jornadas de aproximación a las amenazas al patrimonio cultural - ULL - Agenda" />
<meta property="og:description" content="El Área de Patrimonio del Excmo. Ayuntamiento de San Cristóbal de _La Laguna organiza las III Jornadas de Aproximación del Patrimonio Cultural, con motivo del 23º Aniversario de Patrimonio Mundial de San Cristóbal de La laguna, que tendrán lugar entre el 22 y 23 de noviembre de 2022 en la Sala de Juntas de la..." />
<meta property="og:url" content="https://www.ull.es/portal/agenda/evento/iii-jornadas-de-aproximacion-a-las-amenazas-al-patrimonio-cultural/" />
<meta property="og:site_name" content="ULL - Agenda" />
<meta property="article:modified_time" content="2022-11-18T10:47:27+00:00" />
<meta property="og:image" content="https://www.ull.es/portal/agenda/wp-content/uploads/sites/12/2022/11/III-Jornadas-de-aproximacion-a-las-amenazas-al-patrimonio-cultural_Banner-evento.png" />
	<meta property="og:image:width" content="700" />
	<meta property="og:image:height" content="350" />
	<meta property="og:image:type" content="image/png" />
<meta name="twitter:card" content="summary_large_image" />
<meta name="twitter:label1" content="Tiempo de lectura" />
	<meta name="twitter:data1" content="1 minuto" />
<script type="application/ld+json" class="yoast-schema-graph">{"@context":"https://schema.org","@graph":[{"@type":"WebPage","@id":"https://www.ull.es/portal/agenda/evento/iii-jornadas-de-aproximacion-a-las-amenazas-al-patrimonio-cultural/","url":"https://www.ull.es/portal/agenda/evento/iii-jornadas-de-aproximacion-a-las-amenazas-al-patrimonio-cultural/","name":"III Jornadas de aproximación a las amenazas al patrimonio cultural - ULL - Agenda","isPartOf":{"@id":"https://www.ull.es/portal/agenda/#website"},"datePublished":"2022-11-08T09:30:24+00:00","dateModified":"2022-11-18T10:47:27+00:00","breadcrumb":{"@id":"https://www.ull.es/portal/agenda/evento/iii-jornadas-de-aproximacion-a-las-amenazas-al-patrimonio-cultural/#breadcrumb"},"inLanguage":"es","potentialAction":[{"@type":"ReadAction","target":["https://www.ull.es/portal/agenda/evento/iii-jornadas-de-aproximacion-a-las-amenazas-al-patrimonio-cultural/"]}]},{"@type":"BreadcrumbList","@id":"https://www.ull.es/portal/agenda/evento/iii-jornadas-de-aproximacion-a-las-amenazas-al-patrimonio-cultural/#breadcrumb","itemListElement":[{"@type":"ListItem","position":1,"name":"Portada","item":"https://www.ull.es/portal/agenda/"},{"@type":"ListItem","position":2,"name":"III Jornadas de aproximación a las amenazas al patrimonio cultural"}]},{"@type":"WebSite","@id":"https://www.ull.es/portal/agenda/#website","url":"https://www.ull.es/portal/agenda/","name":"ULL - Agenda","description":"","potentialAction":[{"@type":"SearchAction","target":{"@type":"EntryPoint","urlTemplate":"https://www.ull.es/portal/agenda/?s={search_term_string}"},"query-input":"required name=search_term_string"}],"inLanguage":"es"}]}</script>
<!-- / Yoast SEO plugin. -->

III Jornadas de aproximación a las amenazas al patrimonio cultural - ULL - Agenda

El Área de Patrimonio del Excmo. Ayuntamiento de San Cristóbal de _La Laguna organiza las III Jornadas de Aproximación del Patrimonio Cultural, con motivo del 23º Aniversario de Patrimonio Mundial de San Cristóbal de La laguna, que tendrán lugar entre el 22 y 23 de noviembre de 2022 en la Sala de Juntas de la...
