{"id":27610,"date":"2022-11-08T13:49:29","date_gmt":"2022-11-08T13:49:29","guid":{"rendered":"https:\/\/www.ull.es\/portal\/agenda\/?post_type=tribe_events&#038;p=27610"},"modified":"2022-11-17T13:15:51","modified_gmt":"2022-11-17T13:15:51","slug":"taller-de-sostenibilidad-en-el-sector-textil-y-de-la-moda","status":"publish","type":"tribe_events","link":"https:\/\/www.ull.es\/portal\/agenda\/evento\/taller-de-sostenibilidad-en-el-sector-textil-y-de-la-moda\/","title":{"rendered":"Taller de sostenibilidad en el sector textil y de la moda"},"content":{"rendered":"<p>Actividad de Extensi\u00f3n Universitaria organizada por el Aula Cultural de Pensamiento Art\u00edstico Contempor\u00e1neo, la Asociaci\u00f3n La Destiladera y el Excmo. Ayuntamiento de San Crist\u00f3bal de La Laguna que se celebrar\u00e1 en la Facultad de Bellas los d\u00edas <strong>21 al 25 de noviembre<\/strong>\u00a0<strong>de 2022.<\/strong><\/p>\n<p>Cuatro d\u00edas de trabajo aut\u00f3nomo mentorizado al que asistir\u00e1n ponentes invitadas para impartir charlas en torno a la moda sostenible en un ambiente de taller, en torno a una monta\u00f1a de ropa reciclada y lavada que reutilizaremos como materia prima. Las piezas generadas en el taller ser\u00e1n mostradas en el desfile final por las personas que las crearon, d\u00e1ndole de esta manera la importancia que merecen tanto a las creaciones como al propio acto creativo y a la subjetividad con el desarrollada. Estas piezas pasar\u00e1n a ser propiedad de las artistas que las hayan creado, aunque quedar\u00e1n temporalmente en dep\u00f3sito con objeto de ser expuestas en La Noche en Blanco.<\/p>\n<p>El objetivo general de SOS MODA es trabajar creativamente en torno al desecho textil, tom\u00e1ndolo como materia prima con la intenci\u00f3n de focalizar el problema medioambiental que provoca el consumo de moda y la posibilidad de transformarlo en una oportunidad de desarrollo sostenible.<\/p>\n<p>Objetivos espec\u00edficos:<br \/>\nInformar y sensibilizar sobre el impacto medioambiental del sector textil y las industrias de la moda y crear conciencia y v\u00ednculos personales locales en torno a las posibilidades de su desarrollo sostenible y a las buenas pr\u00e1cticas en el sector, al tiempo que dotar a las personas asistentes de iniciativa y recursos para acometer en su vida diaria la reutilizaci\u00f3n y el reciclaje textil dom\u00e9stico.<\/p>\n<p>Director acad\u00e9mico: Ram\u00f3n Salas Lamami\u00e9 de Clairac. Profesor Titular de Universidad. Departamento de Bellas Artes de la Universidad de La Laguna.<\/p>\n<p><a href=\"https:\/\/sede.fg.ull.es\/es\/curso\/detalle\/a22020298\/taller-de-sostenibilidad-en-el-sector-textil-y-de-la-moda\" target=\"_blank\" rel=\"noopener noreferrer\" target=\"_blank\" rel=\"noopener\"><strong><u>M\u00e1s informaci\u00f3n e inscripci\u00f3n aqu\u00ed.<\/u><\/strong><\/a><\/p>\n<p><span style=\"color: #ff0000\"><strong>\u00a1PLAZAS AGOTADAS!<\/strong><\/span><\/p>\n<p><strong>CERTIFICADO DE ASISTENCIA, APTITUD Y RECONOCIMIENTO POR CR\u00c9DITO ECTS<\/strong><\/p>\n<p>La ULL, a trav\u00e9s del Vicerrectorado de Cultura, Participaci\u00f3n Social y Campus Ofra y La Palma, emitir\u00e1 un certificado de asistencia a todas aquellas personas que asistan a un m\u00ednimo del 80% de las horas lectivas presenciales. Asimismo, aquellas personas que superen el trabajo aut\u00f3nomo del alumnado, recibir\u00e1n un certificado de asistencia y aprovechamiento, reconocible a su vez por 2 cr\u00e9ditos ECTS.<\/p>\n<p><strong>Contacto: 922 319 616 \/ 922 319 626 \u2013\u00a0<\/strong><a href=\"mailto:extuni@ull.edu.es\" target=\"_blank\" rel=\"noopener\"><strong>extuni@ull.es<\/strong><\/a><\/p>\n<p>Ilunion, Cifp Las Indias, Martinez Cano, C\u00e1ritas, La Taleguita<\/p>\n","protected":false},"excerpt":{"rendered":"<p>Actividad de Extensi\u00f3n Universitaria organizada por el Aula Cultural de Pensamiento Art\u00edstico Contempor\u00e1neo, la Asociaci\u00f3n La Destiladera y el Excmo. Ayuntamiento de San Crist\u00f3bal de La Laguna que se celebrar\u00e1 en la Facultad de Bellas los d\u00edas 21 al 25 de noviembre\u00a0de 2022. Cuatro d\u00edas de trabajo aut\u00f3nomo mentorizado al que asistir\u00e1n ponentes invitadas para&#8230;<\/p>\n","protected":false},"author":43,"featured_media":27615,"comment_status":"closed","ping_status":"closed","template":"","tags":[4259,4789,977,3812,3751,4723],"tribe_events_cat":[472,471,4,186],"acf":[],"yoast_head":"<!-- This site is optimized with the Yoast SEO plugin v21.3 - https:\/\/yoast.com\/wordpress\/plugins\/seo\/ -->\n<title>Taller de sostenibilidad en el sector textil y de la moda - ULL - Agenda<\/title>\n<meta name=\"robots\" content=\"index, follow, max-snippet:-1, max-image-preview:large, max-video-preview:-1\" \/>\n<link rel=\"canonical\" href=\"https:\/\/www.ull.es\/portal\/agenda\/evento\/taller-de-sostenibilidad-en-el-sector-textil-y-de-la-moda\/\" \/>\n<meta property=\"og:locale\" content=\"es_ES\" \/>\n<meta property=\"og:type\" content=\"article\" \/>\n<meta property=\"og:title\" content=\"Taller de sostenibilidad en el sector textil y de la moda - ULL - Agenda\" \/>\n<meta property=\"og:description\" content=\"Actividad de Extensi\u00f3n Universitaria organizada por el Aula Cultural de Pensamiento Art\u00edstico Contempor\u00e1neo, la Asociaci\u00f3n La Destiladera y el Excmo. Ayuntamiento de San Crist\u00f3bal de La Laguna que se celebrar\u00e1 en la Facultad de Bellas los d\u00edas 21 al 25 de noviembre\u00a0de 2022. Cuatro d\u00edas de trabajo aut\u00f3nomo mentorizado al que asistir\u00e1n ponentes invitadas para...\" \/>\n<meta property=\"og:url\" content=\"https:\/\/www.ull.es\/portal\/agenda\/evento\/taller-de-sostenibilidad-en-el-sector-textil-y-de-la-moda\/\" \/>\n<meta property=\"og:site_name\" content=\"ULL - Agenda\" \/>\n<meta property=\"article:modified_time\" content=\"2022-11-17T13:15:51+00:00\" \/>\n<meta property=\"og:image\" content=\"https:\/\/www.ull.es\/portal\/agenda\/wp-content\/uploads\/sites\/12\/2022\/11\/BannerLaDestiladera.jpg\" \/>\n\t<meta property=\"og:image:width\" content=\"700\" \/>\n\t<meta property=\"og:image:height\" content=\"350\" \/>\n\t<meta property=\"og:image:type\" content=\"image\/jpeg\" \/>\n<meta name=\"twitter:card\" content=\"summary_large_image\" \/>\n<meta name=\"twitter:label1\" content=\"Tiempo de lectura\" \/>\n\t<meta name=\"twitter:data1\" content=\"2 minutos\" \/>\n<script type=\"application\/ld+json\" class=\"yoast-schema-graph\">{\"@context\":\"https:\/\/schema.org\",\"@graph\":[{\"@type\":\"WebPage\",\"@id\":\"https:\/\/www.ull.es\/portal\/agenda\/evento\/taller-de-sostenibilidad-en-el-sector-textil-y-de-la-moda\/\",\"url\":\"https:\/\/www.ull.es\/portal\/agenda\/evento\/taller-de-sostenibilidad-en-el-sector-textil-y-de-la-moda\/\",\"name\":\"Taller de sostenibilidad en el sector textil y de la moda - ULL - Agenda\",\"isPartOf\":{\"@id\":\"https:\/\/www.ull.es\/portal\/agenda\/#website\"},\"datePublished\":\"2022-11-08T13:49:29+00:00\",\"dateModified\":\"2022-11-17T13:15:51+00:00\",\"breadcrumb\":{\"@id\":\"https:\/\/www.ull.es\/portal\/agenda\/evento\/taller-de-sostenibilidad-en-el-sector-textil-y-de-la-moda\/#breadcrumb\"},\"inLanguage\":\"es\",\"potentialAction\":[{\"@type\":\"ReadAction\",\"target\":[\"https:\/\/www.ull.es\/portal\/agenda\/evento\/taller-de-sostenibilidad-en-el-sector-textil-y-de-la-moda\/\"]}]},{\"@type\":\"BreadcrumbList\",\"@id\":\"https:\/\/www.ull.es\/portal\/agenda\/evento\/taller-de-sostenibilidad-en-el-sector-textil-y-de-la-moda\/#breadcrumb\",\"itemListElement\":[{\"@type\":\"ListItem\",\"position\":1,\"name\":\"Portada\",\"item\":\"https:\/\/www.ull.es\/portal\/agenda\/\"},{\"@type\":\"ListItem\",\"position\":2,\"name\":\"Taller de sostenibilidad en el sector textil y de la moda\"}]},{\"@type\":\"WebSite\",\"@id\":\"https:\/\/www.ull.es\/portal\/agenda\/#website\",\"url\":\"https:\/\/www.ull.es\/portal\/agenda\/\",\"name\":\"ULL - Agenda\",\"description\":\"\",\"potentialAction\":[{\"@type\":\"SearchAction\",\"target\":{\"@type\":\"EntryPoint\",\"urlTemplate\":\"https:\/\/www.ull.es\/portal\/agenda\/?s={search_term_string}\"},\"query-input\":\"required name=search_term_string\"}],\"inLanguage\":\"es\"}]}<\/script>\n<!-- \/ Yoast SEO plugin. -->","yoast_head_json":{"title":"Taller de sostenibilidad en el sector textil y de la moda - ULL - Agenda","robots":{"index":"index","follow":"follow","max-snippet":"max-snippet:-1","max-image-preview":"max-image-preview:large","max-video-preview":"max-video-preview:-1"},"canonical":"https:\/\/www.ull.es\/portal\/agenda\/evento\/taller-de-sostenibilidad-en-el-sector-textil-y-de-la-moda\/","og_locale":"es_ES","og_type":"article","og_title":"Taller de sostenibilidad en el sector textil y de la moda - ULL - Agenda","og_description":"Actividad de Extensi\u00f3n Universitaria organizada por el Aula Cultural de Pensamiento Art\u00edstico Contempor\u00e1neo, la Asociaci\u00f3n La Destiladera y el Excmo. Ayuntamiento de San Crist\u00f3bal de La Laguna que se celebrar\u00e1 en la Facultad de Bellas los d\u00edas 21 al 25 de noviembre\u00a0de 2022. Cuatro d\u00edas de trabajo aut\u00f3nomo mentorizado al que asistir\u00e1n ponentes invitadas para...","og_url":"https:\/\/www.ull.es\/portal\/agenda\/evento\/taller-de-sostenibilidad-en-el-sector-textil-y-de-la-moda\/","og_site_name":"ULL - Agenda","article_modified_time":"2022-11-17T13:15:51+00:00","og_image":[{"width":700,"height":350,"url":"https:\/\/www.ull.es\/portal\/agenda\/wp-content\/uploads\/sites\/12\/2022\/11\/BannerLaDestiladera.jpg","type":"image\/jpeg"}],"twitter_card":"summary_large_image","twitter_misc":{"Tiempo de lectura":"2 minutos"},"schema":{"@context":"https:\/\/schema.org","@graph":[{"@type":"WebPage","@id":"https:\/\/www.ull.es\/portal\/agenda\/evento\/taller-de-sostenibilidad-en-el-sector-textil-y-de-la-moda\/","url":"https:\/\/www.ull.es\/portal\/agenda\/evento\/taller-de-sostenibilidad-en-el-sector-textil-y-de-la-moda\/","name":"Taller de sostenibilidad en el sector textil y de la moda - ULL - Agenda","isPartOf":{"@id":"https:\/\/www.ull.es\/portal\/agenda\/#website"},"datePublished":"2022-11-08T13:49:29+00:00","dateModified":"2022-11-17T13:15:51+00:00","breadcrumb":{"@id":"https:\/\/www.ull.es\/portal\/agenda\/evento\/taller-de-sostenibilidad-en-el-sector-textil-y-de-la-moda\/#breadcrumb"},"inLanguage":"es","potentialAction":[{"@type":"ReadAction","target":["https:\/\/www.ull.es\/portal\/agenda\/evento\/taller-de-sostenibilidad-en-el-sector-textil-y-de-la-moda\/"]}]},{"@type":"BreadcrumbList","@id":"https:\/\/www.ull.es\/portal\/agenda\/evento\/taller-de-sostenibilidad-en-el-sector-textil-y-de-la-moda\/#breadcrumb","itemListElement":[{"@type":"ListItem","position":1,"name":"Portada","item":"https:\/\/www.ull.es\/portal\/agenda\/"},{"@type":"ListItem","position":2,"name":"Taller de sostenibilidad en el sector textil y de la moda"}]},{"@type":"WebSite","@id":"https:\/\/www.ull.es\/portal\/agenda\/#website","url":"https:\/\/www.ull.es\/portal\/agenda\/","name":"ULL - Agenda","description":"","potentialAction":[{"@type":"SearchAction","target":{"@type":"EntryPoint","urlTemplate":"https:\/\/www.ull.es\/portal\/agenda\/?s={search_term_string}"},"query-input":"required name=search_term_string"}],"inLanguage":"es"}]}},"_links":{"self":[{"href":"https:\/\/www.ull.es\/portal\/agenda\/wp-json\/wp\/v2\/tribe_events\/27610"}],"collection":[{"href":"https:\/\/www.ull.es\/portal\/agenda\/wp-json\/wp\/v2\/tribe_events"}],"about":[{"href":"https:\/\/www.ull.es\/portal\/agenda\/wp-json\/wp\/v2\/types\/tribe_events"}],"author":[{"embeddable":true,"href":"https:\/\/www.ull.es\/portal\/agenda\/wp-json\/wp\/v2\/users\/43"}],"replies":[{"embeddable":true,"href":"https:\/\/www.ull.es\/portal\/agenda\/wp-json\/wp\/v2\/comments?post=27610"}],"version-history":[{"count":5,"href":"https:\/\/www.ull.es\/portal\/agenda\/wp-json\/wp\/v2\/tribe_events\/27610\/revisions"}],"predecessor-version":[{"id":27860,"href":"https:\/\/www.ull.es\/portal\/agenda\/wp-json\/wp\/v2\/tribe_events\/27610\/revisions\/27860"}],"wp:featuredmedia":[{"embeddable":true,"href":"https:\/\/www.ull.es\/portal\/agenda\/wp-json\/wp\/v2\/media\/27615"}],"wp:attachment":[{"href":"https:\/\/www.ull.es\/portal\/agenda\/wp-json\/wp\/v2\/media?parent=27610"}],"wp:term":[{"taxonomy":"post_tag","embeddable":true,"href":"https:\/\/www.ull.es\/portal\/agenda\/wp-json\/wp\/v2\/tags?post=27610"},{"taxonomy":"tribe_events_cat","embeddable":true,"href":"https:\/\/www.ull.es\/portal\/agenda\/wp-json\/wp\/v2\/tribe_events_cat?post=27610"}],"curies":[{"name":"wp","href":"https:\/\/api.w.org\/{rel}","templated":true}]}}

<p>Actividad de Extensión Universitaria organizada por el Aula Cultural de Pensamiento Artístico Contemporáneo, la Asociación La Destiladera y el Excmo. Ayuntamiento de San Cristóbal de La Laguna que se celebrará en la Facultad de Bellas los días <strong>21 al 25 de noviembre</strong> <strong>de 2022.</strong></p>
<p>Cuatro días de trabajo autónomo mentorizado al que asistirán ponentes invitadas para impartir charlas en torno a la moda sostenible en un ambiente de taller, en torno a una montaña de ropa reciclada y lavada que reutilizaremos como materia prima. Las piezas generadas en el taller serán mostradas en el desfile final por las personas que las crearon, dándole de esta manera la importancia que merecen tanto a las creaciones como al propio acto creativo y a la subjetividad con el desarrollada. Estas piezas pasarán a ser propiedad de las artistas que las hayan creado, aunque quedarán temporalmente en depósito con objeto de ser expuestas en La Noche en Blanco.</p>
<p>El objetivo general de SOS MODA es trabajar creativamente en torno al desecho textil, tomándolo como materia prima con la intención de focalizar el problema medioambiental que provoca el consumo de moda y la posibilidad de transformarlo en una oportunidad de desarrollo sostenible.</p>
<p>Objetivos específicos:<br />
Informar y sensibilizar sobre el impacto medioambiental del sector textil y las industrias de la moda y crear conciencia y vínculos personales locales en torno a las posibilidades de su desarrollo sostenible y a las buenas prácticas en el sector, al tiempo que dotar a las personas asistentes de iniciativa y recursos para acometer en su vida diaria la reutilización y el reciclaje textil doméstico.</p>
<p>Director académico: Ramón Salas Lamamié de Clairac. Profesor Titular de Universidad. Departamento de Bellas Artes de la Universidad de La Laguna.</p>
<p><a href="https://sede.fg.ull.es/es/curso/detalle/a22020298/taller-de-sostenibilidad-en-el-sector-textil-y-de-la-moda" target="_blank" rel="noopener noreferrer" target="_blank" rel="noopener"><strong><u>Más información e inscripción aquí.</u></strong></a></p>
<p><span style="color: #ff0000"><strong>¡PLAZAS AGOTADAS!</strong></span></p>
<p><strong>CERTIFICADO DE ASISTENCIA, APTITUD Y RECONOCIMIENTO POR CRÉDITO ECTS</strong></p>
<p>La ULL, a través del Vicerrectorado de Cultura, Participación Social y Campus Ofra y La Palma, emitirá un certificado de asistencia a todas aquellas personas que asistan a un mínimo del 80% de las horas lectivas presenciales. Asimismo, aquellas personas que superen el trabajo autónomo del alumnado, recibirán un certificado de asistencia y aprovechamiento, reconocible a su vez por 2 créditos ECTS.</p>
<p><strong>Contacto: 922 319 616 / 922 319 626 – </strong><a href="mailto:extuni@ull.edu.es" target="_blank" rel="noopener"><strong>extuni@ull.es</strong></a></p>
<p>Ilunion, Cifp Las Indias, Martinez Cano, Cáritas, La Taleguita</p>

<p>Actividad de Extensión Universitaria organizada por el Aula Cultural de Pensamiento Artístico Contemporáneo, la Asociación La Destiladera y el Excmo. Ayuntamiento de San Cristóbal de La Laguna que se celebrará en la Facultad de Bellas los días 21 al 25 de noviembre de 2022. Cuatro días de trabajo autónomo mentorizado al que asistirán ponentes invitadas para&#8230;</p>

<!-- This site is optimized with the Yoast SEO plugin v21.3 - https://yoast.com/wordpress/plugins/seo/ -->
<title>Taller de sostenibilidad en el sector textil y de la moda - ULL - Agenda</title>
<meta name="robots" content="index, follow, max-snippet:-1, max-image-preview:large, max-video-preview:-1" />
<link rel="canonical" href="https://www.ull.es/portal/agenda/evento/taller-de-sostenibilidad-en-el-sector-textil-y-de-la-moda/" />
<meta property="og:locale" content="es_ES" />
<meta property="og:type" content="article" />
<meta property="og:title" content="Taller de sostenibilidad en el sector textil y de la moda - ULL - Agenda" />
<meta property="og:description" content="Actividad de Extensión Universitaria organizada por el Aula Cultural de Pensamiento Artístico Contemporáneo, la Asociación La Destiladera y el Excmo. Ayuntamiento de San Cristóbal de La Laguna que se celebrará en la Facultad de Bellas los días 21 al 25 de noviembre de 2022. Cuatro días de trabajo autónomo mentorizado al que asistirán ponentes invitadas para..." />
<meta property="og:url" content="https://www.ull.es/portal/agenda/evento/taller-de-sostenibilidad-en-el-sector-textil-y-de-la-moda/" />
<meta property="og:site_name" content="ULL - Agenda" />
<meta property="article:modified_time" content="2022-11-17T13:15:51+00:00" />
<meta property="og:image" content="https://www.ull.es/portal/agenda/wp-content/uploads/sites/12/2022/11/BannerLaDestiladera.jpg" />
	<meta property="og:image:width" content="700" />
	<meta property="og:image:height" content="350" />
	<meta property="og:image:type" content="image/jpeg" />
<meta name="twitter:card" content="summary_large_image" />
<meta name="twitter:label1" content="Tiempo de lectura" />
	<meta name="twitter:data1" content="2 minutos" />
<script type="application/ld+json" class="yoast-schema-graph">{"@context":"https://schema.org","@graph":[{"@type":"WebPage","@id":"https://www.ull.es/portal/agenda/evento/taller-de-sostenibilidad-en-el-sector-textil-y-de-la-moda/","url":"https://www.ull.es/portal/agenda/evento/taller-de-sostenibilidad-en-el-sector-textil-y-de-la-moda/","name":"Taller de sostenibilidad en el sector textil y de la moda - ULL - Agenda","isPartOf":{"@id":"https://www.ull.es/portal/agenda/#website"},"datePublished":"2022-11-08T13:49:29+00:00","dateModified":"2022-11-17T13:15:51+00:00","breadcrumb":{"@id":"https://www.ull.es/portal/agenda/evento/taller-de-sostenibilidad-en-el-sector-textil-y-de-la-moda/#breadcrumb"},"inLanguage":"es","potentialAction":[{"@type":"ReadAction","target":["https://www.ull.es/portal/agenda/evento/taller-de-sostenibilidad-en-el-sector-textil-y-de-la-moda/"]}]},{"@type":"BreadcrumbList","@id":"https://www.ull.es/portal/agenda/evento/taller-de-sostenibilidad-en-el-sector-textil-y-de-la-moda/#breadcrumb","itemListElement":[{"@type":"ListItem","position":1,"name":"Portada","item":"https://www.ull.es/portal/agenda/"},{"@type":"ListItem","position":2,"name":"Taller de sostenibilidad en el sector textil y de la moda"}]},{"@type":"WebSite","@id":"https://www.ull.es/portal/agenda/#website","url":"https://www.ull.es/portal/agenda/","name":"ULL - Agenda","description":"","potentialAction":[{"@type":"SearchAction","target":{"@type":"EntryPoint","urlTemplate":"https://www.ull.es/portal/agenda/?s={search_term_string}"},"query-input":"required name=search_term_string"}],"inLanguage":"es"}]}</script>
<!-- / Yoast SEO plugin. -->

Actividad de Extensión Universitaria organizada por el Aula Cultural de Pensamiento Artístico Contemporáneo, la Asociación La Destiladera y el Excmo. Ayuntamiento de San Cristóbal de La Laguna que se celebrará en la Facultad de Bellas los días 21 al 25 de noviembre de 2022. Cuatro días de trabajo autónomo mentorizado al que asistirán ponentes invitadas para...
