{"id":27673,"date":"2022-11-09T11:35:43","date_gmt":"2022-11-09T11:35:43","guid":{"rendered":"https:\/\/www.ull.es\/portal\/agenda\/?post_type=tribe_events&#038;p=27673"},"modified":"2022-11-24T12:05:10","modified_gmt":"2022-11-24T12:05:10","slug":"ganaderia-pastoreo-prevencion-de-incendios-y-politica-agraria","status":"publish","type":"tribe_events","link":"https:\/\/www.ull.es\/portal\/agenda\/evento\/ganaderia-pastoreo-prevencion-de-incendios-y-politica-agraria\/","title":{"rendered":"Ganader\u00eda, pastoreo, prevenci\u00f3n de incendios y pol\u00edtica agraria"},"content":{"rendered":"<p>Actividad de Extensi\u00f3n Universitaria organizada por la Catedra Cultural Pedro Molina Ramos de Estudios Campesinos, con la financiaci\u00f3n de la Concejal\u00eda de Desarrollo Rural, Agrario, Ganadero y Pesca del Excmo. Ayuntamiento de San Crist\u00f3bal de La Laguna, que se celebrar\u00e1 en <strong>el municipio de La Laguna <\/strong>el<strong> 28 de noviembre <\/strong><strong>de 2022<\/strong>.<\/p>\n<p>Se trata de conocer y debatir sobre aspectos relacionados con la ganader\u00eda de pastoreo, su papel en la prevenci\u00f3n de incendios, retos desde la perspectiva de los ganaderos, oportunidades de las pol\u00edticas europeas, un modelo tradicional e innovador como la Escuela de Pastores.<\/p>\n<p>Dirigido al alumnado de Ingenier\u00eda Agraria, Biolog\u00eda, Ciencias Ambientales, Geograf\u00eda, veterinaria y ganaderos.<\/p>\n<p>Dirigen:<\/p>\n<ul>\n<li>Luis Alberto Bermejo Asensio. Doctor Veterinario. Profesor Titular del Departamento de Ingenier\u00eda Agraria y del Medio Natural de la Universidad de La Laguna.<\/li>\n<li>Mar\u00eda de los \u00c1ngeles Camacho P\u00e9rez. Doctora Ingeniero Agr\u00f3nomo. Profesora Titular del Departamento de Ingenier\u00eda Agraria y del Medio Natural de la Universidad de La Laguna..<\/li>\n<\/ul>\n<p><strong>CERTIFICADO DE ASISTENCIA: <\/strong>La ULL, a trav\u00e9s del Vicerrectorado de Cultura, Participaci\u00f3n Social y Campus Ofra y La Palma, emitir\u00e1 un certificado de asistencia a todas aquellas personas que participen, previa inscripci\u00f3n en la actividad.<\/p>\n<div class=\"tribe-events-single-event-description tribe-events-content\">\n<p><a href=\"https:\/\/sede.fg.ull.es\/es\/curso\/detalle\/a22020301\/ganaderia-pastoreo-prevencion-de-incendios-y-politica-agraria\" target=\"_blank\" rel=\"noopener noreferrer\" target=\"_blank\" rel=\"noopener\"><strong><u>Consulta el programa e inscr\u00edbete aqu\u00ed.<\/u><\/strong><\/a><\/p>\n<p><span style=\"color: #ff0000\"><strong>\u00a1PLAZAS AGOTADAS!<\/strong><\/span><\/p>\n<p><strong>Contacto: 922 319 616 \/ 922 319 626 \u2013\u00a0<\/strong><strong><a href=\"mailto:extuni@ull.edu.es\" target=\"_blank\" rel=\"noopener\">extuni@ull.es<\/a><\/strong><\/p>\n<\/div>\n","protected":false},"excerpt":{"rendered":"<p>Actividad de Extensi\u00f3n Universitaria organizada por la Catedra Cultural Pedro Molina Ramos de Estudios Campesinos, con la financiaci\u00f3n de la Concejal\u00eda de Desarrollo Rural, Agrario, Ganadero y Pesca del Excmo. Ayuntamiento de San Crist\u00f3bal de La Laguna, que se celebrar\u00e1 en el municipio de La Laguna el 28 de noviembre de 2022. Se trata de&#8230;<\/p>\n","protected":false},"author":43,"featured_media":27685,"comment_status":"closed","ping_status":"closed","template":"","tags":[4806,4259,977,3812,4805,3751],"tribe_events_cat":[472,471,4,186],"acf":[],"yoast_head":"<!-- This site is optimized with the Yoast SEO plugin v21.3 - https:\/\/yoast.com\/wordpress\/plugins\/seo\/ -->\n<title>Ganader\u00eda, pastoreo, prevenci\u00f3n de incendios y pol\u00edtica agraria - ULL - Agenda<\/title>\n<meta name=\"robots\" content=\"index, follow, max-snippet:-1, max-image-preview:large, max-video-preview:-1\" \/>\n<link rel=\"canonical\" href=\"https:\/\/www.ull.es\/portal\/agenda\/evento\/ganaderia-pastoreo-prevencion-de-incendios-y-politica-agraria\/\" \/>\n<meta property=\"og:locale\" content=\"es_ES\" \/>\n<meta property=\"og:type\" content=\"article\" \/>\n<meta property=\"og:title\" content=\"Ganader\u00eda, pastoreo, prevenci\u00f3n de incendios y pol\u00edtica agraria - ULL - Agenda\" \/>\n<meta property=\"og:description\" content=\"Actividad de Extensi\u00f3n Universitaria organizada por la Catedra Cultural Pedro Molina Ramos de Estudios Campesinos, con la financiaci\u00f3n de la Concejal\u00eda de Desarrollo Rural, Agrario, Ganadero y Pesca del Excmo. Ayuntamiento de San Crist\u00f3bal de La Laguna, que se celebrar\u00e1 en el municipio de La Laguna el 28 de noviembre de 2022. Se trata de...\" \/>\n<meta property=\"og:url\" content=\"https:\/\/www.ull.es\/portal\/agenda\/evento\/ganaderia-pastoreo-prevencion-de-incendios-y-politica-agraria\/\" \/>\n<meta property=\"og:site_name\" content=\"ULL - Agenda\" \/>\n<meta property=\"article:modified_time\" content=\"2022-11-24T12:05:10+00:00\" \/>\n<meta property=\"og:image\" content=\"https:\/\/www.ull.es\/portal\/agenda\/wp-content\/uploads\/sites\/12\/2022\/11\/BannerPastoreo-1.jpg\" \/>\n\t<meta property=\"og:image:width\" content=\"700\" \/>\n\t<meta property=\"og:image:height\" content=\"350\" \/>\n\t<meta property=\"og:image:type\" content=\"image\/jpeg\" \/>\n<meta name=\"twitter:card\" content=\"summary_large_image\" \/>\n<meta name=\"twitter:label1\" content=\"Tiempo de lectura\" \/>\n\t<meta name=\"twitter:data1\" content=\"1 minuto\" \/>\n<script type=\"application\/ld+json\" class=\"yoast-schema-graph\">{\"@context\":\"https:\/\/schema.org\",\"@graph\":[{\"@type\":\"WebPage\",\"@id\":\"https:\/\/www.ull.es\/portal\/agenda\/evento\/ganaderia-pastoreo-prevencion-de-incendios-y-politica-agraria\/\",\"url\":\"https:\/\/www.ull.es\/portal\/agenda\/evento\/ganaderia-pastoreo-prevencion-de-incendios-y-politica-agraria\/\",\"name\":\"Ganader\u00eda, pastoreo, prevenci\u00f3n de incendios y pol\u00edtica agraria - ULL - Agenda\",\"isPartOf\":{\"@id\":\"https:\/\/www.ull.es\/portal\/agenda\/#website\"},\"datePublished\":\"2022-11-09T11:35:43+00:00\",\"dateModified\":\"2022-11-24T12:05:10+00:00\",\"breadcrumb\":{\"@id\":\"https:\/\/www.ull.es\/portal\/agenda\/evento\/ganaderia-pastoreo-prevencion-de-incendios-y-politica-agraria\/#breadcrumb\"},\"inLanguage\":\"es\",\"potentialAction\":[{\"@type\":\"ReadAction\",\"target\":[\"https:\/\/www.ull.es\/portal\/agenda\/evento\/ganaderia-pastoreo-prevencion-de-incendios-y-politica-agraria\/\"]}]},{\"@type\":\"BreadcrumbList\",\"@id\":\"https:\/\/www.ull.es\/portal\/agenda\/evento\/ganaderia-pastoreo-prevencion-de-incendios-y-politica-agraria\/#breadcrumb\",\"itemListElement\":[{\"@type\":\"ListItem\",\"position\":1,\"name\":\"Portada\",\"item\":\"https:\/\/www.ull.es\/portal\/agenda\/\"},{\"@type\":\"ListItem\",\"position\":2,\"name\":\"Ganader\u00eda, pastoreo, prevenci\u00f3n de incendios y pol\u00edtica agraria\"}]},{\"@type\":\"WebSite\",\"@id\":\"https:\/\/www.ull.es\/portal\/agenda\/#website\",\"url\":\"https:\/\/www.ull.es\/portal\/agenda\/\",\"name\":\"ULL - Agenda\",\"description\":\"\",\"potentialAction\":[{\"@type\":\"SearchAction\",\"target\":{\"@type\":\"EntryPoint\",\"urlTemplate\":\"https:\/\/www.ull.es\/portal\/agenda\/?s={search_term_string}\"},\"query-input\":\"required name=search_term_string\"}],\"inLanguage\":\"es\"}]}<\/script>\n<!-- \/ Yoast SEO plugin. -->","yoast_head_json":{"title":"Ganader\u00eda, pastoreo, prevenci\u00f3n de incendios y pol\u00edtica agraria - ULL - Agenda","robots":{"index":"index","follow":"follow","max-snippet":"max-snippet:-1","max-image-preview":"max-image-preview:large","max-video-preview":"max-video-preview:-1"},"canonical":"https:\/\/www.ull.es\/portal\/agenda\/evento\/ganaderia-pastoreo-prevencion-de-incendios-y-politica-agraria\/","og_locale":"es_ES","og_type":"article","og_title":"Ganader\u00eda, pastoreo, prevenci\u00f3n de incendios y pol\u00edtica agraria - ULL - Agenda","og_description":"Actividad de Extensi\u00f3n Universitaria organizada por la Catedra Cultural Pedro Molina Ramos de Estudios Campesinos, con la financiaci\u00f3n de la Concejal\u00eda de Desarrollo Rural, Agrario, Ganadero y Pesca del Excmo. Ayuntamiento de San Crist\u00f3bal de La Laguna, que se celebrar\u00e1 en el municipio de La Laguna el 28 de noviembre de 2022. Se trata de...","og_url":"https:\/\/www.ull.es\/portal\/agenda\/evento\/ganaderia-pastoreo-prevencion-de-incendios-y-politica-agraria\/","og_site_name":"ULL - Agenda","article_modified_time":"2022-11-24T12:05:10+00:00","og_image":[{"width":700,"height":350,"url":"https:\/\/www.ull.es\/portal\/agenda\/wp-content\/uploads\/sites\/12\/2022\/11\/BannerPastoreo-1.jpg","type":"image\/jpeg"}],"twitter_card":"summary_large_image","twitter_misc":{"Tiempo de lectura":"1 minuto"},"schema":{"@context":"https:\/\/schema.org","@graph":[{"@type":"WebPage","@id":"https:\/\/www.ull.es\/portal\/agenda\/evento\/ganaderia-pastoreo-prevencion-de-incendios-y-politica-agraria\/","url":"https:\/\/www.ull.es\/portal\/agenda\/evento\/ganaderia-pastoreo-prevencion-de-incendios-y-politica-agraria\/","name":"Ganader\u00eda, pastoreo, prevenci\u00f3n de incendios y pol\u00edtica agraria - ULL - Agenda","isPartOf":{"@id":"https:\/\/www.ull.es\/portal\/agenda\/#website"},"datePublished":"2022-11-09T11:35:43+00:00","dateModified":"2022-11-24T12:05:10+00:00","breadcrumb":{"@id":"https:\/\/www.ull.es\/portal\/agenda\/evento\/ganaderia-pastoreo-prevencion-de-incendios-y-politica-agraria\/#breadcrumb"},"inLanguage":"es","potentialAction":[{"@type":"ReadAction","target":["https:\/\/www.ull.es\/portal\/agenda\/evento\/ganaderia-pastoreo-prevencion-de-incendios-y-politica-agraria\/"]}]},{"@type":"BreadcrumbList","@id":"https:\/\/www.ull.es\/portal\/agenda\/evento\/ganaderia-pastoreo-prevencion-de-incendios-y-politica-agraria\/#breadcrumb","itemListElement":[{"@type":"ListItem","position":1,"name":"Portada","item":"https:\/\/www.ull.es\/portal\/agenda\/"},{"@type":"ListItem","position":2,"name":"Ganader\u00eda, pastoreo, prevenci\u00f3n de incendios y pol\u00edtica agraria"}]},{"@type":"WebSite","@id":"https:\/\/www.ull.es\/portal\/agenda\/#website","url":"https:\/\/www.ull.es\/portal\/agenda\/","name":"ULL - Agenda","description":"","potentialAction":[{"@type":"SearchAction","target":{"@type":"EntryPoint","urlTemplate":"https:\/\/www.ull.es\/portal\/agenda\/?s={search_term_string}"},"query-input":"required name=search_term_string"}],"inLanguage":"es"}]}},"_links":{"self":[{"href":"https:\/\/www.ull.es\/portal\/agenda\/wp-json\/wp\/v2\/tribe_events\/27673"}],"collection":[{"href":"https:\/\/www.ull.es\/portal\/agenda\/wp-json\/wp\/v2\/tribe_events"}],"about":[{"href":"https:\/\/www.ull.es\/portal\/agenda\/wp-json\/wp\/v2\/types\/tribe_events"}],"author":[{"embeddable":true,"href":"https:\/\/www.ull.es\/portal\/agenda\/wp-json\/wp\/v2\/users\/43"}],"replies":[{"embeddable":true,"href":"https:\/\/www.ull.es\/portal\/agenda\/wp-json\/wp\/v2\/comments?post=27673"}],"version-history":[{"count":6,"href":"https:\/\/www.ull.es\/portal\/agenda\/wp-json\/wp\/v2\/tribe_events\/27673\/revisions"}],"predecessor-version":[{"id":28012,"href":"https:\/\/www.ull.es\/portal\/agenda\/wp-json\/wp\/v2\/tribe_events\/27673\/revisions\/28012"}],"wp:featuredmedia":[{"embeddable":true,"href":"https:\/\/www.ull.es\/portal\/agenda\/wp-json\/wp\/v2\/media\/27685"}],"wp:attachment":[{"href":"https:\/\/www.ull.es\/portal\/agenda\/wp-json\/wp\/v2\/media?parent=27673"}],"wp:term":[{"taxonomy":"post_tag","embeddable":true,"href":"https:\/\/www.ull.es\/portal\/agenda\/wp-json\/wp\/v2\/tags?post=27673"},{"taxonomy":"tribe_events_cat","embeddable":true,"href":"https:\/\/www.ull.es\/portal\/agenda\/wp-json\/wp\/v2\/tribe_events_cat?post=27673"}],"curies":[{"name":"wp","href":"https:\/\/api.w.org\/{rel}","templated":true}]}}

Ganadería, pastoreo, prevención de incendios y política agraria

<p>Actividad de Extensión Universitaria organizada por la Catedra Cultural Pedro Molina Ramos de Estudios Campesinos, con la financiación de la Concejalía de Desarrollo Rural, Agrario, Ganadero y Pesca del Excmo. Ayuntamiento de San Cristóbal de La Laguna, que se celebrará en <strong>el municipio de La Laguna </strong>el<strong> 28 de noviembre </strong><strong>de 2022</strong>.</p>
<p>Se trata de conocer y debatir sobre aspectos relacionados con la ganadería de pastoreo, su papel en la prevención de incendios, retos desde la perspectiva de los ganaderos, oportunidades de las políticas europeas, un modelo tradicional e innovador como la Escuela de Pastores.</p>
<p>Dirigido al alumnado de Ingeniería Agraria, Biología, Ciencias Ambientales, Geografía, veterinaria y ganaderos.</p>
<p>Dirigen:</p>
<ul>
<li>Luis Alberto Bermejo Asensio. Doctor Veterinario. Profesor Titular del Departamento de Ingeniería Agraria y del Medio Natural de la Universidad de La Laguna.</li>
<li>María de los Ángeles Camacho Pérez. Doctora Ingeniero Agrónomo. Profesora Titular del Departamento de Ingeniería Agraria y del Medio Natural de la Universidad de La Laguna..</li>
</ul>
<p><strong>CERTIFICADO DE ASISTENCIA: </strong>La ULL, a través del Vicerrectorado de Cultura, Participación Social y Campus Ofra y La Palma, emitirá un certificado de asistencia a todas aquellas personas que participen, previa inscripción en la actividad.</p>
<div class="tribe-events-single-event-description tribe-events-content">
<p><a href="https://sede.fg.ull.es/es/curso/detalle/a22020301/ganaderia-pastoreo-prevencion-de-incendios-y-politica-agraria" target="_blank" rel="noopener noreferrer" target="_blank" rel="noopener"><strong><u>Consulta el programa e inscríbete aquí.</u></strong></a></p>
<p><span style="color: #ff0000"><strong>¡PLAZAS AGOTADAS!</strong></span></p>
<p><strong>Contacto: 922 319 616 / 922 319 626 – </strong><strong><a href="mailto:extuni@ull.edu.es" target="_blank" rel="noopener">extuni@ull.es</a></strong></p>
</div>

<p>Actividad de Extensión Universitaria organizada por la Catedra Cultural Pedro Molina Ramos de Estudios Campesinos, con la financiación de la Concejalía de Desarrollo Rural, Agrario, Ganadero y Pesca del Excmo. Ayuntamiento de San Cristóbal de La Laguna, que se celebrará en el municipio de La Laguna el 28 de noviembre de 2022. Se trata de&#8230;</p>

<!-- This site is optimized with the Yoast SEO plugin v21.3 - https://yoast.com/wordpress/plugins/seo/ -->
<title>Ganadería, pastoreo, prevención de incendios y política agraria - ULL - Agenda</title>
<meta name="robots" content="index, follow, max-snippet:-1, max-image-preview:large, max-video-preview:-1" />
<link rel="canonical" href="https://www.ull.es/portal/agenda/evento/ganaderia-pastoreo-prevencion-de-incendios-y-politica-agraria/" />
<meta property="og:locale" content="es_ES" />
<meta property="og:type" content="article" />
<meta property="og:title" content="Ganadería, pastoreo, prevención de incendios y política agraria - ULL - Agenda" />
<meta property="og:description" content="Actividad de Extensión Universitaria organizada por la Catedra Cultural Pedro Molina Ramos de Estudios Campesinos, con la financiación de la Concejalía de Desarrollo Rural, Agrario, Ganadero y Pesca del Excmo. Ayuntamiento de San Cristóbal de La Laguna, que se celebrará en el municipio de La Laguna el 28 de noviembre de 2022. Se trata de..." />
<meta property="og:url" content="https://www.ull.es/portal/agenda/evento/ganaderia-pastoreo-prevencion-de-incendios-y-politica-agraria/" />
<meta property="og:site_name" content="ULL - Agenda" />
<meta property="article:modified_time" content="2022-11-24T12:05:10+00:00" />
<meta property="og:image" content="https://www.ull.es/portal/agenda/wp-content/uploads/sites/12/2022/11/BannerPastoreo-1.jpg" />
	<meta property="og:image:width" content="700" />
	<meta property="og:image:height" content="350" />
	<meta property="og:image:type" content="image/jpeg" />
<meta name="twitter:card" content="summary_large_image" />
<meta name="twitter:label1" content="Tiempo de lectura" />
	<meta name="twitter:data1" content="1 minuto" />
<script type="application/ld+json" class="yoast-schema-graph">{"@context":"https://schema.org","@graph":[{"@type":"WebPage","@id":"https://www.ull.es/portal/agenda/evento/ganaderia-pastoreo-prevencion-de-incendios-y-politica-agraria/","url":"https://www.ull.es/portal/agenda/evento/ganaderia-pastoreo-prevencion-de-incendios-y-politica-agraria/","name":"Ganadería, pastoreo, prevención de incendios y política agraria - ULL - Agenda","isPartOf":{"@id":"https://www.ull.es/portal/agenda/#website"},"datePublished":"2022-11-09T11:35:43+00:00","dateModified":"2022-11-24T12:05:10+00:00","breadcrumb":{"@id":"https://www.ull.es/portal/agenda/evento/ganaderia-pastoreo-prevencion-de-incendios-y-politica-agraria/#breadcrumb"},"inLanguage":"es","potentialAction":[{"@type":"ReadAction","target":["https://www.ull.es/portal/agenda/evento/ganaderia-pastoreo-prevencion-de-incendios-y-politica-agraria/"]}]},{"@type":"BreadcrumbList","@id":"https://www.ull.es/portal/agenda/evento/ganaderia-pastoreo-prevencion-de-incendios-y-politica-agraria/#breadcrumb","itemListElement":[{"@type":"ListItem","position":1,"name":"Portada","item":"https://www.ull.es/portal/agenda/"},{"@type":"ListItem","position":2,"name":"Ganadería, pastoreo, prevención de incendios y política agraria"}]},{"@type":"WebSite","@id":"https://www.ull.es/portal/agenda/#website","url":"https://www.ull.es/portal/agenda/","name":"ULL - Agenda","description":"","potentialAction":[{"@type":"SearchAction","target":{"@type":"EntryPoint","urlTemplate":"https://www.ull.es/portal/agenda/?s={search_term_string}"},"query-input":"required name=search_term_string"}],"inLanguage":"es"}]}</script>
<!-- / Yoast SEO plugin. -->

Ganadería, pastoreo, prevención de incendios y política agraria - ULL - Agenda

Actividad de Extensión Universitaria organizada por la Catedra Cultural Pedro Molina Ramos de Estudios Campesinos, con la financiación de la Concejalía de Desarrollo Rural, Agrario, Ganadero y Pesca del Excmo. Ayuntamiento de San Cristóbal de La Laguna, que se celebrará en el municipio de La Laguna el 28 de noviembre de 2022. Se trata de...
