{"id":27885,"date":"2022-11-18T09:39:31","date_gmt":"2022-11-18T09:39:31","guid":{"rendered":"https:\/\/www.ull.es\/portal\/agenda\/?post_type=tribe_events&#038;p=27885"},"modified":"2022-11-18T09:39:31","modified_gmt":"2022-11-18T09:39:31","slug":"la-batalla-de-los-ausentes-de-la-zaranda","status":"publish","type":"tribe_events","link":"https:\/\/www.ull.es\/portal\/agenda\/evento\/la-batalla-de-los-ausentes-de-la-zaranda\/","title":{"rendered":"La batalla de los Ausentes. De La Zaranda"},"content":{"rendered":"<p>M\u00e1s que son, fueron. Sobrevivientes de una guerra que nadie recuerda, por m\u00e1s que no cejen en su intento vano de ganar una batalla contra el olvido, magnificando aquellas escaramuzas, meras efem\u00e9rides que a nadie interesan.<\/p>\n<p>Una met\u00e1fora de la vida como combate, en donde los tres actores cl\u00e1sicos de La Zaranda, su n\u00facleo duro, son los restos de un ej\u00e9rcito en desbandada en esta guerra sin cuartel que dura ya m\u00e1s de cuarenta a\u00f1os. Su lenguaje es su desarbolada bandera en un mundo que amenaza el sentido po\u00e9tico de la existencia. Combate in\u00fatil, que parece ser nuestra esencia cultural, lo quijotesco. \u00c9pica para tres farsantes, s\u00e1tira de todo poder humano, la dignidad y la fe como acto de resistencia. Esas fueron siempre sus trincheras. Siempre derrotados, nunca vencidos. \u201cPorque ya es tarde y pronto va a oscurecer\u201d (Lucas 24:29) dejan una luz prendida como un faro en mitad de la tormenta que alumbre la esperanza.<\/p>\n<p><strong>Compa\u00f1\u00eda:\u00a0La Zaranda\u00a0<\/strong><\/p>\n<p>Han transcurrido m\u00e1s de cuatro d\u00e9cadas desde que La Zaranda emprendiera su andadura teatral, realizando una intensa labor creativa que le ha valido un gran prestigio internacional. Su trayectoria tiene como constantes teatrales: el compromiso existencial y el partir de sus ra\u00edces tradicionales para revelar una simbolog\u00eda universal; como recursos dram\u00e1ticos: la b\u00fasqueda de una po\u00e9tica trascendente sin perder la cotidianidad, el uso simb\u00f3lico de los objetos, la expresividad visual, la encarnaci\u00f3n de textos en situaciones teatrales y la plasmaci\u00f3n de personajes vivos; y como m\u00e9todo de trabajo, un riguroso proceso de creaci\u00f3n en comunidad.<\/p>\n<p>La Zaranda, como cernidor que preserva lo esencial y desecha lo inservible, desarrolla una po\u00e9tica teatral que lejos de f\u00f3rmulas estereotipadas o ef\u00edmeras, se ha consolidado en un lenguaje propio, que siempre intenta evocar a la memoria e invitar a la reflexi\u00f3n.<\/p>\n<p>Son incontables los festivales recorridos en m\u00e1s de treinta pa\u00edses en cuatro continentes: Theatrer del Welt de Berlin, Bienale de Bonn, Internacional de Nueva York, Quijote de Par\u00eds, Latino de Miami, Internacional de Polveriggi-Ancona, Almada en Portugal, Festival de Buenos Aires, Santiago a Mil de Chile, Cervantino de Guanajuato, etc. Siendo premiados por la cr\u00edtica en\u00a0<strong>Madrid<\/strong>, Barcelona, Montevideo, Buenos Aires, Nueva York o El Cairo, entre otras ciudades. Han tenido residencia art\u00edstica en el Theatre Sorano de Tolouse, la Biennale di Venecia o el Olimpic Theater de Toga (Jap\u00f3n). Siendo producidos por el Teatro Espa\u00f1ol de\u00a0<strong>Madrid<\/strong>, Teatre Romea de Barcelona, Festival Temporada Alta de Girona, o Teatro Picadero de Buenos Aires. Han impartido cursos en en la State University de California, Villanova University de Philadelphia, el Institut del Teatre de Catalu\u00f1a, CCBB internacional de Sao Paulo, etc. Obtuvieron el Premio Nacional de Teatro en 2010.<\/p>\n<p>El origen del\u00a0<strong>teatro<\/strong>\u00a0La Zaranda se remonta al periodo de trance, en la d\u00e9cada de los setenta. Tras un c\u00famulo de experiencias individuales, es en 1978 es cuando se produce el encuentro y la decisi\u00f3n de condensar todas sus experiencias en una fase de trabajo. Se part\u00eda de unas premisas para \u00abHacer camino\u00bb: querer conducir a la obra teatral hasta ese punto de tensi\u00f3n en que drama y vida confluyen, negar toda concesi\u00f3n al\u00a0<strong>teatro<\/strong>\u00a0muerto con todos sus academicismos evidentes, al\u00a0<strong>teatro<\/strong>\u00a0de las falsas vanguardias, con patente de modernidad aplicadas al decorativismo m\u00e1s banal y la esclerosis, que no conduce m\u00e1s que al bostezo. Ir m\u00e1s all\u00e1 de las formas adquiridas, no cesar en la b\u00fasqueda, renunciar a los logros que puedan establecer lo rutinario, afianzar un estilo en permanente transici\u00f3n&#8230; \u00a1Importa la acci\u00f3n de crear! No fabricar conservas art\u00edsticas que se abran en cada representaci\u00f3n. \u00a1Hay que mantener la tensi\u00f3n, jug\u00e1rsela en cada situaci\u00f3n, desarrollar cada realidad esc\u00e9nica en su devenir vivo!<\/p>\n<p><a href=\"http:\/\/www.tomaticket.es\/recintos\/paraninfo-ull\" target=\"_blank\" rel=\"noopener\" target=\"_blank\" rel=\"noopener\">Entrada:<\/a> 9 \u20ac<\/p>\n","protected":false},"excerpt":{"rendered":"<p>M\u00e1s que son, fueron. Sobrevivientes de una guerra que nadie recuerda, por m\u00e1s que no cejen en su intento vano de ganar una batalla contra el olvido, magnificando aquellas escaramuzas, meras efem\u00e9rides que a nadie interesan. Una met\u00e1fora de la vida como combate, en donde los tres actores cl\u00e1sicos de La Zaranda, su n\u00facleo duro,&#8230;<\/p>\n","protected":false},"author":65,"featured_media":27886,"comment_status":"closed","ping_status":"closed","template":"","tags":[],"tribe_events_cat":[3987,4,343,191],"acf":[],"yoast_head":"<!-- This site is optimized with the Yoast SEO plugin v21.3 - https:\/\/yoast.com\/wordpress\/plugins\/seo\/ -->\n<title>La batalla de los Ausentes. De La Zaranda - ULL - Agenda<\/title>\n<meta name=\"robots\" content=\"index, follow, max-snippet:-1, max-image-preview:large, max-video-preview:-1\" \/>\n<link rel=\"canonical\" href=\"https:\/\/www.ull.es\/portal\/agenda\/evento\/la-batalla-de-los-ausentes-de-la-zaranda\/\" \/>\n<meta property=\"og:locale\" content=\"es_ES\" \/>\n<meta property=\"og:type\" content=\"article\" \/>\n<meta property=\"og:title\" content=\"La batalla de los Ausentes. De La Zaranda - ULL - Agenda\" \/>\n<meta property=\"og:description\" content=\"M\u00e1s que son, fueron. Sobrevivientes de una guerra que nadie recuerda, por m\u00e1s que no cejen en su intento vano de ganar una batalla contra el olvido, magnificando aquellas escaramuzas, meras efem\u00e9rides que a nadie interesan. Una met\u00e1fora de la vida como combate, en donde los tres actores cl\u00e1sicos de La Zaranda, su n\u00facleo duro,...\" \/>\n<meta property=\"og:url\" content=\"https:\/\/www.ull.es\/portal\/agenda\/evento\/la-batalla-de-los-ausentes-de-la-zaranda\/\" \/>\n<meta property=\"og:site_name\" content=\"ULL - Agenda\" \/>\n<meta property=\"og:image\" content=\"https:\/\/www.ull.es\/portal\/agenda\/wp-content\/uploads\/sites\/12\/2022\/11\/af-La-Batalla-de-los-Ausentes-Oye-Toca-Ver700x350-px.jpg\" \/>\n\t<meta property=\"og:image:width\" content=\"700\" \/>\n\t<meta property=\"og:image:height\" content=\"350\" \/>\n\t<meta property=\"og:image:type\" content=\"image\/jpeg\" \/>\n<meta name=\"twitter:card\" content=\"summary_large_image\" \/>\n<meta name=\"twitter:label1\" content=\"Tiempo de lectura\" \/>\n\t<meta name=\"twitter:data1\" content=\"3 minutos\" \/>\n<script type=\"application\/ld+json\" class=\"yoast-schema-graph\">{\"@context\":\"https:\/\/schema.org\",\"@graph\":[{\"@type\":\"WebPage\",\"@id\":\"https:\/\/www.ull.es\/portal\/agenda\/evento\/la-batalla-de-los-ausentes-de-la-zaranda\/\",\"url\":\"https:\/\/www.ull.es\/portal\/agenda\/evento\/la-batalla-de-los-ausentes-de-la-zaranda\/\",\"name\":\"La batalla de los Ausentes. De La Zaranda - ULL - Agenda\",\"isPartOf\":{\"@id\":\"https:\/\/www.ull.es\/portal\/agenda\/#website\"},\"datePublished\":\"2022-11-18T09:39:31+00:00\",\"dateModified\":\"2022-11-18T09:39:31+00:00\",\"breadcrumb\":{\"@id\":\"https:\/\/www.ull.es\/portal\/agenda\/evento\/la-batalla-de-los-ausentes-de-la-zaranda\/#breadcrumb\"},\"inLanguage\":\"es\",\"potentialAction\":[{\"@type\":\"ReadAction\",\"target\":[\"https:\/\/www.ull.es\/portal\/agenda\/evento\/la-batalla-de-los-ausentes-de-la-zaranda\/\"]}]},{\"@type\":\"BreadcrumbList\",\"@id\":\"https:\/\/www.ull.es\/portal\/agenda\/evento\/la-batalla-de-los-ausentes-de-la-zaranda\/#breadcrumb\",\"itemListElement\":[{\"@type\":\"ListItem\",\"position\":1,\"name\":\"Portada\",\"item\":\"https:\/\/www.ull.es\/portal\/agenda\/\"},{\"@type\":\"ListItem\",\"position\":2,\"name\":\"La batalla de los Ausentes. De La Zaranda\"}]},{\"@type\":\"WebSite\",\"@id\":\"https:\/\/www.ull.es\/portal\/agenda\/#website\",\"url\":\"https:\/\/www.ull.es\/portal\/agenda\/\",\"name\":\"ULL - Agenda\",\"description\":\"\",\"potentialAction\":[{\"@type\":\"SearchAction\",\"target\":{\"@type\":\"EntryPoint\",\"urlTemplate\":\"https:\/\/www.ull.es\/portal\/agenda\/?s={search_term_string}\"},\"query-input\":\"required name=search_term_string\"}],\"inLanguage\":\"es\"}]}<\/script>\n<!-- \/ Yoast SEO plugin. -->","yoast_head_json":{"title":"La batalla de los Ausentes. De La Zaranda - ULL - Agenda","robots":{"index":"index","follow":"follow","max-snippet":"max-snippet:-1","max-image-preview":"max-image-preview:large","max-video-preview":"max-video-preview:-1"},"canonical":"https:\/\/www.ull.es\/portal\/agenda\/evento\/la-batalla-de-los-ausentes-de-la-zaranda\/","og_locale":"es_ES","og_type":"article","og_title":"La batalla de los Ausentes. De La Zaranda - ULL - Agenda","og_description":"M\u00e1s que son, fueron. Sobrevivientes de una guerra que nadie recuerda, por m\u00e1s que no cejen en su intento vano de ganar una batalla contra el olvido, magnificando aquellas escaramuzas, meras efem\u00e9rides que a nadie interesan. Una met\u00e1fora de la vida como combate, en donde los tres actores cl\u00e1sicos de La Zaranda, su n\u00facleo duro,...","og_url":"https:\/\/www.ull.es\/portal\/agenda\/evento\/la-batalla-de-los-ausentes-de-la-zaranda\/","og_site_name":"ULL - Agenda","og_image":[{"width":700,"height":350,"url":"https:\/\/www.ull.es\/portal\/agenda\/wp-content\/uploads\/sites\/12\/2022\/11\/af-La-Batalla-de-los-Ausentes-Oye-Toca-Ver700x350-px.jpg","type":"image\/jpeg"}],"twitter_card":"summary_large_image","twitter_misc":{"Tiempo de lectura":"3 minutos"},"schema":{"@context":"https:\/\/schema.org","@graph":[{"@type":"WebPage","@id":"https:\/\/www.ull.es\/portal\/agenda\/evento\/la-batalla-de-los-ausentes-de-la-zaranda\/","url":"https:\/\/www.ull.es\/portal\/agenda\/evento\/la-batalla-de-los-ausentes-de-la-zaranda\/","name":"La batalla de los Ausentes. De La Zaranda - ULL - Agenda","isPartOf":{"@id":"https:\/\/www.ull.es\/portal\/agenda\/#website"},"datePublished":"2022-11-18T09:39:31+00:00","dateModified":"2022-11-18T09:39:31+00:00","breadcrumb":{"@id":"https:\/\/www.ull.es\/portal\/agenda\/evento\/la-batalla-de-los-ausentes-de-la-zaranda\/#breadcrumb"},"inLanguage":"es","potentialAction":[{"@type":"ReadAction","target":["https:\/\/www.ull.es\/portal\/agenda\/evento\/la-batalla-de-los-ausentes-de-la-zaranda\/"]}]},{"@type":"BreadcrumbList","@id":"https:\/\/www.ull.es\/portal\/agenda\/evento\/la-batalla-de-los-ausentes-de-la-zaranda\/#breadcrumb","itemListElement":[{"@type":"ListItem","position":1,"name":"Portada","item":"https:\/\/www.ull.es\/portal\/agenda\/"},{"@type":"ListItem","position":2,"name":"La batalla de los Ausentes. De La Zaranda"}]},{"@type":"WebSite","@id":"https:\/\/www.ull.es\/portal\/agenda\/#website","url":"https:\/\/www.ull.es\/portal\/agenda\/","name":"ULL - Agenda","description":"","potentialAction":[{"@type":"SearchAction","target":{"@type":"EntryPoint","urlTemplate":"https:\/\/www.ull.es\/portal\/agenda\/?s={search_term_string}"},"query-input":"required name=search_term_string"}],"inLanguage":"es"}]}},"_links":{"self":[{"href":"https:\/\/www.ull.es\/portal\/agenda\/wp-json\/wp\/v2\/tribe_events\/27885"}],"collection":[{"href":"https:\/\/www.ull.es\/portal\/agenda\/wp-json\/wp\/v2\/tribe_events"}],"about":[{"href":"https:\/\/www.ull.es\/portal\/agenda\/wp-json\/wp\/v2\/types\/tribe_events"}],"author":[{"embeddable":true,"href":"https:\/\/www.ull.es\/portal\/agenda\/wp-json\/wp\/v2\/users\/65"}],"replies":[{"embeddable":true,"href":"https:\/\/www.ull.es\/portal\/agenda\/wp-json\/wp\/v2\/comments?post=27885"}],"version-history":[{"count":1,"href":"https:\/\/www.ull.es\/portal\/agenda\/wp-json\/wp\/v2\/tribe_events\/27885\/revisions"}],"predecessor-version":[{"id":27890,"href":"https:\/\/www.ull.es\/portal\/agenda\/wp-json\/wp\/v2\/tribe_events\/27885\/revisions\/27890"}],"wp:featuredmedia":[{"embeddable":true,"href":"https:\/\/www.ull.es\/portal\/agenda\/wp-json\/wp\/v2\/media\/27886"}],"wp:attachment":[{"href":"https:\/\/www.ull.es\/portal\/agenda\/wp-json\/wp\/v2\/media?parent=27885"}],"wp:term":[{"taxonomy":"post_tag","embeddable":true,"href":"https:\/\/www.ull.es\/portal\/agenda\/wp-json\/wp\/v2\/tags?post=27885"},{"taxonomy":"tribe_events_cat","embeddable":true,"href":"https:\/\/www.ull.es\/portal\/agenda\/wp-json\/wp\/v2\/tribe_events_cat?post=27885"}],"curies":[{"name":"wp","href":"https:\/\/api.w.org\/{rel}","templated":true}]}}

<p>Más que son, fueron. Sobrevivientes de una guerra que nadie recuerda, por más que no cejen en su intento vano de ganar una batalla contra el olvido, magnificando aquellas escaramuzas, meras efemérides que a nadie interesan.</p>
<p>Una metáfora de la vida como combate, en donde los tres actores clásicos de La Zaranda, su núcleo duro, son los restos de un ejército en desbandada en esta guerra sin cuartel que dura ya más de cuarenta años. Su lenguaje es su desarbolada bandera en un mundo que amenaza el sentido poético de la existencia. Combate inútil, que parece ser nuestra esencia cultural, lo quijotesco. Épica para tres farsantes, sátira de todo poder humano, la dignidad y la fe como acto de resistencia. Esas fueron siempre sus trincheras. Siempre derrotados, nunca vencidos. “Porque ya es tarde y pronto va a oscurecer” (Lucas 24:29) dejan una luz prendida como un faro en mitad de la tormenta que alumbre la esperanza.</p>
<p><strong>Compañía: La Zaranda </strong></p>
<p>Han transcurrido más de cuatro décadas desde que La Zaranda emprendiera su andadura teatral, realizando una intensa labor creativa que le ha valido un gran prestigio internacional. Su trayectoria tiene como constantes teatrales: el compromiso existencial y el partir de sus raíces tradicionales para revelar una simbología universal; como recursos dramáticos: la búsqueda de una poética trascendente sin perder la cotidianidad, el uso simbólico de los objetos, la expresividad visual, la encarnación de textos en situaciones teatrales y la plasmación de personajes vivos; y como método de trabajo, un riguroso proceso de creación en comunidad.</p>
<p>La Zaranda, como cernidor que preserva lo esencial y desecha lo inservible, desarrolla una poética teatral que lejos de fórmulas estereotipadas o efímeras, se ha consolidado en un lenguaje propio, que siempre intenta evocar a la memoria e invitar a la reflexión.</p>
<p>Son incontables los festivales recorridos en más de treinta países en cuatro continentes: Theatrer del Welt de Berlin, Bienale de Bonn, Internacional de Nueva York, Quijote de París, Latino de Miami, Internacional de Polveriggi-Ancona, Almada en Portugal, Festival de Buenos Aires, Santiago a Mil de Chile, Cervantino de Guanajuato, etc. Siendo premiados por la crítica en <strong>Madrid</strong>, Barcelona, Montevideo, Buenos Aires, Nueva York o El Cairo, entre otras ciudades. Han tenido residencia artística en el Theatre Sorano de Tolouse, la Biennale di Venecia o el Olimpic Theater de Toga (Japón). Siendo producidos por el Teatro Español de <strong>Madrid</strong>, Teatre Romea de Barcelona, Festival Temporada Alta de Girona, o Teatro Picadero de Buenos Aires. Han impartido cursos en en la State University de California, Villanova University de Philadelphia, el Institut del Teatre de Cataluña, CCBB internacional de Sao Paulo, etc. Obtuvieron el Premio Nacional de Teatro en 2010.</p>
<p>El origen del <strong>teatro</strong> La Zaranda se remonta al periodo de trance, en la década de los setenta. Tras un cúmulo de experiencias individuales, es en 1978 es cuando se produce el encuentro y la decisión de condensar todas sus experiencias en una fase de trabajo. Se partía de unas premisas para «Hacer camino»: querer conducir a la obra teatral hasta ese punto de tensión en que drama y vida confluyen, negar toda concesión al <strong>teatro</strong> muerto con todos sus academicismos evidentes, al <strong>teatro</strong> de las falsas vanguardias, con patente de modernidad aplicadas al decorativismo más banal y la esclerosis, que no conduce más que al bostezo. Ir más allá de las formas adquiridas, no cesar en la búsqueda, renunciar a los logros que puedan establecer lo rutinario, afianzar un estilo en permanente transición&#8230; ¡Importa la acción de crear! No fabricar conservas artísticas que se abran en cada representación. ¡Hay que mantener la tensión, jugársela en cada situación, desarrollar cada realidad escénica en su devenir vivo!</p>
<p><a href="http://www.tomaticket.es/recintos/paraninfo-ull" target="_blank" rel="noopener" target="_blank" rel="noopener">Entrada:</a> 9 €</p>

<p>Más que son, fueron. Sobrevivientes de una guerra que nadie recuerda, por más que no cejen en su intento vano de ganar una batalla contra el olvido, magnificando aquellas escaramuzas, meras efemérides que a nadie interesan. Una metáfora de la vida como combate, en donde los tres actores clásicos de La Zaranda, su núcleo duro,&#8230;</p>

<!-- This site is optimized with the Yoast SEO plugin v21.3 - https://yoast.com/wordpress/plugins/seo/ -->
<title>La batalla de los Ausentes. De La Zaranda - ULL - Agenda</title>
<meta name="robots" content="index, follow, max-snippet:-1, max-image-preview:large, max-video-preview:-1" />
<link rel="canonical" href="https://www.ull.es/portal/agenda/evento/la-batalla-de-los-ausentes-de-la-zaranda/" />
<meta property="og:locale" content="es_ES" />
<meta property="og:type" content="article" />
<meta property="og:title" content="La batalla de los Ausentes. De La Zaranda - ULL - Agenda" />
<meta property="og:description" content="Más que son, fueron. Sobrevivientes de una guerra que nadie recuerda, por más que no cejen en su intento vano de ganar una batalla contra el olvido, magnificando aquellas escaramuzas, meras efemérides que a nadie interesan. Una metáfora de la vida como combate, en donde los tres actores clásicos de La Zaranda, su núcleo duro,..." />
<meta property="og:url" content="https://www.ull.es/portal/agenda/evento/la-batalla-de-los-ausentes-de-la-zaranda/" />
<meta property="og:site_name" content="ULL - Agenda" />
<meta property="og:image" content="https://www.ull.es/portal/agenda/wp-content/uploads/sites/12/2022/11/af-La-Batalla-de-los-Ausentes-Oye-Toca-Ver700x350-px.jpg" />
	<meta property="og:image:width" content="700" />
	<meta property="og:image:height" content="350" />
	<meta property="og:image:type" content="image/jpeg" />
<meta name="twitter:card" content="summary_large_image" />
<meta name="twitter:label1" content="Tiempo de lectura" />
	<meta name="twitter:data1" content="3 minutos" />
<script type="application/ld+json" class="yoast-schema-graph">{"@context":"https://schema.org","@graph":[{"@type":"WebPage","@id":"https://www.ull.es/portal/agenda/evento/la-batalla-de-los-ausentes-de-la-zaranda/","url":"https://www.ull.es/portal/agenda/evento/la-batalla-de-los-ausentes-de-la-zaranda/","name":"La batalla de los Ausentes. De La Zaranda - ULL - Agenda","isPartOf":{"@id":"https://www.ull.es/portal/agenda/#website"},"datePublished":"2022-11-18T09:39:31+00:00","dateModified":"2022-11-18T09:39:31+00:00","breadcrumb":{"@id":"https://www.ull.es/portal/agenda/evento/la-batalla-de-los-ausentes-de-la-zaranda/#breadcrumb"},"inLanguage":"es","potentialAction":[{"@type":"ReadAction","target":["https://www.ull.es/portal/agenda/evento/la-batalla-de-los-ausentes-de-la-zaranda/"]}]},{"@type":"BreadcrumbList","@id":"https://www.ull.es/portal/agenda/evento/la-batalla-de-los-ausentes-de-la-zaranda/#breadcrumb","itemListElement":[{"@type":"ListItem","position":1,"name":"Portada","item":"https://www.ull.es/portal/agenda/"},{"@type":"ListItem","position":2,"name":"La batalla de los Ausentes. De La Zaranda"}]},{"@type":"WebSite","@id":"https://www.ull.es/portal/agenda/#website","url":"https://www.ull.es/portal/agenda/","name":"ULL - Agenda","description":"","potentialAction":[{"@type":"SearchAction","target":{"@type":"EntryPoint","urlTemplate":"https://www.ull.es/portal/agenda/?s={search_term_string}"},"query-input":"required name=search_term_string"}],"inLanguage":"es"}]}</script>
<!-- / Yoast SEO plugin. -->

Más que son, fueron. Sobrevivientes de una guerra que nadie recuerda, por más que no cejen en su intento vano de ganar una batalla contra el olvido, magnificando aquellas escaramuzas, meras efemérides que a nadie interesan. Una metáfora de la vida como combate, en donde los tres actores clásicos de La Zaranda, su núcleo duro,...
