{"id":28048,"date":"2022-11-25T09:30:37","date_gmt":"2022-11-25T09:30:37","guid":{"rendered":"https:\/\/www.ull.es\/portal\/agenda\/?post_type=tribe_events&#038;p=28048"},"modified":"2022-11-25T11:15:37","modified_gmt":"2022-11-25T11:15:37","slug":"iii-jornadas-sobre-salud-y-vih","status":"publish","type":"tribe_events","link":"https:\/\/www.ull.es\/portal\/agenda\/evento\/iii-jornadas-sobre-salud-y-vih\/","title":{"rendered":"III Jornadas sobre Salud y VIH"},"content":{"rendered":"<p>Las III Jornadas de Salud y VIH pretenden ser un espacio para profundizar sobre aspectos relacionados con la salud integral, como es la sexualidad, la realidad espec\u00edfica que viven las personas con VIH, la atenci\u00f3n sanitaria a personas trans o la prevenci\u00f3n de las infecciones de transmisi\u00f3n sexual.<\/p>\n<p>As\u00ed, durante las diferentes sesiones, tendremos oportunidad de contar con Natalia Rubio, psic\u00f3loga y presidenta de la Asociaci\u00f3n Estatal Sexualidad y Discapacidad; Alfredo Pazmi\u00f1o, Nahum Cabrera y Bel\u00e9n Lamuedra, activistas VIH visibles; Mar\u00eda Elisa y Javier Castro, profesores de la Escuela Universitaria de Enfermer\u00eda Nuestra Se\u00f1ora de Candelaria.<\/p>\n<p><a href=\"https:\/\/drive.google.com\/file\/d\/1RjCJ_33T3BhMLF1G1Jgg7yUWeB_h6CL-\/view?usp=share_link\" target=\"_blank\" rel=\"noopener\" target=\"_blank\" rel=\"noopener\">Programa<\/a><\/p>\n<p><a href=\"https:\/\/docs.google.com\/forms\/d\/1BTbFI1ygMzotQDqA3hn8Vs3xrtwPgACmJ71ReV3wbVA\/viewform?edit_requested=true#responses\" target=\"_blank\" rel=\"noopener\" target=\"_blank\" rel=\"noopener\">Inscripci\u00f3n<\/a><\/p>\n","protected":false},"excerpt":{"rendered":"<p>Las III Jornadas de Salud y VIH pretenden ser un espacio para profundizar sobre aspectos relacionados con la salud integral, como es la sexualidad, la realidad espec\u00edfica que viven las personas con VIH, la atenci\u00f3n sanitaria a personas trans o la prevenci\u00f3n de las infecciones de transmisi\u00f3n sexual. As\u00ed, durante las diferentes sesiones, tendremos oportunidad&#8230;<\/p>\n","protected":false},"author":65,"featured_media":28049,"comment_status":"closed","ping_status":"closed","template":"","tags":[],"tribe_events_cat":[4,1831,186,191],"acf":[],"yoast_head":"<!-- This site is optimized with the Yoast SEO plugin v21.3 - https:\/\/yoast.com\/wordpress\/plugins\/seo\/ -->\n<title>III Jornadas sobre Salud y VIH - ULL - Agenda<\/title>\n<meta name=\"robots\" content=\"index, follow, max-snippet:-1, max-image-preview:large, max-video-preview:-1\" \/>\n<link rel=\"canonical\" href=\"https:\/\/www.ull.es\/portal\/agenda\/evento\/iii-jornadas-sobre-salud-y-vih\/\" \/>\n<meta property=\"og:locale\" content=\"es_ES\" \/>\n<meta property=\"og:type\" content=\"article\" \/>\n<meta property=\"og:title\" content=\"III Jornadas sobre Salud y VIH - ULL - Agenda\" \/>\n<meta property=\"og:description\" content=\"Las III Jornadas de Salud y VIH pretenden ser un espacio para profundizar sobre aspectos relacionados con la salud integral, como es la sexualidad, la realidad espec\u00edfica que viven las personas con VIH, la atenci\u00f3n sanitaria a personas trans o la prevenci\u00f3n de las infecciones de transmisi\u00f3n sexual. As\u00ed, durante las diferentes sesiones, tendremos oportunidad...\" \/>\n<meta property=\"og:url\" content=\"https:\/\/www.ull.es\/portal\/agenda\/evento\/iii-jornadas-sobre-salud-y-vih\/\" \/>\n<meta property=\"og:site_name\" content=\"ULL - Agenda\" \/>\n<meta property=\"article:modified_time\" content=\"2022-11-25T11:15:37+00:00\" \/>\n<meta property=\"og:image\" content=\"https:\/\/www.ull.es\/portal\/agenda\/wp-content\/uploads\/sites\/12\/2022\/11\/Pantalla-ULL-e1669368325475.jpg\" \/>\n\t<meta property=\"og:image:width\" content=\"700\" \/>\n\t<meta property=\"og:image:height\" content=\"394\" \/>\n\t<meta property=\"og:image:type\" content=\"image\/jpeg\" \/>\n<meta name=\"twitter:card\" content=\"summary_large_image\" \/>\n<meta name=\"twitter:label1\" content=\"Tiempo de lectura\" \/>\n\t<meta name=\"twitter:data1\" content=\"1 minuto\" \/>\n<script type=\"application\/ld+json\" class=\"yoast-schema-graph\">{\"@context\":\"https:\/\/schema.org\",\"@graph\":[{\"@type\":\"WebPage\",\"@id\":\"https:\/\/www.ull.es\/portal\/agenda\/evento\/iii-jornadas-sobre-salud-y-vih\/\",\"url\":\"https:\/\/www.ull.es\/portal\/agenda\/evento\/iii-jornadas-sobre-salud-y-vih\/\",\"name\":\"III Jornadas sobre Salud y VIH - ULL - Agenda\",\"isPartOf\":{\"@id\":\"https:\/\/www.ull.es\/portal\/agenda\/#website\"},\"datePublished\":\"2022-11-25T09:30:37+00:00\",\"dateModified\":\"2022-11-25T11:15:37+00:00\",\"breadcrumb\":{\"@id\":\"https:\/\/www.ull.es\/portal\/agenda\/evento\/iii-jornadas-sobre-salud-y-vih\/#breadcrumb\"},\"inLanguage\":\"es\",\"potentialAction\":[{\"@type\":\"ReadAction\",\"target\":[\"https:\/\/www.ull.es\/portal\/agenda\/evento\/iii-jornadas-sobre-salud-y-vih\/\"]}]},{\"@type\":\"BreadcrumbList\",\"@id\":\"https:\/\/www.ull.es\/portal\/agenda\/evento\/iii-jornadas-sobre-salud-y-vih\/#breadcrumb\",\"itemListElement\":[{\"@type\":\"ListItem\",\"position\":1,\"name\":\"Portada\",\"item\":\"https:\/\/www.ull.es\/portal\/agenda\/\"},{\"@type\":\"ListItem\",\"position\":2,\"name\":\"III Jornadas sobre Salud y VIH\"}]},{\"@type\":\"WebSite\",\"@id\":\"https:\/\/www.ull.es\/portal\/agenda\/#website\",\"url\":\"https:\/\/www.ull.es\/portal\/agenda\/\",\"name\":\"ULL - Agenda\",\"description\":\"\",\"potentialAction\":[{\"@type\":\"SearchAction\",\"target\":{\"@type\":\"EntryPoint\",\"urlTemplate\":\"https:\/\/www.ull.es\/portal\/agenda\/?s={search_term_string}\"},\"query-input\":\"required name=search_term_string\"}],\"inLanguage\":\"es\"}]}<\/script>\n<!-- \/ Yoast SEO plugin. -->","yoast_head_json":{"title":"III Jornadas sobre Salud y VIH - ULL - Agenda","robots":{"index":"index","follow":"follow","max-snippet":"max-snippet:-1","max-image-preview":"max-image-preview:large","max-video-preview":"max-video-preview:-1"},"canonical":"https:\/\/www.ull.es\/portal\/agenda\/evento\/iii-jornadas-sobre-salud-y-vih\/","og_locale":"es_ES","og_type":"article","og_title":"III Jornadas sobre Salud y VIH - ULL - Agenda","og_description":"Las III Jornadas de Salud y VIH pretenden ser un espacio para profundizar sobre aspectos relacionados con la salud integral, como es la sexualidad, la realidad espec\u00edfica que viven las personas con VIH, la atenci\u00f3n sanitaria a personas trans o la prevenci\u00f3n de las infecciones de transmisi\u00f3n sexual. As\u00ed, durante las diferentes sesiones, tendremos oportunidad...","og_url":"https:\/\/www.ull.es\/portal\/agenda\/evento\/iii-jornadas-sobre-salud-y-vih\/","og_site_name":"ULL - Agenda","article_modified_time":"2022-11-25T11:15:37+00:00","og_image":[{"width":700,"height":394,"url":"https:\/\/www.ull.es\/portal\/agenda\/wp-content\/uploads\/sites\/12\/2022\/11\/Pantalla-ULL-e1669368325475.jpg","type":"image\/jpeg"}],"twitter_card":"summary_large_image","twitter_misc":{"Tiempo de lectura":"1 minuto"},"schema":{"@context":"https:\/\/schema.org","@graph":[{"@type":"WebPage","@id":"https:\/\/www.ull.es\/portal\/agenda\/evento\/iii-jornadas-sobre-salud-y-vih\/","url":"https:\/\/www.ull.es\/portal\/agenda\/evento\/iii-jornadas-sobre-salud-y-vih\/","name":"III Jornadas sobre Salud y VIH - ULL - Agenda","isPartOf":{"@id":"https:\/\/www.ull.es\/portal\/agenda\/#website"},"datePublished":"2022-11-25T09:30:37+00:00","dateModified":"2022-11-25T11:15:37+00:00","breadcrumb":{"@id":"https:\/\/www.ull.es\/portal\/agenda\/evento\/iii-jornadas-sobre-salud-y-vih\/#breadcrumb"},"inLanguage":"es","potentialAction":[{"@type":"ReadAction","target":["https:\/\/www.ull.es\/portal\/agenda\/evento\/iii-jornadas-sobre-salud-y-vih\/"]}]},{"@type":"BreadcrumbList","@id":"https:\/\/www.ull.es\/portal\/agenda\/evento\/iii-jornadas-sobre-salud-y-vih\/#breadcrumb","itemListElement":[{"@type":"ListItem","position":1,"name":"Portada","item":"https:\/\/www.ull.es\/portal\/agenda\/"},{"@type":"ListItem","position":2,"name":"III Jornadas sobre Salud y VIH"}]},{"@type":"WebSite","@id":"https:\/\/www.ull.es\/portal\/agenda\/#website","url":"https:\/\/www.ull.es\/portal\/agenda\/","name":"ULL - Agenda","description":"","potentialAction":[{"@type":"SearchAction","target":{"@type":"EntryPoint","urlTemplate":"https:\/\/www.ull.es\/portal\/agenda\/?s={search_term_string}"},"query-input":"required name=search_term_string"}],"inLanguage":"es"}]}},"_links":{"self":[{"href":"https:\/\/www.ull.es\/portal\/agenda\/wp-json\/wp\/v2\/tribe_events\/28048"}],"collection":[{"href":"https:\/\/www.ull.es\/portal\/agenda\/wp-json\/wp\/v2\/tribe_events"}],"about":[{"href":"https:\/\/www.ull.es\/portal\/agenda\/wp-json\/wp\/v2\/types\/tribe_events"}],"author":[{"embeddable":true,"href":"https:\/\/www.ull.es\/portal\/agenda\/wp-json\/wp\/v2\/users\/65"}],"replies":[{"embeddable":true,"href":"https:\/\/www.ull.es\/portal\/agenda\/wp-json\/wp\/v2\/comments?post=28048"}],"version-history":[{"count":3,"href":"https:\/\/www.ull.es\/portal\/agenda\/wp-json\/wp\/v2\/tribe_events\/28048\/revisions"}],"predecessor-version":[{"id":28057,"href":"https:\/\/www.ull.es\/portal\/agenda\/wp-json\/wp\/v2\/tribe_events\/28048\/revisions\/28057"}],"wp:featuredmedia":[{"embeddable":true,"href":"https:\/\/www.ull.es\/portal\/agenda\/wp-json\/wp\/v2\/media\/28049"}],"wp:attachment":[{"href":"https:\/\/www.ull.es\/portal\/agenda\/wp-json\/wp\/v2\/media?parent=28048"}],"wp:term":[{"taxonomy":"post_tag","embeddable":true,"href":"https:\/\/www.ull.es\/portal\/agenda\/wp-json\/wp\/v2\/tags?post=28048"},{"taxonomy":"tribe_events_cat","embeddable":true,"href":"https:\/\/www.ull.es\/portal\/agenda\/wp-json\/wp\/v2\/tribe_events_cat?post=28048"}],"curies":[{"name":"wp","href":"https:\/\/api.w.org\/{rel}","templated":true}]}}

<p>Las III Jornadas de Salud y VIH pretenden ser un espacio para profundizar sobre aspectos relacionados con la salud integral, como es la sexualidad, la realidad específica que viven las personas con VIH, la atención sanitaria a personas trans o la prevención de las infecciones de transmisión sexual.</p>
<p>Así, durante las diferentes sesiones, tendremos oportunidad de contar con Natalia Rubio, psicóloga y presidenta de la Asociación Estatal Sexualidad y Discapacidad; Alfredo Pazmiño, Nahum Cabrera y Belén Lamuedra, activistas VIH visibles; María Elisa y Javier Castro, profesores de la Escuela Universitaria de Enfermería Nuestra Señora de Candelaria.</p>
<p><a href="https://drive.google.com/file/d/1RjCJ_33T3BhMLF1G1Jgg7yUWeB_h6CL-/view?usp=share_link" target="_blank" rel="noopener" target="_blank" rel="noopener">Programa</a></p>
<p><a href="https://docs.google.com/forms/d/1BTbFI1ygMzotQDqA3hn8Vs3xrtwPgACmJ71ReV3wbVA/viewform?edit_requested=true#responses" target="_blank" rel="noopener" target="_blank" rel="noopener">Inscripción</a></p>

<p>Las III Jornadas de Salud y VIH pretenden ser un espacio para profundizar sobre aspectos relacionados con la salud integral, como es la sexualidad, la realidad específica que viven las personas con VIH, la atención sanitaria a personas trans o la prevención de las infecciones de transmisión sexual. Así, durante las diferentes sesiones, tendremos oportunidad&#8230;</p>

<!-- This site is optimized with the Yoast SEO plugin v21.3 - https://yoast.com/wordpress/plugins/seo/ -->
<title>III Jornadas sobre Salud y VIH - ULL - Agenda</title>
<meta name="robots" content="index, follow, max-snippet:-1, max-image-preview:large, max-video-preview:-1" />
<link rel="canonical" href="https://www.ull.es/portal/agenda/evento/iii-jornadas-sobre-salud-y-vih/" />
<meta property="og:locale" content="es_ES" />
<meta property="og:type" content="article" />
<meta property="og:title" content="III Jornadas sobre Salud y VIH - ULL - Agenda" />
<meta property="og:description" content="Las III Jornadas de Salud y VIH pretenden ser un espacio para profundizar sobre aspectos relacionados con la salud integral, como es la sexualidad, la realidad específica que viven las personas con VIH, la atención sanitaria a personas trans o la prevención de las infecciones de transmisión sexual. Así, durante las diferentes sesiones, tendremos oportunidad..." />
<meta property="og:url" content="https://www.ull.es/portal/agenda/evento/iii-jornadas-sobre-salud-y-vih/" />
<meta property="og:site_name" content="ULL - Agenda" />
<meta property="article:modified_time" content="2022-11-25T11:15:37+00:00" />
<meta property="og:image" content="https://www.ull.es/portal/agenda/wp-content/uploads/sites/12/2022/11/Pantalla-ULL-e1669368325475.jpg" />
	<meta property="og:image:width" content="700" />
	<meta property="og:image:height" content="394" />
	<meta property="og:image:type" content="image/jpeg" />
<meta name="twitter:card" content="summary_large_image" />
<meta name="twitter:label1" content="Tiempo de lectura" />
	<meta name="twitter:data1" content="1 minuto" />
<script type="application/ld+json" class="yoast-schema-graph">{"@context":"https://schema.org","@graph":[{"@type":"WebPage","@id":"https://www.ull.es/portal/agenda/evento/iii-jornadas-sobre-salud-y-vih/","url":"https://www.ull.es/portal/agenda/evento/iii-jornadas-sobre-salud-y-vih/","name":"III Jornadas sobre Salud y VIH - ULL - Agenda","isPartOf":{"@id":"https://www.ull.es/portal/agenda/#website"},"datePublished":"2022-11-25T09:30:37+00:00","dateModified":"2022-11-25T11:15:37+00:00","breadcrumb":{"@id":"https://www.ull.es/portal/agenda/evento/iii-jornadas-sobre-salud-y-vih/#breadcrumb"},"inLanguage":"es","potentialAction":[{"@type":"ReadAction","target":["https://www.ull.es/portal/agenda/evento/iii-jornadas-sobre-salud-y-vih/"]}]},{"@type":"BreadcrumbList","@id":"https://www.ull.es/portal/agenda/evento/iii-jornadas-sobre-salud-y-vih/#breadcrumb","itemListElement":[{"@type":"ListItem","position":1,"name":"Portada","item":"https://www.ull.es/portal/agenda/"},{"@type":"ListItem","position":2,"name":"III Jornadas sobre Salud y VIH"}]},{"@type":"WebSite","@id":"https://www.ull.es/portal/agenda/#website","url":"https://www.ull.es/portal/agenda/","name":"ULL - Agenda","description":"","potentialAction":[{"@type":"SearchAction","target":{"@type":"EntryPoint","urlTemplate":"https://www.ull.es/portal/agenda/?s={search_term_string}"},"query-input":"required name=search_term_string"}],"inLanguage":"es"}]}</script>
<!-- / Yoast SEO plugin. -->

Las III Jornadas de Salud y VIH pretenden ser un espacio para profundizar sobre aspectos relacionados con la salud integral, como es la sexualidad, la realidad específica que viven las personas con VIH, la atención sanitaria a personas trans o la prevención de las infecciones de transmisión sexual. Así, durante las diferentes sesiones, tendremos oportunidad...
