{"id":28092,"date":"2022-11-28T12:54:19","date_gmt":"2022-11-28T12:54:19","guid":{"rendered":"https:\/\/www.ull.es\/portal\/agenda\/?post_type=tribe_events&#038;p=28092"},"modified":"2022-12-01T11:56:11","modified_gmt":"2022-12-01T11:56:11","slug":"impactos-socioambientales-del-turismo","status":"publish","type":"tribe_events","link":"https:\/\/www.ull.es\/portal\/agenda\/evento\/impactos-socioambientales-del-turismo\/","title":{"rendered":"Impactos socioambientales del turismo"},"content":{"rendered":"<p>Curso de Extensi\u00f3n Universitaria organizado por el Vicerrectorado de Cultura, Participaci\u00f3n Social y Campus Ofra y La Palma en colaboraci\u00f3n con el\u00a0<a href=\"http:\/\/www.arona.org\/\" target=\"_blank\" rel=\"noopener\" target=\"_blank\" rel=\"noopener\">Ayuntamiento de Arona<\/a>, dentro de la programaci\u00f3n de la convocatoria de Cursos de Extensi\u00f3n Universitaria \u00a0<a href=\"https:\/\/www.ull.es\/cultura\/cursos-extension-universitaria\/universidad-de-invierno-de-arona\/\" target=\"_blank\" rel=\"noopener noreferrer\" target=\"_blank\" rel=\"noopener\">\u00abUniversidad de Invierno de Arona 2023\u00bb<\/a>, que se celebrar\u00e1 los d\u00edas <strong>28 de febrero y 1 y 2 de marzo de 2023<\/strong> en horario de 16:00 \u2013 20:00 horas en el Centro Cultural Los Cristianos.<\/p>\n<p>El objetivo del curso es dotar al alumnado de unas bases de conocimiento en relaci\u00f3n a los impactos socioambientales del turismo, con especial hincapi\u00e9 en los efectos sobre la sociedad y la cultura, para poder integrarse en equipos de trabajo formados por profesionales de distintos \u00e1mbitos.<\/p>\n<p>Dirigido a t\u00e9cnicos de consultoras y administraci\u00f3n p\u00fablica, empresarios, alumnado universitario y de formaci\u00f3n profesional y cualquier persona interesada en la tem\u00e1tica de la sostenibilidad, el turismo y sus impactos ambientales.<\/p>\n<p>Direcci\u00f3n acad\u00e9mica: Pablo D\u00edaz Rodr\u00edguez. Profesor Ayudante Doctor, Departamento de Sociolog\u00eda y Antropolog\u00eda de la Universidad de La Laguna.<\/p>\n<p><strong>CERTIFICADO DE ASISTENCIA, APTITUD Y RECONOCIMIENTO POR CR\u00c9DITO ECTS<\/strong><\/p>\n<p>La ULL, a trav\u00e9s del Vicerrectorado de Cultura, Participaci\u00f3n Social y Campus Ofra y La Palma, emitir\u00e1 un certificado de asistencia a todas aquellas personas que asistan a un m\u00ednimo del 80% de las horas lectivas presenciales. Asimismo, aquellas personas que superen el trabajo aut\u00f3nomo del alumnado, recibir\u00e1n un certificado de asistencia y aprovechamiento, reconocible a su vez por un cr\u00e9dito ECTS.<\/p>\n<p><a href=\"https:\/\/sede.fg.ull.es\/es\/curso\/detalle\/a22020314\/impactos-socioambientales-del-turismo\" target=\"_blank\" rel=\"noopener\" target=\"_blank\" rel=\"noopener\"><strong><u>Consulta el programa e inscr\u00edbete aqu\u00ed.<\/u><\/strong><\/a><\/p>\n<p><strong>Contacto: 922 319 616 \/ 922 319 626 \u2013\u00a0<\/strong><a href=\"mailto:extuni@ull.edu.es\" target=\"_blank\" rel=\"noopener\"><strong>extuni@ull.es<\/strong><\/a><\/p>\n","protected":false},"excerpt":{"rendered":"<p>Curso de Extensi\u00f3n Universitaria organizado por el Vicerrectorado de Cultura, Participaci\u00f3n Social y Campus Ofra y La Palma en colaboraci\u00f3n con el\u00a0Ayuntamiento de Arona, dentro de la programaci\u00f3n de la convocatoria de Cursos de Extensi\u00f3n Universitaria \u00a0\u00abUniversidad de Invierno de Arona 2023\u00bb, que se celebrar\u00e1 los d\u00edas 28 de febrero y 1 y 2 de&#8230;<\/p>\n","protected":false},"author":43,"featured_media":28164,"comment_status":"closed","ping_status":"closed","template":"","tags":[4259,977,3812,3751,4816,4817],"tribe_events_cat":[472,4,186,869],"acf":[],"yoast_head":"<!-- This site is optimized with the Yoast SEO plugin v21.3 - https:\/\/yoast.com\/wordpress\/plugins\/seo\/ -->\n<title>Impactos socioambientales del turismo - ULL - Agenda<\/title>\n<meta name=\"robots\" content=\"index, follow, max-snippet:-1, max-image-preview:large, max-video-preview:-1\" \/>\n<link rel=\"canonical\" href=\"https:\/\/www.ull.es\/portal\/agenda\/evento\/impactos-socioambientales-del-turismo\/\" \/>\n<meta property=\"og:locale\" content=\"es_ES\" \/>\n<meta property=\"og:type\" content=\"article\" \/>\n<meta property=\"og:title\" content=\"Impactos socioambientales del turismo - ULL - Agenda\" \/>\n<meta property=\"og:description\" content=\"Curso de Extensi\u00f3n Universitaria organizado por el Vicerrectorado de Cultura, Participaci\u00f3n Social y Campus Ofra y La Palma en colaboraci\u00f3n con el\u00a0Ayuntamiento de Arona, dentro de la programaci\u00f3n de la convocatoria de Cursos de Extensi\u00f3n Universitaria \u00a0\u00abUniversidad de Invierno de Arona 2023\u00bb, que se celebrar\u00e1 los d\u00edas 28 de febrero y 1 y 2 de...\" \/>\n<meta property=\"og:url\" content=\"https:\/\/www.ull.es\/portal\/agenda\/evento\/impactos-socioambientales-del-turismo\/\" \/>\n<meta property=\"og:site_name\" content=\"ULL - Agenda\" \/>\n<meta property=\"article:modified_time\" content=\"2022-12-01T11:56:11+00:00\" \/>\n<meta property=\"og:image\" content=\"https:\/\/www.ull.es\/portal\/agenda\/wp-content\/uploads\/sites\/12\/2022\/11\/5.png\" \/>\n\t<meta property=\"og:image:width\" content=\"700\" \/>\n\t<meta property=\"og:image:height\" content=\"350\" \/>\n\t<meta property=\"og:image:type\" content=\"image\/png\" \/>\n<meta name=\"twitter:card\" content=\"summary_large_image\" \/>\n<meta name=\"twitter:label1\" content=\"Tiempo de lectura\" \/>\n\t<meta name=\"twitter:data1\" content=\"2 minutos\" \/>\n<script type=\"application\/ld+json\" class=\"yoast-schema-graph\">{\"@context\":\"https:\/\/schema.org\",\"@graph\":[{\"@type\":\"WebPage\",\"@id\":\"https:\/\/www.ull.es\/portal\/agenda\/evento\/impactos-socioambientales-del-turismo\/\",\"url\":\"https:\/\/www.ull.es\/portal\/agenda\/evento\/impactos-socioambientales-del-turismo\/\",\"name\":\"Impactos socioambientales del turismo - ULL - Agenda\",\"isPartOf\":{\"@id\":\"https:\/\/www.ull.es\/portal\/agenda\/#website\"},\"datePublished\":\"2022-11-28T12:54:19+00:00\",\"dateModified\":\"2022-12-01T11:56:11+00:00\",\"breadcrumb\":{\"@id\":\"https:\/\/www.ull.es\/portal\/agenda\/evento\/impactos-socioambientales-del-turismo\/#breadcrumb\"},\"inLanguage\":\"es\",\"potentialAction\":[{\"@type\":\"ReadAction\",\"target\":[\"https:\/\/www.ull.es\/portal\/agenda\/evento\/impactos-socioambientales-del-turismo\/\"]}]},{\"@type\":\"BreadcrumbList\",\"@id\":\"https:\/\/www.ull.es\/portal\/agenda\/evento\/impactos-socioambientales-del-turismo\/#breadcrumb\",\"itemListElement\":[{\"@type\":\"ListItem\",\"position\":1,\"name\":\"Portada\",\"item\":\"https:\/\/www.ull.es\/portal\/agenda\/\"},{\"@type\":\"ListItem\",\"position\":2,\"name\":\"Impactos socioambientales del turismo\"}]},{\"@type\":\"WebSite\",\"@id\":\"https:\/\/www.ull.es\/portal\/agenda\/#website\",\"url\":\"https:\/\/www.ull.es\/portal\/agenda\/\",\"name\":\"ULL - Agenda\",\"description\":\"\",\"potentialAction\":[{\"@type\":\"SearchAction\",\"target\":{\"@type\":\"EntryPoint\",\"urlTemplate\":\"https:\/\/www.ull.es\/portal\/agenda\/?s={search_term_string}\"},\"query-input\":\"required name=search_term_string\"}],\"inLanguage\":\"es\"}]}<\/script>\n<!-- \/ Yoast SEO plugin. -->","yoast_head_json":{"title":"Impactos socioambientales del turismo - ULL - Agenda","robots":{"index":"index","follow":"follow","max-snippet":"max-snippet:-1","max-image-preview":"max-image-preview:large","max-video-preview":"max-video-preview:-1"},"canonical":"https:\/\/www.ull.es\/portal\/agenda\/evento\/impactos-socioambientales-del-turismo\/","og_locale":"es_ES","og_type":"article","og_title":"Impactos socioambientales del turismo - ULL - Agenda","og_description":"Curso de Extensi\u00f3n Universitaria organizado por el Vicerrectorado de Cultura, Participaci\u00f3n Social y Campus Ofra y La Palma en colaboraci\u00f3n con el\u00a0Ayuntamiento de Arona, dentro de la programaci\u00f3n de la convocatoria de Cursos de Extensi\u00f3n Universitaria \u00a0\u00abUniversidad de Invierno de Arona 2023\u00bb, que se celebrar\u00e1 los d\u00edas 28 de febrero y 1 y 2 de...","og_url":"https:\/\/www.ull.es\/portal\/agenda\/evento\/impactos-socioambientales-del-turismo\/","og_site_name":"ULL - Agenda","article_modified_time":"2022-12-01T11:56:11+00:00","og_image":[{"width":700,"height":350,"url":"https:\/\/www.ull.es\/portal\/agenda\/wp-content\/uploads\/sites\/12\/2022\/11\/5.png","type":"image\/png"}],"twitter_card":"summary_large_image","twitter_misc":{"Tiempo de lectura":"2 minutos"},"schema":{"@context":"https:\/\/schema.org","@graph":[{"@type":"WebPage","@id":"https:\/\/www.ull.es\/portal\/agenda\/evento\/impactos-socioambientales-del-turismo\/","url":"https:\/\/www.ull.es\/portal\/agenda\/evento\/impactos-socioambientales-del-turismo\/","name":"Impactos socioambientales del turismo - ULL - Agenda","isPartOf":{"@id":"https:\/\/www.ull.es\/portal\/agenda\/#website"},"datePublished":"2022-11-28T12:54:19+00:00","dateModified":"2022-12-01T11:56:11+00:00","breadcrumb":{"@id":"https:\/\/www.ull.es\/portal\/agenda\/evento\/impactos-socioambientales-del-turismo\/#breadcrumb"},"inLanguage":"es","potentialAction":[{"@type":"ReadAction","target":["https:\/\/www.ull.es\/portal\/agenda\/evento\/impactos-socioambientales-del-turismo\/"]}]},{"@type":"BreadcrumbList","@id":"https:\/\/www.ull.es\/portal\/agenda\/evento\/impactos-socioambientales-del-turismo\/#breadcrumb","itemListElement":[{"@type":"ListItem","position":1,"name":"Portada","item":"https:\/\/www.ull.es\/portal\/agenda\/"},{"@type":"ListItem","position":2,"name":"Impactos socioambientales del turismo"}]},{"@type":"WebSite","@id":"https:\/\/www.ull.es\/portal\/agenda\/#website","url":"https:\/\/www.ull.es\/portal\/agenda\/","name":"ULL - Agenda","description":"","potentialAction":[{"@type":"SearchAction","target":{"@type":"EntryPoint","urlTemplate":"https:\/\/www.ull.es\/portal\/agenda\/?s={search_term_string}"},"query-input":"required name=search_term_string"}],"inLanguage":"es"}]}},"_links":{"self":[{"href":"https:\/\/www.ull.es\/portal\/agenda\/wp-json\/wp\/v2\/tribe_events\/28092"}],"collection":[{"href":"https:\/\/www.ull.es\/portal\/agenda\/wp-json\/wp\/v2\/tribe_events"}],"about":[{"href":"https:\/\/www.ull.es\/portal\/agenda\/wp-json\/wp\/v2\/types\/tribe_events"}],"author":[{"embeddable":true,"href":"https:\/\/www.ull.es\/portal\/agenda\/wp-json\/wp\/v2\/users\/43"}],"replies":[{"embeddable":true,"href":"https:\/\/www.ull.es\/portal\/agenda\/wp-json\/wp\/v2\/comments?post=28092"}],"version-history":[{"count":3,"href":"https:\/\/www.ull.es\/portal\/agenda\/wp-json\/wp\/v2\/tribe_events\/28092\/revisions"}],"predecessor-version":[{"id":28166,"href":"https:\/\/www.ull.es\/portal\/agenda\/wp-json\/wp\/v2\/tribe_events\/28092\/revisions\/28166"}],"wp:featuredmedia":[{"embeddable":true,"href":"https:\/\/www.ull.es\/portal\/agenda\/wp-json\/wp\/v2\/media\/28164"}],"wp:attachment":[{"href":"https:\/\/www.ull.es\/portal\/agenda\/wp-json\/wp\/v2\/media?parent=28092"}],"wp:term":[{"taxonomy":"post_tag","embeddable":true,"href":"https:\/\/www.ull.es\/portal\/agenda\/wp-json\/wp\/v2\/tags?post=28092"},{"taxonomy":"tribe_events_cat","embeddable":true,"href":"https:\/\/www.ull.es\/portal\/agenda\/wp-json\/wp\/v2\/tribe_events_cat?post=28092"}],"curies":[{"name":"wp","href":"https:\/\/api.w.org\/{rel}","templated":true}]}}

<p>Curso de Extensión Universitaria organizado por el Vicerrectorado de Cultura, Participación Social y Campus Ofra y La Palma en colaboración con el <a href="http://www.arona.org/" target="_blank" rel="noopener" target="_blank" rel="noopener">Ayuntamiento de Arona</a>, dentro de la programación de la convocatoria de Cursos de Extensión Universitaria  <a href="https://www.ull.es/cultura/cursos-extension-universitaria/universidad-de-invierno-de-arona/" target="_blank" rel="noopener noreferrer" target="_blank" rel="noopener">«Universidad de Invierno de Arona 2023»</a>, que se celebrará los días <strong>28 de febrero y 1 y 2 de marzo de 2023</strong> en horario de 16:00 – 20:00 horas en el Centro Cultural Los Cristianos.</p>
<p>El objetivo del curso es dotar al alumnado de unas bases de conocimiento en relación a los impactos socioambientales del turismo, con especial hincapié en los efectos sobre la sociedad y la cultura, para poder integrarse en equipos de trabajo formados por profesionales de distintos ámbitos.</p>
<p>Dirigido a técnicos de consultoras y administración pública, empresarios, alumnado universitario y de formación profesional y cualquier persona interesada en la temática de la sostenibilidad, el turismo y sus impactos ambientales.</p>
<p>Dirección académica: Pablo Díaz Rodríguez. Profesor Ayudante Doctor, Departamento de Sociología y Antropología de la Universidad de La Laguna.</p>
<p><strong>CERTIFICADO DE ASISTENCIA, APTITUD Y RECONOCIMIENTO POR CRÉDITO ECTS</strong></p>
<p>La ULL, a través del Vicerrectorado de Cultura, Participación Social y Campus Ofra y La Palma, emitirá un certificado de asistencia a todas aquellas personas que asistan a un mínimo del 80% de las horas lectivas presenciales. Asimismo, aquellas personas que superen el trabajo autónomo del alumnado, recibirán un certificado de asistencia y aprovechamiento, reconocible a su vez por un crédito ECTS.</p>
<p><a href="https://sede.fg.ull.es/es/curso/detalle/a22020314/impactos-socioambientales-del-turismo" target="_blank" rel="noopener" target="_blank" rel="noopener"><strong><u>Consulta el programa e inscríbete aquí.</u></strong></a></p>
<p><strong>Contacto: 922 319 616 / 922 319 626 – </strong><a href="mailto:extuni@ull.edu.es" target="_blank" rel="noopener"><strong>extuni@ull.es</strong></a></p>

<p>Curso de Extensión Universitaria organizado por el Vicerrectorado de Cultura, Participación Social y Campus Ofra y La Palma en colaboración con el Ayuntamiento de Arona, dentro de la programación de la convocatoria de Cursos de Extensión Universitaria  «Universidad de Invierno de Arona 2023», que se celebrará los días 28 de febrero y 1 y 2 de&#8230;</p>

<!-- This site is optimized with the Yoast SEO plugin v21.3 - https://yoast.com/wordpress/plugins/seo/ -->
<title>Impactos socioambientales del turismo - ULL - Agenda</title>
<meta name="robots" content="index, follow, max-snippet:-1, max-image-preview:large, max-video-preview:-1" />
<link rel="canonical" href="https://www.ull.es/portal/agenda/evento/impactos-socioambientales-del-turismo/" />
<meta property="og:locale" content="es_ES" />
<meta property="og:type" content="article" />
<meta property="og:title" content="Impactos socioambientales del turismo - ULL - Agenda" />
<meta property="og:description" content="Curso de Extensión Universitaria organizado por el Vicerrectorado de Cultura, Participación Social y Campus Ofra y La Palma en colaboración con el Ayuntamiento de Arona, dentro de la programación de la convocatoria de Cursos de Extensión Universitaria  «Universidad de Invierno de Arona 2023», que se celebrará los días 28 de febrero y 1 y 2 de..." />
<meta property="og:url" content="https://www.ull.es/portal/agenda/evento/impactos-socioambientales-del-turismo/" />
<meta property="og:site_name" content="ULL - Agenda" />
<meta property="article:modified_time" content="2022-12-01T11:56:11+00:00" />
<meta property="og:image" content="https://www.ull.es/portal/agenda/wp-content/uploads/sites/12/2022/11/5.png" />
	<meta property="og:image:width" content="700" />
	<meta property="og:image:height" content="350" />
	<meta property="og:image:type" content="image/png" />
<meta name="twitter:card" content="summary_large_image" />
<meta name="twitter:label1" content="Tiempo de lectura" />
	<meta name="twitter:data1" content="2 minutos" />
<script type="application/ld+json" class="yoast-schema-graph">{"@context":"https://schema.org","@graph":[{"@type":"WebPage","@id":"https://www.ull.es/portal/agenda/evento/impactos-socioambientales-del-turismo/","url":"https://www.ull.es/portal/agenda/evento/impactos-socioambientales-del-turismo/","name":"Impactos socioambientales del turismo - ULL - Agenda","isPartOf":{"@id":"https://www.ull.es/portal/agenda/#website"},"datePublished":"2022-11-28T12:54:19+00:00","dateModified":"2022-12-01T11:56:11+00:00","breadcrumb":{"@id":"https://www.ull.es/portal/agenda/evento/impactos-socioambientales-del-turismo/#breadcrumb"},"inLanguage":"es","potentialAction":[{"@type":"ReadAction","target":["https://www.ull.es/portal/agenda/evento/impactos-socioambientales-del-turismo/"]}]},{"@type":"BreadcrumbList","@id":"https://www.ull.es/portal/agenda/evento/impactos-socioambientales-del-turismo/#breadcrumb","itemListElement":[{"@type":"ListItem","position":1,"name":"Portada","item":"https://www.ull.es/portal/agenda/"},{"@type":"ListItem","position":2,"name":"Impactos socioambientales del turismo"}]},{"@type":"WebSite","@id":"https://www.ull.es/portal/agenda/#website","url":"https://www.ull.es/portal/agenda/","name":"ULL - Agenda","description":"","potentialAction":[{"@type":"SearchAction","target":{"@type":"EntryPoint","urlTemplate":"https://www.ull.es/portal/agenda/?s={search_term_string}"},"query-input":"required name=search_term_string"}],"inLanguage":"es"}]}</script>
<!-- / Yoast SEO plugin. -->

Curso de Extensión Universitaria organizado por el Vicerrectorado de Cultura, Participación Social y Campus Ofra y La Palma en colaboración con el Ayuntamiento de Arona, dentro de la programación de la convocatoria de Cursos de Extensión Universitaria  «Universidad de Invierno de Arona 2023», que se celebrará los días 28 de febrero y 1 y 2 de...
