{"id":28507,"date":"2023-01-18T10:22:47","date_gmt":"2023-01-18T10:22:47","guid":{"rendered":"https:\/\/www.ull.es\/portal\/agenda\/?post_type=tribe_events&#038;p=28507"},"modified":"2023-01-19T10:13:17","modified_gmt":"2023-01-19T10:13:17","slug":"ayuno-intermitente-y-habitos-saludables-2","status":"publish","type":"tribe_events","link":"https:\/\/www.ull.es\/portal\/agenda\/evento\/ayuno-intermitente-y-habitos-saludables-2\/","title":{"rendered":"Ayuno intermitente y h\u00e1bitos saludables"},"content":{"rendered":"<div class=\"tribe-events-single-event-description tribe-events-content\">\n<p>Curso de Extensi\u00f3n Universitaria organizado por el Vicerrectorado de Cultura, Participaci\u00f3n Social y Campus Ofra y La Palma, dentro de la programaci\u00f3n de la convocatoria de Cursos de Extensi\u00f3n Universitaria\u00a0<a href=\"https:\/\/www.ull.es\/cultura\/cursos-extension-universitaria\/formaccion\/\" target=\"_blank\" rel=\"noopener noreferrer\" target=\"_blank\" rel=\"noopener\"><strong>FORMACCI\u00d3N 2023<\/strong><\/a>, que se celebrar\u00e1 en la Facultad de Ciencias de la Salud entre el 17 y 28 de abril de 2023,<strong>\u00a0reconocible por 2 cr\u00e9ditos ECTS<\/strong>.<\/p>\n<p>El objetivo del curso es dotar al alumnado de las bases del ayuno intermitente y la importancia de mantener unos buenos h\u00e1bitos nutricionales para lograr un envejecimiento saludable y retrasar la aparici\u00f3n de enfermedades asociadas al envejecimiento.<\/p>\n<p>Metodolog\u00eda docente: Conferencias apoyadas en presentaciones con power point, con cuestionarios interactivos para fomentar la participaci\u00f3n y el debate.<\/p>\n<\/div>\n<p><strong>A qui\u00e9n va dirigido: <\/strong>Poblaci\u00f3n general que quiera mejorar sus h\u00e1bitos nutricionales. Alumnado de titulaciones de Ciencias de la Salud que quiera ampliar sus conocimientos. Personal sanitario que desee actualizar sus conocimientos sobre nutrici\u00f3n humana. Docentes de educaci\u00f3n primaria, secundaria y bachillerato.<\/p>\n<p>Direcci\u00f3n acad\u00e9mica: Javier Rafael Castro Hern\u00e1ndez. Profesor CLI, Departamento de Ciencias M\u00e9dicas B\u00e1sicas de la Universidad de La Laguna.<\/p>\n<p><strong>CERTIFICADO DE ASISTENCIA, APTITUD Y RECONOCIMIENTO POR CR\u00c9DITO ECTS<\/strong><\/p>\n<div class=\"tribe-events-single-event-description tribe-events-content\">\n<p>La ULL, a trav\u00e9s del Vicerrectorado de Cultura, Participaci\u00f3n Social y Campus Ofra y La Palma, emitir\u00e1 un certificado de asistencia a todas aquellas personas que participen en un m\u00ednimo del 80% de las horas lectivas. Asimismo, aquellas personas que superen el trabajo aut\u00f3nomo del alumnado, recibir\u00e1n un certificado de asistencia y aprovechamiento, reconocible a su vez por un 2 cr\u00e9ditos ECTS.<\/p>\n<\/div>\n<div class=\"tribe-events-single-event-description tribe-events-content\">\n<p><a href=\"https:\/\/sede.fg.ull.es\/es\/curso\/detalle\/a23020012\/ayuno-intermitente-y-habitos-saludables\" target=\"_blank\" rel=\"noopener noreferrer\" target=\"_blank\" rel=\"noopener\"><strong><u>Consulta el programa e inscr\u00edbete aqu\u00ed.<\/u><\/strong><\/a><\/p>\n<p><strong>Contacto: 922 319 616 \/ 922 319 626 \u2013\u00a0<\/strong><strong><a href=\"mailto:extuni@ull.edu.es\" target=\"_blank\" rel=\"noopener\">extuni@ull.es<\/a><\/strong><\/p>\n<\/div>\n","protected":false},"excerpt":{"rendered":"<p>Curso de Extensi\u00f3n Universitaria organizado por el Vicerrectorado de Cultura, Participaci\u00f3n Social y Campus Ofra y La Palma, dentro de la programaci\u00f3n de la convocatoria de Cursos de Extensi\u00f3n Universitaria\u00a0FORMACCI\u00d3N 2023, que se celebrar\u00e1 en la Facultad de Ciencias de la Salud entre el 17 y 28 de abril de 2023,\u00a0reconocible por 2 cr\u00e9ditos ECTS&#8230;.<\/p>\n","protected":false},"author":43,"featured_media":28508,"comment_status":"closed","ping_status":"closed","template":"","tags":[4259,977,3812,3751],"tribe_events_cat":[472,470,4,186],"acf":[],"yoast_head":"<!-- This site is optimized with the Yoast SEO plugin v21.3 - https:\/\/yoast.com\/wordpress\/plugins\/seo\/ -->\n<title>Ayuno intermitente y h\u00e1bitos saludables - ULL - Agenda<\/title>\n<meta name=\"robots\" content=\"index, follow, max-snippet:-1, max-image-preview:large, max-video-preview:-1\" \/>\n<link rel=\"canonical\" href=\"https:\/\/www.ull.es\/portal\/agenda\/evento\/ayuno-intermitente-y-habitos-saludables-2\/\" \/>\n<meta property=\"og:locale\" content=\"es_ES\" \/>\n<meta property=\"og:type\" content=\"article\" \/>\n<meta property=\"og:title\" content=\"Ayuno intermitente y h\u00e1bitos saludables - ULL - Agenda\" \/>\n<meta property=\"og:description\" content=\"Curso de Extensi\u00f3n Universitaria organizado por el Vicerrectorado de Cultura, Participaci\u00f3n Social y Campus Ofra y La Palma, dentro de la programaci\u00f3n de la convocatoria de Cursos de Extensi\u00f3n Universitaria\u00a0FORMACCI\u00d3N 2023, que se celebrar\u00e1 en la Facultad de Ciencias de la Salud entre el 17 y 28 de abril de 2023,\u00a0reconocible por 2 cr\u00e9ditos ECTS....\" \/>\n<meta property=\"og:url\" content=\"https:\/\/www.ull.es\/portal\/agenda\/evento\/ayuno-intermitente-y-habitos-saludables-2\/\" \/>\n<meta property=\"og:site_name\" content=\"ULL - Agenda\" \/>\n<meta property=\"article:modified_time\" content=\"2023-01-19T10:13:17+00:00\" \/>\n<meta property=\"og:image\" content=\"https:\/\/www.ull.es\/portal\/agenda\/wp-content\/uploads\/sites\/12\/2023\/01\/BannerFormACCION-Ayuno.png\" \/>\n\t<meta property=\"og:image:width\" content=\"700\" \/>\n\t<meta property=\"og:image:height\" content=\"350\" \/>\n\t<meta property=\"og:image:type\" content=\"image\/png\" \/>\n<meta name=\"twitter:card\" content=\"summary_large_image\" \/>\n<meta name=\"twitter:label1\" content=\"Tiempo de lectura\" \/>\n\t<meta name=\"twitter:data1\" content=\"2 minutos\" \/>\n<script type=\"application\/ld+json\" class=\"yoast-schema-graph\">{\"@context\":\"https:\/\/schema.org\",\"@graph\":[{\"@type\":\"WebPage\",\"@id\":\"https:\/\/www.ull.es\/portal\/agenda\/evento\/ayuno-intermitente-y-habitos-saludables-2\/\",\"url\":\"https:\/\/www.ull.es\/portal\/agenda\/evento\/ayuno-intermitente-y-habitos-saludables-2\/\",\"name\":\"Ayuno intermitente y h\u00e1bitos saludables - ULL - Agenda\",\"isPartOf\":{\"@id\":\"https:\/\/www.ull.es\/portal\/agenda\/#website\"},\"datePublished\":\"2023-01-18T10:22:47+00:00\",\"dateModified\":\"2023-01-19T10:13:17+00:00\",\"breadcrumb\":{\"@id\":\"https:\/\/www.ull.es\/portal\/agenda\/evento\/ayuno-intermitente-y-habitos-saludables-2\/#breadcrumb\"},\"inLanguage\":\"es\",\"potentialAction\":[{\"@type\":\"ReadAction\",\"target\":[\"https:\/\/www.ull.es\/portal\/agenda\/evento\/ayuno-intermitente-y-habitos-saludables-2\/\"]}]},{\"@type\":\"BreadcrumbList\",\"@id\":\"https:\/\/www.ull.es\/portal\/agenda\/evento\/ayuno-intermitente-y-habitos-saludables-2\/#breadcrumb\",\"itemListElement\":[{\"@type\":\"ListItem\",\"position\":1,\"name\":\"Portada\",\"item\":\"https:\/\/www.ull.es\/portal\/agenda\/\"},{\"@type\":\"ListItem\",\"position\":2,\"name\":\"Ayuno intermitente y h\u00e1bitos saludables\"}]},{\"@type\":\"WebSite\",\"@id\":\"https:\/\/www.ull.es\/portal\/agenda\/#website\",\"url\":\"https:\/\/www.ull.es\/portal\/agenda\/\",\"name\":\"ULL - Agenda\",\"description\":\"\",\"potentialAction\":[{\"@type\":\"SearchAction\",\"target\":{\"@type\":\"EntryPoint\",\"urlTemplate\":\"https:\/\/www.ull.es\/portal\/agenda\/?s={search_term_string}\"},\"query-input\":\"required name=search_term_string\"}],\"inLanguage\":\"es\"}]}<\/script>\n<!-- \/ Yoast SEO plugin. -->","yoast_head_json":{"title":"Ayuno intermitente y h\u00e1bitos saludables - ULL - Agenda","robots":{"index":"index","follow":"follow","max-snippet":"max-snippet:-1","max-image-preview":"max-image-preview:large","max-video-preview":"max-video-preview:-1"},"canonical":"https:\/\/www.ull.es\/portal\/agenda\/evento\/ayuno-intermitente-y-habitos-saludables-2\/","og_locale":"es_ES","og_type":"article","og_title":"Ayuno intermitente y h\u00e1bitos saludables - ULL - Agenda","og_description":"Curso de Extensi\u00f3n Universitaria organizado por el Vicerrectorado de Cultura, Participaci\u00f3n Social y Campus Ofra y La Palma, dentro de la programaci\u00f3n de la convocatoria de Cursos de Extensi\u00f3n Universitaria\u00a0FORMACCI\u00d3N 2023, que se celebrar\u00e1 en la Facultad de Ciencias de la Salud entre el 17 y 28 de abril de 2023,\u00a0reconocible por 2 cr\u00e9ditos ECTS....","og_url":"https:\/\/www.ull.es\/portal\/agenda\/evento\/ayuno-intermitente-y-habitos-saludables-2\/","og_site_name":"ULL - Agenda","article_modified_time":"2023-01-19T10:13:17+00:00","og_image":[{"width":700,"height":350,"url":"https:\/\/www.ull.es\/portal\/agenda\/wp-content\/uploads\/sites\/12\/2023\/01\/BannerFormACCION-Ayuno.png","type":"image\/png"}],"twitter_card":"summary_large_image","twitter_misc":{"Tiempo de lectura":"2 minutos"},"schema":{"@context":"https:\/\/schema.org","@graph":[{"@type":"WebPage","@id":"https:\/\/www.ull.es\/portal\/agenda\/evento\/ayuno-intermitente-y-habitos-saludables-2\/","url":"https:\/\/www.ull.es\/portal\/agenda\/evento\/ayuno-intermitente-y-habitos-saludables-2\/","name":"Ayuno intermitente y h\u00e1bitos saludables - ULL - Agenda","isPartOf":{"@id":"https:\/\/www.ull.es\/portal\/agenda\/#website"},"datePublished":"2023-01-18T10:22:47+00:00","dateModified":"2023-01-19T10:13:17+00:00","breadcrumb":{"@id":"https:\/\/www.ull.es\/portal\/agenda\/evento\/ayuno-intermitente-y-habitos-saludables-2\/#breadcrumb"},"inLanguage":"es","potentialAction":[{"@type":"ReadAction","target":["https:\/\/www.ull.es\/portal\/agenda\/evento\/ayuno-intermitente-y-habitos-saludables-2\/"]}]},{"@type":"BreadcrumbList","@id":"https:\/\/www.ull.es\/portal\/agenda\/evento\/ayuno-intermitente-y-habitos-saludables-2\/#breadcrumb","itemListElement":[{"@type":"ListItem","position":1,"name":"Portada","item":"https:\/\/www.ull.es\/portal\/agenda\/"},{"@type":"ListItem","position":2,"name":"Ayuno intermitente y h\u00e1bitos saludables"}]},{"@type":"WebSite","@id":"https:\/\/www.ull.es\/portal\/agenda\/#website","url":"https:\/\/www.ull.es\/portal\/agenda\/","name":"ULL - Agenda","description":"","potentialAction":[{"@type":"SearchAction","target":{"@type":"EntryPoint","urlTemplate":"https:\/\/www.ull.es\/portal\/agenda\/?s={search_term_string}"},"query-input":"required name=search_term_string"}],"inLanguage":"es"}]}},"_links":{"self":[{"href":"https:\/\/www.ull.es\/portal\/agenda\/wp-json\/wp\/v2\/tribe_events\/28507"}],"collection":[{"href":"https:\/\/www.ull.es\/portal\/agenda\/wp-json\/wp\/v2\/tribe_events"}],"about":[{"href":"https:\/\/www.ull.es\/portal\/agenda\/wp-json\/wp\/v2\/types\/tribe_events"}],"author":[{"embeddable":true,"href":"https:\/\/www.ull.es\/portal\/agenda\/wp-json\/wp\/v2\/users\/43"}],"replies":[{"embeddable":true,"href":"https:\/\/www.ull.es\/portal\/agenda\/wp-json\/wp\/v2\/comments?post=28507"}],"version-history":[{"count":1,"href":"https:\/\/www.ull.es\/portal\/agenda\/wp-json\/wp\/v2\/tribe_events\/28507\/revisions"}],"predecessor-version":[{"id":28509,"href":"https:\/\/www.ull.es\/portal\/agenda\/wp-json\/wp\/v2\/tribe_events\/28507\/revisions\/28509"}],"wp:featuredmedia":[{"embeddable":true,"href":"https:\/\/www.ull.es\/portal\/agenda\/wp-json\/wp\/v2\/media\/28508"}],"wp:attachment":[{"href":"https:\/\/www.ull.es\/portal\/agenda\/wp-json\/wp\/v2\/media?parent=28507"}],"wp:term":[{"taxonomy":"post_tag","embeddable":true,"href":"https:\/\/www.ull.es\/portal\/agenda\/wp-json\/wp\/v2\/tags?post=28507"},{"taxonomy":"tribe_events_cat","embeddable":true,"href":"https:\/\/www.ull.es\/portal\/agenda\/wp-json\/wp\/v2\/tribe_events_cat?post=28507"}],"curies":[{"name":"wp","href":"https:\/\/api.w.org\/{rel}","templated":true}]}}

Ayuno intermitente y hábitos saludables

<div class="tribe-events-single-event-description tribe-events-content">
<p>Curso de Extensión Universitaria organizado por el Vicerrectorado de Cultura, Participación Social y Campus Ofra y La Palma, dentro de la programación de la convocatoria de Cursos de Extensión Universitaria <a href="https://www.ull.es/cultura/cursos-extension-universitaria/formaccion/" target="_blank" rel="noopener noreferrer" target="_blank" rel="noopener"><strong>FORMACCIÓN 2023</strong></a>, que se celebrará en la Facultad de Ciencias de la Salud entre el 17 y 28 de abril de 2023,<strong> reconocible por 2 créditos ECTS</strong>.</p>
<p>El objetivo del curso es dotar al alumnado de las bases del ayuno intermitente y la importancia de mantener unos buenos hábitos nutricionales para lograr un envejecimiento saludable y retrasar la aparición de enfermedades asociadas al envejecimiento.</p>
<p>Metodología docente: Conferencias apoyadas en presentaciones con power point, con cuestionarios interactivos para fomentar la participación y el debate.</p>
</div>
<p><strong>A quién va dirigido: </strong>Población general que quiera mejorar sus hábitos nutricionales. Alumnado de titulaciones de Ciencias de la Salud que quiera ampliar sus conocimientos. Personal sanitario que desee actualizar sus conocimientos sobre nutrición humana. Docentes de educación primaria, secundaria y bachillerato.</p>
<p>Dirección académica: Javier Rafael Castro Hernández. Profesor CLI, Departamento de Ciencias Médicas Básicas de la Universidad de La Laguna.</p>
<p><strong>CERTIFICADO DE ASISTENCIA, APTITUD Y RECONOCIMIENTO POR CRÉDITO ECTS</strong></p>
<div class="tribe-events-single-event-description tribe-events-content">
<p>La ULL, a través del Vicerrectorado de Cultura, Participación Social y Campus Ofra y La Palma, emitirá un certificado de asistencia a todas aquellas personas que participen en un mínimo del 80% de las horas lectivas. Asimismo, aquellas personas que superen el trabajo autónomo del alumnado, recibirán un certificado de asistencia y aprovechamiento, reconocible a su vez por un 2 créditos ECTS.</p>
</div>
<div class="tribe-events-single-event-description tribe-events-content">
<p><a href="https://sede.fg.ull.es/es/curso/detalle/a23020012/ayuno-intermitente-y-habitos-saludables" target="_blank" rel="noopener noreferrer" target="_blank" rel="noopener"><strong><u>Consulta el programa e inscríbete aquí.</u></strong></a></p>
<p><strong>Contacto: 922 319 616 / 922 319 626 – </strong><strong><a href="mailto:extuni@ull.edu.es" target="_blank" rel="noopener">extuni@ull.es</a></strong></p>
</div>

<p>Curso de Extensión Universitaria organizado por el Vicerrectorado de Cultura, Participación Social y Campus Ofra y La Palma, dentro de la programación de la convocatoria de Cursos de Extensión Universitaria FORMACCIÓN 2023, que se celebrará en la Facultad de Ciencias de la Salud entre el 17 y 28 de abril de 2023, reconocible por 2 créditos ECTS&#8230;.</p>

<!-- This site is optimized with the Yoast SEO plugin v21.3 - https://yoast.com/wordpress/plugins/seo/ -->
<title>Ayuno intermitente y hábitos saludables - ULL - Agenda</title>
<meta name="robots" content="index, follow, max-snippet:-1, max-image-preview:large, max-video-preview:-1" />
<link rel="canonical" href="https://www.ull.es/portal/agenda/evento/ayuno-intermitente-y-habitos-saludables-2/" />
<meta property="og:locale" content="es_ES" />
<meta property="og:type" content="article" />
<meta property="og:title" content="Ayuno intermitente y hábitos saludables - ULL - Agenda" />
<meta property="og:description" content="Curso de Extensión Universitaria organizado por el Vicerrectorado de Cultura, Participación Social y Campus Ofra y La Palma, dentro de la programación de la convocatoria de Cursos de Extensión Universitaria FORMACCIÓN 2023, que se celebrará en la Facultad de Ciencias de la Salud entre el 17 y 28 de abril de 2023, reconocible por 2 créditos ECTS...." />
<meta property="og:url" content="https://www.ull.es/portal/agenda/evento/ayuno-intermitente-y-habitos-saludables-2/" />
<meta property="og:site_name" content="ULL - Agenda" />
<meta property="article:modified_time" content="2023-01-19T10:13:17+00:00" />
<meta property="og:image" content="https://www.ull.es/portal/agenda/wp-content/uploads/sites/12/2023/01/BannerFormACCION-Ayuno.png" />
	<meta property="og:image:width" content="700" />
	<meta property="og:image:height" content="350" />
	<meta property="og:image:type" content="image/png" />
<meta name="twitter:card" content="summary_large_image" />
<meta name="twitter:label1" content="Tiempo de lectura" />
	<meta name="twitter:data1" content="2 minutos" />
<script type="application/ld+json" class="yoast-schema-graph">{"@context":"https://schema.org","@graph":[{"@type":"WebPage","@id":"https://www.ull.es/portal/agenda/evento/ayuno-intermitente-y-habitos-saludables-2/","url":"https://www.ull.es/portal/agenda/evento/ayuno-intermitente-y-habitos-saludables-2/","name":"Ayuno intermitente y hábitos saludables - ULL - Agenda","isPartOf":{"@id":"https://www.ull.es/portal/agenda/#website"},"datePublished":"2023-01-18T10:22:47+00:00","dateModified":"2023-01-19T10:13:17+00:00","breadcrumb":{"@id":"https://www.ull.es/portal/agenda/evento/ayuno-intermitente-y-habitos-saludables-2/#breadcrumb"},"inLanguage":"es","potentialAction":[{"@type":"ReadAction","target":["https://www.ull.es/portal/agenda/evento/ayuno-intermitente-y-habitos-saludables-2/"]}]},{"@type":"BreadcrumbList","@id":"https://www.ull.es/portal/agenda/evento/ayuno-intermitente-y-habitos-saludables-2/#breadcrumb","itemListElement":[{"@type":"ListItem","position":1,"name":"Portada","item":"https://www.ull.es/portal/agenda/"},{"@type":"ListItem","position":2,"name":"Ayuno intermitente y hábitos saludables"}]},{"@type":"WebSite","@id":"https://www.ull.es/portal/agenda/#website","url":"https://www.ull.es/portal/agenda/","name":"ULL - Agenda","description":"","potentialAction":[{"@type":"SearchAction","target":{"@type":"EntryPoint","urlTemplate":"https://www.ull.es/portal/agenda/?s={search_term_string}"},"query-input":"required name=search_term_string"}],"inLanguage":"es"}]}</script>
<!-- / Yoast SEO plugin. -->

Ayuno intermitente y hábitos saludables - ULL - Agenda

Curso de Extensión Universitaria organizado por el Vicerrectorado de Cultura, Participación Social y Campus Ofra y La Palma, dentro de la programación de la convocatoria de Cursos de Extensión Universitaria FORMACCIÓN 2023, que se celebrará en la Facultad de Ciencias de la Salud entre el 17 y 28 de abril de 2023, reconocible por 2 créditos ECTS....
