{"id":28697,"date":"2023-01-30T08:56:50","date_gmt":"2023-01-30T08:56:50","guid":{"rendered":"https:\/\/www.ull.es\/portal\/agenda\/?post_type=tribe_events&#038;p=28697"},"modified":"2023-01-30T08:59:03","modified_gmt":"2023-01-30T08:59:03","slug":"barbados-en-2022-compania-de-pablo-remon-proyecto-de-artes-escenicas-oye-toca-ver","status":"publish","type":"tribe_events","link":"https:\/\/www.ull.es\/portal\/agenda\/evento\/barbados-en-2022-compania-de-pablo-remon-proyecto-de-artes-escenicas-oye-toca-ver\/","title":{"rendered":"&#8216;Barbados en 2022&#8217;. Compa\u00f1\u00eda de Pablo Rem\u00f3n.  Proyecto de Artes Esc\u00e9nicas Oye Toca Ver"},"content":{"rendered":"<p>&#8216;Barbados en 2022&#8217; explora el mundo de la pareja, la memoria, la comunicaci\u00f3n y el desamor, compartiendo con el anterior la isla de Barbados como espacio imaginario.<\/p>\n<p>Los mismos actores, Emilio Tom\u00e9 y Fernanda Orazi, distintos textos, distinta puesta en escena y escenograf\u00eda; la idea de Rem\u00f3n es reescribir la obra cada cinco a\u00f1os, de manera que est\u00e9 permanentemente viva, y que el tiempo haga su trabajo en los actores, en la pareja que interpretan, en los textos, en la obra en conjunto.<\/p>\n<p>&#8216;Barbados en 2022&#8217; es una funci\u00f3n inspirada en la tradici\u00f3n del teatro anglosaj\u00f3n de agrupar obras breves que comparten resonancias, temas o estilos. Varios textos compuestos para dos actores, que pueden leerse como variaciones de un mismo tema, en el sentido musical.<\/p>\n<p>Al principio, no hay nada. Dos actores, un espacio en blanco. \u00bfQui\u00e9nes son? \u00bfDe d\u00f3nde vienen? Imposible saberlo. \u00bfSon personajes? No lo son. \u00bfHay una historia? No la hay. \u00bfQu\u00e9 hay entonces? Solo una cosa: palabras. Esas palabras flotan en el escenario vac\u00edo, como objetos suspendidos. Poco a poco, construyen personajes, historias, situaciones. Construyen un mundo.<\/p>\n<p>El pasado es una niebla, escribi\u00f3 Harold Pinter. M\u00e1s a\u00fan, el pasado de una pareja.<\/p>\n<p>\u00bfQu\u00e9 es una pareja, m\u00e1s all\u00e1 del pasado que les une? Somos lo que hemos sido, la historia que explica c\u00f3mo hemos llegado hasta aqu\u00ed. Pero esa historia no est\u00e1 escrita en piedra; es m\u00f3vil, es variable. Para sobrevivir como pareja, tenemos que ser capaces de contar nuestra historia. Pero, \u00bfqu\u00e9 pasa si esa historia es borrosa, o no coincide? El presente cambia el pasado.<\/p>\n<p>Dos actores narran la historia de una pareja. A veces, se ponen de acuerdo: lo hacen con humor, con extra\u00f1eza, con gozo. Juegan. Otras veces, se contradicen, inventan, oscurecen, mienten. A veces, son la pareja; otras, no. Ellos son, a su vez, otra pareja. Con su parte de combate, con su parte de aventura, con su parte de amor.<\/p>\n<p>Pablo Rem\u00f3n<\/p>\n<p><strong>Entrada:<\/strong> 9 \u20ac. 50% de descuento a partir de la compra de 2 entradas.<br \/>\nP\u00fablico general<\/p>\n","protected":false},"excerpt":{"rendered":"<p>&#8216;Barbados en 2022&#8217; explora el mundo de la pareja, la memoria, la comunicaci\u00f3n y el desamor, compartiendo con el anterior la isla de Barbados como espacio imaginario. Los mismos actores, Emilio Tom\u00e9 y Fernanda Orazi, distintos textos, distinta puesta en escena y escenograf\u00eda; la idea de Rem\u00f3n es reescribir la obra cada cinco a\u00f1os, de&#8230;<\/p>\n","protected":false},"author":65,"featured_media":28698,"comment_status":"closed","ping_status":"closed","template":"","tags":[],"tribe_events_cat":[3987,4,343,4691,191],"acf":[],"yoast_head":"<!-- This site is optimized with the Yoast SEO plugin v21.3 - https:\/\/yoast.com\/wordpress\/plugins\/seo\/ -->\n<title>&#039;Barbados en 2022&#039;. Compa\u00f1\u00eda de Pablo Rem\u00f3n. Proyecto de Artes Esc\u00e9nicas Oye Toca Ver - ULL - Agenda<\/title>\n<meta name=\"robots\" content=\"index, follow, max-snippet:-1, max-image-preview:large, max-video-preview:-1\" \/>\n<link rel=\"canonical\" href=\"https:\/\/www.ull.es\/portal\/agenda\/evento\/barbados-en-2022-compania-de-pablo-remon-proyecto-de-artes-escenicas-oye-toca-ver\/\" \/>\n<meta property=\"og:locale\" content=\"es_ES\" \/>\n<meta property=\"og:type\" content=\"article\" \/>\n<meta property=\"og:title\" content=\"&#039;Barbados en 2022&#039;. Compa\u00f1\u00eda de Pablo Rem\u00f3n. Proyecto de Artes Esc\u00e9nicas Oye Toca Ver - ULL - Agenda\" \/>\n<meta property=\"og:description\" content=\"&#8216;Barbados en 2022&#8217; explora el mundo de la pareja, la memoria, la comunicaci\u00f3n y el desamor, compartiendo con el anterior la isla de Barbados como espacio imaginario. Los mismos actores, Emilio Tom\u00e9 y Fernanda Orazi, distintos textos, distinta puesta en escena y escenograf\u00eda; la idea de Rem\u00f3n es reescribir la obra cada cinco a\u00f1os, de...\" \/>\n<meta property=\"og:url\" content=\"https:\/\/www.ull.es\/portal\/agenda\/evento\/barbados-en-2022-compania-de-pablo-remon-proyecto-de-artes-escenicas-oye-toca-ver\/\" \/>\n<meta property=\"og:site_name\" content=\"ULL - Agenda\" \/>\n<meta property=\"article:modified_time\" content=\"2023-01-30T08:59:03+00:00\" \/>\n<meta property=\"og:image\" content=\"https:\/\/www.ull.es\/portal\/agenda\/wp-content\/uploads\/sites\/12\/2023\/01\/af-barbados-en-2022-oye-toca-ver-700x350-1.jpg\" \/>\n\t<meta property=\"og:image:width\" content=\"1600\" \/>\n\t<meta property=\"og:image:height\" content=\"800\" \/>\n\t<meta property=\"og:image:type\" content=\"image\/jpeg\" \/>\n<meta name=\"twitter:card\" content=\"summary_large_image\" \/>\n<meta name=\"twitter:label1\" content=\"Tiempo de lectura\" \/>\n\t<meta name=\"twitter:data1\" content=\"2 minutos\" \/>\n<script type=\"application\/ld+json\" class=\"yoast-schema-graph\">{\"@context\":\"https:\/\/schema.org\",\"@graph\":[{\"@type\":\"WebPage\",\"@id\":\"https:\/\/www.ull.es\/portal\/agenda\/evento\/barbados-en-2022-compania-de-pablo-remon-proyecto-de-artes-escenicas-oye-toca-ver\/\",\"url\":\"https:\/\/www.ull.es\/portal\/agenda\/evento\/barbados-en-2022-compania-de-pablo-remon-proyecto-de-artes-escenicas-oye-toca-ver\/\",\"name\":\"'Barbados en 2022'. Compa\u00f1\u00eda de Pablo Rem\u00f3n. Proyecto de Artes Esc\u00e9nicas Oye Toca Ver - ULL - Agenda\",\"isPartOf\":{\"@id\":\"https:\/\/www.ull.es\/portal\/agenda\/#website\"},\"datePublished\":\"2023-01-30T08:56:50+00:00\",\"dateModified\":\"2023-01-30T08:59:03+00:00\",\"breadcrumb\":{\"@id\":\"https:\/\/www.ull.es\/portal\/agenda\/evento\/barbados-en-2022-compania-de-pablo-remon-proyecto-de-artes-escenicas-oye-toca-ver\/#breadcrumb\"},\"inLanguage\":\"es\",\"potentialAction\":[{\"@type\":\"ReadAction\",\"target\":[\"https:\/\/www.ull.es\/portal\/agenda\/evento\/barbados-en-2022-compania-de-pablo-remon-proyecto-de-artes-escenicas-oye-toca-ver\/\"]}]},{\"@type\":\"BreadcrumbList\",\"@id\":\"https:\/\/www.ull.es\/portal\/agenda\/evento\/barbados-en-2022-compania-de-pablo-remon-proyecto-de-artes-escenicas-oye-toca-ver\/#breadcrumb\",\"itemListElement\":[{\"@type\":\"ListItem\",\"position\":1,\"name\":\"Portada\",\"item\":\"https:\/\/www.ull.es\/portal\/agenda\/\"},{\"@type\":\"ListItem\",\"position\":2,\"name\":\"&#8216;Barbados en 2022&#8217;. Compa\u00f1\u00eda de Pablo Rem\u00f3n. Proyecto de Artes Esc\u00e9nicas Oye Toca Ver\"}]},{\"@type\":\"WebSite\",\"@id\":\"https:\/\/www.ull.es\/portal\/agenda\/#website\",\"url\":\"https:\/\/www.ull.es\/portal\/agenda\/\",\"name\":\"ULL - Agenda\",\"description\":\"\",\"potentialAction\":[{\"@type\":\"SearchAction\",\"target\":{\"@type\":\"EntryPoint\",\"urlTemplate\":\"https:\/\/www.ull.es\/portal\/agenda\/?s={search_term_string}\"},\"query-input\":\"required name=search_term_string\"}],\"inLanguage\":\"es\"}]}<\/script>\n<!-- \/ Yoast SEO plugin. -->","yoast_head_json":{"title":"'Barbados en 2022'. Compa\u00f1\u00eda de Pablo Rem\u00f3n. Proyecto de Artes Esc\u00e9nicas Oye Toca Ver - ULL - Agenda","robots":{"index":"index","follow":"follow","max-snippet":"max-snippet:-1","max-image-preview":"max-image-preview:large","max-video-preview":"max-video-preview:-1"},"canonical":"https:\/\/www.ull.es\/portal\/agenda\/evento\/barbados-en-2022-compania-de-pablo-remon-proyecto-de-artes-escenicas-oye-toca-ver\/","og_locale":"es_ES","og_type":"article","og_title":"'Barbados en 2022'. Compa\u00f1\u00eda de Pablo Rem\u00f3n. Proyecto de Artes Esc\u00e9nicas Oye Toca Ver - ULL - Agenda","og_description":"&#8216;Barbados en 2022&#8217; explora el mundo de la pareja, la memoria, la comunicaci\u00f3n y el desamor, compartiendo con el anterior la isla de Barbados como espacio imaginario. Los mismos actores, Emilio Tom\u00e9 y Fernanda Orazi, distintos textos, distinta puesta en escena y escenograf\u00eda; la idea de Rem\u00f3n es reescribir la obra cada cinco a\u00f1os, de...","og_url":"https:\/\/www.ull.es\/portal\/agenda\/evento\/barbados-en-2022-compania-de-pablo-remon-proyecto-de-artes-escenicas-oye-toca-ver\/","og_site_name":"ULL - Agenda","article_modified_time":"2023-01-30T08:59:03+00:00","og_image":[{"width":1600,"height":800,"url":"https:\/\/www.ull.es\/portal\/agenda\/wp-content\/uploads\/sites\/12\/2023\/01\/af-barbados-en-2022-oye-toca-ver-700x350-1.jpg","type":"image\/jpeg"}],"twitter_card":"summary_large_image","twitter_misc":{"Tiempo de lectura":"2 minutos"},"schema":{"@context":"https:\/\/schema.org","@graph":[{"@type":"WebPage","@id":"https:\/\/www.ull.es\/portal\/agenda\/evento\/barbados-en-2022-compania-de-pablo-remon-proyecto-de-artes-escenicas-oye-toca-ver\/","url":"https:\/\/www.ull.es\/portal\/agenda\/evento\/barbados-en-2022-compania-de-pablo-remon-proyecto-de-artes-escenicas-oye-toca-ver\/","name":"'Barbados en 2022'. Compa\u00f1\u00eda de Pablo Rem\u00f3n. Proyecto de Artes Esc\u00e9nicas Oye Toca Ver - ULL - Agenda","isPartOf":{"@id":"https:\/\/www.ull.es\/portal\/agenda\/#website"},"datePublished":"2023-01-30T08:56:50+00:00","dateModified":"2023-01-30T08:59:03+00:00","breadcrumb":{"@id":"https:\/\/www.ull.es\/portal\/agenda\/evento\/barbados-en-2022-compania-de-pablo-remon-proyecto-de-artes-escenicas-oye-toca-ver\/#breadcrumb"},"inLanguage":"es","potentialAction":[{"@type":"ReadAction","target":["https:\/\/www.ull.es\/portal\/agenda\/evento\/barbados-en-2022-compania-de-pablo-remon-proyecto-de-artes-escenicas-oye-toca-ver\/"]}]},{"@type":"BreadcrumbList","@id":"https:\/\/www.ull.es\/portal\/agenda\/evento\/barbados-en-2022-compania-de-pablo-remon-proyecto-de-artes-escenicas-oye-toca-ver\/#breadcrumb","itemListElement":[{"@type":"ListItem","position":1,"name":"Portada","item":"https:\/\/www.ull.es\/portal\/agenda\/"},{"@type":"ListItem","position":2,"name":"&#8216;Barbados en 2022&#8217;. Compa\u00f1\u00eda de Pablo Rem\u00f3n. Proyecto de Artes Esc\u00e9nicas Oye Toca Ver"}]},{"@type":"WebSite","@id":"https:\/\/www.ull.es\/portal\/agenda\/#website","url":"https:\/\/www.ull.es\/portal\/agenda\/","name":"ULL - Agenda","description":"","potentialAction":[{"@type":"SearchAction","target":{"@type":"EntryPoint","urlTemplate":"https:\/\/www.ull.es\/portal\/agenda\/?s={search_term_string}"},"query-input":"required name=search_term_string"}],"inLanguage":"es"}]}},"_links":{"self":[{"href":"https:\/\/www.ull.es\/portal\/agenda\/wp-json\/wp\/v2\/tribe_events\/28697"}],"collection":[{"href":"https:\/\/www.ull.es\/portal\/agenda\/wp-json\/wp\/v2\/tribe_events"}],"about":[{"href":"https:\/\/www.ull.es\/portal\/agenda\/wp-json\/wp\/v2\/types\/tribe_events"}],"author":[{"embeddable":true,"href":"https:\/\/www.ull.es\/portal\/agenda\/wp-json\/wp\/v2\/users\/65"}],"replies":[{"embeddable":true,"href":"https:\/\/www.ull.es\/portal\/agenda\/wp-json\/wp\/v2\/comments?post=28697"}],"version-history":[{"count":3,"href":"https:\/\/www.ull.es\/portal\/agenda\/wp-json\/wp\/v2\/tribe_events\/28697\/revisions"}],"predecessor-version":[{"id":28701,"href":"https:\/\/www.ull.es\/portal\/agenda\/wp-json\/wp\/v2\/tribe_events\/28697\/revisions\/28701"}],"wp:featuredmedia":[{"embeddable":true,"href":"https:\/\/www.ull.es\/portal\/agenda\/wp-json\/wp\/v2\/media\/28698"}],"wp:attachment":[{"href":"https:\/\/www.ull.es\/portal\/agenda\/wp-json\/wp\/v2\/media?parent=28697"}],"wp:term":[{"taxonomy":"post_tag","embeddable":true,"href":"https:\/\/www.ull.es\/portal\/agenda\/wp-json\/wp\/v2\/tags?post=28697"},{"taxonomy":"tribe_events_cat","embeddable":true,"href":"https:\/\/www.ull.es\/portal\/agenda\/wp-json\/wp\/v2\/tribe_events_cat?post=28697"}],"curies":[{"name":"wp","href":"https:\/\/api.w.org\/{rel}","templated":true}]}}

&#8216;Barbados en 2022&#8217;. Compañía de Pablo Remón.  Proyecto de Artes Escénicas Oye Toca Ver

<p>&#8216;Barbados en 2022&#8217; explora el mundo de la pareja, la memoria, la comunicación y el desamor, compartiendo con el anterior la isla de Barbados como espacio imaginario.</p>
<p>Los mismos actores, Emilio Tomé y Fernanda Orazi, distintos textos, distinta puesta en escena y escenografía; la idea de Remón es reescribir la obra cada cinco años, de manera que esté permanentemente viva, y que el tiempo haga su trabajo en los actores, en la pareja que interpretan, en los textos, en la obra en conjunto.</p>
<p>&#8216;Barbados en 2022&#8217; es una función inspirada en la tradición del teatro anglosajón de agrupar obras breves que comparten resonancias, temas o estilos. Varios textos compuestos para dos actores, que pueden leerse como variaciones de un mismo tema, en el sentido musical.</p>
<p>Al principio, no hay nada. Dos actores, un espacio en blanco. ¿Quiénes son? ¿De dónde vienen? Imposible saberlo. ¿Son personajes? No lo son. ¿Hay una historia? No la hay. ¿Qué hay entonces? Solo una cosa: palabras. Esas palabras flotan en el escenario vacío, como objetos suspendidos. Poco a poco, construyen personajes, historias, situaciones. Construyen un mundo.</p>
<p>El pasado es una niebla, escribió Harold Pinter. Más aún, el pasado de una pareja.</p>
<p>¿Qué es una pareja, más allá del pasado que les une? Somos lo que hemos sido, la historia que explica cómo hemos llegado hasta aquí. Pero esa historia no está escrita en piedra; es móvil, es variable. Para sobrevivir como pareja, tenemos que ser capaces de contar nuestra historia. Pero, ¿qué pasa si esa historia es borrosa, o no coincide? El presente cambia el pasado.</p>
<p>Dos actores narran la historia de una pareja. A veces, se ponen de acuerdo: lo hacen con humor, con extrañeza, con gozo. Juegan. Otras veces, se contradicen, inventan, oscurecen, mienten. A veces, son la pareja; otras, no. Ellos son, a su vez, otra pareja. Con su parte de combate, con su parte de aventura, con su parte de amor.</p>
<p>Pablo Remón</p>
<p><strong>Entrada:</strong> 9 €. 50% de descuento a partir de la compra de 2 entradas.<br />
Público general</p>

<p>&#8216;Barbados en 2022&#8217; explora el mundo de la pareja, la memoria, la comunicación y el desamor, compartiendo con el anterior la isla de Barbados como espacio imaginario. Los mismos actores, Emilio Tomé y Fernanda Orazi, distintos textos, distinta puesta en escena y escenografía; la idea de Remón es reescribir la obra cada cinco años, de&#8230;</p>

<!-- This site is optimized with the Yoast SEO plugin v21.3 - https://yoast.com/wordpress/plugins/seo/ -->
<title>&#039;Barbados en 2022&#039;. Compañía de Pablo Remón. Proyecto de Artes Escénicas Oye Toca Ver - ULL - Agenda</title>
<meta name="robots" content="index, follow, max-snippet:-1, max-image-preview:large, max-video-preview:-1" />
<link rel="canonical" href="https://www.ull.es/portal/agenda/evento/barbados-en-2022-compania-de-pablo-remon-proyecto-de-artes-escenicas-oye-toca-ver/" />
<meta property="og:locale" content="es_ES" />
<meta property="og:type" content="article" />
<meta property="og:title" content="&#039;Barbados en 2022&#039;. Compañía de Pablo Remón. Proyecto de Artes Escénicas Oye Toca Ver - ULL - Agenda" />
<meta property="og:description" content="&#8216;Barbados en 2022&#8217; explora el mundo de la pareja, la memoria, la comunicación y el desamor, compartiendo con el anterior la isla de Barbados como espacio imaginario. Los mismos actores, Emilio Tomé y Fernanda Orazi, distintos textos, distinta puesta en escena y escenografía; la idea de Remón es reescribir la obra cada cinco años, de..." />
<meta property="og:url" content="https://www.ull.es/portal/agenda/evento/barbados-en-2022-compania-de-pablo-remon-proyecto-de-artes-escenicas-oye-toca-ver/" />
<meta property="og:site_name" content="ULL - Agenda" />
<meta property="article:modified_time" content="2023-01-30T08:59:03+00:00" />
<meta property="og:image" content="https://www.ull.es/portal/agenda/wp-content/uploads/sites/12/2023/01/af-barbados-en-2022-oye-toca-ver-700x350-1.jpg" />
	<meta property="og:image:width" content="1600" />
	<meta property="og:image:height" content="800" />
	<meta property="og:image:type" content="image/jpeg" />
<meta name="twitter:card" content="summary_large_image" />
<meta name="twitter:label1" content="Tiempo de lectura" />
	<meta name="twitter:data1" content="2 minutos" />
<script type="application/ld+json" class="yoast-schema-graph">{"@context":"https://schema.org","@graph":[{"@type":"WebPage","@id":"https://www.ull.es/portal/agenda/evento/barbados-en-2022-compania-de-pablo-remon-proyecto-de-artes-escenicas-oye-toca-ver/","url":"https://www.ull.es/portal/agenda/evento/barbados-en-2022-compania-de-pablo-remon-proyecto-de-artes-escenicas-oye-toca-ver/","name":"'Barbados en 2022'. Compañía de Pablo Remón. Proyecto de Artes Escénicas Oye Toca Ver - ULL - Agenda","isPartOf":{"@id":"https://www.ull.es/portal/agenda/#website"},"datePublished":"2023-01-30T08:56:50+00:00","dateModified":"2023-01-30T08:59:03+00:00","breadcrumb":{"@id":"https://www.ull.es/portal/agenda/evento/barbados-en-2022-compania-de-pablo-remon-proyecto-de-artes-escenicas-oye-toca-ver/#breadcrumb"},"inLanguage":"es","potentialAction":[{"@type":"ReadAction","target":["https://www.ull.es/portal/agenda/evento/barbados-en-2022-compania-de-pablo-remon-proyecto-de-artes-escenicas-oye-toca-ver/"]}]},{"@type":"BreadcrumbList","@id":"https://www.ull.es/portal/agenda/evento/barbados-en-2022-compania-de-pablo-remon-proyecto-de-artes-escenicas-oye-toca-ver/#breadcrumb","itemListElement":[{"@type":"ListItem","position":1,"name":"Portada","item":"https://www.ull.es/portal/agenda/"},{"@type":"ListItem","position":2,"name":"&#8216;Barbados en 2022&#8217;. Compañía de Pablo Remón. Proyecto de Artes Escénicas Oye Toca Ver"}]},{"@type":"WebSite","@id":"https://www.ull.es/portal/agenda/#website","url":"https://www.ull.es/portal/agenda/","name":"ULL - Agenda","description":"","potentialAction":[{"@type":"SearchAction","target":{"@type":"EntryPoint","urlTemplate":"https://www.ull.es/portal/agenda/?s={search_term_string}"},"query-input":"required name=search_term_string"}],"inLanguage":"es"}]}</script>
<!-- / Yoast SEO plugin. -->

'Barbados en 2022'. Compañía de Pablo Remón. Proyecto de Artes Escénicas Oye Toca Ver - ULL - Agenda

&#8216;Barbados en 2022&#8217; explora el mundo de la pareja, la memoria, la comunicación y el desamor, compartiendo con el anterior la isla de Barbados como espacio imaginario. Los mismos actores, Emilio Tomé y Fernanda Orazi, distintos textos, distinta puesta en escena y escenografía; la idea de Remón es reescribir la obra cada cinco años, de...

&#8216;Barbados en 2022&#8217;. Compañía de Pablo Remón. Proyecto de Artes Escénicas Oye Toca Ver
