{"id":28805,"date":"2023-02-08T10:30:11","date_gmt":"2023-02-08T10:30:11","guid":{"rendered":"https:\/\/www.ull.es\/portal\/agenda\/?post_type=tribe_events&#038;p=28805"},"modified":"2023-02-08T10:30:11","modified_gmt":"2023-02-08T10:30:11","slug":"eurafricaribe-iii-edicion-de-los-afrodescendientes-de-ayer-hoy-y-manana","status":"publish","type":"tribe_events","link":"https:\/\/www.ull.es\/portal\/agenda\/evento\/eurafricaribe-iii-edicion-de-los-afrodescendientes-de-ayer-hoy-y-manana\/","title":{"rendered":"Eur\u00c1friCaribe. III Edici\u00f3n de los Afrodescendientes de Ayer, Hoy y Ma\u00f1ana"},"content":{"rendered":"<p>Curso de Extensi\u00f3n Universitaria organizado por Visi\u00f3n \u00e9lite Europa, Centre Euro \u00c1frica y Cine-sound Canarias, con la colaboraci\u00f3n de la Facultad de Ciencias Sociales y de la Comunicaci\u00f3n, el Centro de Estudios Africanos de la ULL (CEAULL), el Museo de Historia y Antropolog\u00eda de Tenerife (MHAT), la Asociaci\u00f3n Canaria de Antropolog\u00eda Social y Cultural (A.C.A) y la Asociaci\u00f3n Puente Humano.<\/p>\n<p>El curso se celebrar\u00e1 entre el 24 de febrero y el 3 de marzo de 2023 en la Facultad de Ciencias Sociales y de la Comunicaci\u00f3n y en el <a href=\"https:\/\/www.museosdetenerife.org\/mha-museo-de-historia-y-antropologia\/\" target=\"_blank\" rel=\"noopener\" target=\"_blank\" rel=\"noopener\">Museo de Historia y Antropolog\u00eda de Tenerife (MHAT)<\/a>.<\/p>\n<p>Objetivos:<\/p>\n<p>&#8211; Visibilizar los aportes y valores de origen africano en la sociedad europea.<br \/>\n&#8211; Promover la investigaci\u00f3n antropol\u00f3gica de las tem\u00e1ticas trabajadas en el ciclo cultural.<br \/>\n&#8211; Ofrecer una experiencia multisensorial de la presencia de afrodescendientes en el mundo.<br \/>\n&#8211; Profundizar en el valor documental e informativo y cient\u00edfico de las propuestas presentadas.<br \/>\n&#8211; Ofrecer una experiencia para el disfrute, la reflexi\u00f3n y el intercambio cultural.<\/p>\n<p>Dirigido especialmente al alumnado de la Facultad de Ciencias Sociales y de la Comunicaci\u00f3n de la ULL y de la UNED, alumnado de la ULL en general, as\u00ed como a cualquier persona interesada en el tema.<\/p>\n<p>Direcci\u00f3n acad\u00e9mica:<\/p>\n<ul>\n<li>Grecy P\u00e9rez Amores. Profesora Ayudante Doctora, Departamento de Sociolog\u00eda y Antropolog\u00eda de la Universidad de La Laguna.<\/li>\n<li>Jos\u00e9 Antonio Batista Medina. Profesor Titular de Universidad, Departamento de Sociolog\u00eda y Antropolog\u00eda de la Universidad de La Laguna.<\/li>\n<\/ul>\n<p>Coordinaci\u00f3n acad\u00e9mica: Carmen Marina Barreto Vargas. Profesora Titular de Universidad, Departamento de Sociolog\u00eda y Antropolog\u00eda de la Universidad de La Laguna.<\/p>\n<p><strong>CERTIFICADO DE ASISTENCIA, APTITUD Y RECONOCIMIENTO POR CR\u00c9DITO ECTS<\/strong><\/p>\n<p>La ULL, a trav\u00e9s del Vicerrectorado de Cultura, Participaci\u00f3n Social y Campus Ofra y La Palma, emitir\u00e1 un certificado de asistencia a todas aquellas personas que asistan a un m\u00ednimo del 80% de las horas lectivas presenciales. Asimismo, aquellas personas que superen el trabajo aut\u00f3nomo del alumnado, recibir\u00e1n un certificado de asistencia y aprovechamiento, reconocible a su vez por un cr\u00e9dito ECTS.<\/p>\n<p><a href=\"https:\/\/sede.fg.ull.es\/es\/curso\/detalle\/a23020038\/eurafricaribe-iii-edicion-de-los-afrodescendientes-de-ayer-hoy-y-ma-ana\" target=\"_blank\" rel=\"noopener\" target=\"_blank\" rel=\"noopener\"><strong><u>Consulta el programa e inscr\u00edbete aqu\u00ed.<\/u><\/strong><\/a><\/p>\n<p><strong>Contacto: 922 319 616 \/ 922 319 626 \u2013\u00a0<\/strong><a href=\"mailto:extuni@ull.edu.es\" target=\"_blank\" rel=\"noopener\"><strong>extuni@ull.es<\/strong><\/a><\/p>\n","protected":false},"excerpt":{"rendered":"<p>Curso de Extensi\u00f3n Universitaria organizado por Visi\u00f3n \u00e9lite Europa, Centre Euro \u00c1frica y Cine-sound Canarias, con la colaboraci\u00f3n de la Facultad de Ciencias Sociales y de la Comunicaci\u00f3n, el Centro de Estudios Africanos de la ULL (CEAULL), el Museo de Historia y Antropolog\u00eda de Tenerife (MHAT), la Asociaci\u00f3n Canaria de Antropolog\u00eda Social y Cultural (A.C.A)&#8230;<\/p>\n","protected":false},"author":43,"featured_media":28806,"comment_status":"closed","ping_status":"closed","template":"","tags":[4259,977,3812,3751],"tribe_events_cat":[472,4,848,186],"acf":[],"yoast_head":"<!-- This site is optimized with the Yoast SEO plugin v21.3 - https:\/\/yoast.com\/wordpress\/plugins\/seo\/ -->\n<title>Eur\u00c1friCaribe. III Edici\u00f3n de los Afrodescendientes de Ayer, Hoy y Ma\u00f1ana - ULL - Agenda<\/title>\n<meta name=\"robots\" content=\"index, follow, max-snippet:-1, max-image-preview:large, max-video-preview:-1\" \/>\n<link rel=\"canonical\" href=\"https:\/\/www.ull.es\/portal\/agenda\/evento\/eurafricaribe-iii-edicion-de-los-afrodescendientes-de-ayer-hoy-y-manana\/\" \/>\n<meta property=\"og:locale\" content=\"es_ES\" \/>\n<meta property=\"og:type\" content=\"article\" \/>\n<meta property=\"og:title\" content=\"Eur\u00c1friCaribe. III Edici\u00f3n de los Afrodescendientes de Ayer, Hoy y Ma\u00f1ana - ULL - Agenda\" \/>\n<meta property=\"og:description\" content=\"Curso de Extensi\u00f3n Universitaria organizado por Visi\u00f3n \u00e9lite Europa, Centre Euro \u00c1frica y Cine-sound Canarias, con la colaboraci\u00f3n de la Facultad de Ciencias Sociales y de la Comunicaci\u00f3n, el Centro de Estudios Africanos de la ULL (CEAULL), el Museo de Historia y Antropolog\u00eda de Tenerife (MHAT), la Asociaci\u00f3n Canaria de Antropolog\u00eda Social y Cultural (A.C.A)...\" \/>\n<meta property=\"og:url\" content=\"https:\/\/www.ull.es\/portal\/agenda\/evento\/eurafricaribe-iii-edicion-de-los-afrodescendientes-de-ayer-hoy-y-manana\/\" \/>\n<meta property=\"og:site_name\" content=\"ULL - Agenda\" \/>\n<meta property=\"og:image\" content=\"https:\/\/www.ull.es\/portal\/agenda\/wp-content\/uploads\/sites\/12\/2023\/02\/BannerEurAfriCaribe.jpg\" \/>\n\t<meta property=\"og:image:width\" content=\"700\" \/>\n\t<meta property=\"og:image:height\" content=\"350\" \/>\n\t<meta property=\"og:image:type\" content=\"image\/jpeg\" \/>\n<meta name=\"twitter:card\" content=\"summary_large_image\" \/>\n<meta name=\"twitter:label1\" content=\"Tiempo de lectura\" \/>\n\t<meta name=\"twitter:data1\" content=\"2 minutos\" \/>\n<script type=\"application\/ld+json\" class=\"yoast-schema-graph\">{\"@context\":\"https:\/\/schema.org\",\"@graph\":[{\"@type\":\"WebPage\",\"@id\":\"https:\/\/www.ull.es\/portal\/agenda\/evento\/eurafricaribe-iii-edicion-de-los-afrodescendientes-de-ayer-hoy-y-manana\/\",\"url\":\"https:\/\/www.ull.es\/portal\/agenda\/evento\/eurafricaribe-iii-edicion-de-los-afrodescendientes-de-ayer-hoy-y-manana\/\",\"name\":\"Eur\u00c1friCaribe. III Edici\u00f3n de los Afrodescendientes de Ayer, Hoy y Ma\u00f1ana - ULL - Agenda\",\"isPartOf\":{\"@id\":\"https:\/\/www.ull.es\/portal\/agenda\/#website\"},\"datePublished\":\"2023-02-08T10:30:11+00:00\",\"dateModified\":\"2023-02-08T10:30:11+00:00\",\"breadcrumb\":{\"@id\":\"https:\/\/www.ull.es\/portal\/agenda\/evento\/eurafricaribe-iii-edicion-de-los-afrodescendientes-de-ayer-hoy-y-manana\/#breadcrumb\"},\"inLanguage\":\"es\",\"potentialAction\":[{\"@type\":\"ReadAction\",\"target\":[\"https:\/\/www.ull.es\/portal\/agenda\/evento\/eurafricaribe-iii-edicion-de-los-afrodescendientes-de-ayer-hoy-y-manana\/\"]}]},{\"@type\":\"BreadcrumbList\",\"@id\":\"https:\/\/www.ull.es\/portal\/agenda\/evento\/eurafricaribe-iii-edicion-de-los-afrodescendientes-de-ayer-hoy-y-manana\/#breadcrumb\",\"itemListElement\":[{\"@type\":\"ListItem\",\"position\":1,\"name\":\"Portada\",\"item\":\"https:\/\/www.ull.es\/portal\/agenda\/\"},{\"@type\":\"ListItem\",\"position\":2,\"name\":\"Eur\u00c1friCaribe. III Edici\u00f3n de los Afrodescendientes de Ayer, Hoy y Ma\u00f1ana\"}]},{\"@type\":\"WebSite\",\"@id\":\"https:\/\/www.ull.es\/portal\/agenda\/#website\",\"url\":\"https:\/\/www.ull.es\/portal\/agenda\/\",\"name\":\"ULL - Agenda\",\"description\":\"\",\"potentialAction\":[{\"@type\":\"SearchAction\",\"target\":{\"@type\":\"EntryPoint\",\"urlTemplate\":\"https:\/\/www.ull.es\/portal\/agenda\/?s={search_term_string}\"},\"query-input\":\"required name=search_term_string\"}],\"inLanguage\":\"es\"}]}<\/script>\n<!-- \/ Yoast SEO plugin. -->","yoast_head_json":{"title":"Eur\u00c1friCaribe. III Edici\u00f3n de los Afrodescendientes de Ayer, Hoy y Ma\u00f1ana - ULL - Agenda","robots":{"index":"index","follow":"follow","max-snippet":"max-snippet:-1","max-image-preview":"max-image-preview:large","max-video-preview":"max-video-preview:-1"},"canonical":"https:\/\/www.ull.es\/portal\/agenda\/evento\/eurafricaribe-iii-edicion-de-los-afrodescendientes-de-ayer-hoy-y-manana\/","og_locale":"es_ES","og_type":"article","og_title":"Eur\u00c1friCaribe. III Edici\u00f3n de los Afrodescendientes de Ayer, Hoy y Ma\u00f1ana - ULL - Agenda","og_description":"Curso de Extensi\u00f3n Universitaria organizado por Visi\u00f3n \u00e9lite Europa, Centre Euro \u00c1frica y Cine-sound Canarias, con la colaboraci\u00f3n de la Facultad de Ciencias Sociales y de la Comunicaci\u00f3n, el Centro de Estudios Africanos de la ULL (CEAULL), el Museo de Historia y Antropolog\u00eda de Tenerife (MHAT), la Asociaci\u00f3n Canaria de Antropolog\u00eda Social y Cultural (A.C.A)...","og_url":"https:\/\/www.ull.es\/portal\/agenda\/evento\/eurafricaribe-iii-edicion-de-los-afrodescendientes-de-ayer-hoy-y-manana\/","og_site_name":"ULL - Agenda","og_image":[{"width":700,"height":350,"url":"https:\/\/www.ull.es\/portal\/agenda\/wp-content\/uploads\/sites\/12\/2023\/02\/BannerEurAfriCaribe.jpg","type":"image\/jpeg"}],"twitter_card":"summary_large_image","twitter_misc":{"Tiempo de lectura":"2 minutos"},"schema":{"@context":"https:\/\/schema.org","@graph":[{"@type":"WebPage","@id":"https:\/\/www.ull.es\/portal\/agenda\/evento\/eurafricaribe-iii-edicion-de-los-afrodescendientes-de-ayer-hoy-y-manana\/","url":"https:\/\/www.ull.es\/portal\/agenda\/evento\/eurafricaribe-iii-edicion-de-los-afrodescendientes-de-ayer-hoy-y-manana\/","name":"Eur\u00c1friCaribe. III Edici\u00f3n de los Afrodescendientes de Ayer, Hoy y Ma\u00f1ana - ULL - Agenda","isPartOf":{"@id":"https:\/\/www.ull.es\/portal\/agenda\/#website"},"datePublished":"2023-02-08T10:30:11+00:00","dateModified":"2023-02-08T10:30:11+00:00","breadcrumb":{"@id":"https:\/\/www.ull.es\/portal\/agenda\/evento\/eurafricaribe-iii-edicion-de-los-afrodescendientes-de-ayer-hoy-y-manana\/#breadcrumb"},"inLanguage":"es","potentialAction":[{"@type":"ReadAction","target":["https:\/\/www.ull.es\/portal\/agenda\/evento\/eurafricaribe-iii-edicion-de-los-afrodescendientes-de-ayer-hoy-y-manana\/"]}]},{"@type":"BreadcrumbList","@id":"https:\/\/www.ull.es\/portal\/agenda\/evento\/eurafricaribe-iii-edicion-de-los-afrodescendientes-de-ayer-hoy-y-manana\/#breadcrumb","itemListElement":[{"@type":"ListItem","position":1,"name":"Portada","item":"https:\/\/www.ull.es\/portal\/agenda\/"},{"@type":"ListItem","position":2,"name":"Eur\u00c1friCaribe. III Edici\u00f3n de los Afrodescendientes de Ayer, Hoy y Ma\u00f1ana"}]},{"@type":"WebSite","@id":"https:\/\/www.ull.es\/portal\/agenda\/#website","url":"https:\/\/www.ull.es\/portal\/agenda\/","name":"ULL - Agenda","description":"","potentialAction":[{"@type":"SearchAction","target":{"@type":"EntryPoint","urlTemplate":"https:\/\/www.ull.es\/portal\/agenda\/?s={search_term_string}"},"query-input":"required name=search_term_string"}],"inLanguage":"es"}]}},"_links":{"self":[{"href":"https:\/\/www.ull.es\/portal\/agenda\/wp-json\/wp\/v2\/tribe_events\/28805"}],"collection":[{"href":"https:\/\/www.ull.es\/portal\/agenda\/wp-json\/wp\/v2\/tribe_events"}],"about":[{"href":"https:\/\/www.ull.es\/portal\/agenda\/wp-json\/wp\/v2\/types\/tribe_events"}],"author":[{"embeddable":true,"href":"https:\/\/www.ull.es\/portal\/agenda\/wp-json\/wp\/v2\/users\/43"}],"replies":[{"embeddable":true,"href":"https:\/\/www.ull.es\/portal\/agenda\/wp-json\/wp\/v2\/comments?post=28805"}],"version-history":[{"count":1,"href":"https:\/\/www.ull.es\/portal\/agenda\/wp-json\/wp\/v2\/tribe_events\/28805\/revisions"}],"predecessor-version":[{"id":28807,"href":"https:\/\/www.ull.es\/portal\/agenda\/wp-json\/wp\/v2\/tribe_events\/28805\/revisions\/28807"}],"wp:featuredmedia":[{"embeddable":true,"href":"https:\/\/www.ull.es\/portal\/agenda\/wp-json\/wp\/v2\/media\/28806"}],"wp:attachment":[{"href":"https:\/\/www.ull.es\/portal\/agenda\/wp-json\/wp\/v2\/media?parent=28805"}],"wp:term":[{"taxonomy":"post_tag","embeddable":true,"href":"https:\/\/www.ull.es\/portal\/agenda\/wp-json\/wp\/v2\/tags?post=28805"},{"taxonomy":"tribe_events_cat","embeddable":true,"href":"https:\/\/www.ull.es\/portal\/agenda\/wp-json\/wp\/v2\/tribe_events_cat?post=28805"}],"curies":[{"name":"wp","href":"https:\/\/api.w.org\/{rel}","templated":true}]}}

EurÁfriCaribe. III Edición de los Afrodescendientes de Ayer, Hoy y Mañana

<p>Curso de Extensión Universitaria organizado por Visión élite Europa, Centre Euro África y Cine-sound Canarias, con la colaboración de la Facultad de Ciencias Sociales y de la Comunicación, el Centro de Estudios Africanos de la ULL (CEAULL), el Museo de Historia y Antropología de Tenerife (MHAT), la Asociación Canaria de Antropología Social y Cultural (A.C.A) y la Asociación Puente Humano.</p>
<p>El curso se celebrará entre el 24 de febrero y el 3 de marzo de 2023 en la Facultad de Ciencias Sociales y de la Comunicación y en el <a href="https://www.museosdetenerife.org/mha-museo-de-historia-y-antropologia/" target="_blank" rel="noopener" target="_blank" rel="noopener">Museo de Historia y Antropología de Tenerife (MHAT)</a>.</p>
<p>Objetivos:</p>
<p>&#8211; Visibilizar los aportes y valores de origen africano en la sociedad europea.<br />
&#8211; Promover la investigación antropológica de las temáticas trabajadas en el ciclo cultural.<br />
&#8211; Ofrecer una experiencia multisensorial de la presencia de afrodescendientes en el mundo.<br />
&#8211; Profundizar en el valor documental e informativo y científico de las propuestas presentadas.<br />
&#8211; Ofrecer una experiencia para el disfrute, la reflexión y el intercambio cultural.</p>
<p>Dirigido especialmente al alumnado de la Facultad de Ciencias Sociales y de la Comunicación de la ULL y de la UNED, alumnado de la ULL en general, así como a cualquier persona interesada en el tema.</p>
<p>Dirección académica:</p>
<ul>
<li>Grecy Pérez Amores. Profesora Ayudante Doctora, Departamento de Sociología y Antropología de la Universidad de La Laguna.</li>
<li>José Antonio Batista Medina. Profesor Titular de Universidad, Departamento de Sociología y Antropología de la Universidad de La Laguna.</li>
</ul>
<p>Coordinación académica: Carmen Marina Barreto Vargas. Profesora Titular de Universidad, Departamento de Sociología y Antropología de la Universidad de La Laguna.</p>
<p><strong>CERTIFICADO DE ASISTENCIA, APTITUD Y RECONOCIMIENTO POR CRÉDITO ECTS</strong></p>
<p>La ULL, a través del Vicerrectorado de Cultura, Participación Social y Campus Ofra y La Palma, emitirá un certificado de asistencia a todas aquellas personas que asistan a un mínimo del 80% de las horas lectivas presenciales. Asimismo, aquellas personas que superen el trabajo autónomo del alumnado, recibirán un certificado de asistencia y aprovechamiento, reconocible a su vez por un crédito ECTS.</p>
<p><a href="https://sede.fg.ull.es/es/curso/detalle/a23020038/eurafricaribe-iii-edicion-de-los-afrodescendientes-de-ayer-hoy-y-ma-ana" target="_blank" rel="noopener" target="_blank" rel="noopener"><strong><u>Consulta el programa e inscríbete aquí.</u></strong></a></p>
<p><strong>Contacto: 922 319 616 / 922 319 626 – </strong><a href="mailto:extuni@ull.edu.es" target="_blank" rel="noopener"><strong>extuni@ull.es</strong></a></p>

<p>Curso de Extensión Universitaria organizado por Visión élite Europa, Centre Euro África y Cine-sound Canarias, con la colaboración de la Facultad de Ciencias Sociales y de la Comunicación, el Centro de Estudios Africanos de la ULL (CEAULL), el Museo de Historia y Antropología de Tenerife (MHAT), la Asociación Canaria de Antropología Social y Cultural (A.C.A)&#8230;</p>

<!-- This site is optimized with the Yoast SEO plugin v21.3 - https://yoast.com/wordpress/plugins/seo/ -->
<title>EurÁfriCaribe. III Edición de los Afrodescendientes de Ayer, Hoy y Mañana - ULL - Agenda</title>
<meta name="robots" content="index, follow, max-snippet:-1, max-image-preview:large, max-video-preview:-1" />
<link rel="canonical" href="https://www.ull.es/portal/agenda/evento/eurafricaribe-iii-edicion-de-los-afrodescendientes-de-ayer-hoy-y-manana/" />
<meta property="og:locale" content="es_ES" />
<meta property="og:type" content="article" />
<meta property="og:title" content="EurÁfriCaribe. III Edición de los Afrodescendientes de Ayer, Hoy y Mañana - ULL - Agenda" />
<meta property="og:description" content="Curso de Extensión Universitaria organizado por Visión élite Europa, Centre Euro África y Cine-sound Canarias, con la colaboración de la Facultad de Ciencias Sociales y de la Comunicación, el Centro de Estudios Africanos de la ULL (CEAULL), el Museo de Historia y Antropología de Tenerife (MHAT), la Asociación Canaria de Antropología Social y Cultural (A.C.A)..." />
<meta property="og:url" content="https://www.ull.es/portal/agenda/evento/eurafricaribe-iii-edicion-de-los-afrodescendientes-de-ayer-hoy-y-manana/" />
<meta property="og:site_name" content="ULL - Agenda" />
<meta property="og:image" content="https://www.ull.es/portal/agenda/wp-content/uploads/sites/12/2023/02/BannerEurAfriCaribe.jpg" />
	<meta property="og:image:width" content="700" />
	<meta property="og:image:height" content="350" />
	<meta property="og:image:type" content="image/jpeg" />
<meta name="twitter:card" content="summary_large_image" />
<meta name="twitter:label1" content="Tiempo de lectura" />
	<meta name="twitter:data1" content="2 minutos" />
<script type="application/ld+json" class="yoast-schema-graph">{"@context":"https://schema.org","@graph":[{"@type":"WebPage","@id":"https://www.ull.es/portal/agenda/evento/eurafricaribe-iii-edicion-de-los-afrodescendientes-de-ayer-hoy-y-manana/","url":"https://www.ull.es/portal/agenda/evento/eurafricaribe-iii-edicion-de-los-afrodescendientes-de-ayer-hoy-y-manana/","name":"EurÁfriCaribe. III Edición de los Afrodescendientes de Ayer, Hoy y Mañana - ULL - Agenda","isPartOf":{"@id":"https://www.ull.es/portal/agenda/#website"},"datePublished":"2023-02-08T10:30:11+00:00","dateModified":"2023-02-08T10:30:11+00:00","breadcrumb":{"@id":"https://www.ull.es/portal/agenda/evento/eurafricaribe-iii-edicion-de-los-afrodescendientes-de-ayer-hoy-y-manana/#breadcrumb"},"inLanguage":"es","potentialAction":[{"@type":"ReadAction","target":["https://www.ull.es/portal/agenda/evento/eurafricaribe-iii-edicion-de-los-afrodescendientes-de-ayer-hoy-y-manana/"]}]},{"@type":"BreadcrumbList","@id":"https://www.ull.es/portal/agenda/evento/eurafricaribe-iii-edicion-de-los-afrodescendientes-de-ayer-hoy-y-manana/#breadcrumb","itemListElement":[{"@type":"ListItem","position":1,"name":"Portada","item":"https://www.ull.es/portal/agenda/"},{"@type":"ListItem","position":2,"name":"EurÁfriCaribe. III Edición de los Afrodescendientes de Ayer, Hoy y Mañana"}]},{"@type":"WebSite","@id":"https://www.ull.es/portal/agenda/#website","url":"https://www.ull.es/portal/agenda/","name":"ULL - Agenda","description":"","potentialAction":[{"@type":"SearchAction","target":{"@type":"EntryPoint","urlTemplate":"https://www.ull.es/portal/agenda/?s={search_term_string}"},"query-input":"required name=search_term_string"}],"inLanguage":"es"}]}</script>
<!-- / Yoast SEO plugin. -->

EurÁfriCaribe. III Edición de los Afrodescendientes de Ayer, Hoy y Mañana - ULL - Agenda

Curso de Extensión Universitaria organizado por Visión élite Europa, Centre Euro África y Cine-sound Canarias, con la colaboración de la Facultad de Ciencias Sociales y de la Comunicación, el Centro de Estudios Africanos de la ULL (CEAULL), el Museo de Historia y Antropología de Tenerife (MHAT), la Asociación Canaria de Antropología Social y Cultural (A.C.A)...
