{"id":28862,"date":"2023-02-15T08:33:23","date_gmt":"2023-02-15T08:33:23","guid":{"rendered":"https:\/\/www.ull.es\/portal\/agenda\/?post_type=tribe_events&#038;p=28862"},"modified":"2023-02-16T09:02:07","modified_gmt":"2023-02-16T09:02:07","slug":"xxii-jornadas-de-etica-y-politica-el-dialogo-con-el-islam-en-espana-en-la-actualidad","status":"publish","type":"tribe_events","link":"https:\/\/www.ull.es\/portal\/agenda\/evento\/xxii-jornadas-de-etica-y-politica-el-dialogo-con-el-islam-en-espana-en-la-actualidad\/","title":{"rendered":"XXII Jornadas de \u00c9tica y Pol\u00edtica. El di\u00e1logo con el Islam en Espa\u00f1a en la actualidad"},"content":{"rendered":"<p>Actividad de Extensi\u00f3n Universitaria organizada por la C\u00e1tedra Cultural Pedro Bencomo de la ULL\u00a0 y el Instituto Superior de Teolog\u00eda de las Islas Canarias (ISTIC), que se celebrar\u00e1 los d\u00edas 21 al 23 de marzo de 2023 en la sede del ISTIC.<\/p>\n<p>Este curso pretende iluminar un problema de convivencia cada d\u00eda m\u00e1s complejo: la integraci\u00f3n de los musulmanes en Espa\u00f1a. No nos adentraremos en su decurso hist\u00f3rico, sino que polarizaremos la mirada \u00fanicamente en el siglo XXI.<\/p>\n<p>El objetivo final es sentir que podemos ir <em>Abriendo caminos de futuro<\/em>. Ante el islam, son muchos los recelos que brotan a flor de piel. Pero incluso para aquellos que no consideren posible el ideario se\u00f1alado, afirmamos que lo que es incuestionable es que estamos obligados a convivir o, de lo contrario, brotar\u00e1 con m\u00e1s fuerza el odio y la violencia. Incluso m\u00e1s, no existen al d\u00eda de hoy razas o culturas puras; el mestizaje no es una opci\u00f3n, se trata del futuro que inevitablemente se dar\u00e1. Aunque ello no impide ser muy consciente de las dificultades que conlleva este proceso.<\/p>\n<p>Objetivos espec\u00edficos:<\/p>\n<ul>\n<li>Presentar la realidad actual del islam en la Espa\u00f1a del siglo XXI.<\/li>\n<li>Cuestionar el mito de que los musulmanes son inmigrantes.<\/li>\n<li>La paulatina integraci\u00f3n del islam en nuestra cultura.<\/li>\n<li>C\u00f3mo configurar un islam radicalmente espa\u00f1ol.<\/li>\n<li>El di\u00e1logo intercultural\/interreligioso como proyecto beneficioso.<\/li>\n<\/ul>\n<p>Imparte: Fernando Susaeta Montoya. Doctor en Teolog\u00eda Espiritual y doctor en Filosof\u00eda. Secretario de la Facultad de Teolog\u00eda del Norte de Espa\u00f1a (sede de Burgos).<\/p>\n<p>Direcci\u00f3n acad\u00e9mica: Celina Pestano Gabino. Profesora Titular del Departamento de Econom\u00eda Aplicada y M\u00e9todos Cuantitativos de la Universidad de La Laguna.<\/p>\n<p><strong><a href=\"https:\/\/sites.google.com\/cettenerife.org\/jornadas-etica-politica-2023\/inicio\" target=\"_blank\" rel=\"noopener\" target=\"_blank\" rel=\"noopener\">Consultar programa aqu\u00ed.<\/a><\/strong><\/p>\n<p><a href=\"https:\/\/docs.google.com\/forms\/d\/e\/1FAIpQLSfQrwn2mp7OfMaCBgltPDxiiEiIkeMf8Ap067Lx0TTa2xjH9w\/viewform\" target=\"_blank\" rel=\"noopener noreferrer\" target=\"_blank\" rel=\"noopener\"><strong>INSCR\u00cdBETE AQU\u00cd.<\/strong><\/a><\/p>\n<p><a href=\"https:\/\/drive.google.com\/file\/d\/12-zkqLAaRyLWI2TSNRV0cDVbqRk1nWD9\/view?usp=share_link\" target=\"_blank\" rel=\"noopener\" target=\"_blank\" rel=\"noopener\"><strong>Descargar cartel.<\/strong><\/a><\/p>\n<p><strong>CERTIFICADO DE ASISTENCIA, APTITUD Y RECONOCIMIENTO POR CR\u00c9DITO ECTS<\/strong><\/p>\n<p>La ULL, a trav\u00e9s del Vicerrectorado de Cultura, Participaci\u00f3n Social y Campus Ofra y La Palma, emitir\u00e1 un certificado de asistencia a todas aquellas personas que asistan a un m\u00ednimo del 80% de las horas lectivas presenciales. Asimismo, aquellas personas que superen el trabajo aut\u00f3nomo del alumnado, recibir\u00e1n un certificado de asistencia y aprovechamiento, reconocible a su vez por un cr\u00e9dito ECTS.<\/p>\n<p><strong>Contacto (ISTIC): 922 252 540 \u2013\u00a0<a href=\"mailto:secretaria@cettenerife.org\" target=\"_blank\" rel=\"noopener\">secretaria@cettenerife.org<\/a><\/strong><\/p>\n<p><strong>Contacto (VRS-ULL): 922 319 616 \/ 922 319 626 \u2013\u00a0<\/strong><a href=\"mailto:extuni@ull.edu.es\" target=\"_blank\" rel=\"noopener\"><strong>extuni@ull.es<\/strong><\/a><\/p>\n","protected":false},"excerpt":{"rendered":"<p>Actividad de Extensi\u00f3n Universitaria organizada por la C\u00e1tedra Cultural Pedro Bencomo de la ULL\u00a0 y el Instituto Superior de Teolog\u00eda de las Islas Canarias (ISTIC), que se celebrar\u00e1 los d\u00edas 21 al 23 de marzo de 2023 en la sede del ISTIC. Este curso pretende iluminar un problema de convivencia cada d\u00eda m\u00e1s complejo: la&#8230;<\/p>\n","protected":false},"author":43,"featured_media":28864,"comment_status":"closed","ping_status":"closed","template":"","tags":[4259,977,3812,3751],"tribe_events_cat":[472,471,4,186],"acf":[],"yoast_head":"<!-- This site is optimized with the Yoast SEO plugin v21.3 - https:\/\/yoast.com\/wordpress\/plugins\/seo\/ -->\n<title>XXII Jornadas de \u00c9tica y Pol\u00edtica. El di\u00e1logo con el Islam en Espa\u00f1a en la actualidad - ULL - Agenda<\/title>\n<meta name=\"robots\" content=\"index, follow, max-snippet:-1, max-image-preview:large, max-video-preview:-1\" \/>\n<link rel=\"canonical\" href=\"https:\/\/www.ull.es\/portal\/agenda\/evento\/xxii-jornadas-de-etica-y-politica-el-dialogo-con-el-islam-en-espana-en-la-actualidad\/\" \/>\n<meta property=\"og:locale\" content=\"es_ES\" \/>\n<meta property=\"og:type\" content=\"article\" \/>\n<meta property=\"og:title\" content=\"XXII Jornadas de \u00c9tica y Pol\u00edtica. El di\u00e1logo con el Islam en Espa\u00f1a en la actualidad - ULL - Agenda\" \/>\n<meta property=\"og:description\" content=\"Actividad de Extensi\u00f3n Universitaria organizada por la C\u00e1tedra Cultural Pedro Bencomo de la ULL\u00a0 y el Instituto Superior de Teolog\u00eda de las Islas Canarias (ISTIC), que se celebrar\u00e1 los d\u00edas 21 al 23 de marzo de 2023 en la sede del ISTIC. Este curso pretende iluminar un problema de convivencia cada d\u00eda m\u00e1s complejo: la...\" \/>\n<meta property=\"og:url\" content=\"https:\/\/www.ull.es\/portal\/agenda\/evento\/xxii-jornadas-de-etica-y-politica-el-dialogo-con-el-islam-en-espana-en-la-actualidad\/\" \/>\n<meta property=\"og:site_name\" content=\"ULL - Agenda\" \/>\n<meta property=\"article:modified_time\" content=\"2023-02-16T09:02:07+00:00\" \/>\n<meta property=\"og:image\" content=\"https:\/\/www.ull.es\/portal\/agenda\/wp-content\/uploads\/sites\/12\/2023\/02\/BannerISTIC.jpg\" \/>\n\t<meta property=\"og:image:width\" content=\"700\" \/>\n\t<meta property=\"og:image:height\" content=\"350\" \/>\n\t<meta property=\"og:image:type\" content=\"image\/jpeg\" \/>\n<meta name=\"twitter:card\" content=\"summary_large_image\" \/>\n<meta name=\"twitter:label1\" content=\"Tiempo de lectura\" \/>\n\t<meta name=\"twitter:data1\" content=\"2 minutos\" \/>\n<script type=\"application\/ld+json\" class=\"yoast-schema-graph\">{\"@context\":\"https:\/\/schema.org\",\"@graph\":[{\"@type\":\"WebPage\",\"@id\":\"https:\/\/www.ull.es\/portal\/agenda\/evento\/xxii-jornadas-de-etica-y-politica-el-dialogo-con-el-islam-en-espana-en-la-actualidad\/\",\"url\":\"https:\/\/www.ull.es\/portal\/agenda\/evento\/xxii-jornadas-de-etica-y-politica-el-dialogo-con-el-islam-en-espana-en-la-actualidad\/\",\"name\":\"XXII Jornadas de \u00c9tica y Pol\u00edtica. El di\u00e1logo con el Islam en Espa\u00f1a en la actualidad - ULL - Agenda\",\"isPartOf\":{\"@id\":\"https:\/\/www.ull.es\/portal\/agenda\/#website\"},\"datePublished\":\"2023-02-15T08:33:23+00:00\",\"dateModified\":\"2023-02-16T09:02:07+00:00\",\"breadcrumb\":{\"@id\":\"https:\/\/www.ull.es\/portal\/agenda\/evento\/xxii-jornadas-de-etica-y-politica-el-dialogo-con-el-islam-en-espana-en-la-actualidad\/#breadcrumb\"},\"inLanguage\":\"es\",\"potentialAction\":[{\"@type\":\"ReadAction\",\"target\":[\"https:\/\/www.ull.es\/portal\/agenda\/evento\/xxii-jornadas-de-etica-y-politica-el-dialogo-con-el-islam-en-espana-en-la-actualidad\/\"]}]},{\"@type\":\"BreadcrumbList\",\"@id\":\"https:\/\/www.ull.es\/portal\/agenda\/evento\/xxii-jornadas-de-etica-y-politica-el-dialogo-con-el-islam-en-espana-en-la-actualidad\/#breadcrumb\",\"itemListElement\":[{\"@type\":\"ListItem\",\"position\":1,\"name\":\"Portada\",\"item\":\"https:\/\/www.ull.es\/portal\/agenda\/\"},{\"@type\":\"ListItem\",\"position\":2,\"name\":\"XXII Jornadas de \u00c9tica y Pol\u00edtica. El di\u00e1logo con el Islam en Espa\u00f1a en la actualidad\"}]},{\"@type\":\"WebSite\",\"@id\":\"https:\/\/www.ull.es\/portal\/agenda\/#website\",\"url\":\"https:\/\/www.ull.es\/portal\/agenda\/\",\"name\":\"ULL - Agenda\",\"description\":\"\",\"potentialAction\":[{\"@type\":\"SearchAction\",\"target\":{\"@type\":\"EntryPoint\",\"urlTemplate\":\"https:\/\/www.ull.es\/portal\/agenda\/?s={search_term_string}\"},\"query-input\":\"required name=search_term_string\"}],\"inLanguage\":\"es\"}]}<\/script>\n<!-- \/ Yoast SEO plugin. -->","yoast_head_json":{"title":"XXII Jornadas de \u00c9tica y Pol\u00edtica. El di\u00e1logo con el Islam en Espa\u00f1a en la actualidad - ULL - Agenda","robots":{"index":"index","follow":"follow","max-snippet":"max-snippet:-1","max-image-preview":"max-image-preview:large","max-video-preview":"max-video-preview:-1"},"canonical":"https:\/\/www.ull.es\/portal\/agenda\/evento\/xxii-jornadas-de-etica-y-politica-el-dialogo-con-el-islam-en-espana-en-la-actualidad\/","og_locale":"es_ES","og_type":"article","og_title":"XXII Jornadas de \u00c9tica y Pol\u00edtica. El di\u00e1logo con el Islam en Espa\u00f1a en la actualidad - ULL - Agenda","og_description":"Actividad de Extensi\u00f3n Universitaria organizada por la C\u00e1tedra Cultural Pedro Bencomo de la ULL\u00a0 y el Instituto Superior de Teolog\u00eda de las Islas Canarias (ISTIC), que se celebrar\u00e1 los d\u00edas 21 al 23 de marzo de 2023 en la sede del ISTIC. Este curso pretende iluminar un problema de convivencia cada d\u00eda m\u00e1s complejo: la...","og_url":"https:\/\/www.ull.es\/portal\/agenda\/evento\/xxii-jornadas-de-etica-y-politica-el-dialogo-con-el-islam-en-espana-en-la-actualidad\/","og_site_name":"ULL - Agenda","article_modified_time":"2023-02-16T09:02:07+00:00","og_image":[{"width":700,"height":350,"url":"https:\/\/www.ull.es\/portal\/agenda\/wp-content\/uploads\/sites\/12\/2023\/02\/BannerISTIC.jpg","type":"image\/jpeg"}],"twitter_card":"summary_large_image","twitter_misc":{"Tiempo de lectura":"2 minutos"},"schema":{"@context":"https:\/\/schema.org","@graph":[{"@type":"WebPage","@id":"https:\/\/www.ull.es\/portal\/agenda\/evento\/xxii-jornadas-de-etica-y-politica-el-dialogo-con-el-islam-en-espana-en-la-actualidad\/","url":"https:\/\/www.ull.es\/portal\/agenda\/evento\/xxii-jornadas-de-etica-y-politica-el-dialogo-con-el-islam-en-espana-en-la-actualidad\/","name":"XXII Jornadas de \u00c9tica y Pol\u00edtica. El di\u00e1logo con el Islam en Espa\u00f1a en la actualidad - ULL - Agenda","isPartOf":{"@id":"https:\/\/www.ull.es\/portal\/agenda\/#website"},"datePublished":"2023-02-15T08:33:23+00:00","dateModified":"2023-02-16T09:02:07+00:00","breadcrumb":{"@id":"https:\/\/www.ull.es\/portal\/agenda\/evento\/xxii-jornadas-de-etica-y-politica-el-dialogo-con-el-islam-en-espana-en-la-actualidad\/#breadcrumb"},"inLanguage":"es","potentialAction":[{"@type":"ReadAction","target":["https:\/\/www.ull.es\/portal\/agenda\/evento\/xxii-jornadas-de-etica-y-politica-el-dialogo-con-el-islam-en-espana-en-la-actualidad\/"]}]},{"@type":"BreadcrumbList","@id":"https:\/\/www.ull.es\/portal\/agenda\/evento\/xxii-jornadas-de-etica-y-politica-el-dialogo-con-el-islam-en-espana-en-la-actualidad\/#breadcrumb","itemListElement":[{"@type":"ListItem","position":1,"name":"Portada","item":"https:\/\/www.ull.es\/portal\/agenda\/"},{"@type":"ListItem","position":2,"name":"XXII Jornadas de \u00c9tica y Pol\u00edtica. El di\u00e1logo con el Islam en Espa\u00f1a en la actualidad"}]},{"@type":"WebSite","@id":"https:\/\/www.ull.es\/portal\/agenda\/#website","url":"https:\/\/www.ull.es\/portal\/agenda\/","name":"ULL - Agenda","description":"","potentialAction":[{"@type":"SearchAction","target":{"@type":"EntryPoint","urlTemplate":"https:\/\/www.ull.es\/portal\/agenda\/?s={search_term_string}"},"query-input":"required name=search_term_string"}],"inLanguage":"es"}]}},"_links":{"self":[{"href":"https:\/\/www.ull.es\/portal\/agenda\/wp-json\/wp\/v2\/tribe_events\/28862"}],"collection":[{"href":"https:\/\/www.ull.es\/portal\/agenda\/wp-json\/wp\/v2\/tribe_events"}],"about":[{"href":"https:\/\/www.ull.es\/portal\/agenda\/wp-json\/wp\/v2\/types\/tribe_events"}],"author":[{"embeddable":true,"href":"https:\/\/www.ull.es\/portal\/agenda\/wp-json\/wp\/v2\/users\/43"}],"replies":[{"embeddable":true,"href":"https:\/\/www.ull.es\/portal\/agenda\/wp-json\/wp\/v2\/comments?post=28862"}],"version-history":[{"count":7,"href":"https:\/\/www.ull.es\/portal\/agenda\/wp-json\/wp\/v2\/tribe_events\/28862\/revisions"}],"predecessor-version":[{"id":28870,"href":"https:\/\/www.ull.es\/portal\/agenda\/wp-json\/wp\/v2\/tribe_events\/28862\/revisions\/28870"}],"wp:featuredmedia":[{"embeddable":true,"href":"https:\/\/www.ull.es\/portal\/agenda\/wp-json\/wp\/v2\/media\/28864"}],"wp:attachment":[{"href":"https:\/\/www.ull.es\/portal\/agenda\/wp-json\/wp\/v2\/media?parent=28862"}],"wp:term":[{"taxonomy":"post_tag","embeddable":true,"href":"https:\/\/www.ull.es\/portal\/agenda\/wp-json\/wp\/v2\/tags?post=28862"},{"taxonomy":"tribe_events_cat","embeddable":true,"href":"https:\/\/www.ull.es\/portal\/agenda\/wp-json\/wp\/v2\/tribe_events_cat?post=28862"}],"curies":[{"name":"wp","href":"https:\/\/api.w.org\/{rel}","templated":true}]}}

XXII Jornadas de Ética y Política. El diálogo con el Islam en España en la actualidad

<p>Actividad de Extensión Universitaria organizada por la Cátedra Cultural Pedro Bencomo de la ULL  y el Instituto Superior de Teología de las Islas Canarias (ISTIC), que se celebrará los días 21 al 23 de marzo de 2023 en la sede del ISTIC.</p>
<p>Este curso pretende iluminar un problema de convivencia cada día más complejo: la integración de los musulmanes en España. No nos adentraremos en su decurso histórico, sino que polarizaremos la mirada únicamente en el siglo XXI.</p>
<p>El objetivo final es sentir que podemos ir <em>Abriendo caminos de futuro</em>. Ante el islam, son muchos los recelos que brotan a flor de piel. Pero incluso para aquellos que no consideren posible el ideario señalado, afirmamos que lo que es incuestionable es que estamos obligados a convivir o, de lo contrario, brotará con más fuerza el odio y la violencia. Incluso más, no existen al día de hoy razas o culturas puras; el mestizaje no es una opción, se trata del futuro que inevitablemente se dará. Aunque ello no impide ser muy consciente de las dificultades que conlleva este proceso.</p>
<p>Objetivos específicos:</p>
<ul>
<li>Presentar la realidad actual del islam en la España del siglo XXI.</li>
<li>Cuestionar el mito de que los musulmanes son inmigrantes.</li>
<li>La paulatina integración del islam en nuestra cultura.</li>
<li>Cómo configurar un islam radicalmente español.</li>
<li>El diálogo intercultural/interreligioso como proyecto beneficioso.</li>
</ul>
<p>Imparte: Fernando Susaeta Montoya. Doctor en Teología Espiritual y doctor en Filosofía. Secretario de la Facultad de Teología del Norte de España (sede de Burgos).</p>
<p>Dirección académica: Celina Pestano Gabino. Profesora Titular del Departamento de Economía Aplicada y Métodos Cuantitativos de la Universidad de La Laguna.</p>
<p><strong><a href="https://sites.google.com/cettenerife.org/jornadas-etica-politica-2023/inicio" target="_blank" rel="noopener" target="_blank" rel="noopener">Consultar programa aquí.</a></strong></p>
<p><a href="https://docs.google.com/forms/d/e/1FAIpQLSfQrwn2mp7OfMaCBgltPDxiiEiIkeMf8Ap067Lx0TTa2xjH9w/viewform" target="_blank" rel="noopener noreferrer" target="_blank" rel="noopener"><strong>INSCRÍBETE AQUÍ.</strong></a></p>
<p><a href="https://drive.google.com/file/d/12-zkqLAaRyLWI2TSNRV0cDVbqRk1nWD9/view?usp=share_link" target="_blank" rel="noopener" target="_blank" rel="noopener"><strong>Descargar cartel.</strong></a></p>
<p><strong>CERTIFICADO DE ASISTENCIA, APTITUD Y RECONOCIMIENTO POR CRÉDITO ECTS</strong></p>
<p>La ULL, a través del Vicerrectorado de Cultura, Participación Social y Campus Ofra y La Palma, emitirá un certificado de asistencia a todas aquellas personas que asistan a un mínimo del 80% de las horas lectivas presenciales. Asimismo, aquellas personas que superen el trabajo autónomo del alumnado, recibirán un certificado de asistencia y aprovechamiento, reconocible a su vez por un crédito ECTS.</p>
<p><strong>Contacto (ISTIC): 922 252 540 – <a href="mailto:secretaria@cettenerife.org" target="_blank" rel="noopener">secretaria@cettenerife.org</a></strong></p>
<p><strong>Contacto (VRS-ULL): 922 319 616 / 922 319 626 – </strong><a href="mailto:extuni@ull.edu.es" target="_blank" rel="noopener"><strong>extuni@ull.es</strong></a></p>

<p>Actividad de Extensión Universitaria organizada por la Cátedra Cultural Pedro Bencomo de la ULL  y el Instituto Superior de Teología de las Islas Canarias (ISTIC), que se celebrará los días 21 al 23 de marzo de 2023 en la sede del ISTIC. Este curso pretende iluminar un problema de convivencia cada día más complejo: la&#8230;</p>

<!-- This site is optimized with the Yoast SEO plugin v21.3 - https://yoast.com/wordpress/plugins/seo/ -->
<title>XXII Jornadas de Ética y Política. El diálogo con el Islam en España en la actualidad - ULL - Agenda</title>
<meta name="robots" content="index, follow, max-snippet:-1, max-image-preview:large, max-video-preview:-1" />
<link rel="canonical" href="https://www.ull.es/portal/agenda/evento/xxii-jornadas-de-etica-y-politica-el-dialogo-con-el-islam-en-espana-en-la-actualidad/" />
<meta property="og:locale" content="es_ES" />
<meta property="og:type" content="article" />
<meta property="og:title" content="XXII Jornadas de Ética y Política. El diálogo con el Islam en España en la actualidad - ULL - Agenda" />
<meta property="og:description" content="Actividad de Extensión Universitaria organizada por la Cátedra Cultural Pedro Bencomo de la ULL  y el Instituto Superior de Teología de las Islas Canarias (ISTIC), que se celebrará los días 21 al 23 de marzo de 2023 en la sede del ISTIC. Este curso pretende iluminar un problema de convivencia cada día más complejo: la..." />
<meta property="og:url" content="https://www.ull.es/portal/agenda/evento/xxii-jornadas-de-etica-y-politica-el-dialogo-con-el-islam-en-espana-en-la-actualidad/" />
<meta property="og:site_name" content="ULL - Agenda" />
<meta property="article:modified_time" content="2023-02-16T09:02:07+00:00" />
<meta property="og:image" content="https://www.ull.es/portal/agenda/wp-content/uploads/sites/12/2023/02/BannerISTIC.jpg" />
	<meta property="og:image:width" content="700" />
	<meta property="og:image:height" content="350" />
	<meta property="og:image:type" content="image/jpeg" />
<meta name="twitter:card" content="summary_large_image" />
<meta name="twitter:label1" content="Tiempo de lectura" />
	<meta name="twitter:data1" content="2 minutos" />
<script type="application/ld+json" class="yoast-schema-graph">{"@context":"https://schema.org","@graph":[{"@type":"WebPage","@id":"https://www.ull.es/portal/agenda/evento/xxii-jornadas-de-etica-y-politica-el-dialogo-con-el-islam-en-espana-en-la-actualidad/","url":"https://www.ull.es/portal/agenda/evento/xxii-jornadas-de-etica-y-politica-el-dialogo-con-el-islam-en-espana-en-la-actualidad/","name":"XXII Jornadas de Ética y Política. El diálogo con el Islam en España en la actualidad - ULL - Agenda","isPartOf":{"@id":"https://www.ull.es/portal/agenda/#website"},"datePublished":"2023-02-15T08:33:23+00:00","dateModified":"2023-02-16T09:02:07+00:00","breadcrumb":{"@id":"https://www.ull.es/portal/agenda/evento/xxii-jornadas-de-etica-y-politica-el-dialogo-con-el-islam-en-espana-en-la-actualidad/#breadcrumb"},"inLanguage":"es","potentialAction":[{"@type":"ReadAction","target":["https://www.ull.es/portal/agenda/evento/xxii-jornadas-de-etica-y-politica-el-dialogo-con-el-islam-en-espana-en-la-actualidad/"]}]},{"@type":"BreadcrumbList","@id":"https://www.ull.es/portal/agenda/evento/xxii-jornadas-de-etica-y-politica-el-dialogo-con-el-islam-en-espana-en-la-actualidad/#breadcrumb","itemListElement":[{"@type":"ListItem","position":1,"name":"Portada","item":"https://www.ull.es/portal/agenda/"},{"@type":"ListItem","position":2,"name":"XXII Jornadas de Ética y Política. El diálogo con el Islam en España en la actualidad"}]},{"@type":"WebSite","@id":"https://www.ull.es/portal/agenda/#website","url":"https://www.ull.es/portal/agenda/","name":"ULL - Agenda","description":"","potentialAction":[{"@type":"SearchAction","target":{"@type":"EntryPoint","urlTemplate":"https://www.ull.es/portal/agenda/?s={search_term_string}"},"query-input":"required name=search_term_string"}],"inLanguage":"es"}]}</script>
<!-- / Yoast SEO plugin. -->

XXII Jornadas de Ética y Política. El diálogo con el Islam en España en la actualidad - ULL - Agenda

Actividad de Extensión Universitaria organizada por la Cátedra Cultural Pedro Bencomo de la ULL  y el Instituto Superior de Teología de las Islas Canarias (ISTIC), que se celebrará los días 21 al 23 de marzo de 2023 en la sede del ISTIC. Este curso pretende iluminar un problema de convivencia cada día más complejo: la...
