{"id":28996,"date":"2023-02-23T13:13:14","date_gmt":"2023-02-23T13:13:14","guid":{"rendered":"https:\/\/www.ull.es\/portal\/agenda\/?post_type=tribe_events&#038;p=28996"},"modified":"2023-07-18T13:42:42","modified_gmt":"2023-07-18T13:42:42","slug":"primera-conferencia-sobre-seguridad-alimentaria-y-riesgos-toxicos-impactos-de-los-contaminantes-en-los-alimentos-convencionales-y-ecologicos","status":"publish","type":"tribe_events","link":"https:\/\/www.ull.es\/portal\/agenda\/evento\/primera-conferencia-sobre-seguridad-alimentaria-y-riesgos-toxicos-impactos-de-los-contaminantes-en-los-alimentos-convencionales-y-ecologicos\/","title":{"rendered":"Primera Conferencia sobre seguridad alimentaria y riesgos t\u00f3xicos: impactos de los contaminantes en los alimentos convencionales y ecol\u00f3gicos"},"content":{"rendered":"<p style=\"font-weight: 400;\">Primer congreso de Toxicolog\u00eda y Seguridad Alimentaria realizado por el \u00c1rea de Toxicolog\u00eda de la Universidad de La Laguna, en colaboraci\u00f3n con empresas y entidades, tanto p\u00fablicas como privadas, del sector de la alimentaci\u00f3n y aspectos relacionados.<\/p>\n<p style=\"font-weight: 400;\">En este evento se pretende abordar temas de candente actualidad, como son la seguridad alimentaria, la agricultura ecol\u00f3gica y sostenible, la construcci\u00f3n y dise\u00f1o de edificaciones biosostenibles, entre otras mesas de candente actualidad.<\/p>\n<p>Para m\u00e1s informaci\u00f3n, pulse este <a href=\"https:\/\/eventos.ull.es\/1st-conference-on-food-safety-and-toxic-risks-impact-of-environmental-contaminants-on-conventional-and-organic-foods?prev=prev_10w75xmhiktw4bgjea7o\" target=\"_blank\" rel=\"noopener\" target=\"_blank\" rel=\"noopener\">enlace.<\/a><\/p>\n","protected":false},"excerpt":{"rendered":"<p>Primer congreso de Toxicolog\u00eda y Seguridad Alimentaria realizado por el \u00c1rea de Toxicolog\u00eda de la Universidad de La Laguna, en colaboraci\u00f3n con empresas y entidades, tanto p\u00fablicas como privadas, del sector de la alimentaci\u00f3n y aspectos relacionados. En este evento se pretende abordar temas de candente actualidad, como son la seguridad alimentaria, la agricultura ecol\u00f3gica&#8230;<\/p>\n","protected":false},"author":65,"featured_media":29083,"comment_status":"closed","ping_status":"closed","template":"","tags":[],"tribe_events_cat":[4,972,1090],"acf":[],"yoast_head":"<!-- This site is optimized with the Yoast SEO plugin v21.3 - https:\/\/yoast.com\/wordpress\/plugins\/seo\/ -->\n<title>Primera Conferencia sobre seguridad alimentaria y riesgos t\u00f3xicos: impactos de los contaminantes en los alimentos convencionales y ecol\u00f3gicos - ULL - Agenda<\/title>\n<meta name=\"robots\" content=\"index, follow, max-snippet:-1, max-image-preview:large, max-video-preview:-1\" \/>\n<link rel=\"canonical\" href=\"https:\/\/www.ull.es\/portal\/agenda\/evento\/primera-conferencia-sobre-seguridad-alimentaria-y-riesgos-toxicos-impactos-de-los-contaminantes-en-los-alimentos-convencionales-y-ecologicos\/\" \/>\n<meta property=\"og:locale\" content=\"es_ES\" \/>\n<meta property=\"og:type\" content=\"article\" \/>\n<meta property=\"og:title\" content=\"Primera Conferencia sobre seguridad alimentaria y riesgos t\u00f3xicos: impactos de los contaminantes en los alimentos convencionales y ecol\u00f3gicos - ULL - Agenda\" \/>\n<meta property=\"og:description\" content=\"Primer congreso de Toxicolog\u00eda y Seguridad Alimentaria realizado por el \u00c1rea de Toxicolog\u00eda de la Universidad de La Laguna, en colaboraci\u00f3n con empresas y entidades, tanto p\u00fablicas como privadas, del sector de la alimentaci\u00f3n y aspectos relacionados. En este evento se pretende abordar temas de candente actualidad, como son la seguridad alimentaria, la agricultura ecol\u00f3gica...\" \/>\n<meta property=\"og:url\" content=\"https:\/\/www.ull.es\/portal\/agenda\/evento\/primera-conferencia-sobre-seguridad-alimentaria-y-riesgos-toxicos-impactos-de-los-contaminantes-en-los-alimentos-convencionales-y-ecologicos\/\" \/>\n<meta property=\"og:site_name\" content=\"ULL - Agenda\" \/>\n<meta property=\"article:modified_time\" content=\"2023-07-18T13:42:42+00:00\" \/>\n<meta property=\"og:image\" content=\"https:\/\/www.ull.es\/portal\/agenda\/wp-content\/uploads\/sites\/12\/2023\/02\/Primer-congreso-de-toxicologia-y-seguridad-alimentaria_Banner-evento.jpg\" \/>\n\t<meta property=\"og:image:width\" content=\"750\" \/>\n\t<meta property=\"og:image:height\" content=\"370\" \/>\n\t<meta property=\"og:image:type\" content=\"image\/jpeg\" \/>\n<meta name=\"twitter:card\" content=\"summary_large_image\" \/>\n<meta name=\"twitter:label1\" content=\"Tiempo de lectura\" \/>\n\t<meta name=\"twitter:data1\" content=\"1 minuto\" \/>\n<script type=\"application\/ld+json\" class=\"yoast-schema-graph\">{\"@context\":\"https:\/\/schema.org\",\"@graph\":[{\"@type\":\"WebPage\",\"@id\":\"https:\/\/www.ull.es\/portal\/agenda\/evento\/primera-conferencia-sobre-seguridad-alimentaria-y-riesgos-toxicos-impactos-de-los-contaminantes-en-los-alimentos-convencionales-y-ecologicos\/\",\"url\":\"https:\/\/www.ull.es\/portal\/agenda\/evento\/primera-conferencia-sobre-seguridad-alimentaria-y-riesgos-toxicos-impactos-de-los-contaminantes-en-los-alimentos-convencionales-y-ecologicos\/\",\"name\":\"Primera Conferencia sobre seguridad alimentaria y riesgos t\u00f3xicos: impactos de los contaminantes en los alimentos convencionales y ecol\u00f3gicos - ULL - Agenda\",\"isPartOf\":{\"@id\":\"https:\/\/www.ull.es\/portal\/agenda\/#website\"},\"datePublished\":\"2023-02-23T13:13:14+00:00\",\"dateModified\":\"2023-07-18T13:42:42+00:00\",\"breadcrumb\":{\"@id\":\"https:\/\/www.ull.es\/portal\/agenda\/evento\/primera-conferencia-sobre-seguridad-alimentaria-y-riesgos-toxicos-impactos-de-los-contaminantes-en-los-alimentos-convencionales-y-ecologicos\/#breadcrumb\"},\"inLanguage\":\"es\",\"potentialAction\":[{\"@type\":\"ReadAction\",\"target\":[\"https:\/\/www.ull.es\/portal\/agenda\/evento\/primera-conferencia-sobre-seguridad-alimentaria-y-riesgos-toxicos-impactos-de-los-contaminantes-en-los-alimentos-convencionales-y-ecologicos\/\"]}]},{\"@type\":\"BreadcrumbList\",\"@id\":\"https:\/\/www.ull.es\/portal\/agenda\/evento\/primera-conferencia-sobre-seguridad-alimentaria-y-riesgos-toxicos-impactos-de-los-contaminantes-en-los-alimentos-convencionales-y-ecologicos\/#breadcrumb\",\"itemListElement\":[{\"@type\":\"ListItem\",\"position\":1,\"name\":\"Portada\",\"item\":\"https:\/\/www.ull.es\/portal\/agenda\/\"},{\"@type\":\"ListItem\",\"position\":2,\"name\":\"Primera Conferencia sobre seguridad alimentaria y riesgos t\u00f3xicos: impactos de los contaminantes en los alimentos convencionales y ecol\u00f3gicos\"}]},{\"@type\":\"WebSite\",\"@id\":\"https:\/\/www.ull.es\/portal\/agenda\/#website\",\"url\":\"https:\/\/www.ull.es\/portal\/agenda\/\",\"name\":\"ULL - Agenda\",\"description\":\"\",\"potentialAction\":[{\"@type\":\"SearchAction\",\"target\":{\"@type\":\"EntryPoint\",\"urlTemplate\":\"https:\/\/www.ull.es\/portal\/agenda\/?s={search_term_string}\"},\"query-input\":\"required name=search_term_string\"}],\"inLanguage\":\"es\"}]}<\/script>\n<!-- \/ Yoast SEO plugin. -->","yoast_head_json":{"title":"Primera Conferencia sobre seguridad alimentaria y riesgos t\u00f3xicos: impactos de los contaminantes en los alimentos convencionales y ecol\u00f3gicos - ULL - Agenda","robots":{"index":"index","follow":"follow","max-snippet":"max-snippet:-1","max-image-preview":"max-image-preview:large","max-video-preview":"max-video-preview:-1"},"canonical":"https:\/\/www.ull.es\/portal\/agenda\/evento\/primera-conferencia-sobre-seguridad-alimentaria-y-riesgos-toxicos-impactos-de-los-contaminantes-en-los-alimentos-convencionales-y-ecologicos\/","og_locale":"es_ES","og_type":"article","og_title":"Primera Conferencia sobre seguridad alimentaria y riesgos t\u00f3xicos: impactos de los contaminantes en los alimentos convencionales y ecol\u00f3gicos - ULL - Agenda","og_description":"Primer congreso de Toxicolog\u00eda y Seguridad Alimentaria realizado por el \u00c1rea de Toxicolog\u00eda de la Universidad de La Laguna, en colaboraci\u00f3n con empresas y entidades, tanto p\u00fablicas como privadas, del sector de la alimentaci\u00f3n y aspectos relacionados. En este evento se pretende abordar temas de candente actualidad, como son la seguridad alimentaria, la agricultura ecol\u00f3gica...","og_url":"https:\/\/www.ull.es\/portal\/agenda\/evento\/primera-conferencia-sobre-seguridad-alimentaria-y-riesgos-toxicos-impactos-de-los-contaminantes-en-los-alimentos-convencionales-y-ecologicos\/","og_site_name":"ULL - Agenda","article_modified_time":"2023-07-18T13:42:42+00:00","og_image":[{"width":750,"height":370,"url":"https:\/\/www.ull.es\/portal\/agenda\/wp-content\/uploads\/sites\/12\/2023\/02\/Primer-congreso-de-toxicologia-y-seguridad-alimentaria_Banner-evento.jpg","type":"image\/jpeg"}],"twitter_card":"summary_large_image","twitter_misc":{"Tiempo de lectura":"1 minuto"},"schema":{"@context":"https:\/\/schema.org","@graph":[{"@type":"WebPage","@id":"https:\/\/www.ull.es\/portal\/agenda\/evento\/primera-conferencia-sobre-seguridad-alimentaria-y-riesgos-toxicos-impactos-de-los-contaminantes-en-los-alimentos-convencionales-y-ecologicos\/","url":"https:\/\/www.ull.es\/portal\/agenda\/evento\/primera-conferencia-sobre-seguridad-alimentaria-y-riesgos-toxicos-impactos-de-los-contaminantes-en-los-alimentos-convencionales-y-ecologicos\/","name":"Primera Conferencia sobre seguridad alimentaria y riesgos t\u00f3xicos: impactos de los contaminantes en los alimentos convencionales y ecol\u00f3gicos - ULL - Agenda","isPartOf":{"@id":"https:\/\/www.ull.es\/portal\/agenda\/#website"},"datePublished":"2023-02-23T13:13:14+00:00","dateModified":"2023-07-18T13:42:42+00:00","breadcrumb":{"@id":"https:\/\/www.ull.es\/portal\/agenda\/evento\/primera-conferencia-sobre-seguridad-alimentaria-y-riesgos-toxicos-impactos-de-los-contaminantes-en-los-alimentos-convencionales-y-ecologicos\/#breadcrumb"},"inLanguage":"es","potentialAction":[{"@type":"ReadAction","target":["https:\/\/www.ull.es\/portal\/agenda\/evento\/primera-conferencia-sobre-seguridad-alimentaria-y-riesgos-toxicos-impactos-de-los-contaminantes-en-los-alimentos-convencionales-y-ecologicos\/"]}]},{"@type":"BreadcrumbList","@id":"https:\/\/www.ull.es\/portal\/agenda\/evento\/primera-conferencia-sobre-seguridad-alimentaria-y-riesgos-toxicos-impactos-de-los-contaminantes-en-los-alimentos-convencionales-y-ecologicos\/#breadcrumb","itemListElement":[{"@type":"ListItem","position":1,"name":"Portada","item":"https:\/\/www.ull.es\/portal\/agenda\/"},{"@type":"ListItem","position":2,"name":"Primera Conferencia sobre seguridad alimentaria y riesgos t\u00f3xicos: impactos de los contaminantes en los alimentos convencionales y ecol\u00f3gicos"}]},{"@type":"WebSite","@id":"https:\/\/www.ull.es\/portal\/agenda\/#website","url":"https:\/\/www.ull.es\/portal\/agenda\/","name":"ULL - Agenda","description":"","potentialAction":[{"@type":"SearchAction","target":{"@type":"EntryPoint","urlTemplate":"https:\/\/www.ull.es\/portal\/agenda\/?s={search_term_string}"},"query-input":"required name=search_term_string"}],"inLanguage":"es"}]}},"_links":{"self":[{"href":"https:\/\/www.ull.es\/portal\/agenda\/wp-json\/wp\/v2\/tribe_events\/28996"}],"collection":[{"href":"https:\/\/www.ull.es\/portal\/agenda\/wp-json\/wp\/v2\/tribe_events"}],"about":[{"href":"https:\/\/www.ull.es\/portal\/agenda\/wp-json\/wp\/v2\/types\/tribe_events"}],"author":[{"embeddable":true,"href":"https:\/\/www.ull.es\/portal\/agenda\/wp-json\/wp\/v2\/users\/65"}],"replies":[{"embeddable":true,"href":"https:\/\/www.ull.es\/portal\/agenda\/wp-json\/wp\/v2\/comments?post=28996"}],"version-history":[{"count":1,"href":"https:\/\/www.ull.es\/portal\/agenda\/wp-json\/wp\/v2\/tribe_events\/28996\/revisions"}],"predecessor-version":[{"id":28997,"href":"https:\/\/www.ull.es\/portal\/agenda\/wp-json\/wp\/v2\/tribe_events\/28996\/revisions\/28997"}],"wp:featuredmedia":[{"embeddable":true,"href":"https:\/\/www.ull.es\/portal\/agenda\/wp-json\/wp\/v2\/media\/29083"}],"wp:attachment":[{"href":"https:\/\/www.ull.es\/portal\/agenda\/wp-json\/wp\/v2\/media?parent=28996"}],"wp:term":[{"taxonomy":"post_tag","embeddable":true,"href":"https:\/\/www.ull.es\/portal\/agenda\/wp-json\/wp\/v2\/tags?post=28996"},{"taxonomy":"tribe_events_cat","embeddable":true,"href":"https:\/\/www.ull.es\/portal\/agenda\/wp-json\/wp\/v2\/tribe_events_cat?post=28996"}],"curies":[{"name":"wp","href":"https:\/\/api.w.org\/{rel}","templated":true}]}}

Primera Conferencia sobre seguridad alimentaria y riesgos tóxicos: impactos de los contaminantes en los alimentos convencionales y ecológicos

<p style="font-weight: 400;">Primer congreso de Toxicología y Seguridad Alimentaria realizado por el Área de Toxicología de la Universidad de La Laguna, en colaboración con empresas y entidades, tanto públicas como privadas, del sector de la alimentación y aspectos relacionados.</p>
<p style="font-weight: 400;">En este evento se pretende abordar temas de candente actualidad, como son la seguridad alimentaria, la agricultura ecológica y sostenible, la construcción y diseño de edificaciones biosostenibles, entre otras mesas de candente actualidad.</p>
<p>Para más información, pulse este <a href="https://eventos.ull.es/1st-conference-on-food-safety-and-toxic-risks-impact-of-environmental-contaminants-on-conventional-and-organic-foods?prev=prev_10w75xmhiktw4bgjea7o" target="_blank" rel="noopener" target="_blank" rel="noopener">enlace.</a></p>

<p>Primer congreso de Toxicología y Seguridad Alimentaria realizado por el Área de Toxicología de la Universidad de La Laguna, en colaboración con empresas y entidades, tanto públicas como privadas, del sector de la alimentación y aspectos relacionados. En este evento se pretende abordar temas de candente actualidad, como son la seguridad alimentaria, la agricultura ecológica&#8230;</p>

<!-- This site is optimized with the Yoast SEO plugin v21.3 - https://yoast.com/wordpress/plugins/seo/ -->
<title>Primera Conferencia sobre seguridad alimentaria y riesgos tóxicos: impactos de los contaminantes en los alimentos convencionales y ecológicos - ULL - Agenda</title>
<meta name="robots" content="index, follow, max-snippet:-1, max-image-preview:large, max-video-preview:-1" />
<link rel="canonical" href="https://www.ull.es/portal/agenda/evento/primera-conferencia-sobre-seguridad-alimentaria-y-riesgos-toxicos-impactos-de-los-contaminantes-en-los-alimentos-convencionales-y-ecologicos/" />
<meta property="og:locale" content="es_ES" />
<meta property="og:type" content="article" />
<meta property="og:title" content="Primera Conferencia sobre seguridad alimentaria y riesgos tóxicos: impactos de los contaminantes en los alimentos convencionales y ecológicos - ULL - Agenda" />
<meta property="og:description" content="Primer congreso de Toxicología y Seguridad Alimentaria realizado por el Área de Toxicología de la Universidad de La Laguna, en colaboración con empresas y entidades, tanto públicas como privadas, del sector de la alimentación y aspectos relacionados. En este evento se pretende abordar temas de candente actualidad, como son la seguridad alimentaria, la agricultura ecológica..." />
<meta property="og:url" content="https://www.ull.es/portal/agenda/evento/primera-conferencia-sobre-seguridad-alimentaria-y-riesgos-toxicos-impactos-de-los-contaminantes-en-los-alimentos-convencionales-y-ecologicos/" />
<meta property="og:site_name" content="ULL - Agenda" />
<meta property="article:modified_time" content="2023-07-18T13:42:42+00:00" />
<meta property="og:image" content="https://www.ull.es/portal/agenda/wp-content/uploads/sites/12/2023/02/Primer-congreso-de-toxicologia-y-seguridad-alimentaria_Banner-evento.jpg" />
	<meta property="og:image:width" content="750" />
	<meta property="og:image:height" content="370" />
	<meta property="og:image:type" content="image/jpeg" />
<meta name="twitter:card" content="summary_large_image" />
<meta name="twitter:label1" content="Tiempo de lectura" />
	<meta name="twitter:data1" content="1 minuto" />
<script type="application/ld+json" class="yoast-schema-graph">{"@context":"https://schema.org","@graph":[{"@type":"WebPage","@id":"https://www.ull.es/portal/agenda/evento/primera-conferencia-sobre-seguridad-alimentaria-y-riesgos-toxicos-impactos-de-los-contaminantes-en-los-alimentos-convencionales-y-ecologicos/","url":"https://www.ull.es/portal/agenda/evento/primera-conferencia-sobre-seguridad-alimentaria-y-riesgos-toxicos-impactos-de-los-contaminantes-en-los-alimentos-convencionales-y-ecologicos/","name":"Primera Conferencia sobre seguridad alimentaria y riesgos tóxicos: impactos de los contaminantes en los alimentos convencionales y ecológicos - ULL - Agenda","isPartOf":{"@id":"https://www.ull.es/portal/agenda/#website"},"datePublished":"2023-02-23T13:13:14+00:00","dateModified":"2023-07-18T13:42:42+00:00","breadcrumb":{"@id":"https://www.ull.es/portal/agenda/evento/primera-conferencia-sobre-seguridad-alimentaria-y-riesgos-toxicos-impactos-de-los-contaminantes-en-los-alimentos-convencionales-y-ecologicos/#breadcrumb"},"inLanguage":"es","potentialAction":[{"@type":"ReadAction","target":["https://www.ull.es/portal/agenda/evento/primera-conferencia-sobre-seguridad-alimentaria-y-riesgos-toxicos-impactos-de-los-contaminantes-en-los-alimentos-convencionales-y-ecologicos/"]}]},{"@type":"BreadcrumbList","@id":"https://www.ull.es/portal/agenda/evento/primera-conferencia-sobre-seguridad-alimentaria-y-riesgos-toxicos-impactos-de-los-contaminantes-en-los-alimentos-convencionales-y-ecologicos/#breadcrumb","itemListElement":[{"@type":"ListItem","position":1,"name":"Portada","item":"https://www.ull.es/portal/agenda/"},{"@type":"ListItem","position":2,"name":"Primera Conferencia sobre seguridad alimentaria y riesgos tóxicos: impactos de los contaminantes en los alimentos convencionales y ecológicos"}]},{"@type":"WebSite","@id":"https://www.ull.es/portal/agenda/#website","url":"https://www.ull.es/portal/agenda/","name":"ULL - Agenda","description":"","potentialAction":[{"@type":"SearchAction","target":{"@type":"EntryPoint","urlTemplate":"https://www.ull.es/portal/agenda/?s={search_term_string}"},"query-input":"required name=search_term_string"}],"inLanguage":"es"}]}</script>
<!-- / Yoast SEO plugin. -->

Primera Conferencia sobre seguridad alimentaria y riesgos tóxicos: impactos de los contaminantes en los alimentos convencionales y ecológicos - ULL - Agenda

Primer congreso de Toxicología y Seguridad Alimentaria realizado por el Área de Toxicología de la Universidad de La Laguna, en colaboración con empresas y entidades, tanto públicas como privadas, del sector de la alimentación y aspectos relacionados. En este evento se pretende abordar temas de candente actualidad, como son la seguridad alimentaria, la agricultura ecológica...
