{"id":29019,"date":"2023-02-27T09:30:18","date_gmt":"2023-02-27T09:30:18","guid":{"rendered":"https:\/\/www.ull.es\/portal\/agenda\/?post_type=tribe_events&#038;p=29019"},"modified":"2023-02-27T11:32:07","modified_gmt":"2023-02-27T11:32:07","slug":"diseno-de-sistemas-de-compostaje-comunitario-retos-y-experiencias-a-nivel-estatal","status":"publish","type":"tribe_events","link":"https:\/\/www.ull.es\/portal\/agenda\/evento\/diseno-de-sistemas-de-compostaje-comunitario-retos-y-experiencias-a-nivel-estatal\/","title":{"rendered":"Dise\u00f1o de Sistemas de Compostaje Comunitario. Retos y experiencias a nivel estatal"},"content":{"rendered":"<p><span style=\"font-weight: 400;\">La entrada en vigor de la Ley 7\/2022 de Residuos y Suelos Contaminados para una Econom\u00eda Circular, plantea retos y exigencias en prevenci\u00f3n y gesti\u00f3n de biorresiduos, que no pueden ser abordados \u00fanicamente desde un enfoque tecnocient\u00edfico. La generaci\u00f3n de imaginarios colectivos cotidianos, de narrativas y experiencias significativas culturalmente para los diferentes agentes sociales, as\u00ed como el dise\u00f1o de sistemas, productos y entornos, son fundamentales. Desde la ULL, llevamos a\u00f1os impulsando la iniciativa <\/span><a href=\"https:\/\/linktr.ee\/campustaje\" target=\"_blank\" rel=\"noopener\"><i><span style=\"font-weight: 400;\">CAMPUSTAJE-ULL:<\/span><\/i><\/a><i><span style=\"font-weight: 400;\"> compostaje comunitario universitario<\/span><\/i><span style=\"font-weight: 400;\">. <\/span><\/p>\n<p><span style=\"font-weight: 400;\">Somos copart\u00edcipes, a su vez, de la experiencia piloto en gesti\u00f3n descentralizada de biorresiduos a escala insular de Tenerife: <\/span><i><span style=\"font-weight: 400;\">Comunidades Circulares de Compostaje<\/span><\/i><span style=\"font-weight: 400;\">, coordinada por el \u00c1rea de Desarrollo Sostenible y Lucha contra el Cambio Clim\u00e1tico del Cabildo de Tenerife. En este seminario podremos adquirir una visi\u00f3n panor\u00e1mica, conociendo otras iniciativas estatales, de la mano de nuestras invitadas de Composta en Red, GEA y N\u00f3madas Educaci\u00f3n y Gesti\u00f3n Ambiental.\u00a0 Seminario organizado por el Grupo de Investigaci\u00f3n en Dise\u00f1o y la Facultad de Bellas Artes de la Universidad de La Laguna, con la colaboraci\u00f3n de Composta en Red y de la C\u00e1tedra Institucional de Medio Ambiente y Desarrollo Sostenible Cabildo de Tenerife-Universidad de La Laguna.\u00a0<\/span><\/p>\n<p><span style=\"font-weight: 400;\">La comunidad universitaria de la Universidad de La Laguna puede inscribirse en el programa de voluntariado Campustaje-ULL a trav\u00e9s del CV Social, para su reconocimiento y certificaci\u00f3n en <a href=\"https:\/\/social.ull.es\/#\/initiatives\/INI-fe73714e-a769-4a18-bdba-c2a47bf59b5f\" target=\"_blank\" rel=\"noopener\" target=\"_blank\" rel=\"noopener\">este enlace<\/a>.\u00a0<\/span><\/p>\n<p><a href=\"https:\/\/drive.google.com\/file\/d\/16BzajNx_q1UebYzIOU2wEkoUcV6ZBJFe\/view?usp=share_link\" target=\"_blank\" rel=\"noopener\" target=\"_blank\" rel=\"noopener\">Programa<\/a><\/p>\n","protected":false},"excerpt":{"rendered":"<p>La entrada en vigor de la Ley 7\/2022 de Residuos y Suelos Contaminados para una Econom\u00eda Circular, plantea retos y exigencias en prevenci\u00f3n y gesti\u00f3n de biorresiduos, que no pueden ser abordados \u00fanicamente desde un enfoque tecnocient\u00edfico. La generaci\u00f3n de imaginarios colectivos cotidianos, de narrativas y experiencias significativas culturalmente para los diferentes agentes sociales, as\u00ed&#8230;<\/p>\n","protected":false},"author":65,"featured_media":29054,"comment_status":"closed","ping_status":"closed","template":"","tags":[],"tribe_events_cat":[3779,4,3096,186,191],"acf":[],"yoast_head":"<!-- This site is optimized with the Yoast SEO plugin v21.3 - https:\/\/yoast.com\/wordpress\/plugins\/seo\/ -->\n<title>Dise\u00f1o de Sistemas de Compostaje Comunitario. Retos y experiencias a nivel estatal - ULL - Agenda<\/title>\n<meta name=\"robots\" content=\"index, follow, max-snippet:-1, max-image-preview:large, max-video-preview:-1\" \/>\n<link rel=\"canonical\" href=\"https:\/\/www.ull.es\/portal\/agenda\/evento\/diseno-de-sistemas-de-compostaje-comunitario-retos-y-experiencias-a-nivel-estatal\/\" \/>\n<meta property=\"og:locale\" content=\"es_ES\" \/>\n<meta property=\"og:type\" content=\"article\" \/>\n<meta property=\"og:title\" content=\"Dise\u00f1o de Sistemas de Compostaje Comunitario. Retos y experiencias a nivel estatal - ULL - Agenda\" \/>\n<meta property=\"og:description\" content=\"La entrada en vigor de la Ley 7\/2022 de Residuos y Suelos Contaminados para una Econom\u00eda Circular, plantea retos y exigencias en prevenci\u00f3n y gesti\u00f3n de biorresiduos, que no pueden ser abordados \u00fanicamente desde un enfoque tecnocient\u00edfico. La generaci\u00f3n de imaginarios colectivos cotidianos, de narrativas y experiencias significativas culturalmente para los diferentes agentes sociales, as\u00ed...\" \/>\n<meta property=\"og:url\" content=\"https:\/\/www.ull.es\/portal\/agenda\/evento\/diseno-de-sistemas-de-compostaje-comunitario-retos-y-experiencias-a-nivel-estatal\/\" \/>\n<meta property=\"og:site_name\" content=\"ULL - Agenda\" \/>\n<meta property=\"article:modified_time\" content=\"2023-02-27T11:32:07+00:00\" \/>\n<meta property=\"og:image\" content=\"https:\/\/www.ull.es\/portal\/agenda\/wp-content\/uploads\/sites\/12\/2023\/02\/Diseno-de-sistemas-de-compostaje-comunitario_Banner-evento.jpg\" \/>\n\t<meta property=\"og:image:width\" content=\"750\" \/>\n\t<meta property=\"og:image:height\" content=\"370\" \/>\n\t<meta property=\"og:image:type\" content=\"image\/jpeg\" \/>\n<meta name=\"twitter:card\" content=\"summary_large_image\" \/>\n<meta name=\"twitter:label1\" content=\"Tiempo de lectura\" \/>\n\t<meta name=\"twitter:data1\" content=\"2 minutos\" \/>\n<script type=\"application\/ld+json\" class=\"yoast-schema-graph\">{\"@context\":\"https:\/\/schema.org\",\"@graph\":[{\"@type\":\"WebPage\",\"@id\":\"https:\/\/www.ull.es\/portal\/agenda\/evento\/diseno-de-sistemas-de-compostaje-comunitario-retos-y-experiencias-a-nivel-estatal\/\",\"url\":\"https:\/\/www.ull.es\/portal\/agenda\/evento\/diseno-de-sistemas-de-compostaje-comunitario-retos-y-experiencias-a-nivel-estatal\/\",\"name\":\"Dise\u00f1o de Sistemas de Compostaje Comunitario. Retos y experiencias a nivel estatal - ULL - Agenda\",\"isPartOf\":{\"@id\":\"https:\/\/www.ull.es\/portal\/agenda\/#website\"},\"datePublished\":\"2023-02-27T09:30:18+00:00\",\"dateModified\":\"2023-02-27T11:32:07+00:00\",\"breadcrumb\":{\"@id\":\"https:\/\/www.ull.es\/portal\/agenda\/evento\/diseno-de-sistemas-de-compostaje-comunitario-retos-y-experiencias-a-nivel-estatal\/#breadcrumb\"},\"inLanguage\":\"es\",\"potentialAction\":[{\"@type\":\"ReadAction\",\"target\":[\"https:\/\/www.ull.es\/portal\/agenda\/evento\/diseno-de-sistemas-de-compostaje-comunitario-retos-y-experiencias-a-nivel-estatal\/\"]}]},{\"@type\":\"BreadcrumbList\",\"@id\":\"https:\/\/www.ull.es\/portal\/agenda\/evento\/diseno-de-sistemas-de-compostaje-comunitario-retos-y-experiencias-a-nivel-estatal\/#breadcrumb\",\"itemListElement\":[{\"@type\":\"ListItem\",\"position\":1,\"name\":\"Portada\",\"item\":\"https:\/\/www.ull.es\/portal\/agenda\/\"},{\"@type\":\"ListItem\",\"position\":2,\"name\":\"Dise\u00f1o de Sistemas de Compostaje Comunitario. Retos y experiencias a nivel estatal\"}]},{\"@type\":\"WebSite\",\"@id\":\"https:\/\/www.ull.es\/portal\/agenda\/#website\",\"url\":\"https:\/\/www.ull.es\/portal\/agenda\/\",\"name\":\"ULL - Agenda\",\"description\":\"\",\"potentialAction\":[{\"@type\":\"SearchAction\",\"target\":{\"@type\":\"EntryPoint\",\"urlTemplate\":\"https:\/\/www.ull.es\/portal\/agenda\/?s={search_term_string}\"},\"query-input\":\"required name=search_term_string\"}],\"inLanguage\":\"es\"}]}<\/script>\n<!-- \/ Yoast SEO plugin. -->","yoast_head_json":{"title":"Dise\u00f1o de Sistemas de Compostaje Comunitario. Retos y experiencias a nivel estatal - ULL - Agenda","robots":{"index":"index","follow":"follow","max-snippet":"max-snippet:-1","max-image-preview":"max-image-preview:large","max-video-preview":"max-video-preview:-1"},"canonical":"https:\/\/www.ull.es\/portal\/agenda\/evento\/diseno-de-sistemas-de-compostaje-comunitario-retos-y-experiencias-a-nivel-estatal\/","og_locale":"es_ES","og_type":"article","og_title":"Dise\u00f1o de Sistemas de Compostaje Comunitario. Retos y experiencias a nivel estatal - ULL - Agenda","og_description":"La entrada en vigor de la Ley 7\/2022 de Residuos y Suelos Contaminados para una Econom\u00eda Circular, plantea retos y exigencias en prevenci\u00f3n y gesti\u00f3n de biorresiduos, que no pueden ser abordados \u00fanicamente desde un enfoque tecnocient\u00edfico. La generaci\u00f3n de imaginarios colectivos cotidianos, de narrativas y experiencias significativas culturalmente para los diferentes agentes sociales, as\u00ed...","og_url":"https:\/\/www.ull.es\/portal\/agenda\/evento\/diseno-de-sistemas-de-compostaje-comunitario-retos-y-experiencias-a-nivel-estatal\/","og_site_name":"ULL - Agenda","article_modified_time":"2023-02-27T11:32:07+00:00","og_image":[{"width":750,"height":370,"url":"https:\/\/www.ull.es\/portal\/agenda\/wp-content\/uploads\/sites\/12\/2023\/02\/Diseno-de-sistemas-de-compostaje-comunitario_Banner-evento.jpg","type":"image\/jpeg"}],"twitter_card":"summary_large_image","twitter_misc":{"Tiempo de lectura":"2 minutos"},"schema":{"@context":"https:\/\/schema.org","@graph":[{"@type":"WebPage","@id":"https:\/\/www.ull.es\/portal\/agenda\/evento\/diseno-de-sistemas-de-compostaje-comunitario-retos-y-experiencias-a-nivel-estatal\/","url":"https:\/\/www.ull.es\/portal\/agenda\/evento\/diseno-de-sistemas-de-compostaje-comunitario-retos-y-experiencias-a-nivel-estatal\/","name":"Dise\u00f1o de Sistemas de Compostaje Comunitario. Retos y experiencias a nivel estatal - ULL - Agenda","isPartOf":{"@id":"https:\/\/www.ull.es\/portal\/agenda\/#website"},"datePublished":"2023-02-27T09:30:18+00:00","dateModified":"2023-02-27T11:32:07+00:00","breadcrumb":{"@id":"https:\/\/www.ull.es\/portal\/agenda\/evento\/diseno-de-sistemas-de-compostaje-comunitario-retos-y-experiencias-a-nivel-estatal\/#breadcrumb"},"inLanguage":"es","potentialAction":[{"@type":"ReadAction","target":["https:\/\/www.ull.es\/portal\/agenda\/evento\/diseno-de-sistemas-de-compostaje-comunitario-retos-y-experiencias-a-nivel-estatal\/"]}]},{"@type":"BreadcrumbList","@id":"https:\/\/www.ull.es\/portal\/agenda\/evento\/diseno-de-sistemas-de-compostaje-comunitario-retos-y-experiencias-a-nivel-estatal\/#breadcrumb","itemListElement":[{"@type":"ListItem","position":1,"name":"Portada","item":"https:\/\/www.ull.es\/portal\/agenda\/"},{"@type":"ListItem","position":2,"name":"Dise\u00f1o de Sistemas de Compostaje Comunitario. Retos y experiencias a nivel estatal"}]},{"@type":"WebSite","@id":"https:\/\/www.ull.es\/portal\/agenda\/#website","url":"https:\/\/www.ull.es\/portal\/agenda\/","name":"ULL - Agenda","description":"","potentialAction":[{"@type":"SearchAction","target":{"@type":"EntryPoint","urlTemplate":"https:\/\/www.ull.es\/portal\/agenda\/?s={search_term_string}"},"query-input":"required name=search_term_string"}],"inLanguage":"es"}]}},"_links":{"self":[{"href":"https:\/\/www.ull.es\/portal\/agenda\/wp-json\/wp\/v2\/tribe_events\/29019"}],"collection":[{"href":"https:\/\/www.ull.es\/portal\/agenda\/wp-json\/wp\/v2\/tribe_events"}],"about":[{"href":"https:\/\/www.ull.es\/portal\/agenda\/wp-json\/wp\/v2\/types\/tribe_events"}],"author":[{"embeddable":true,"href":"https:\/\/www.ull.es\/portal\/agenda\/wp-json\/wp\/v2\/users\/65"}],"replies":[{"embeddable":true,"href":"https:\/\/www.ull.es\/portal\/agenda\/wp-json\/wp\/v2\/comments?post=29019"}],"version-history":[{"count":2,"href":"https:\/\/www.ull.es\/portal\/agenda\/wp-json\/wp\/v2\/tribe_events\/29019\/revisions"}],"predecessor-version":[{"id":29023,"href":"https:\/\/www.ull.es\/portal\/agenda\/wp-json\/wp\/v2\/tribe_events\/29019\/revisions\/29023"}],"wp:featuredmedia":[{"embeddable":true,"href":"https:\/\/www.ull.es\/portal\/agenda\/wp-json\/wp\/v2\/media\/29054"}],"wp:attachment":[{"href":"https:\/\/www.ull.es\/portal\/agenda\/wp-json\/wp\/v2\/media?parent=29019"}],"wp:term":[{"taxonomy":"post_tag","embeddable":true,"href":"https:\/\/www.ull.es\/portal\/agenda\/wp-json\/wp\/v2\/tags?post=29019"},{"taxonomy":"tribe_events_cat","embeddable":true,"href":"https:\/\/www.ull.es\/portal\/agenda\/wp-json\/wp\/v2\/tribe_events_cat?post=29019"}],"curies":[{"name":"wp","href":"https:\/\/api.w.org\/{rel}","templated":true}]}}

Diseño de Sistemas de Compostaje Comunitario. Retos y experiencias a nivel estatal

<p><span style="font-weight: 400;">La entrada en vigor de la Ley 7/2022 de Residuos y Suelos Contaminados para una Economía Circular, plantea retos y exigencias en prevención y gestión de biorresiduos, que no pueden ser abordados únicamente desde un enfoque tecnocientífico. La generación de imaginarios colectivos cotidianos, de narrativas y experiencias significativas culturalmente para los diferentes agentes sociales, así como el diseño de sistemas, productos y entornos, son fundamentales. Desde la ULL, llevamos años impulsando la iniciativa </span><a href="https://linktr.ee/campustaje" target="_blank" rel="noopener"><i><span style="font-weight: 400;">CAMPUSTAJE-ULL:</span></i></a><i><span style="font-weight: 400;"> compostaje comunitario universitario</span></i><span style="font-weight: 400;">. </span></p>
<p><span style="font-weight: 400;">Somos copartícipes, a su vez, de la experiencia piloto en gestión descentralizada de biorresiduos a escala insular de Tenerife: </span><i><span style="font-weight: 400;">Comunidades Circulares de Compostaje</span></i><span style="font-weight: 400;">, coordinada por el Área de Desarrollo Sostenible y Lucha contra el Cambio Climático del Cabildo de Tenerife. En este seminario podremos adquirir una visión panorámica, conociendo otras iniciativas estatales, de la mano de nuestras invitadas de Composta en Red, GEA y Nómadas Educación y Gestión Ambiental.  Seminario organizado por el Grupo de Investigación en Diseño y la Facultad de Bellas Artes de la Universidad de La Laguna, con la colaboración de Composta en Red y de la Cátedra Institucional de Medio Ambiente y Desarrollo Sostenible Cabildo de Tenerife-Universidad de La Laguna. </span></p>
<p><span style="font-weight: 400;">La comunidad universitaria de la Universidad de La Laguna puede inscribirse en el programa de voluntariado Campustaje-ULL a través del CV Social, para su reconocimiento y certificación en <a href="https://social.ull.es/#/initiatives/INI-fe73714e-a769-4a18-bdba-c2a47bf59b5f" target="_blank" rel="noopener" target="_blank" rel="noopener">este enlace</a>. </span></p>
<p><a href="https://drive.google.com/file/d/16BzajNx_q1UebYzIOU2wEkoUcV6ZBJFe/view?usp=share_link" target="_blank" rel="noopener" target="_blank" rel="noopener">Programa</a></p>

<p>La entrada en vigor de la Ley 7/2022 de Residuos y Suelos Contaminados para una Economía Circular, plantea retos y exigencias en prevención y gestión de biorresiduos, que no pueden ser abordados únicamente desde un enfoque tecnocientífico. La generación de imaginarios colectivos cotidianos, de narrativas y experiencias significativas culturalmente para los diferentes agentes sociales, así&#8230;</p>

<!-- This site is optimized with the Yoast SEO plugin v21.3 - https://yoast.com/wordpress/plugins/seo/ -->
<title>Diseño de Sistemas de Compostaje Comunitario. Retos y experiencias a nivel estatal - ULL - Agenda</title>
<meta name="robots" content="index, follow, max-snippet:-1, max-image-preview:large, max-video-preview:-1" />
<link rel="canonical" href="https://www.ull.es/portal/agenda/evento/diseno-de-sistemas-de-compostaje-comunitario-retos-y-experiencias-a-nivel-estatal/" />
<meta property="og:locale" content="es_ES" />
<meta property="og:type" content="article" />
<meta property="og:title" content="Diseño de Sistemas de Compostaje Comunitario. Retos y experiencias a nivel estatal - ULL - Agenda" />
<meta property="og:description" content="La entrada en vigor de la Ley 7/2022 de Residuos y Suelos Contaminados para una Economía Circular, plantea retos y exigencias en prevención y gestión de biorresiduos, que no pueden ser abordados únicamente desde un enfoque tecnocientífico. La generación de imaginarios colectivos cotidianos, de narrativas y experiencias significativas culturalmente para los diferentes agentes sociales, así..." />
<meta property="og:url" content="https://www.ull.es/portal/agenda/evento/diseno-de-sistemas-de-compostaje-comunitario-retos-y-experiencias-a-nivel-estatal/" />
<meta property="og:site_name" content="ULL - Agenda" />
<meta property="article:modified_time" content="2023-02-27T11:32:07+00:00" />
<meta property="og:image" content="https://www.ull.es/portal/agenda/wp-content/uploads/sites/12/2023/02/Diseno-de-sistemas-de-compostaje-comunitario_Banner-evento.jpg" />
	<meta property="og:image:width" content="750" />
	<meta property="og:image:height" content="370" />
	<meta property="og:image:type" content="image/jpeg" />
<meta name="twitter:card" content="summary_large_image" />
<meta name="twitter:label1" content="Tiempo de lectura" />
	<meta name="twitter:data1" content="2 minutos" />
<script type="application/ld+json" class="yoast-schema-graph">{"@context":"https://schema.org","@graph":[{"@type":"WebPage","@id":"https://www.ull.es/portal/agenda/evento/diseno-de-sistemas-de-compostaje-comunitario-retos-y-experiencias-a-nivel-estatal/","url":"https://www.ull.es/portal/agenda/evento/diseno-de-sistemas-de-compostaje-comunitario-retos-y-experiencias-a-nivel-estatal/","name":"Diseño de Sistemas de Compostaje Comunitario. Retos y experiencias a nivel estatal - ULL - Agenda","isPartOf":{"@id":"https://www.ull.es/portal/agenda/#website"},"datePublished":"2023-02-27T09:30:18+00:00","dateModified":"2023-02-27T11:32:07+00:00","breadcrumb":{"@id":"https://www.ull.es/portal/agenda/evento/diseno-de-sistemas-de-compostaje-comunitario-retos-y-experiencias-a-nivel-estatal/#breadcrumb"},"inLanguage":"es","potentialAction":[{"@type":"ReadAction","target":["https://www.ull.es/portal/agenda/evento/diseno-de-sistemas-de-compostaje-comunitario-retos-y-experiencias-a-nivel-estatal/"]}]},{"@type":"BreadcrumbList","@id":"https://www.ull.es/portal/agenda/evento/diseno-de-sistemas-de-compostaje-comunitario-retos-y-experiencias-a-nivel-estatal/#breadcrumb","itemListElement":[{"@type":"ListItem","position":1,"name":"Portada","item":"https://www.ull.es/portal/agenda/"},{"@type":"ListItem","position":2,"name":"Diseño de Sistemas de Compostaje Comunitario. Retos y experiencias a nivel estatal"}]},{"@type":"WebSite","@id":"https://www.ull.es/portal/agenda/#website","url":"https://www.ull.es/portal/agenda/","name":"ULL - Agenda","description":"","potentialAction":[{"@type":"SearchAction","target":{"@type":"EntryPoint","urlTemplate":"https://www.ull.es/portal/agenda/?s={search_term_string}"},"query-input":"required name=search_term_string"}],"inLanguage":"es"}]}</script>
<!-- / Yoast SEO plugin. -->

Diseño de Sistemas de Compostaje Comunitario. Retos y experiencias a nivel estatal - ULL - Agenda

La entrada en vigor de la Ley 7/2022 de Residuos y Suelos Contaminados para una Economía Circular, plantea retos y exigencias en prevención y gestión de biorresiduos, que no pueden ser abordados únicamente desde un enfoque tecnocientífico. La generación de imaginarios colectivos cotidianos, de narrativas y experiencias significativas culturalmente para los diferentes agentes sociales, así...
