{"id":29117,"date":"2023-03-02T12:24:22","date_gmt":"2023-03-02T12:24:22","guid":{"rendered":"https:\/\/www.ull.es\/portal\/agenda\/?post_type=tribe_events&#038;p=29117"},"modified":"2023-03-24T09:48:21","modified_gmt":"2023-03-24T09:48:21","slug":"ciclos-de-vida-salud-y-sexualidad-humana","status":"publish","type":"tribe_events","link":"https:\/\/www.ull.es\/portal\/agenda\/evento\/ciclos-de-vida-salud-y-sexualidad-humana\/","title":{"rendered":"Ciclos de Vida, Salud y Sexualidad Humana"},"content":{"rendered":"<p>Curso de Extensi\u00f3n Universitaria organizado por la C\u00e1tedra Institucional Ciclos de Vida y Personas Mayores Cabildo Insular de Tenerife Universidad de La Laguna, que se celebrar\u00e1 en la Facultad de Educaci\u00f3n los mi\u00e9rcoles entre el 15 de marzo y 19 de abril de 2023, en horario de 16:00 a 18:00 horas.<\/p>\n<p>El curso tiene como objetivo principal promover la autoestima y la valoraci\u00f3n de la etapa evolutiva Ciclo de Vida posterior a los 60 a\u00f1os como una vivencia que incremente la autoestima y el autocuidado.<\/p>\n<p><em><strong>Dirigido especialmente a personas mayores a partir de 60 a\u00f1os.<\/strong><\/em><\/p>\n<p>Direcci\u00f3n acad\u00e9mica:<\/p>\n<ul>\n<li>Fernando Barrag\u00e1n Medero. Catedr\u00e1tico de Did\u00e1ctica y Organizaci\u00f3n Escolar Departamento de Did\u00e1ctica e Investigaci\u00f3n Educativa de la Universidad de La Laguna.<\/li>\n<li>Suleima P\u00e9rez P\u00e9rez. Grado de Biolog\u00eda. Colaboradora de la C\u00e1tedra Ciclos de Vida y Personas Mayores Cabildo de Tenerife &#8211; Universidad de La Laguna.<\/li>\n<\/ul>\n<p>Coordinaci\u00f3n: Prudencio Cabrera Romero. C\u00e1tedra Ciclos de Vida y Personas Mayores Cabildo de Tenerife &#8211; Universidad de La Laguna.<\/p>\n<p>CERTIFICADO DE ASISTENCIA: La ULL, a trav\u00e9s del Vicerrectorado de Cultura, Participaci\u00f3n Social y Campus Ofra y La Palma, emitir\u00e1 un certificado de asistencia a todas aquellas personas que participen, previa inscripci\u00f3n en la actividad.<\/p>\n<p><a href=\"https:\/\/sede.fg.ull.es\/es\/curso\/detalle\/a23020108\/ciclos-de-vida-salud-y-sexualidad-humana\" target=\"_blank\" rel=\"noopener\" target=\"_blank\" rel=\"noopener\"><strong>M\u00e1s informaci\u00f3n e inscripci\u00f3n gratuita\u00a0aqu\u00ed.<\/strong><\/a><\/p>\n<p><strong>Contacto: 922 319 616 \/ 922 319 626 \u2013\u00a0<\/strong><a href=\"mailto:extuni@ull.edu.es\" target=\"_blank\" rel=\"noopener\"><strong>extuni@ull.es<\/strong><\/a><\/p>\n","protected":false},"excerpt":{"rendered":"<p>Curso de Extensi\u00f3n Universitaria organizado por la C\u00e1tedra Institucional Ciclos de Vida y Personas Mayores Cabildo Insular de Tenerife Universidad de La Laguna, que se celebrar\u00e1 en la Facultad de Educaci\u00f3n los mi\u00e9rcoles entre el 15 de marzo y 19 de abril de 2023, en horario de 16:00 a 18:00 horas. El curso tiene como&#8230;<\/p>\n","protected":false},"author":43,"featured_media":29121,"comment_status":"closed","ping_status":"closed","template":"","tags":[977,3812,3751],"tribe_events_cat":[472,4863,3165,4,186],"acf":[],"yoast_head":"<!-- This site is optimized with the Yoast SEO plugin v21.3 - https:\/\/yoast.com\/wordpress\/plugins\/seo\/ -->\n<title>Ciclos de Vida, Salud y Sexualidad Humana - ULL - Agenda<\/title>\n<meta name=\"robots\" content=\"index, follow, max-snippet:-1, max-image-preview:large, max-video-preview:-1\" \/>\n<link rel=\"canonical\" href=\"https:\/\/www.ull.es\/portal\/agenda\/evento\/ciclos-de-vida-salud-y-sexualidad-humana\/\" \/>\n<meta property=\"og:locale\" content=\"es_ES\" \/>\n<meta property=\"og:type\" content=\"article\" \/>\n<meta property=\"og:title\" content=\"Ciclos de Vida, Salud y Sexualidad Humana - ULL - Agenda\" \/>\n<meta property=\"og:description\" content=\"Curso de Extensi\u00f3n Universitaria organizado por la C\u00e1tedra Institucional Ciclos de Vida y Personas Mayores Cabildo Insular de Tenerife Universidad de La Laguna, que se celebrar\u00e1 en la Facultad de Educaci\u00f3n los mi\u00e9rcoles entre el 15 de marzo y 19 de abril de 2023, en horario de 16:00 a 18:00 horas. El curso tiene como...\" \/>\n<meta property=\"og:url\" content=\"https:\/\/www.ull.es\/portal\/agenda\/evento\/ciclos-de-vida-salud-y-sexualidad-humana\/\" \/>\n<meta property=\"og:site_name\" content=\"ULL - Agenda\" \/>\n<meta property=\"article:modified_time\" content=\"2023-03-24T09:48:21+00:00\" \/>\n<meta property=\"og:image\" content=\"https:\/\/www.ull.es\/portal\/agenda\/wp-content\/uploads\/sites\/12\/2023\/03\/BannerSexualidad-1.jpg\" \/>\n\t<meta property=\"og:image:width\" content=\"700\" \/>\n\t<meta property=\"og:image:height\" content=\"350\" \/>\n\t<meta property=\"og:image:type\" content=\"image\/jpeg\" \/>\n<meta name=\"twitter:card\" content=\"summary_large_image\" \/>\n<meta name=\"twitter:label1\" content=\"Tiempo de lectura\" \/>\n\t<meta name=\"twitter:data1\" content=\"1 minuto\" \/>\n<script type=\"application\/ld+json\" class=\"yoast-schema-graph\">{\"@context\":\"https:\/\/schema.org\",\"@graph\":[{\"@type\":\"WebPage\",\"@id\":\"https:\/\/www.ull.es\/portal\/agenda\/evento\/ciclos-de-vida-salud-y-sexualidad-humana\/\",\"url\":\"https:\/\/www.ull.es\/portal\/agenda\/evento\/ciclos-de-vida-salud-y-sexualidad-humana\/\",\"name\":\"Ciclos de Vida, Salud y Sexualidad Humana - ULL - Agenda\",\"isPartOf\":{\"@id\":\"https:\/\/www.ull.es\/portal\/agenda\/#website\"},\"datePublished\":\"2023-03-02T12:24:22+00:00\",\"dateModified\":\"2023-03-24T09:48:21+00:00\",\"breadcrumb\":{\"@id\":\"https:\/\/www.ull.es\/portal\/agenda\/evento\/ciclos-de-vida-salud-y-sexualidad-humana\/#breadcrumb\"},\"inLanguage\":\"es\",\"potentialAction\":[{\"@type\":\"ReadAction\",\"target\":[\"https:\/\/www.ull.es\/portal\/agenda\/evento\/ciclos-de-vida-salud-y-sexualidad-humana\/\"]}]},{\"@type\":\"BreadcrumbList\",\"@id\":\"https:\/\/www.ull.es\/portal\/agenda\/evento\/ciclos-de-vida-salud-y-sexualidad-humana\/#breadcrumb\",\"itemListElement\":[{\"@type\":\"ListItem\",\"position\":1,\"name\":\"Portada\",\"item\":\"https:\/\/www.ull.es\/portal\/agenda\/\"},{\"@type\":\"ListItem\",\"position\":2,\"name\":\"Ciclos de Vida, Salud y Sexualidad Humana\"}]},{\"@type\":\"WebSite\",\"@id\":\"https:\/\/www.ull.es\/portal\/agenda\/#website\",\"url\":\"https:\/\/www.ull.es\/portal\/agenda\/\",\"name\":\"ULL - Agenda\",\"description\":\"\",\"potentialAction\":[{\"@type\":\"SearchAction\",\"target\":{\"@type\":\"EntryPoint\",\"urlTemplate\":\"https:\/\/www.ull.es\/portal\/agenda\/?s={search_term_string}\"},\"query-input\":\"required name=search_term_string\"}],\"inLanguage\":\"es\"}]}<\/script>\n<!-- \/ Yoast SEO plugin. -->","yoast_head_json":{"title":"Ciclos de Vida, Salud y Sexualidad Humana - ULL - Agenda","robots":{"index":"index","follow":"follow","max-snippet":"max-snippet:-1","max-image-preview":"max-image-preview:large","max-video-preview":"max-video-preview:-1"},"canonical":"https:\/\/www.ull.es\/portal\/agenda\/evento\/ciclos-de-vida-salud-y-sexualidad-humana\/","og_locale":"es_ES","og_type":"article","og_title":"Ciclos de Vida, Salud y Sexualidad Humana - ULL - Agenda","og_description":"Curso de Extensi\u00f3n Universitaria organizado por la C\u00e1tedra Institucional Ciclos de Vida y Personas Mayores Cabildo Insular de Tenerife Universidad de La Laguna, que se celebrar\u00e1 en la Facultad de Educaci\u00f3n los mi\u00e9rcoles entre el 15 de marzo y 19 de abril de 2023, en horario de 16:00 a 18:00 horas. El curso tiene como...","og_url":"https:\/\/www.ull.es\/portal\/agenda\/evento\/ciclos-de-vida-salud-y-sexualidad-humana\/","og_site_name":"ULL - Agenda","article_modified_time":"2023-03-24T09:48:21+00:00","og_image":[{"width":700,"height":350,"url":"https:\/\/www.ull.es\/portal\/agenda\/wp-content\/uploads\/sites\/12\/2023\/03\/BannerSexualidad-1.jpg","type":"image\/jpeg"}],"twitter_card":"summary_large_image","twitter_misc":{"Tiempo de lectura":"1 minuto"},"schema":{"@context":"https:\/\/schema.org","@graph":[{"@type":"WebPage","@id":"https:\/\/www.ull.es\/portal\/agenda\/evento\/ciclos-de-vida-salud-y-sexualidad-humana\/","url":"https:\/\/www.ull.es\/portal\/agenda\/evento\/ciclos-de-vida-salud-y-sexualidad-humana\/","name":"Ciclos de Vida, Salud y Sexualidad Humana - ULL - Agenda","isPartOf":{"@id":"https:\/\/www.ull.es\/portal\/agenda\/#website"},"datePublished":"2023-03-02T12:24:22+00:00","dateModified":"2023-03-24T09:48:21+00:00","breadcrumb":{"@id":"https:\/\/www.ull.es\/portal\/agenda\/evento\/ciclos-de-vida-salud-y-sexualidad-humana\/#breadcrumb"},"inLanguage":"es","potentialAction":[{"@type":"ReadAction","target":["https:\/\/www.ull.es\/portal\/agenda\/evento\/ciclos-de-vida-salud-y-sexualidad-humana\/"]}]},{"@type":"BreadcrumbList","@id":"https:\/\/www.ull.es\/portal\/agenda\/evento\/ciclos-de-vida-salud-y-sexualidad-humana\/#breadcrumb","itemListElement":[{"@type":"ListItem","position":1,"name":"Portada","item":"https:\/\/www.ull.es\/portal\/agenda\/"},{"@type":"ListItem","position":2,"name":"Ciclos de Vida, Salud y Sexualidad Humana"}]},{"@type":"WebSite","@id":"https:\/\/www.ull.es\/portal\/agenda\/#website","url":"https:\/\/www.ull.es\/portal\/agenda\/","name":"ULL - Agenda","description":"","potentialAction":[{"@type":"SearchAction","target":{"@type":"EntryPoint","urlTemplate":"https:\/\/www.ull.es\/portal\/agenda\/?s={search_term_string}"},"query-input":"required name=search_term_string"}],"inLanguage":"es"}]}},"_links":{"self":[{"href":"https:\/\/www.ull.es\/portal\/agenda\/wp-json\/wp\/v2\/tribe_events\/29117"}],"collection":[{"href":"https:\/\/www.ull.es\/portal\/agenda\/wp-json\/wp\/v2\/tribe_events"}],"about":[{"href":"https:\/\/www.ull.es\/portal\/agenda\/wp-json\/wp\/v2\/types\/tribe_events"}],"author":[{"embeddable":true,"href":"https:\/\/www.ull.es\/portal\/agenda\/wp-json\/wp\/v2\/users\/43"}],"replies":[{"embeddable":true,"href":"https:\/\/www.ull.es\/portal\/agenda\/wp-json\/wp\/v2\/comments?post=29117"}],"version-history":[{"count":2,"href":"https:\/\/www.ull.es\/portal\/agenda\/wp-json\/wp\/v2\/tribe_events\/29117\/revisions"}],"predecessor-version":[{"id":29161,"href":"https:\/\/www.ull.es\/portal\/agenda\/wp-json\/wp\/v2\/tribe_events\/29117\/revisions\/29161"}],"wp:featuredmedia":[{"embeddable":true,"href":"https:\/\/www.ull.es\/portal\/agenda\/wp-json\/wp\/v2\/media\/29121"}],"wp:attachment":[{"href":"https:\/\/www.ull.es\/portal\/agenda\/wp-json\/wp\/v2\/media?parent=29117"}],"wp:term":[{"taxonomy":"post_tag","embeddable":true,"href":"https:\/\/www.ull.es\/portal\/agenda\/wp-json\/wp\/v2\/tags?post=29117"},{"taxonomy":"tribe_events_cat","embeddable":true,"href":"https:\/\/www.ull.es\/portal\/agenda\/wp-json\/wp\/v2\/tribe_events_cat?post=29117"}],"curies":[{"name":"wp","href":"https:\/\/api.w.org\/{rel}","templated":true}]}}

<p>Curso de Extensión Universitaria organizado por la Cátedra Institucional Ciclos de Vida y Personas Mayores Cabildo Insular de Tenerife Universidad de La Laguna, que se celebrará en la Facultad de Educación los miércoles entre el 15 de marzo y 19 de abril de 2023, en horario de 16:00 a 18:00 horas.</p>
<p>El curso tiene como objetivo principal promover la autoestima y la valoración de la etapa evolutiva Ciclo de Vida posterior a los 60 años como una vivencia que incremente la autoestima y el autocuidado.</p>
<p><em><strong>Dirigido especialmente a personas mayores a partir de 60 años.</strong></em></p>
<p>Dirección académica:</p>
<ul>
<li>Fernando Barragán Medero. Catedrático de Didáctica y Organización Escolar Departamento de Didáctica e Investigación Educativa de la Universidad de La Laguna.</li>
<li>Suleima Pérez Pérez. Grado de Biología. Colaboradora de la Cátedra Ciclos de Vida y Personas Mayores Cabildo de Tenerife &#8211; Universidad de La Laguna.</li>
</ul>
<p>Coordinación: Prudencio Cabrera Romero. Cátedra Ciclos de Vida y Personas Mayores Cabildo de Tenerife &#8211; Universidad de La Laguna.</p>
<p>CERTIFICADO DE ASISTENCIA: La ULL, a través del Vicerrectorado de Cultura, Participación Social y Campus Ofra y La Palma, emitirá un certificado de asistencia a todas aquellas personas que participen, previa inscripción en la actividad.</p>
<p><a href="https://sede.fg.ull.es/es/curso/detalle/a23020108/ciclos-de-vida-salud-y-sexualidad-humana" target="_blank" rel="noopener" target="_blank" rel="noopener"><strong>Más información e inscripción gratuita aquí.</strong></a></p>
<p><strong>Contacto: 922 319 616 / 922 319 626 – </strong><a href="mailto:extuni@ull.edu.es" target="_blank" rel="noopener"><strong>extuni@ull.es</strong></a></p>

<p>Curso de Extensión Universitaria organizado por la Cátedra Institucional Ciclos de Vida y Personas Mayores Cabildo Insular de Tenerife Universidad de La Laguna, que se celebrará en la Facultad de Educación los miércoles entre el 15 de marzo y 19 de abril de 2023, en horario de 16:00 a 18:00 horas. El curso tiene como&#8230;</p>

<!-- This site is optimized with the Yoast SEO plugin v21.3 - https://yoast.com/wordpress/plugins/seo/ -->
<title>Ciclos de Vida, Salud y Sexualidad Humana - ULL - Agenda</title>
<meta name="robots" content="index, follow, max-snippet:-1, max-image-preview:large, max-video-preview:-1" />
<link rel="canonical" href="https://www.ull.es/portal/agenda/evento/ciclos-de-vida-salud-y-sexualidad-humana/" />
<meta property="og:locale" content="es_ES" />
<meta property="og:type" content="article" />
<meta property="og:title" content="Ciclos de Vida, Salud y Sexualidad Humana - ULL - Agenda" />
<meta property="og:description" content="Curso de Extensión Universitaria organizado por la Cátedra Institucional Ciclos de Vida y Personas Mayores Cabildo Insular de Tenerife Universidad de La Laguna, que se celebrará en la Facultad de Educación los miércoles entre el 15 de marzo y 19 de abril de 2023, en horario de 16:00 a 18:00 horas. El curso tiene como..." />
<meta property="og:url" content="https://www.ull.es/portal/agenda/evento/ciclos-de-vida-salud-y-sexualidad-humana/" />
<meta property="og:site_name" content="ULL - Agenda" />
<meta property="article:modified_time" content="2023-03-24T09:48:21+00:00" />
<meta property="og:image" content="https://www.ull.es/portal/agenda/wp-content/uploads/sites/12/2023/03/BannerSexualidad-1.jpg" />
	<meta property="og:image:width" content="700" />
	<meta property="og:image:height" content="350" />
	<meta property="og:image:type" content="image/jpeg" />
<meta name="twitter:card" content="summary_large_image" />
<meta name="twitter:label1" content="Tiempo de lectura" />
	<meta name="twitter:data1" content="1 minuto" />
<script type="application/ld+json" class="yoast-schema-graph">{"@context":"https://schema.org","@graph":[{"@type":"WebPage","@id":"https://www.ull.es/portal/agenda/evento/ciclos-de-vida-salud-y-sexualidad-humana/","url":"https://www.ull.es/portal/agenda/evento/ciclos-de-vida-salud-y-sexualidad-humana/","name":"Ciclos de Vida, Salud y Sexualidad Humana - ULL - Agenda","isPartOf":{"@id":"https://www.ull.es/portal/agenda/#website"},"datePublished":"2023-03-02T12:24:22+00:00","dateModified":"2023-03-24T09:48:21+00:00","breadcrumb":{"@id":"https://www.ull.es/portal/agenda/evento/ciclos-de-vida-salud-y-sexualidad-humana/#breadcrumb"},"inLanguage":"es","potentialAction":[{"@type":"ReadAction","target":["https://www.ull.es/portal/agenda/evento/ciclos-de-vida-salud-y-sexualidad-humana/"]}]},{"@type":"BreadcrumbList","@id":"https://www.ull.es/portal/agenda/evento/ciclos-de-vida-salud-y-sexualidad-humana/#breadcrumb","itemListElement":[{"@type":"ListItem","position":1,"name":"Portada","item":"https://www.ull.es/portal/agenda/"},{"@type":"ListItem","position":2,"name":"Ciclos de Vida, Salud y Sexualidad Humana"}]},{"@type":"WebSite","@id":"https://www.ull.es/portal/agenda/#website","url":"https://www.ull.es/portal/agenda/","name":"ULL - Agenda","description":"","potentialAction":[{"@type":"SearchAction","target":{"@type":"EntryPoint","urlTemplate":"https://www.ull.es/portal/agenda/?s={search_term_string}"},"query-input":"required name=search_term_string"}],"inLanguage":"es"}]}</script>
<!-- / Yoast SEO plugin. -->

Curso de Extensión Universitaria organizado por la Cátedra Institucional Ciclos de Vida y Personas Mayores Cabildo Insular de Tenerife Universidad de La Laguna, que se celebrará en la Facultad de Educación los miércoles entre el 15 de marzo y 19 de abril de 2023, en horario de 16:00 a 18:00 horas. El curso tiene como...
