{"id":29185,"date":"2023-03-03T13:12:01","date_gmt":"2023-03-03T13:12:01","guid":{"rendered":"https:\/\/www.ull.es\/portal\/agenda\/?post_type=tribe_events&#038;p=29185"},"modified":"2023-03-16T08:13:54","modified_gmt":"2023-03-16T08:13:54","slug":"vii-seminario-internacional-tenerife-noir-de-investigacion-en-el-genero-negro-2","status":"publish","type":"tribe_events","link":"https:\/\/www.ull.es\/portal\/agenda\/evento\/vii-seminario-internacional-tenerife-noir-de-investigacion-en-el-genero-negro-2\/","title":{"rendered":"VII Seminario Internacional Tenerife Noir de Investigaci\u00f3n en el G\u00e9nero Negro"},"content":{"rendered":"<p>El VII Seminario Internacional Tenerife Noir de Investigaci\u00f3n en el G\u00e9nero Negro es el punto de encuentro entre investigadores sobre el g\u00e9nero criminal. Dado su car\u00e1cter abierto e interdisciplinar, el Seminario pretende ser una cita \u00fatil y provechosa para expertos y j\u00f3venes investigadores en novela y cine negro, que interactuar\u00e1n con lectores y escritores.<\/p>\n<p>Este evento forma parte de las actividades de\u00a0 Extensi\u00f3n Universitaria de la Universidad de La Laguna y se celebrar\u00e1 de forma presencial en el Aula Magna del Aulario General C\u00e9sar Manrique, los d\u00edas 15, 16, 17 de marzo de 2023. Est\u00e1 organizado por la C\u00e1tedra Cultural Antonio Lozano de G\u00e9nero Criminal con la colaboraci\u00f3n del Cabildo de Gran Canaria, el Cabildo de Tenerife, el Departamento de Filolog\u00eda Espa\u00f1ola y C23CULTURE.<\/p>\n<p>Objetivos:<\/p>\n<p>-Aplicaci\u00f3n de nuevas perspectivas cr\u00edticas al g\u00e9nero criminal.<br \/>\n-An\u00e1lisis comparado de textos literarios y art\u00edsticos de g\u00e9nero negro.<br \/>\n-Estudio de textos de la literatura criminal.<br \/>\n-Estudio de textos y de obras cinematogr\u00e1ficas noir.<br \/>\n-Reflexi\u00f3n en torno a la teor\u00eda sobre el g\u00e9nero negro.<\/p>\n<p>Direcci\u00f3n acad\u00e9mica: Javier Rivero Grandoso. Profesor Contratado Doctor del Departamento de Filolog\u00eda Espa\u00f1ola de la Universidad de La Laguna.<\/p>\n<p>Coordinaci\u00f3n: Alejandro Mart\u00edn Perera, C23CULTURE Consulting&amp;Services.<\/p>\n<p><strong>CERTIFICADO DE ASISTENCIA, APTITUD Y RECONOCIMIENTO POR CR\u00c9DITO ECTS<\/strong><\/p>\n<p>La ULL, a trav\u00e9s del Vicerrectorado de Cultura, Participaci\u00f3n Social y Campus Ofra y La Palma, emitir\u00e1 un certificado de asistencia a todas aquellas personas que asistan a un m\u00ednimo del 80% de las horas lectivas presenciales. Asimismo, aquellas personas que superen el trabajo aut\u00f3nomo del alumnado, recibir\u00e1n un certificado de asistencia y aprovechamiento, reconocible a su vez por un cr\u00e9dito ECTS.<\/p>\n<p><a href=\"https:\/\/sede.fg.ull.es\/es\/curso\/detalle\/a23020110\/vii-seminario-internacional-tenerife-noir-de-investigacion-en-el-genero-negro\" target=\"_blank\" rel=\"noopener noreferrer\" target=\"_blank\" rel=\"noopener\"><strong><u>Consulta el programa e inscr\u00edbete aqu\u00ed.<\/u><\/strong><\/a><\/p>\n<p><strong>Contacto: 922 319 616 \/ 922 319 626 \u2013\u00a0<\/strong><a href=\"mailto:extuni@ull.edu.es\" target=\"_blank\" rel=\"noopener\"><strong>extuni@ull.es<\/strong><\/a><\/p>\n","protected":false},"excerpt":{"rendered":"<p>El VII Seminario Internacional Tenerife Noir de Investigaci\u00f3n en el G\u00e9nero Negro es el punto de encuentro entre investigadores sobre el g\u00e9nero criminal. Dado su car\u00e1cter abierto e interdisciplinar, el Seminario pretende ser una cita \u00fatil y provechosa para expertos y j\u00f3venes investigadores en novela y cine negro, que interactuar\u00e1n con lectores y escritores. Este&#8230;<\/p>\n","protected":false},"author":43,"featured_media":29187,"comment_status":"closed","ping_status":"closed","template":"","tags":[4259,977,3812,3751],"tribe_events_cat":[472,471,4,186],"acf":[],"yoast_head":"<!-- This site is optimized with the Yoast SEO plugin v21.3 - https:\/\/yoast.com\/wordpress\/plugins\/seo\/ -->\n<title>VII Seminario Internacional Tenerife Noir de Investigaci\u00f3n en el G\u00e9nero Negro - ULL - Agenda<\/title>\n<meta name=\"robots\" content=\"index, follow, max-snippet:-1, max-image-preview:large, max-video-preview:-1\" \/>\n<link rel=\"canonical\" href=\"https:\/\/www.ull.es\/portal\/agenda\/evento\/vii-seminario-internacional-tenerife-noir-de-investigacion-en-el-genero-negro-2\/\" \/>\n<meta property=\"og:locale\" content=\"es_ES\" \/>\n<meta property=\"og:type\" content=\"article\" \/>\n<meta property=\"og:title\" content=\"VII Seminario Internacional Tenerife Noir de Investigaci\u00f3n en el G\u00e9nero Negro - ULL - Agenda\" \/>\n<meta property=\"og:description\" content=\"El VII Seminario Internacional Tenerife Noir de Investigaci\u00f3n en el G\u00e9nero Negro es el punto de encuentro entre investigadores sobre el g\u00e9nero criminal. Dado su car\u00e1cter abierto e interdisciplinar, el Seminario pretende ser una cita \u00fatil y provechosa para expertos y j\u00f3venes investigadores en novela y cine negro, que interactuar\u00e1n con lectores y escritores. Este...\" \/>\n<meta property=\"og:url\" content=\"https:\/\/www.ull.es\/portal\/agenda\/evento\/vii-seminario-internacional-tenerife-noir-de-investigacion-en-el-genero-negro-2\/\" \/>\n<meta property=\"og:site_name\" content=\"ULL - Agenda\" \/>\n<meta property=\"article:modified_time\" content=\"2023-03-16T08:13:54+00:00\" \/>\n<meta property=\"og:image\" content=\"https:\/\/www.ull.es\/portal\/agenda\/wp-content\/uploads\/sites\/12\/2023\/03\/BannerTenerifeNoir.jpg\" \/>\n\t<meta property=\"og:image:width\" content=\"700\" \/>\n\t<meta property=\"og:image:height\" content=\"350\" \/>\n\t<meta property=\"og:image:type\" content=\"image\/jpeg\" \/>\n<meta name=\"twitter:card\" content=\"summary_large_image\" \/>\n<meta name=\"twitter:label1\" content=\"Tiempo de lectura\" \/>\n\t<meta name=\"twitter:data1\" content=\"2 minutos\" \/>\n<script type=\"application\/ld+json\" class=\"yoast-schema-graph\">{\"@context\":\"https:\/\/schema.org\",\"@graph\":[{\"@type\":\"WebPage\",\"@id\":\"https:\/\/www.ull.es\/portal\/agenda\/evento\/vii-seminario-internacional-tenerife-noir-de-investigacion-en-el-genero-negro-2\/\",\"url\":\"https:\/\/www.ull.es\/portal\/agenda\/evento\/vii-seminario-internacional-tenerife-noir-de-investigacion-en-el-genero-negro-2\/\",\"name\":\"VII Seminario Internacional Tenerife Noir de Investigaci\u00f3n en el G\u00e9nero Negro - ULL - Agenda\",\"isPartOf\":{\"@id\":\"https:\/\/www.ull.es\/portal\/agenda\/#website\"},\"datePublished\":\"2023-03-03T13:12:01+00:00\",\"dateModified\":\"2023-03-16T08:13:54+00:00\",\"breadcrumb\":{\"@id\":\"https:\/\/www.ull.es\/portal\/agenda\/evento\/vii-seminario-internacional-tenerife-noir-de-investigacion-en-el-genero-negro-2\/#breadcrumb\"},\"inLanguage\":\"es\",\"potentialAction\":[{\"@type\":\"ReadAction\",\"target\":[\"https:\/\/www.ull.es\/portal\/agenda\/evento\/vii-seminario-internacional-tenerife-noir-de-investigacion-en-el-genero-negro-2\/\"]}]},{\"@type\":\"BreadcrumbList\",\"@id\":\"https:\/\/www.ull.es\/portal\/agenda\/evento\/vii-seminario-internacional-tenerife-noir-de-investigacion-en-el-genero-negro-2\/#breadcrumb\",\"itemListElement\":[{\"@type\":\"ListItem\",\"position\":1,\"name\":\"Portada\",\"item\":\"https:\/\/www.ull.es\/portal\/agenda\/\"},{\"@type\":\"ListItem\",\"position\":2,\"name\":\"VII Seminario Internacional Tenerife Noir de Investigaci\u00f3n en el G\u00e9nero Negro\"}]},{\"@type\":\"WebSite\",\"@id\":\"https:\/\/www.ull.es\/portal\/agenda\/#website\",\"url\":\"https:\/\/www.ull.es\/portal\/agenda\/\",\"name\":\"ULL - Agenda\",\"description\":\"\",\"potentialAction\":[{\"@type\":\"SearchAction\",\"target\":{\"@type\":\"EntryPoint\",\"urlTemplate\":\"https:\/\/www.ull.es\/portal\/agenda\/?s={search_term_string}\"},\"query-input\":\"required name=search_term_string\"}],\"inLanguage\":\"es\"}]}<\/script>\n<!-- \/ Yoast SEO plugin. -->","yoast_head_json":{"title":"VII Seminario Internacional Tenerife Noir de Investigaci\u00f3n en el G\u00e9nero Negro - ULL - Agenda","robots":{"index":"index","follow":"follow","max-snippet":"max-snippet:-1","max-image-preview":"max-image-preview:large","max-video-preview":"max-video-preview:-1"},"canonical":"https:\/\/www.ull.es\/portal\/agenda\/evento\/vii-seminario-internacional-tenerife-noir-de-investigacion-en-el-genero-negro-2\/","og_locale":"es_ES","og_type":"article","og_title":"VII Seminario Internacional Tenerife Noir de Investigaci\u00f3n en el G\u00e9nero Negro - ULL - Agenda","og_description":"El VII Seminario Internacional Tenerife Noir de Investigaci\u00f3n en el G\u00e9nero Negro es el punto de encuentro entre investigadores sobre el g\u00e9nero criminal. Dado su car\u00e1cter abierto e interdisciplinar, el Seminario pretende ser una cita \u00fatil y provechosa para expertos y j\u00f3venes investigadores en novela y cine negro, que interactuar\u00e1n con lectores y escritores. Este...","og_url":"https:\/\/www.ull.es\/portal\/agenda\/evento\/vii-seminario-internacional-tenerife-noir-de-investigacion-en-el-genero-negro-2\/","og_site_name":"ULL - Agenda","article_modified_time":"2023-03-16T08:13:54+00:00","og_image":[{"width":700,"height":350,"url":"https:\/\/www.ull.es\/portal\/agenda\/wp-content\/uploads\/sites\/12\/2023\/03\/BannerTenerifeNoir.jpg","type":"image\/jpeg"}],"twitter_card":"summary_large_image","twitter_misc":{"Tiempo de lectura":"2 minutos"},"schema":{"@context":"https:\/\/schema.org","@graph":[{"@type":"WebPage","@id":"https:\/\/www.ull.es\/portal\/agenda\/evento\/vii-seminario-internacional-tenerife-noir-de-investigacion-en-el-genero-negro-2\/","url":"https:\/\/www.ull.es\/portal\/agenda\/evento\/vii-seminario-internacional-tenerife-noir-de-investigacion-en-el-genero-negro-2\/","name":"VII Seminario Internacional Tenerife Noir de Investigaci\u00f3n en el G\u00e9nero Negro - ULL - Agenda","isPartOf":{"@id":"https:\/\/www.ull.es\/portal\/agenda\/#website"},"datePublished":"2023-03-03T13:12:01+00:00","dateModified":"2023-03-16T08:13:54+00:00","breadcrumb":{"@id":"https:\/\/www.ull.es\/portal\/agenda\/evento\/vii-seminario-internacional-tenerife-noir-de-investigacion-en-el-genero-negro-2\/#breadcrumb"},"inLanguage":"es","potentialAction":[{"@type":"ReadAction","target":["https:\/\/www.ull.es\/portal\/agenda\/evento\/vii-seminario-internacional-tenerife-noir-de-investigacion-en-el-genero-negro-2\/"]}]},{"@type":"BreadcrumbList","@id":"https:\/\/www.ull.es\/portal\/agenda\/evento\/vii-seminario-internacional-tenerife-noir-de-investigacion-en-el-genero-negro-2\/#breadcrumb","itemListElement":[{"@type":"ListItem","position":1,"name":"Portada","item":"https:\/\/www.ull.es\/portal\/agenda\/"},{"@type":"ListItem","position":2,"name":"VII Seminario Internacional Tenerife Noir de Investigaci\u00f3n en el G\u00e9nero Negro"}]},{"@type":"WebSite","@id":"https:\/\/www.ull.es\/portal\/agenda\/#website","url":"https:\/\/www.ull.es\/portal\/agenda\/","name":"ULL - Agenda","description":"","potentialAction":[{"@type":"SearchAction","target":{"@type":"EntryPoint","urlTemplate":"https:\/\/www.ull.es\/portal\/agenda\/?s={search_term_string}"},"query-input":"required name=search_term_string"}],"inLanguage":"es"}]}},"_links":{"self":[{"href":"https:\/\/www.ull.es\/portal\/agenda\/wp-json\/wp\/v2\/tribe_events\/29185"}],"collection":[{"href":"https:\/\/www.ull.es\/portal\/agenda\/wp-json\/wp\/v2\/tribe_events"}],"about":[{"href":"https:\/\/www.ull.es\/portal\/agenda\/wp-json\/wp\/v2\/types\/tribe_events"}],"author":[{"embeddable":true,"href":"https:\/\/www.ull.es\/portal\/agenda\/wp-json\/wp\/v2\/users\/43"}],"replies":[{"embeddable":true,"href":"https:\/\/www.ull.es\/portal\/agenda\/wp-json\/wp\/v2\/comments?post=29185"}],"version-history":[{"count":4,"href":"https:\/\/www.ull.es\/portal\/agenda\/wp-json\/wp\/v2\/tribe_events\/29185\/revisions"}],"predecessor-version":[{"id":29190,"href":"https:\/\/www.ull.es\/portal\/agenda\/wp-json\/wp\/v2\/tribe_events\/29185\/revisions\/29190"}],"wp:featuredmedia":[{"embeddable":true,"href":"https:\/\/www.ull.es\/portal\/agenda\/wp-json\/wp\/v2\/media\/29187"}],"wp:attachment":[{"href":"https:\/\/www.ull.es\/portal\/agenda\/wp-json\/wp\/v2\/media?parent=29185"}],"wp:term":[{"taxonomy":"post_tag","embeddable":true,"href":"https:\/\/www.ull.es\/portal\/agenda\/wp-json\/wp\/v2\/tags?post=29185"},{"taxonomy":"tribe_events_cat","embeddable":true,"href":"https:\/\/www.ull.es\/portal\/agenda\/wp-json\/wp\/v2\/tribe_events_cat?post=29185"}],"curies":[{"name":"wp","href":"https:\/\/api.w.org\/{rel}","templated":true}]}}

VII Seminario Internacional Tenerife Noir de Investigación en el Género Negro

<p>El VII Seminario Internacional Tenerife Noir de Investigación en el Género Negro es el punto de encuentro entre investigadores sobre el género criminal. Dado su carácter abierto e interdisciplinar, el Seminario pretende ser una cita útil y provechosa para expertos y jóvenes investigadores en novela y cine negro, que interactuarán con lectores y escritores.</p>
<p>Este evento forma parte de las actividades de  Extensión Universitaria de la Universidad de La Laguna y se celebrará de forma presencial en el Aula Magna del Aulario General César Manrique, los días 15, 16, 17 de marzo de 2023. Está organizado por la Cátedra Cultural Antonio Lozano de Género Criminal con la colaboración del Cabildo de Gran Canaria, el Cabildo de Tenerife, el Departamento de Filología Española y C23CULTURE.</p>
<p>Objetivos:</p>
<p>-Aplicación de nuevas perspectivas críticas al género criminal.<br />
-Análisis comparado de textos literarios y artísticos de género negro.<br />
-Estudio de textos de la literatura criminal.<br />
-Estudio de textos y de obras cinematográficas noir.<br />
-Reflexión en torno a la teoría sobre el género negro.</p>
<p>Dirección académica: Javier Rivero Grandoso. Profesor Contratado Doctor del Departamento de Filología Española de la Universidad de La Laguna.</p>
<p>Coordinación: Alejandro Martín Perera, C23CULTURE Consulting&amp;Services.</p>
<p><strong>CERTIFICADO DE ASISTENCIA, APTITUD Y RECONOCIMIENTO POR CRÉDITO ECTS</strong></p>
<p>La ULL, a través del Vicerrectorado de Cultura, Participación Social y Campus Ofra y La Palma, emitirá un certificado de asistencia a todas aquellas personas que asistan a un mínimo del 80% de las horas lectivas presenciales. Asimismo, aquellas personas que superen el trabajo autónomo del alumnado, recibirán un certificado de asistencia y aprovechamiento, reconocible a su vez por un crédito ECTS.</p>
<p><a href="https://sede.fg.ull.es/es/curso/detalle/a23020110/vii-seminario-internacional-tenerife-noir-de-investigacion-en-el-genero-negro" target="_blank" rel="noopener noreferrer" target="_blank" rel="noopener"><strong><u>Consulta el programa e inscríbete aquí.</u></strong></a></p>
<p><strong>Contacto: 922 319 616 / 922 319 626 – </strong><a href="mailto:extuni@ull.edu.es" target="_blank" rel="noopener"><strong>extuni@ull.es</strong></a></p>

<p>El VII Seminario Internacional Tenerife Noir de Investigación en el Género Negro es el punto de encuentro entre investigadores sobre el género criminal. Dado su carácter abierto e interdisciplinar, el Seminario pretende ser una cita útil y provechosa para expertos y jóvenes investigadores en novela y cine negro, que interactuarán con lectores y escritores. Este&#8230;</p>

<!-- This site is optimized with the Yoast SEO plugin v21.3 - https://yoast.com/wordpress/plugins/seo/ -->
<title>VII Seminario Internacional Tenerife Noir de Investigación en el Género Negro - ULL - Agenda</title>
<meta name="robots" content="index, follow, max-snippet:-1, max-image-preview:large, max-video-preview:-1" />
<link rel="canonical" href="https://www.ull.es/portal/agenda/evento/vii-seminario-internacional-tenerife-noir-de-investigacion-en-el-genero-negro-2/" />
<meta property="og:locale" content="es_ES" />
<meta property="og:type" content="article" />
<meta property="og:title" content="VII Seminario Internacional Tenerife Noir de Investigación en el Género Negro - ULL - Agenda" />
<meta property="og:description" content="El VII Seminario Internacional Tenerife Noir de Investigación en el Género Negro es el punto de encuentro entre investigadores sobre el género criminal. Dado su carácter abierto e interdisciplinar, el Seminario pretende ser una cita útil y provechosa para expertos y jóvenes investigadores en novela y cine negro, que interactuarán con lectores y escritores. Este..." />
<meta property="og:url" content="https://www.ull.es/portal/agenda/evento/vii-seminario-internacional-tenerife-noir-de-investigacion-en-el-genero-negro-2/" />
<meta property="og:site_name" content="ULL - Agenda" />
<meta property="article:modified_time" content="2023-03-16T08:13:54+00:00" />
<meta property="og:image" content="https://www.ull.es/portal/agenda/wp-content/uploads/sites/12/2023/03/BannerTenerifeNoir.jpg" />
	<meta property="og:image:width" content="700" />
	<meta property="og:image:height" content="350" />
	<meta property="og:image:type" content="image/jpeg" />
<meta name="twitter:card" content="summary_large_image" />
<meta name="twitter:label1" content="Tiempo de lectura" />
	<meta name="twitter:data1" content="2 minutos" />
<script type="application/ld+json" class="yoast-schema-graph">{"@context":"https://schema.org","@graph":[{"@type":"WebPage","@id":"https://www.ull.es/portal/agenda/evento/vii-seminario-internacional-tenerife-noir-de-investigacion-en-el-genero-negro-2/","url":"https://www.ull.es/portal/agenda/evento/vii-seminario-internacional-tenerife-noir-de-investigacion-en-el-genero-negro-2/","name":"VII Seminario Internacional Tenerife Noir de Investigación en el Género Negro - ULL - Agenda","isPartOf":{"@id":"https://www.ull.es/portal/agenda/#website"},"datePublished":"2023-03-03T13:12:01+00:00","dateModified":"2023-03-16T08:13:54+00:00","breadcrumb":{"@id":"https://www.ull.es/portal/agenda/evento/vii-seminario-internacional-tenerife-noir-de-investigacion-en-el-genero-negro-2/#breadcrumb"},"inLanguage":"es","potentialAction":[{"@type":"ReadAction","target":["https://www.ull.es/portal/agenda/evento/vii-seminario-internacional-tenerife-noir-de-investigacion-en-el-genero-negro-2/"]}]},{"@type":"BreadcrumbList","@id":"https://www.ull.es/portal/agenda/evento/vii-seminario-internacional-tenerife-noir-de-investigacion-en-el-genero-negro-2/#breadcrumb","itemListElement":[{"@type":"ListItem","position":1,"name":"Portada","item":"https://www.ull.es/portal/agenda/"},{"@type":"ListItem","position":2,"name":"VII Seminario Internacional Tenerife Noir de Investigación en el Género Negro"}]},{"@type":"WebSite","@id":"https://www.ull.es/portal/agenda/#website","url":"https://www.ull.es/portal/agenda/","name":"ULL - Agenda","description":"","potentialAction":[{"@type":"SearchAction","target":{"@type":"EntryPoint","urlTemplate":"https://www.ull.es/portal/agenda/?s={search_term_string}"},"query-input":"required name=search_term_string"}],"inLanguage":"es"}]}</script>
<!-- / Yoast SEO plugin. -->

VII Seminario Internacional Tenerife Noir de Investigación en el Género Negro - ULL - Agenda

El VII Seminario Internacional Tenerife Noir de Investigación en el Género Negro es el punto de encuentro entre investigadores sobre el género criminal. Dado su carácter abierto e interdisciplinar, el Seminario pretende ser una cita útil y provechosa para expertos y jóvenes investigadores en novela y cine negro, que interactuarán con lectores y escritores. Este...
