{"id":29317,"date":"2023-03-07T11:42:20","date_gmt":"2023-03-07T11:42:20","guid":{"rendered":"https:\/\/www.ull.es\/portal\/agenda\/?post_type=tribe_events&#038;p=29317"},"modified":"2023-05-02T11:58:09","modified_gmt":"2023-05-02T11:58:09","slug":"patrimonio-cultural-material-inmaterial-y-grafico","status":"publish","type":"tribe_events","link":"https:\/\/www.ull.es\/portal\/agenda\/evento\/patrimonio-cultural-material-inmaterial-y-grafico\/","title":{"rendered":"Patrimonio cultural: material, inmaterial y gr\u00e1fico"},"content":{"rendered":"<p>Curso de Extensi\u00f3n Universitaria organizado por el Vicerrectorado de Cultura, Participaci\u00f3n Social y Campus Ofra y La Palma en colaboraci\u00f3n con el<strong>\u00a0Excmo. Ayuntamiento de Icod de Los Vinos<\/strong>, dentro de la programaci\u00f3n de la convocatoria de Cursos de Extensi\u00f3n Universitaria en el \u00e1mbito municipal\u00a0<a href=\"https:\/\/www.ull.es\/cultura\/cursos-extension-universitaria\/cursos-de-ayuntamientos\/\" target=\"_blank\" rel=\"noopener\" target=\"_blank\" rel=\"noopener\">\u201cAyuntamientos 2023\u201d<\/a>, que se celebrar\u00e1 en el municipio de Icod de los Vinos los d\u00edas\u00a0<strong>12, 13 y 14 de septiembre de 2023<\/strong>.<\/p>\n<p>Objetivos: Iniciar a la audiencia en los aspectos esenciales de la conservaci\u00f3n, promoci\u00f3n y enriquecimiento de los patrimonios material (mobiliario e inmobiliario), inmaterial (el llamado \u00abpatrimonio vivo\u00bb) y gr\u00e1fico.<\/p>\n<p>Metodolog\u00eda docente: Conferencias participativas con estudios de caso intercaladas y debate con la audiencia.<\/p>\n<p>Dirigido a cualquier persona interesada en los dos temas que componen la tem\u00e1tica del curso: la protecci\u00f3n de todo aquello que define a una colectividad y permite determinar su identidad.<\/p>\n<p>Direcci\u00f3n acad\u00e9mica:<\/p>\n<ul>\n<li>Luis Javier Capote P\u00e9rez. Profesor de Derecho Civil, Departamento de Disciplinas Jur\u00eddicas B\u00e1sicas de la Universidad de La Laguna. Miembro de la C\u00e1tedra UNESCO \u00abCultural Property Protection\u00bb de la Universidad de Opole. Miembro del comit\u00e9 editorial de la \u00abSantander Art &amp; Culture Law Review\u00bb.<\/li>\n<li>Eva M\u00aa. Gonz\u00e1lez Lorenzo. Licenciada en Ciencias Pol\u00edticas y Sociales. DEA en Sociolog\u00eda. Doctora en Ciencias de la Informaci\u00f3n. Directora gerente de una ONG.<\/li>\n<\/ul>\n<p><strong>CERTIFICADO DE ASISTENCIA, APTITUD Y RECONOCIMIENTO POR CR\u00c9DITO ECTS<\/strong><\/p>\n<p>La ULL, a trav\u00e9s del Vicerrectorado de Cultura y Extensi\u00f3n Universitaria, emitir\u00e1 un certificado de asistencia a todas aquellas personas que asistan a un m\u00ednimo del 80% de las horas lectivas presenciales. Asimismo, aquellas personas que superen el trabajo aut\u00f3nomo del alumnado, recibir\u00e1n un certificado de asistencia y aprovechamiento, reconocible a su vez por un cr\u00e9dito ECTS.<\/p>\n<p><a href=\"https:\/\/sede.fg.ull.es\/es\/curso\/detalle\/a23020056\/patrimonio-cultural-material-inmaterial-y-grafico\" target=\"_blank\" rel=\"noopener\" target=\"_blank\" rel=\"noopener\"><strong><u>Consulta el programa e inscr\u00edbete aqu\u00ed.<\/u><\/strong><\/a><\/p>\n<p><strong>Contacto: 922 319 616 \/ 922 319 626 \u2013\u00a0<\/strong><a href=\"mailto:extuni@ull.edu.es\" target=\"_blank\" rel=\"noopener\"><strong>extuni@ull.es<\/strong><\/a><\/p>\n","protected":false},"excerpt":{"rendered":"<p>Curso de Extensi\u00f3n Universitaria organizado por el Vicerrectorado de Cultura, Participaci\u00f3n Social y Campus Ofra y La Palma en colaboraci\u00f3n con el\u00a0Excmo. Ayuntamiento de Icod de Los Vinos, dentro de la programaci\u00f3n de la convocatoria de Cursos de Extensi\u00f3n Universitaria en el \u00e1mbito municipal\u00a0\u201cAyuntamientos 2023\u201d, que se celebrar\u00e1 en el municipio de Icod de los&#8230;<\/p>\n","protected":false},"author":43,"featured_media":29424,"comment_status":"closed","ping_status":"closed","template":"","tags":[4259,4527,977,3812,4844],"tribe_events_cat":[472,469,4,186],"acf":[],"yoast_head":"<!-- This site is optimized with the Yoast SEO plugin v21.3 - https:\/\/yoast.com\/wordpress\/plugins\/seo\/ -->\n<title>Patrimonio cultural: material, inmaterial y gr\u00e1fico - ULL - Agenda<\/title>\n<meta name=\"robots\" content=\"index, follow, max-snippet:-1, max-image-preview:large, max-video-preview:-1\" \/>\n<link rel=\"canonical\" href=\"https:\/\/www.ull.es\/portal\/agenda\/evento\/patrimonio-cultural-material-inmaterial-y-grafico\/\" \/>\n<meta property=\"og:locale\" content=\"es_ES\" \/>\n<meta property=\"og:type\" content=\"article\" \/>\n<meta property=\"og:title\" content=\"Patrimonio cultural: material, inmaterial y gr\u00e1fico - ULL - Agenda\" \/>\n<meta property=\"og:description\" content=\"Curso de Extensi\u00f3n Universitaria organizado por el Vicerrectorado de Cultura, Participaci\u00f3n Social y Campus Ofra y La Palma en colaboraci\u00f3n con el\u00a0Excmo. Ayuntamiento de Icod de Los Vinos, dentro de la programaci\u00f3n de la convocatoria de Cursos de Extensi\u00f3n Universitaria en el \u00e1mbito municipal\u00a0\u201cAyuntamientos 2023\u201d, que se celebrar\u00e1 en el municipio de Icod de los...\" \/>\n<meta property=\"og:url\" content=\"https:\/\/www.ull.es\/portal\/agenda\/evento\/patrimonio-cultural-material-inmaterial-y-grafico\/\" \/>\n<meta property=\"og:site_name\" content=\"ULL - Agenda\" \/>\n<meta property=\"article:modified_time\" content=\"2023-05-02T11:58:09+00:00\" \/>\n<meta property=\"og:image\" content=\"https:\/\/www.ull.es\/portal\/agenda\/wp-content\/uploads\/sites\/12\/2023\/03\/18.png\" \/>\n\t<meta property=\"og:image:width\" content=\"700\" \/>\n\t<meta property=\"og:image:height\" content=\"350\" \/>\n\t<meta property=\"og:image:type\" content=\"image\/png\" \/>\n<meta name=\"twitter:card\" content=\"summary_large_image\" \/>\n<meta name=\"twitter:label1\" content=\"Tiempo de lectura\" \/>\n\t<meta name=\"twitter:data1\" content=\"2 minutos\" \/>\n<script type=\"application\/ld+json\" class=\"yoast-schema-graph\">{\"@context\":\"https:\/\/schema.org\",\"@graph\":[{\"@type\":\"WebPage\",\"@id\":\"https:\/\/www.ull.es\/portal\/agenda\/evento\/patrimonio-cultural-material-inmaterial-y-grafico\/\",\"url\":\"https:\/\/www.ull.es\/portal\/agenda\/evento\/patrimonio-cultural-material-inmaterial-y-grafico\/\",\"name\":\"Patrimonio cultural: material, inmaterial y gr\u00e1fico - ULL - Agenda\",\"isPartOf\":{\"@id\":\"https:\/\/www.ull.es\/portal\/agenda\/#website\"},\"datePublished\":\"2023-03-07T11:42:20+00:00\",\"dateModified\":\"2023-05-02T11:58:09+00:00\",\"breadcrumb\":{\"@id\":\"https:\/\/www.ull.es\/portal\/agenda\/evento\/patrimonio-cultural-material-inmaterial-y-grafico\/#breadcrumb\"},\"inLanguage\":\"es\",\"potentialAction\":[{\"@type\":\"ReadAction\",\"target\":[\"https:\/\/www.ull.es\/portal\/agenda\/evento\/patrimonio-cultural-material-inmaterial-y-grafico\/\"]}]},{\"@type\":\"BreadcrumbList\",\"@id\":\"https:\/\/www.ull.es\/portal\/agenda\/evento\/patrimonio-cultural-material-inmaterial-y-grafico\/#breadcrumb\",\"itemListElement\":[{\"@type\":\"ListItem\",\"position\":1,\"name\":\"Portada\",\"item\":\"https:\/\/www.ull.es\/portal\/agenda\/\"},{\"@type\":\"ListItem\",\"position\":2,\"name\":\"Patrimonio cultural: material, inmaterial y gr\u00e1fico\"}]},{\"@type\":\"WebSite\",\"@id\":\"https:\/\/www.ull.es\/portal\/agenda\/#website\",\"url\":\"https:\/\/www.ull.es\/portal\/agenda\/\",\"name\":\"ULL - Agenda\",\"description\":\"\",\"potentialAction\":[{\"@type\":\"SearchAction\",\"target\":{\"@type\":\"EntryPoint\",\"urlTemplate\":\"https:\/\/www.ull.es\/portal\/agenda\/?s={search_term_string}\"},\"query-input\":\"required name=search_term_string\"}],\"inLanguage\":\"es\"}]}<\/script>\n<!-- \/ Yoast SEO plugin. -->","yoast_head_json":{"title":"Patrimonio cultural: material, inmaterial y gr\u00e1fico - ULL - Agenda","robots":{"index":"index","follow":"follow","max-snippet":"max-snippet:-1","max-image-preview":"max-image-preview:large","max-video-preview":"max-video-preview:-1"},"canonical":"https:\/\/www.ull.es\/portal\/agenda\/evento\/patrimonio-cultural-material-inmaterial-y-grafico\/","og_locale":"es_ES","og_type":"article","og_title":"Patrimonio cultural: material, inmaterial y gr\u00e1fico - ULL - Agenda","og_description":"Curso de Extensi\u00f3n Universitaria organizado por el Vicerrectorado de Cultura, Participaci\u00f3n Social y Campus Ofra y La Palma en colaboraci\u00f3n con el\u00a0Excmo. Ayuntamiento de Icod de Los Vinos, dentro de la programaci\u00f3n de la convocatoria de Cursos de Extensi\u00f3n Universitaria en el \u00e1mbito municipal\u00a0\u201cAyuntamientos 2023\u201d, que se celebrar\u00e1 en el municipio de Icod de los...","og_url":"https:\/\/www.ull.es\/portal\/agenda\/evento\/patrimonio-cultural-material-inmaterial-y-grafico\/","og_site_name":"ULL - Agenda","article_modified_time":"2023-05-02T11:58:09+00:00","og_image":[{"width":700,"height":350,"url":"https:\/\/www.ull.es\/portal\/agenda\/wp-content\/uploads\/sites\/12\/2023\/03\/18.png","type":"image\/png"}],"twitter_card":"summary_large_image","twitter_misc":{"Tiempo de lectura":"2 minutos"},"schema":{"@context":"https:\/\/schema.org","@graph":[{"@type":"WebPage","@id":"https:\/\/www.ull.es\/portal\/agenda\/evento\/patrimonio-cultural-material-inmaterial-y-grafico\/","url":"https:\/\/www.ull.es\/portal\/agenda\/evento\/patrimonio-cultural-material-inmaterial-y-grafico\/","name":"Patrimonio cultural: material, inmaterial y gr\u00e1fico - ULL - Agenda","isPartOf":{"@id":"https:\/\/www.ull.es\/portal\/agenda\/#website"},"datePublished":"2023-03-07T11:42:20+00:00","dateModified":"2023-05-02T11:58:09+00:00","breadcrumb":{"@id":"https:\/\/www.ull.es\/portal\/agenda\/evento\/patrimonio-cultural-material-inmaterial-y-grafico\/#breadcrumb"},"inLanguage":"es","potentialAction":[{"@type":"ReadAction","target":["https:\/\/www.ull.es\/portal\/agenda\/evento\/patrimonio-cultural-material-inmaterial-y-grafico\/"]}]},{"@type":"BreadcrumbList","@id":"https:\/\/www.ull.es\/portal\/agenda\/evento\/patrimonio-cultural-material-inmaterial-y-grafico\/#breadcrumb","itemListElement":[{"@type":"ListItem","position":1,"name":"Portada","item":"https:\/\/www.ull.es\/portal\/agenda\/"},{"@type":"ListItem","position":2,"name":"Patrimonio cultural: material, inmaterial y gr\u00e1fico"}]},{"@type":"WebSite","@id":"https:\/\/www.ull.es\/portal\/agenda\/#website","url":"https:\/\/www.ull.es\/portal\/agenda\/","name":"ULL - Agenda","description":"","potentialAction":[{"@type":"SearchAction","target":{"@type":"EntryPoint","urlTemplate":"https:\/\/www.ull.es\/portal\/agenda\/?s={search_term_string}"},"query-input":"required name=search_term_string"}],"inLanguage":"es"}]}},"_links":{"self":[{"href":"https:\/\/www.ull.es\/portal\/agenda\/wp-json\/wp\/v2\/tribe_events\/29317"}],"collection":[{"href":"https:\/\/www.ull.es\/portal\/agenda\/wp-json\/wp\/v2\/tribe_events"}],"about":[{"href":"https:\/\/www.ull.es\/portal\/agenda\/wp-json\/wp\/v2\/types\/tribe_events"}],"author":[{"embeddable":true,"href":"https:\/\/www.ull.es\/portal\/agenda\/wp-json\/wp\/v2\/users\/43"}],"replies":[{"embeddable":true,"href":"https:\/\/www.ull.es\/portal\/agenda\/wp-json\/wp\/v2\/comments?post=29317"}],"version-history":[{"count":4,"href":"https:\/\/www.ull.es\/portal\/agenda\/wp-json\/wp\/v2\/tribe_events\/29317\/revisions"}],"predecessor-version":[{"id":30325,"href":"https:\/\/www.ull.es\/portal\/agenda\/wp-json\/wp\/v2\/tribe_events\/29317\/revisions\/30325"}],"wp:featuredmedia":[{"embeddable":true,"href":"https:\/\/www.ull.es\/portal\/agenda\/wp-json\/wp\/v2\/media\/29424"}],"wp:attachment":[{"href":"https:\/\/www.ull.es\/portal\/agenda\/wp-json\/wp\/v2\/media?parent=29317"}],"wp:term":[{"taxonomy":"post_tag","embeddable":true,"href":"https:\/\/www.ull.es\/portal\/agenda\/wp-json\/wp\/v2\/tags?post=29317"},{"taxonomy":"tribe_events_cat","embeddable":true,"href":"https:\/\/www.ull.es\/portal\/agenda\/wp-json\/wp\/v2\/tribe_events_cat?post=29317"}],"curies":[{"name":"wp","href":"https:\/\/api.w.org\/{rel}","templated":true}]}}

Patrimonio cultural: material, inmaterial y gráfico

<p>Curso de Extensión Universitaria organizado por el Vicerrectorado de Cultura, Participación Social y Campus Ofra y La Palma en colaboración con el<strong> Excmo. Ayuntamiento de Icod de Los Vinos</strong>, dentro de la programación de la convocatoria de Cursos de Extensión Universitaria en el ámbito municipal <a href="https://www.ull.es/cultura/cursos-extension-universitaria/cursos-de-ayuntamientos/" target="_blank" rel="noopener" target="_blank" rel="noopener">“Ayuntamientos 2023”</a>, que se celebrará en el municipio de Icod de los Vinos los días <strong>12, 13 y 14 de septiembre de 2023</strong>.</p>
<p>Objetivos: Iniciar a la audiencia en los aspectos esenciales de la conservación, promoción y enriquecimiento de los patrimonios material (mobiliario e inmobiliario), inmaterial (el llamado «patrimonio vivo») y gráfico.</p>
<p>Metodología docente: Conferencias participativas con estudios de caso intercaladas y debate con la audiencia.</p>
<p>Dirigido a cualquier persona interesada en los dos temas que componen la temática del curso: la protección de todo aquello que define a una colectividad y permite determinar su identidad.</p>
<p>Dirección académica:</p>
<ul>
<li>Luis Javier Capote Pérez. Profesor de Derecho Civil, Departamento de Disciplinas Jurídicas Básicas de la Universidad de La Laguna. Miembro de la Cátedra UNESCO «Cultural Property Protection» de la Universidad de Opole. Miembro del comité editorial de la «Santander Art &amp; Culture Law Review».</li>
<li>Eva Mª. González Lorenzo. Licenciada en Ciencias Políticas y Sociales. DEA en Sociología. Doctora en Ciencias de la Información. Directora gerente de una ONG.</li>
</ul>
<p><strong>CERTIFICADO DE ASISTENCIA, APTITUD Y RECONOCIMIENTO POR CRÉDITO ECTS</strong></p>
<p>La ULL, a través del Vicerrectorado de Cultura y Extensión Universitaria, emitirá un certificado de asistencia a todas aquellas personas que asistan a un mínimo del 80% de las horas lectivas presenciales. Asimismo, aquellas personas que superen el trabajo autónomo del alumnado, recibirán un certificado de asistencia y aprovechamiento, reconocible a su vez por un crédito ECTS.</p>
<p><a href="https://sede.fg.ull.es/es/curso/detalle/a23020056/patrimonio-cultural-material-inmaterial-y-grafico" target="_blank" rel="noopener" target="_blank" rel="noopener"><strong><u>Consulta el programa e inscríbete aquí.</u></strong></a></p>
<p><strong>Contacto: 922 319 616 / 922 319 626 – </strong><a href="mailto:extuni@ull.edu.es" target="_blank" rel="noopener"><strong>extuni@ull.es</strong></a></p>

<p>Curso de Extensión Universitaria organizado por el Vicerrectorado de Cultura, Participación Social y Campus Ofra y La Palma en colaboración con el Excmo. Ayuntamiento de Icod de Los Vinos, dentro de la programación de la convocatoria de Cursos de Extensión Universitaria en el ámbito municipal “Ayuntamientos 2023”, que se celebrará en el municipio de Icod de los&#8230;</p>

<!-- This site is optimized with the Yoast SEO plugin v21.3 - https://yoast.com/wordpress/plugins/seo/ -->
<title>Patrimonio cultural: material, inmaterial y gráfico - ULL - Agenda</title>
<meta name="robots" content="index, follow, max-snippet:-1, max-image-preview:large, max-video-preview:-1" />
<link rel="canonical" href="https://www.ull.es/portal/agenda/evento/patrimonio-cultural-material-inmaterial-y-grafico/" />
<meta property="og:locale" content="es_ES" />
<meta property="og:type" content="article" />
<meta property="og:title" content="Patrimonio cultural: material, inmaterial y gráfico - ULL - Agenda" />
<meta property="og:description" content="Curso de Extensión Universitaria organizado por el Vicerrectorado de Cultura, Participación Social y Campus Ofra y La Palma en colaboración con el Excmo. Ayuntamiento de Icod de Los Vinos, dentro de la programación de la convocatoria de Cursos de Extensión Universitaria en el ámbito municipal “Ayuntamientos 2023”, que se celebrará en el municipio de Icod de los..." />
<meta property="og:url" content="https://www.ull.es/portal/agenda/evento/patrimonio-cultural-material-inmaterial-y-grafico/" />
<meta property="og:site_name" content="ULL - Agenda" />
<meta property="article:modified_time" content="2023-05-02T11:58:09+00:00" />
<meta property="og:image" content="https://www.ull.es/portal/agenda/wp-content/uploads/sites/12/2023/03/18.png" />
	<meta property="og:image:width" content="700" />
	<meta property="og:image:height" content="350" />
	<meta property="og:image:type" content="image/png" />
<meta name="twitter:card" content="summary_large_image" />
<meta name="twitter:label1" content="Tiempo de lectura" />
	<meta name="twitter:data1" content="2 minutos" />
<script type="application/ld+json" class="yoast-schema-graph">{"@context":"https://schema.org","@graph":[{"@type":"WebPage","@id":"https://www.ull.es/portal/agenda/evento/patrimonio-cultural-material-inmaterial-y-grafico/","url":"https://www.ull.es/portal/agenda/evento/patrimonio-cultural-material-inmaterial-y-grafico/","name":"Patrimonio cultural: material, inmaterial y gráfico - ULL - Agenda","isPartOf":{"@id":"https://www.ull.es/portal/agenda/#website"},"datePublished":"2023-03-07T11:42:20+00:00","dateModified":"2023-05-02T11:58:09+00:00","breadcrumb":{"@id":"https://www.ull.es/portal/agenda/evento/patrimonio-cultural-material-inmaterial-y-grafico/#breadcrumb"},"inLanguage":"es","potentialAction":[{"@type":"ReadAction","target":["https://www.ull.es/portal/agenda/evento/patrimonio-cultural-material-inmaterial-y-grafico/"]}]},{"@type":"BreadcrumbList","@id":"https://www.ull.es/portal/agenda/evento/patrimonio-cultural-material-inmaterial-y-grafico/#breadcrumb","itemListElement":[{"@type":"ListItem","position":1,"name":"Portada","item":"https://www.ull.es/portal/agenda/"},{"@type":"ListItem","position":2,"name":"Patrimonio cultural: material, inmaterial y gráfico"}]},{"@type":"WebSite","@id":"https://www.ull.es/portal/agenda/#website","url":"https://www.ull.es/portal/agenda/","name":"ULL - Agenda","description":"","potentialAction":[{"@type":"SearchAction","target":{"@type":"EntryPoint","urlTemplate":"https://www.ull.es/portal/agenda/?s={search_term_string}"},"query-input":"required name=search_term_string"}],"inLanguage":"es"}]}</script>
<!-- / Yoast SEO plugin. -->

Patrimonio cultural: material, inmaterial y gráfico - ULL - Agenda

Curso de Extensión Universitaria organizado por el Vicerrectorado de Cultura, Participación Social y Campus Ofra y La Palma en colaboración con el Excmo. Ayuntamiento de Icod de Los Vinos, dentro de la programación de la convocatoria de Cursos de Extensión Universitaria en el ámbito municipal “Ayuntamientos 2023”, que se celebrará en el municipio de Icod de los...
