{"id":29511,"date":"2023-03-10T09:19:04","date_gmt":"2023-03-10T09:19:04","guid":{"rendered":"https:\/\/www.ull.es\/portal\/agenda\/?post_type=tribe_events&#038;p=29511"},"modified":"2023-03-13T14:09:42","modified_gmt":"2023-03-13T14:09:42","slug":"ii-jornadas-internacionales-de-cooperacion-internacional-al-desarrollo","status":"publish","type":"tribe_events","link":"https:\/\/www.ull.es\/portal\/agenda\/evento\/ii-jornadas-internacionales-de-cooperacion-internacional-al-desarrollo\/","title":{"rendered":"II Jornadas de Investigaci\u00f3n y Estudios de Cooperaci\u00f3n Internacional al Desarrollo"},"content":{"rendered":"<p>Estas Jornadas tienen por finalidad sensibilizar a la comunidad universitaria en valores de solidaridad y justicia social, a la vez que fomentan la realizaci\u00f3n de estudios sobre el<br \/>\ndesarrollo y para el desarrollo del planeta.<\/p>\n<p>En esta segunda edici\u00f3n contamos con el conferenciante Jos\u00e9 Mar\u00eda Caballero C\u00e1ceres, cooperante, Asesor de ONG y escritor. Licenciado en Derecho, por la Universidad Aut\u00f3noma de Madrid y M\u00e1ster en derechos humanos y resoluci\u00f3n de conflictos, por la Long Island University de Nueva York, coautor del blog \u00c1frica no es un pa\u00eds del peri\u00f3dico El Pa\u00eds.<\/p>\n<p>Posteriormente, se presentar\u00e1n los resultados de los proyectos adjudicados en la II Convocatoria de proyectos de Cooperaci\u00f3n Internacional al desarrollo del Vicerrectorado de Proyecci\u00f3n, Internacionalizaci\u00f3n y Cooperaci\u00f3n de la Universidad de La Laguna.<\/p>\n<p><a href=\"https:\/\/drive.google.com\/file\/d\/1ylfKzQQc26zvo34pC3nHKexC0hWtGC-R\/view?usp=share_link\" target=\"_blank\" rel=\"noopener\" target=\"_blank\" rel=\"noopener\">Programa<\/a><\/p>\n","protected":false},"excerpt":{"rendered":"<p>Estas Jornadas tienen por finalidad sensibilizar a la comunidad universitaria en valores de solidaridad y justicia social, a la vez que fomentan la realizaci\u00f3n de estudios sobre el desarrollo y para el desarrollo del planeta. En esta segunda edici\u00f3n contamos con el conferenciante Jos\u00e9 Mar\u00eda Caballero C\u00e1ceres, cooperante, Asesor de ONG y escritor. Licenciado en&#8230;<\/p>\n","protected":false},"author":65,"featured_media":29543,"comment_status":"closed","ping_status":"closed","template":"","tags":[],"tribe_events_cat":[4,345,191],"acf":[],"yoast_head":"<!-- This site is optimized with the Yoast SEO plugin v21.3 - https:\/\/yoast.com\/wordpress\/plugins\/seo\/ -->\n<title>II Jornadas de Investigaci\u00f3n y Estudios de Cooperaci\u00f3n Internacional al Desarrollo - ULL - Agenda<\/title>\n<meta name=\"robots\" content=\"index, follow, max-snippet:-1, max-image-preview:large, max-video-preview:-1\" \/>\n<link rel=\"canonical\" href=\"https:\/\/www.ull.es\/portal\/agenda\/evento\/ii-jornadas-internacionales-de-cooperacion-internacional-al-desarrollo\/\" \/>\n<meta property=\"og:locale\" content=\"es_ES\" \/>\n<meta property=\"og:type\" content=\"article\" \/>\n<meta property=\"og:title\" content=\"II Jornadas de Investigaci\u00f3n y Estudios de Cooperaci\u00f3n Internacional al Desarrollo - ULL - Agenda\" \/>\n<meta property=\"og:description\" content=\"Estas Jornadas tienen por finalidad sensibilizar a la comunidad universitaria en valores de solidaridad y justicia social, a la vez que fomentan la realizaci\u00f3n de estudios sobre el desarrollo y para el desarrollo del planeta. En esta segunda edici\u00f3n contamos con el conferenciante Jos\u00e9 Mar\u00eda Caballero C\u00e1ceres, cooperante, Asesor de ONG y escritor. Licenciado en...\" \/>\n<meta property=\"og:url\" content=\"https:\/\/www.ull.es\/portal\/agenda\/evento\/ii-jornadas-internacionales-de-cooperacion-internacional-al-desarrollo\/\" \/>\n<meta property=\"og:site_name\" content=\"ULL - Agenda\" \/>\n<meta property=\"article:modified_time\" content=\"2023-03-13T14:09:42+00:00\" \/>\n<meta property=\"og:image\" content=\"https:\/\/www.ull.es\/portal\/agenda\/wp-content\/uploads\/sites\/12\/2023\/03\/II-Jornadas-de-Investigacion-y-estudios-sobre-cooperacion-internacional-al-desarrollo_Banner-evento-1.png\" \/>\n\t<meta property=\"og:image:width\" content=\"750\" \/>\n\t<meta property=\"og:image:height\" content=\"370\" \/>\n\t<meta property=\"og:image:type\" content=\"image\/png\" \/>\n<meta name=\"twitter:card\" content=\"summary_large_image\" \/>\n<meta name=\"twitter:label1\" content=\"Tiempo de lectura\" \/>\n\t<meta name=\"twitter:data1\" content=\"1 minuto\" \/>\n<script type=\"application\/ld+json\" class=\"yoast-schema-graph\">{\"@context\":\"https:\/\/schema.org\",\"@graph\":[{\"@type\":\"WebPage\",\"@id\":\"https:\/\/www.ull.es\/portal\/agenda\/evento\/ii-jornadas-internacionales-de-cooperacion-internacional-al-desarrollo\/\",\"url\":\"https:\/\/www.ull.es\/portal\/agenda\/evento\/ii-jornadas-internacionales-de-cooperacion-internacional-al-desarrollo\/\",\"name\":\"II Jornadas de Investigaci\u00f3n y Estudios de Cooperaci\u00f3n Internacional al Desarrollo - ULL - Agenda\",\"isPartOf\":{\"@id\":\"https:\/\/www.ull.es\/portal\/agenda\/#website\"},\"datePublished\":\"2023-03-10T09:19:04+00:00\",\"dateModified\":\"2023-03-13T14:09:42+00:00\",\"breadcrumb\":{\"@id\":\"https:\/\/www.ull.es\/portal\/agenda\/evento\/ii-jornadas-internacionales-de-cooperacion-internacional-al-desarrollo\/#breadcrumb\"},\"inLanguage\":\"es\",\"potentialAction\":[{\"@type\":\"ReadAction\",\"target\":[\"https:\/\/www.ull.es\/portal\/agenda\/evento\/ii-jornadas-internacionales-de-cooperacion-internacional-al-desarrollo\/\"]}]},{\"@type\":\"BreadcrumbList\",\"@id\":\"https:\/\/www.ull.es\/portal\/agenda\/evento\/ii-jornadas-internacionales-de-cooperacion-internacional-al-desarrollo\/#breadcrumb\",\"itemListElement\":[{\"@type\":\"ListItem\",\"position\":1,\"name\":\"Portada\",\"item\":\"https:\/\/www.ull.es\/portal\/agenda\/\"},{\"@type\":\"ListItem\",\"position\":2,\"name\":\"II Jornadas de Investigaci\u00f3n y Estudios de Cooperaci\u00f3n Internacional al Desarrollo\"}]},{\"@type\":\"WebSite\",\"@id\":\"https:\/\/www.ull.es\/portal\/agenda\/#website\",\"url\":\"https:\/\/www.ull.es\/portal\/agenda\/\",\"name\":\"ULL - Agenda\",\"description\":\"\",\"potentialAction\":[{\"@type\":\"SearchAction\",\"target\":{\"@type\":\"EntryPoint\",\"urlTemplate\":\"https:\/\/www.ull.es\/portal\/agenda\/?s={search_term_string}\"},\"query-input\":\"required name=search_term_string\"}],\"inLanguage\":\"es\"}]}<\/script>\n<!-- \/ Yoast SEO plugin. -->","yoast_head_json":{"title":"II Jornadas de Investigaci\u00f3n y Estudios de Cooperaci\u00f3n Internacional al Desarrollo - ULL - Agenda","robots":{"index":"index","follow":"follow","max-snippet":"max-snippet:-1","max-image-preview":"max-image-preview:large","max-video-preview":"max-video-preview:-1"},"canonical":"https:\/\/www.ull.es\/portal\/agenda\/evento\/ii-jornadas-internacionales-de-cooperacion-internacional-al-desarrollo\/","og_locale":"es_ES","og_type":"article","og_title":"II Jornadas de Investigaci\u00f3n y Estudios de Cooperaci\u00f3n Internacional al Desarrollo - ULL - Agenda","og_description":"Estas Jornadas tienen por finalidad sensibilizar a la comunidad universitaria en valores de solidaridad y justicia social, a la vez que fomentan la realizaci\u00f3n de estudios sobre el desarrollo y para el desarrollo del planeta. En esta segunda edici\u00f3n contamos con el conferenciante Jos\u00e9 Mar\u00eda Caballero C\u00e1ceres, cooperante, Asesor de ONG y escritor. Licenciado en...","og_url":"https:\/\/www.ull.es\/portal\/agenda\/evento\/ii-jornadas-internacionales-de-cooperacion-internacional-al-desarrollo\/","og_site_name":"ULL - Agenda","article_modified_time":"2023-03-13T14:09:42+00:00","og_image":[{"width":750,"height":370,"url":"https:\/\/www.ull.es\/portal\/agenda\/wp-content\/uploads\/sites\/12\/2023\/03\/II-Jornadas-de-Investigacion-y-estudios-sobre-cooperacion-internacional-al-desarrollo_Banner-evento-1.png","type":"image\/png"}],"twitter_card":"summary_large_image","twitter_misc":{"Tiempo de lectura":"1 minuto"},"schema":{"@context":"https:\/\/schema.org","@graph":[{"@type":"WebPage","@id":"https:\/\/www.ull.es\/portal\/agenda\/evento\/ii-jornadas-internacionales-de-cooperacion-internacional-al-desarrollo\/","url":"https:\/\/www.ull.es\/portal\/agenda\/evento\/ii-jornadas-internacionales-de-cooperacion-internacional-al-desarrollo\/","name":"II Jornadas de Investigaci\u00f3n y Estudios de Cooperaci\u00f3n Internacional al Desarrollo - ULL - Agenda","isPartOf":{"@id":"https:\/\/www.ull.es\/portal\/agenda\/#website"},"datePublished":"2023-03-10T09:19:04+00:00","dateModified":"2023-03-13T14:09:42+00:00","breadcrumb":{"@id":"https:\/\/www.ull.es\/portal\/agenda\/evento\/ii-jornadas-internacionales-de-cooperacion-internacional-al-desarrollo\/#breadcrumb"},"inLanguage":"es","potentialAction":[{"@type":"ReadAction","target":["https:\/\/www.ull.es\/portal\/agenda\/evento\/ii-jornadas-internacionales-de-cooperacion-internacional-al-desarrollo\/"]}]},{"@type":"BreadcrumbList","@id":"https:\/\/www.ull.es\/portal\/agenda\/evento\/ii-jornadas-internacionales-de-cooperacion-internacional-al-desarrollo\/#breadcrumb","itemListElement":[{"@type":"ListItem","position":1,"name":"Portada","item":"https:\/\/www.ull.es\/portal\/agenda\/"},{"@type":"ListItem","position":2,"name":"II Jornadas de Investigaci\u00f3n y Estudios de Cooperaci\u00f3n Internacional al Desarrollo"}]},{"@type":"WebSite","@id":"https:\/\/www.ull.es\/portal\/agenda\/#website","url":"https:\/\/www.ull.es\/portal\/agenda\/","name":"ULL - Agenda","description":"","potentialAction":[{"@type":"SearchAction","target":{"@type":"EntryPoint","urlTemplate":"https:\/\/www.ull.es\/portal\/agenda\/?s={search_term_string}"},"query-input":"required name=search_term_string"}],"inLanguage":"es"}]}},"_links":{"self":[{"href":"https:\/\/www.ull.es\/portal\/agenda\/wp-json\/wp\/v2\/tribe_events\/29511"}],"collection":[{"href":"https:\/\/www.ull.es\/portal\/agenda\/wp-json\/wp\/v2\/tribe_events"}],"about":[{"href":"https:\/\/www.ull.es\/portal\/agenda\/wp-json\/wp\/v2\/types\/tribe_events"}],"author":[{"embeddable":true,"href":"https:\/\/www.ull.es\/portal\/agenda\/wp-json\/wp\/v2\/users\/65"}],"replies":[{"embeddable":true,"href":"https:\/\/www.ull.es\/portal\/agenda\/wp-json\/wp\/v2\/comments?post=29511"}],"version-history":[{"count":2,"href":"https:\/\/www.ull.es\/portal\/agenda\/wp-json\/wp\/v2\/tribe_events\/29511\/revisions"}],"predecessor-version":[{"id":29553,"href":"https:\/\/www.ull.es\/portal\/agenda\/wp-json\/wp\/v2\/tribe_events\/29511\/revisions\/29553"}],"wp:featuredmedia":[{"embeddable":true,"href":"https:\/\/www.ull.es\/portal\/agenda\/wp-json\/wp\/v2\/media\/29543"}],"wp:attachment":[{"href":"https:\/\/www.ull.es\/portal\/agenda\/wp-json\/wp\/v2\/media?parent=29511"}],"wp:term":[{"taxonomy":"post_tag","embeddable":true,"href":"https:\/\/www.ull.es\/portal\/agenda\/wp-json\/wp\/v2\/tags?post=29511"},{"taxonomy":"tribe_events_cat","embeddable":true,"href":"https:\/\/www.ull.es\/portal\/agenda\/wp-json\/wp\/v2\/tribe_events_cat?post=29511"}],"curies":[{"name":"wp","href":"https:\/\/api.w.org\/{rel}","templated":true}]}}

II Jornadas de Investigación y Estudios de Cooperación Internacional al Desarrollo

<p>Estas Jornadas tienen por finalidad sensibilizar a la comunidad universitaria en valores de solidaridad y justicia social, a la vez que fomentan la realización de estudios sobre el<br />
desarrollo y para el desarrollo del planeta.</p>
<p>En esta segunda edición contamos con el conferenciante José María Caballero Cáceres, cooperante, Asesor de ONG y escritor. Licenciado en Derecho, por la Universidad Autónoma de Madrid y Máster en derechos humanos y resolución de conflictos, por la Long Island University de Nueva York, coautor del blog África no es un país del periódico El País.</p>
<p>Posteriormente, se presentarán los resultados de los proyectos adjudicados en la II Convocatoria de proyectos de Cooperación Internacional al desarrollo del Vicerrectorado de Proyección, Internacionalización y Cooperación de la Universidad de La Laguna.</p>
<p><a href="https://drive.google.com/file/d/1ylfKzQQc26zvo34pC3nHKexC0hWtGC-R/view?usp=share_link" target="_blank" rel="noopener" target="_blank" rel="noopener">Programa</a></p>

<p>Estas Jornadas tienen por finalidad sensibilizar a la comunidad universitaria en valores de solidaridad y justicia social, a la vez que fomentan la realización de estudios sobre el desarrollo y para el desarrollo del planeta. En esta segunda edición contamos con el conferenciante José María Caballero Cáceres, cooperante, Asesor de ONG y escritor. Licenciado en&#8230;</p>

<!-- This site is optimized with the Yoast SEO plugin v21.3 - https://yoast.com/wordpress/plugins/seo/ -->
<title>II Jornadas de Investigación y Estudios de Cooperación Internacional al Desarrollo - ULL - Agenda</title>
<meta name="robots" content="index, follow, max-snippet:-1, max-image-preview:large, max-video-preview:-1" />
<link rel="canonical" href="https://www.ull.es/portal/agenda/evento/ii-jornadas-internacionales-de-cooperacion-internacional-al-desarrollo/" />
<meta property="og:locale" content="es_ES" />
<meta property="og:type" content="article" />
<meta property="og:title" content="II Jornadas de Investigación y Estudios de Cooperación Internacional al Desarrollo - ULL - Agenda" />
<meta property="og:description" content="Estas Jornadas tienen por finalidad sensibilizar a la comunidad universitaria en valores de solidaridad y justicia social, a la vez que fomentan la realización de estudios sobre el desarrollo y para el desarrollo del planeta. En esta segunda edición contamos con el conferenciante José María Caballero Cáceres, cooperante, Asesor de ONG y escritor. Licenciado en..." />
<meta property="og:url" content="https://www.ull.es/portal/agenda/evento/ii-jornadas-internacionales-de-cooperacion-internacional-al-desarrollo/" />
<meta property="og:site_name" content="ULL - Agenda" />
<meta property="article:modified_time" content="2023-03-13T14:09:42+00:00" />
<meta property="og:image" content="https://www.ull.es/portal/agenda/wp-content/uploads/sites/12/2023/03/II-Jornadas-de-Investigacion-y-estudios-sobre-cooperacion-internacional-al-desarrollo_Banner-evento-1.png" />
	<meta property="og:image:width" content="750" />
	<meta property="og:image:height" content="370" />
	<meta property="og:image:type" content="image/png" />
<meta name="twitter:card" content="summary_large_image" />
<meta name="twitter:label1" content="Tiempo de lectura" />
	<meta name="twitter:data1" content="1 minuto" />
<script type="application/ld+json" class="yoast-schema-graph">{"@context":"https://schema.org","@graph":[{"@type":"WebPage","@id":"https://www.ull.es/portal/agenda/evento/ii-jornadas-internacionales-de-cooperacion-internacional-al-desarrollo/","url":"https://www.ull.es/portal/agenda/evento/ii-jornadas-internacionales-de-cooperacion-internacional-al-desarrollo/","name":"II Jornadas de Investigación y Estudios de Cooperación Internacional al Desarrollo - ULL - Agenda","isPartOf":{"@id":"https://www.ull.es/portal/agenda/#website"},"datePublished":"2023-03-10T09:19:04+00:00","dateModified":"2023-03-13T14:09:42+00:00","breadcrumb":{"@id":"https://www.ull.es/portal/agenda/evento/ii-jornadas-internacionales-de-cooperacion-internacional-al-desarrollo/#breadcrumb"},"inLanguage":"es","potentialAction":[{"@type":"ReadAction","target":["https://www.ull.es/portal/agenda/evento/ii-jornadas-internacionales-de-cooperacion-internacional-al-desarrollo/"]}]},{"@type":"BreadcrumbList","@id":"https://www.ull.es/portal/agenda/evento/ii-jornadas-internacionales-de-cooperacion-internacional-al-desarrollo/#breadcrumb","itemListElement":[{"@type":"ListItem","position":1,"name":"Portada","item":"https://www.ull.es/portal/agenda/"},{"@type":"ListItem","position":2,"name":"II Jornadas de Investigación y Estudios de Cooperación Internacional al Desarrollo"}]},{"@type":"WebSite","@id":"https://www.ull.es/portal/agenda/#website","url":"https://www.ull.es/portal/agenda/","name":"ULL - Agenda","description":"","potentialAction":[{"@type":"SearchAction","target":{"@type":"EntryPoint","urlTemplate":"https://www.ull.es/portal/agenda/?s={search_term_string}"},"query-input":"required name=search_term_string"}],"inLanguage":"es"}]}</script>
<!-- / Yoast SEO plugin. -->

II Jornadas de Investigación y Estudios de Cooperación Internacional al Desarrollo - ULL - Agenda

Estas Jornadas tienen por finalidad sensibilizar a la comunidad universitaria en valores de solidaridad y justicia social, a la vez que fomentan la realización de estudios sobre el desarrollo y para el desarrollo del planeta. En esta segunda edición contamos con el conferenciante José María Caballero Cáceres, cooperante, Asesor de ONG y escritor. Licenciado en...
