{"id":29598,"date":"2023-03-15T10:07:54","date_gmt":"2023-03-15T10:07:54","guid":{"rendered":"https:\/\/www.ull.es\/portal\/agenda\/?post_type=tribe_events&#038;p=29598"},"modified":"2023-03-27T08:21:20","modified_gmt":"2023-03-27T08:21:20","slug":"taller-teorico-practico-de-montaje-de-exposiciones-de-arte","status":"publish","type":"tribe_events","link":"https:\/\/www.ull.es\/portal\/agenda\/evento\/taller-teorico-practico-de-montaje-de-exposiciones-de-arte\/","title":{"rendered":"Taller te\u00f3rico pr\u00e1ctico de montaje de exposiciones de arte"},"content":{"rendered":"<p>El Aula Cultural de Pensamiento Art\u00edstico Contempor\u00e1neo, con la colaboraci\u00f3n del Gobierno de Canarias, organiza este taller, que se celebrar\u00e1 en la Sala de Arte Contempor\u00e1neo (SAC) los d\u00edas 29 y 30 de marzo de 2023 en horario de 9:00 a 14:00 horas.<\/p>\n<p>Desde el comienzo de la modernidad, la sala de exposiciones se convirti\u00f3 en el dispositivo hegem\u00f3nico para la \u201ctransferencia de los resultados\u201d de la creaci\u00f3n art\u00edstica. La normalizaci\u00f3n de sus protocolos ha acabado por institucionalizarlos y traducirlos en departamentos y tareas especializadas. En la posmodernidad, la deconstrucci\u00f3n de estos presupuestos ocultos se ha convertido en parte integrante de la creaci\u00f3n art\u00edstica, y su alteraci\u00f3n, m\u00e1s o menos consensuada, en criterio de valoraci\u00f3n est\u00e9tica. Como, adem\u00e1s, la obra art\u00edstica se ha ido haciendo cada vez m\u00e1s contextual y, en consecuencia, lejos de venir acabada del estudio siempre se termina en sala, cualquier artista \u2013incluso cualquier buen espectador\u2013 deber\u00eda estar familiarizado con todos los elementos, desde los m\u00e1s artesanales a los m\u00e1s contextuales, implicados en el fen\u00f3meno expositivo. Este taller pretende ponerlos sobre la mesa y discutirlos con un profesional tanto del arte como de la organizaci\u00f3n y montaje de exposiciones.<\/p>\n<p>Dirigido al alumnado y profesorado de la ULL y a cualquier persona interesada en el arte, la est\u00e9tica y la cultura contempor\u00e1nea.<\/p>\n<p>Imparte: Jos\u00e9 Antonio Otero Cabrera. Doctor en Bellas Artes por la Universidad de La Laguna, artista, T\u00e9cnico en Artes Visuales y Director de montaje de exposiciones de las Salas de Arte del Gobierno de Canarias.<\/p>\n<p>Direcci\u00f3n acad\u00e9mica: Ram\u00f3n Salas Lamami\u00e9 de Clairac. Profesor Titular de Universidad. Departamento de Bellas Artes de la Universidad de La Laguna.<\/p>\n<p><a href=\"https:\/\/sede.fg.ull.es\/es\/curso\/detalle\/a23020131\/taller-teorico-practico-de-montaje-de-exposiciones-de-arte\" target=\"_blank\" rel=\"noopener noreferrer\" target=\"_blank\" rel=\"noopener\"><strong><u>M\u00e1s informaci\u00f3n e inscripci\u00f3n gratuita aqu\u00ed.<\/u><\/strong><\/a><\/p>\n<p><span style=\"color: #ff6600\"><strong>\u00a1PLAZAS AGOTADAS!<\/strong><\/span><\/p>\n<p><strong>CERTIFICADO DE ASISTENCIA Y APTITUD:\u00a0<\/strong>La ULL, a trav\u00e9s del Vicerrectorado de Cultura, Participaci\u00f3n Social y Campus Ofra y La Palma, emitir\u00e1 un certificado de asistencia a todas aquellas personas que participen, previa inscripci\u00f3n en la actividad. Adem\u00e1s, aquellas personas que superen la evaluaci\u00f3n, recibir\u00e1n un certificado de asistencia y aprovechamiento.<\/p>\n<p><strong>Contacto: 922 319 616 \/ 922 319 626 \u2013\u00a0<\/strong><a href=\"mailto:extuni@ull.edu.es\" target=\"_blank\" rel=\"noopener\"><strong>extuni@ull.es<\/strong><\/a><\/p>\n","protected":false},"excerpt":{"rendered":"<p>El Aula Cultural de Pensamiento Art\u00edstico Contempor\u00e1neo, con la colaboraci\u00f3n del Gobierno de Canarias, organiza este taller, que se celebrar\u00e1 en la Sala de Arte Contempor\u00e1neo (SAC) los d\u00edas 29 y 30 de marzo de 2023 en horario de 9:00 a 14:00 horas. Desde el comienzo de la modernidad, la sala de exposiciones se convirti\u00f3&#8230;<\/p>\n","protected":false},"author":43,"featured_media":29611,"comment_status":"closed","ping_status":"closed","template":"","tags":[4259,977,3812,4165],"tribe_events_cat":[472,471,4,186],"acf":[],"yoast_head":"<!-- This site is optimized with the Yoast SEO plugin v21.3 - https:\/\/yoast.com\/wordpress\/plugins\/seo\/ -->\n<title>Taller te\u00f3rico pr\u00e1ctico de montaje de exposiciones de arte - ULL - Agenda<\/title>\n<meta name=\"robots\" content=\"index, follow, max-snippet:-1, max-image-preview:large, max-video-preview:-1\" \/>\n<link rel=\"canonical\" href=\"https:\/\/www.ull.es\/portal\/agenda\/evento\/taller-teorico-practico-de-montaje-de-exposiciones-de-arte\/\" \/>\n<meta property=\"og:locale\" content=\"es_ES\" \/>\n<meta property=\"og:type\" content=\"article\" \/>\n<meta property=\"og:title\" content=\"Taller te\u00f3rico pr\u00e1ctico de montaje de exposiciones de arte - ULL - Agenda\" \/>\n<meta property=\"og:description\" content=\"El Aula Cultural de Pensamiento Art\u00edstico Contempor\u00e1neo, con la colaboraci\u00f3n del Gobierno de Canarias, organiza este taller, que se celebrar\u00e1 en la Sala de Arte Contempor\u00e1neo (SAC) los d\u00edas 29 y 30 de marzo de 2023 en horario de 9:00 a 14:00 horas. Desde el comienzo de la modernidad, la sala de exposiciones se convirti\u00f3...\" \/>\n<meta property=\"og:url\" content=\"https:\/\/www.ull.es\/portal\/agenda\/evento\/taller-teorico-practico-de-montaje-de-exposiciones-de-arte\/\" \/>\n<meta property=\"og:site_name\" content=\"ULL - Agenda\" \/>\n<meta property=\"article:modified_time\" content=\"2023-03-27T08:21:20+00:00\" \/>\n<meta property=\"og:image\" content=\"https:\/\/www.ull.es\/portal\/agenda\/wp-content\/uploads\/sites\/12\/2023\/03\/BannerOtero.jpg\" \/>\n\t<meta property=\"og:image:width\" content=\"700\" \/>\n\t<meta property=\"og:image:height\" content=\"350\" \/>\n\t<meta property=\"og:image:type\" content=\"image\/jpeg\" \/>\n<meta name=\"twitter:card\" content=\"summary_large_image\" \/>\n<meta name=\"twitter:label1\" content=\"Tiempo de lectura\" \/>\n\t<meta name=\"twitter:data1\" content=\"2 minutos\" \/>\n<script type=\"application\/ld+json\" class=\"yoast-schema-graph\">{\"@context\":\"https:\/\/schema.org\",\"@graph\":[{\"@type\":\"WebPage\",\"@id\":\"https:\/\/www.ull.es\/portal\/agenda\/evento\/taller-teorico-practico-de-montaje-de-exposiciones-de-arte\/\",\"url\":\"https:\/\/www.ull.es\/portal\/agenda\/evento\/taller-teorico-practico-de-montaje-de-exposiciones-de-arte\/\",\"name\":\"Taller te\u00f3rico pr\u00e1ctico de montaje de exposiciones de arte - ULL - Agenda\",\"isPartOf\":{\"@id\":\"https:\/\/www.ull.es\/portal\/agenda\/#website\"},\"datePublished\":\"2023-03-15T10:07:54+00:00\",\"dateModified\":\"2023-03-27T08:21:20+00:00\",\"breadcrumb\":{\"@id\":\"https:\/\/www.ull.es\/portal\/agenda\/evento\/taller-teorico-practico-de-montaje-de-exposiciones-de-arte\/#breadcrumb\"},\"inLanguage\":\"es\",\"potentialAction\":[{\"@type\":\"ReadAction\",\"target\":[\"https:\/\/www.ull.es\/portal\/agenda\/evento\/taller-teorico-practico-de-montaje-de-exposiciones-de-arte\/\"]}]},{\"@type\":\"BreadcrumbList\",\"@id\":\"https:\/\/www.ull.es\/portal\/agenda\/evento\/taller-teorico-practico-de-montaje-de-exposiciones-de-arte\/#breadcrumb\",\"itemListElement\":[{\"@type\":\"ListItem\",\"position\":1,\"name\":\"Portada\",\"item\":\"https:\/\/www.ull.es\/portal\/agenda\/\"},{\"@type\":\"ListItem\",\"position\":2,\"name\":\"Taller te\u00f3rico pr\u00e1ctico de montaje de exposiciones de arte\"}]},{\"@type\":\"WebSite\",\"@id\":\"https:\/\/www.ull.es\/portal\/agenda\/#website\",\"url\":\"https:\/\/www.ull.es\/portal\/agenda\/\",\"name\":\"ULL - Agenda\",\"description\":\"\",\"potentialAction\":[{\"@type\":\"SearchAction\",\"target\":{\"@type\":\"EntryPoint\",\"urlTemplate\":\"https:\/\/www.ull.es\/portal\/agenda\/?s={search_term_string}\"},\"query-input\":\"required name=search_term_string\"}],\"inLanguage\":\"es\"}]}<\/script>\n<!-- \/ Yoast SEO plugin. -->","yoast_head_json":{"title":"Taller te\u00f3rico pr\u00e1ctico de montaje de exposiciones de arte - ULL - Agenda","robots":{"index":"index","follow":"follow","max-snippet":"max-snippet:-1","max-image-preview":"max-image-preview:large","max-video-preview":"max-video-preview:-1"},"canonical":"https:\/\/www.ull.es\/portal\/agenda\/evento\/taller-teorico-practico-de-montaje-de-exposiciones-de-arte\/","og_locale":"es_ES","og_type":"article","og_title":"Taller te\u00f3rico pr\u00e1ctico de montaje de exposiciones de arte - ULL - Agenda","og_description":"El Aula Cultural de Pensamiento Art\u00edstico Contempor\u00e1neo, con la colaboraci\u00f3n del Gobierno de Canarias, organiza este taller, que se celebrar\u00e1 en la Sala de Arte Contempor\u00e1neo (SAC) los d\u00edas 29 y 30 de marzo de 2023 en horario de 9:00 a 14:00 horas. Desde el comienzo de la modernidad, la sala de exposiciones se convirti\u00f3...","og_url":"https:\/\/www.ull.es\/portal\/agenda\/evento\/taller-teorico-practico-de-montaje-de-exposiciones-de-arte\/","og_site_name":"ULL - Agenda","article_modified_time":"2023-03-27T08:21:20+00:00","og_image":[{"width":700,"height":350,"url":"https:\/\/www.ull.es\/portal\/agenda\/wp-content\/uploads\/sites\/12\/2023\/03\/BannerOtero.jpg","type":"image\/jpeg"}],"twitter_card":"summary_large_image","twitter_misc":{"Tiempo de lectura":"2 minutos"},"schema":{"@context":"https:\/\/schema.org","@graph":[{"@type":"WebPage","@id":"https:\/\/www.ull.es\/portal\/agenda\/evento\/taller-teorico-practico-de-montaje-de-exposiciones-de-arte\/","url":"https:\/\/www.ull.es\/portal\/agenda\/evento\/taller-teorico-practico-de-montaje-de-exposiciones-de-arte\/","name":"Taller te\u00f3rico pr\u00e1ctico de montaje de exposiciones de arte - ULL - Agenda","isPartOf":{"@id":"https:\/\/www.ull.es\/portal\/agenda\/#website"},"datePublished":"2023-03-15T10:07:54+00:00","dateModified":"2023-03-27T08:21:20+00:00","breadcrumb":{"@id":"https:\/\/www.ull.es\/portal\/agenda\/evento\/taller-teorico-practico-de-montaje-de-exposiciones-de-arte\/#breadcrumb"},"inLanguage":"es","potentialAction":[{"@type":"ReadAction","target":["https:\/\/www.ull.es\/portal\/agenda\/evento\/taller-teorico-practico-de-montaje-de-exposiciones-de-arte\/"]}]},{"@type":"BreadcrumbList","@id":"https:\/\/www.ull.es\/portal\/agenda\/evento\/taller-teorico-practico-de-montaje-de-exposiciones-de-arte\/#breadcrumb","itemListElement":[{"@type":"ListItem","position":1,"name":"Portada","item":"https:\/\/www.ull.es\/portal\/agenda\/"},{"@type":"ListItem","position":2,"name":"Taller te\u00f3rico pr\u00e1ctico de montaje de exposiciones de arte"}]},{"@type":"WebSite","@id":"https:\/\/www.ull.es\/portal\/agenda\/#website","url":"https:\/\/www.ull.es\/portal\/agenda\/","name":"ULL - Agenda","description":"","potentialAction":[{"@type":"SearchAction","target":{"@type":"EntryPoint","urlTemplate":"https:\/\/www.ull.es\/portal\/agenda\/?s={search_term_string}"},"query-input":"required name=search_term_string"}],"inLanguage":"es"}]}},"_links":{"self":[{"href":"https:\/\/www.ull.es\/portal\/agenda\/wp-json\/wp\/v2\/tribe_events\/29598"}],"collection":[{"href":"https:\/\/www.ull.es\/portal\/agenda\/wp-json\/wp\/v2\/tribe_events"}],"about":[{"href":"https:\/\/www.ull.es\/portal\/agenda\/wp-json\/wp\/v2\/types\/tribe_events"}],"author":[{"embeddable":true,"href":"https:\/\/www.ull.es\/portal\/agenda\/wp-json\/wp\/v2\/users\/43"}],"replies":[{"embeddable":true,"href":"https:\/\/www.ull.es\/portal\/agenda\/wp-json\/wp\/v2\/comments?post=29598"}],"version-history":[{"count":4,"href":"https:\/\/www.ull.es\/portal\/agenda\/wp-json\/wp\/v2\/tribe_events\/29598\/revisions"}],"predecessor-version":[{"id":29761,"href":"https:\/\/www.ull.es\/portal\/agenda\/wp-json\/wp\/v2\/tribe_events\/29598\/revisions\/29761"}],"wp:featuredmedia":[{"embeddable":true,"href":"https:\/\/www.ull.es\/portal\/agenda\/wp-json\/wp\/v2\/media\/29611"}],"wp:attachment":[{"href":"https:\/\/www.ull.es\/portal\/agenda\/wp-json\/wp\/v2\/media?parent=29598"}],"wp:term":[{"taxonomy":"post_tag","embeddable":true,"href":"https:\/\/www.ull.es\/portal\/agenda\/wp-json\/wp\/v2\/tags?post=29598"},{"taxonomy":"tribe_events_cat","embeddable":true,"href":"https:\/\/www.ull.es\/portal\/agenda\/wp-json\/wp\/v2\/tribe_events_cat?post=29598"}],"curies":[{"name":"wp","href":"https:\/\/api.w.org\/{rel}","templated":true}]}}

Taller teórico práctico de montaje de exposiciones de arte

<p>El Aula Cultural de Pensamiento Artístico Contemporáneo, con la colaboración del Gobierno de Canarias, organiza este taller, que se celebrará en la Sala de Arte Contemporáneo (SAC) los días 29 y 30 de marzo de 2023 en horario de 9:00 a 14:00 horas.</p>
<p>Desde el comienzo de la modernidad, la sala de exposiciones se convirtió en el dispositivo hegemónico para la “transferencia de los resultados” de la creación artística. La normalización de sus protocolos ha acabado por institucionalizarlos y traducirlos en departamentos y tareas especializadas. En la posmodernidad, la deconstrucción de estos presupuestos ocultos se ha convertido en parte integrante de la creación artística, y su alteración, más o menos consensuada, en criterio de valoración estética. Como, además, la obra artística se ha ido haciendo cada vez más contextual y, en consecuencia, lejos de venir acabada del estudio siempre se termina en sala, cualquier artista –incluso cualquier buen espectador– debería estar familiarizado con todos los elementos, desde los más artesanales a los más contextuales, implicados en el fenómeno expositivo. Este taller pretende ponerlos sobre la mesa y discutirlos con un profesional tanto del arte como de la organización y montaje de exposiciones.</p>
<p>Dirigido al alumnado y profesorado de la ULL y a cualquier persona interesada en el arte, la estética y la cultura contemporánea.</p>
<p>Imparte: José Antonio Otero Cabrera. Doctor en Bellas Artes por la Universidad de La Laguna, artista, Técnico en Artes Visuales y Director de montaje de exposiciones de las Salas de Arte del Gobierno de Canarias.</p>
<p>Dirección académica: Ramón Salas Lamamié de Clairac. Profesor Titular de Universidad. Departamento de Bellas Artes de la Universidad de La Laguna.</p>
<p><a href="https://sede.fg.ull.es/es/curso/detalle/a23020131/taller-teorico-practico-de-montaje-de-exposiciones-de-arte" target="_blank" rel="noopener noreferrer" target="_blank" rel="noopener"><strong><u>Más información e inscripción gratuita aquí.</u></strong></a></p>
<p><span style="color: #ff6600"><strong>¡PLAZAS AGOTADAS!</strong></span></p>
<p><strong>CERTIFICADO DE ASISTENCIA Y APTITUD: </strong>La ULL, a través del Vicerrectorado de Cultura, Participación Social y Campus Ofra y La Palma, emitirá un certificado de asistencia a todas aquellas personas que participen, previa inscripción en la actividad. Además, aquellas personas que superen la evaluación, recibirán un certificado de asistencia y aprovechamiento.</p>
<p><strong>Contacto: 922 319 616 / 922 319 626 – </strong><a href="mailto:extuni@ull.edu.es" target="_blank" rel="noopener"><strong>extuni@ull.es</strong></a></p>

<p>El Aula Cultural de Pensamiento Artístico Contemporáneo, con la colaboración del Gobierno de Canarias, organiza este taller, que se celebrará en la Sala de Arte Contemporáneo (SAC) los días 29 y 30 de marzo de 2023 en horario de 9:00 a 14:00 horas. Desde el comienzo de la modernidad, la sala de exposiciones se convirtió&#8230;</p>

<!-- This site is optimized with the Yoast SEO plugin v21.3 - https://yoast.com/wordpress/plugins/seo/ -->
<title>Taller teórico práctico de montaje de exposiciones de arte - ULL - Agenda</title>
<meta name="robots" content="index, follow, max-snippet:-1, max-image-preview:large, max-video-preview:-1" />
<link rel="canonical" href="https://www.ull.es/portal/agenda/evento/taller-teorico-practico-de-montaje-de-exposiciones-de-arte/" />
<meta property="og:locale" content="es_ES" />
<meta property="og:type" content="article" />
<meta property="og:title" content="Taller teórico práctico de montaje de exposiciones de arte - ULL - Agenda" />
<meta property="og:description" content="El Aula Cultural de Pensamiento Artístico Contemporáneo, con la colaboración del Gobierno de Canarias, organiza este taller, que se celebrará en la Sala de Arte Contemporáneo (SAC) los días 29 y 30 de marzo de 2023 en horario de 9:00 a 14:00 horas. Desde el comienzo de la modernidad, la sala de exposiciones se convirtió..." />
<meta property="og:url" content="https://www.ull.es/portal/agenda/evento/taller-teorico-practico-de-montaje-de-exposiciones-de-arte/" />
<meta property="og:site_name" content="ULL - Agenda" />
<meta property="article:modified_time" content="2023-03-27T08:21:20+00:00" />
<meta property="og:image" content="https://www.ull.es/portal/agenda/wp-content/uploads/sites/12/2023/03/BannerOtero.jpg" />
	<meta property="og:image:width" content="700" />
	<meta property="og:image:height" content="350" />
	<meta property="og:image:type" content="image/jpeg" />
<meta name="twitter:card" content="summary_large_image" />
<meta name="twitter:label1" content="Tiempo de lectura" />
	<meta name="twitter:data1" content="2 minutos" />
<script type="application/ld+json" class="yoast-schema-graph">{"@context":"https://schema.org","@graph":[{"@type":"WebPage","@id":"https://www.ull.es/portal/agenda/evento/taller-teorico-practico-de-montaje-de-exposiciones-de-arte/","url":"https://www.ull.es/portal/agenda/evento/taller-teorico-practico-de-montaje-de-exposiciones-de-arte/","name":"Taller teórico práctico de montaje de exposiciones de arte - ULL - Agenda","isPartOf":{"@id":"https://www.ull.es/portal/agenda/#website"},"datePublished":"2023-03-15T10:07:54+00:00","dateModified":"2023-03-27T08:21:20+00:00","breadcrumb":{"@id":"https://www.ull.es/portal/agenda/evento/taller-teorico-practico-de-montaje-de-exposiciones-de-arte/#breadcrumb"},"inLanguage":"es","potentialAction":[{"@type":"ReadAction","target":["https://www.ull.es/portal/agenda/evento/taller-teorico-practico-de-montaje-de-exposiciones-de-arte/"]}]},{"@type":"BreadcrumbList","@id":"https://www.ull.es/portal/agenda/evento/taller-teorico-practico-de-montaje-de-exposiciones-de-arte/#breadcrumb","itemListElement":[{"@type":"ListItem","position":1,"name":"Portada","item":"https://www.ull.es/portal/agenda/"},{"@type":"ListItem","position":2,"name":"Taller teórico práctico de montaje de exposiciones de arte"}]},{"@type":"WebSite","@id":"https://www.ull.es/portal/agenda/#website","url":"https://www.ull.es/portal/agenda/","name":"ULL - Agenda","description":"","potentialAction":[{"@type":"SearchAction","target":{"@type":"EntryPoint","urlTemplate":"https://www.ull.es/portal/agenda/?s={search_term_string}"},"query-input":"required name=search_term_string"}],"inLanguage":"es"}]}</script>
<!-- / Yoast SEO plugin. -->

Taller teórico práctico de montaje de exposiciones de arte - ULL - Agenda

El Aula Cultural de Pensamiento Artístico Contemporáneo, con la colaboración del Gobierno de Canarias, organiza este taller, que se celebrará en la Sala de Arte Contemporáneo (SAC) los días 29 y 30 de marzo de 2023 en horario de 9:00 a 14:00 horas. Desde el comienzo de la modernidad, la sala de exposiciones se convirtió...
