{"id":29835,"date":"2023-03-31T08:30:47","date_gmt":"2023-03-31T08:30:47","guid":{"rendered":"https:\/\/www.ull.es\/portal\/agenda\/?post_type=tribe_events&#038;p=29835"},"modified":"2023-04-10T07:54:56","modified_gmt":"2023-04-10T07:54:56","slug":"seminario-de-especializacion-filologica-lengua-espanola-y-lengua-vasca-una-historia-compartida","status":"publish","type":"tribe_events","link":"https:\/\/www.ull.es\/portal\/agenda\/evento\/seminario-de-especializacion-filologica-lengua-espanola-y-lengua-vasca-una-historia-compartida\/","title":{"rendered":"Seminario de especializaci\u00f3n filol\u00f3gica lengua espa\u00f1ola y lengua vasca: una historia compartida"},"content":{"rendered":"<p>Seminario de especializaci\u00f3n filol\u00f3gica impartido por la Dra. Mar\u00eda Teresa Echenique Elizondo, catedr\u00e1tica de Lengua espa\u00f1ola de la Universitat de Val\u00e8ncia y profesora honoraria del Instituto Universitario \u00abSeminario Men\u00e9ndez Pidal\u00bb de la Universidad Complutense de Madrid.<\/p>\n<p>Para m\u00e1s informaci\u00f3n, pulse este <a href=\"https:\/\/eventos.ull.es\/seminario-de-especializacion-filologica-lengua-espanola-y-lengua-vasca-una-historia-compartida\" target=\"_blank\" rel=\"noopener\" target=\"_blank\" rel=\"noopener\">enlace.<\/a><\/p>\n<p><a href=\"https:\/\/eventos.ull.es\/seminario-de-especializacion-filologica-lengua-espanola-y-lengua-vasca-una-historia-compartida\/programa\" target=\"_blank\" rel=\"noopener\" target=\"_blank\" rel=\"noopener\">Programa<\/a><\/p>\n<p><a href=\"https:\/\/ull.ticmeet.com\/seminario-de-especializacion-filologica-lengua-espanola-y-lengua-vasca-una-historia-compartida\/registro\" target=\"_blank\" rel=\"noopener\" target=\"_blank\" rel=\"noopener\">Inscripci\u00f3n<\/a><\/p>\n<p>Aquellos doctorandos del\u00a0<em>Programa de doctorado en Arte y Humanidades<\/em>\u00a0que deseen participar en el\u00a0<em>Seminario de discusi\u00f3n\u00a0<\/em>(mi\u00e9rcoles 12 de abril) deber\u00e1n hacerlo constar en el momento de la inscripci\u00f3n.<\/p>\n<p>La asistencia al seminario ser\u00e1 convalidable por 1 cr\u00e9dito ECTS (6 horas de docencia y 4 horas de trabajo aut\u00f3nomo del alumnado). Los requisitos para la certificaci\u00f3n se comunicar\u00e1n a los asistentes durante la primera sesi\u00f3n.<\/p>\n","protected":false},"excerpt":{"rendered":"<p>Seminario de especializaci\u00f3n filol\u00f3gica impartido por la Dra. Mar\u00eda Teresa Echenique Elizondo, catedr\u00e1tica de Lengua espa\u00f1ola de la Universitat de Val\u00e8ncia y profesora honoraria del Instituto Universitario \u00abSeminario Men\u00e9ndez Pidal\u00bb de la Universidad Complutense de Madrid. Para m\u00e1s informaci\u00f3n, pulse este enlace. Programa Inscripci\u00f3n Aquellos doctorandos del\u00a0Programa de doctorado en Arte y Humanidades\u00a0que deseen participar&#8230;<\/p>\n","protected":false},"author":65,"featured_media":29854,"comment_status":"closed","ping_status":"closed","template":"","tags":[],"tribe_events_cat":[4,985,473,4860,5,191],"acf":[],"yoast_head":"<!-- This site is optimized with the Yoast SEO plugin v21.3 - https:\/\/yoast.com\/wordpress\/plugins\/seo\/ -->\n<title>Seminario de especializaci\u00f3n filol\u00f3gica lengua espa\u00f1ola y lengua vasca: una historia compartida - ULL - Agenda<\/title>\n<meta name=\"robots\" content=\"index, follow, max-snippet:-1, max-image-preview:large, max-video-preview:-1\" \/>\n<link rel=\"canonical\" href=\"https:\/\/www.ull.es\/portal\/agenda\/evento\/seminario-de-especializacion-filologica-lengua-espanola-y-lengua-vasca-una-historia-compartida\/\" \/>\n<meta property=\"og:locale\" content=\"es_ES\" \/>\n<meta property=\"og:type\" content=\"article\" \/>\n<meta property=\"og:title\" content=\"Seminario de especializaci\u00f3n filol\u00f3gica lengua espa\u00f1ola y lengua vasca: una historia compartida - ULL - Agenda\" \/>\n<meta property=\"og:description\" content=\"Seminario de especializaci\u00f3n filol\u00f3gica impartido por la Dra. Mar\u00eda Teresa Echenique Elizondo, catedr\u00e1tica de Lengua espa\u00f1ola de la Universitat de Val\u00e8ncia y profesora honoraria del Instituto Universitario \u00abSeminario Men\u00e9ndez Pidal\u00bb de la Universidad Complutense de Madrid. Para m\u00e1s informaci\u00f3n, pulse este enlace. Programa Inscripci\u00f3n Aquellos doctorandos del\u00a0Programa de doctorado en Arte y Humanidades\u00a0que deseen participar...\" \/>\n<meta property=\"og:url\" content=\"https:\/\/www.ull.es\/portal\/agenda\/evento\/seminario-de-especializacion-filologica-lengua-espanola-y-lengua-vasca-una-historia-compartida\/\" \/>\n<meta property=\"og:site_name\" content=\"ULL - Agenda\" \/>\n<meta property=\"article:modified_time\" content=\"2023-04-10T07:54:56+00:00\" \/>\n<meta property=\"og:image\" content=\"https:\/\/www.ull.es\/portal\/agenda\/wp-content\/uploads\/sites\/12\/2023\/03\/Seminario-especializacion-filologia-espalola-y-lengua-vasca_Banner-evento.png\" \/>\n\t<meta property=\"og:image:width\" content=\"750\" \/>\n\t<meta property=\"og:image:height\" content=\"370\" \/>\n\t<meta property=\"og:image:type\" content=\"image\/png\" \/>\n<meta name=\"twitter:card\" content=\"summary_large_image\" \/>\n<meta name=\"twitter:label1\" content=\"Tiempo de lectura\" \/>\n\t<meta name=\"twitter:data1\" content=\"1 minuto\" \/>\n<script type=\"application\/ld+json\" class=\"yoast-schema-graph\">{\"@context\":\"https:\/\/schema.org\",\"@graph\":[{\"@type\":\"WebPage\",\"@id\":\"https:\/\/www.ull.es\/portal\/agenda\/evento\/seminario-de-especializacion-filologica-lengua-espanola-y-lengua-vasca-una-historia-compartida\/\",\"url\":\"https:\/\/www.ull.es\/portal\/agenda\/evento\/seminario-de-especializacion-filologica-lengua-espanola-y-lengua-vasca-una-historia-compartida\/\",\"name\":\"Seminario de especializaci\u00f3n filol\u00f3gica lengua espa\u00f1ola y lengua vasca: una historia compartida - ULL - Agenda\",\"isPartOf\":{\"@id\":\"https:\/\/www.ull.es\/portal\/agenda\/#website\"},\"datePublished\":\"2023-03-31T08:30:47+00:00\",\"dateModified\":\"2023-04-10T07:54:56+00:00\",\"breadcrumb\":{\"@id\":\"https:\/\/www.ull.es\/portal\/agenda\/evento\/seminario-de-especializacion-filologica-lengua-espanola-y-lengua-vasca-una-historia-compartida\/#breadcrumb\"},\"inLanguage\":\"es\",\"potentialAction\":[{\"@type\":\"ReadAction\",\"target\":[\"https:\/\/www.ull.es\/portal\/agenda\/evento\/seminario-de-especializacion-filologica-lengua-espanola-y-lengua-vasca-una-historia-compartida\/\"]}]},{\"@type\":\"BreadcrumbList\",\"@id\":\"https:\/\/www.ull.es\/portal\/agenda\/evento\/seminario-de-especializacion-filologica-lengua-espanola-y-lengua-vasca-una-historia-compartida\/#breadcrumb\",\"itemListElement\":[{\"@type\":\"ListItem\",\"position\":1,\"name\":\"Portada\",\"item\":\"https:\/\/www.ull.es\/portal\/agenda\/\"},{\"@type\":\"ListItem\",\"position\":2,\"name\":\"Seminario de especializaci\u00f3n filol\u00f3gica lengua espa\u00f1ola y lengua vasca: una historia compartida\"}]},{\"@type\":\"WebSite\",\"@id\":\"https:\/\/www.ull.es\/portal\/agenda\/#website\",\"url\":\"https:\/\/www.ull.es\/portal\/agenda\/\",\"name\":\"ULL - Agenda\",\"description\":\"\",\"potentialAction\":[{\"@type\":\"SearchAction\",\"target\":{\"@type\":\"EntryPoint\",\"urlTemplate\":\"https:\/\/www.ull.es\/portal\/agenda\/?s={search_term_string}\"},\"query-input\":\"required name=search_term_string\"}],\"inLanguage\":\"es\"}]}<\/script>\n<!-- \/ Yoast SEO plugin. -->","yoast_head_json":{"title":"Seminario de especializaci\u00f3n filol\u00f3gica lengua espa\u00f1ola y lengua vasca: una historia compartida - ULL - Agenda","robots":{"index":"index","follow":"follow","max-snippet":"max-snippet:-1","max-image-preview":"max-image-preview:large","max-video-preview":"max-video-preview:-1"},"canonical":"https:\/\/www.ull.es\/portal\/agenda\/evento\/seminario-de-especializacion-filologica-lengua-espanola-y-lengua-vasca-una-historia-compartida\/","og_locale":"es_ES","og_type":"article","og_title":"Seminario de especializaci\u00f3n filol\u00f3gica lengua espa\u00f1ola y lengua vasca: una historia compartida - ULL - Agenda","og_description":"Seminario de especializaci\u00f3n filol\u00f3gica impartido por la Dra. Mar\u00eda Teresa Echenique Elizondo, catedr\u00e1tica de Lengua espa\u00f1ola de la Universitat de Val\u00e8ncia y profesora honoraria del Instituto Universitario \u00abSeminario Men\u00e9ndez Pidal\u00bb de la Universidad Complutense de Madrid. Para m\u00e1s informaci\u00f3n, pulse este enlace. Programa Inscripci\u00f3n Aquellos doctorandos del\u00a0Programa de doctorado en Arte y Humanidades\u00a0que deseen participar...","og_url":"https:\/\/www.ull.es\/portal\/agenda\/evento\/seminario-de-especializacion-filologica-lengua-espanola-y-lengua-vasca-una-historia-compartida\/","og_site_name":"ULL - Agenda","article_modified_time":"2023-04-10T07:54:56+00:00","og_image":[{"width":750,"height":370,"url":"https:\/\/www.ull.es\/portal\/agenda\/wp-content\/uploads\/sites\/12\/2023\/03\/Seminario-especializacion-filologia-espalola-y-lengua-vasca_Banner-evento.png","type":"image\/png"}],"twitter_card":"summary_large_image","twitter_misc":{"Tiempo de lectura":"1 minuto"},"schema":{"@context":"https:\/\/schema.org","@graph":[{"@type":"WebPage","@id":"https:\/\/www.ull.es\/portal\/agenda\/evento\/seminario-de-especializacion-filologica-lengua-espanola-y-lengua-vasca-una-historia-compartida\/","url":"https:\/\/www.ull.es\/portal\/agenda\/evento\/seminario-de-especializacion-filologica-lengua-espanola-y-lengua-vasca-una-historia-compartida\/","name":"Seminario de especializaci\u00f3n filol\u00f3gica lengua espa\u00f1ola y lengua vasca: una historia compartida - ULL - Agenda","isPartOf":{"@id":"https:\/\/www.ull.es\/portal\/agenda\/#website"},"datePublished":"2023-03-31T08:30:47+00:00","dateModified":"2023-04-10T07:54:56+00:00","breadcrumb":{"@id":"https:\/\/www.ull.es\/portal\/agenda\/evento\/seminario-de-especializacion-filologica-lengua-espanola-y-lengua-vasca-una-historia-compartida\/#breadcrumb"},"inLanguage":"es","potentialAction":[{"@type":"ReadAction","target":["https:\/\/www.ull.es\/portal\/agenda\/evento\/seminario-de-especializacion-filologica-lengua-espanola-y-lengua-vasca-una-historia-compartida\/"]}]},{"@type":"BreadcrumbList","@id":"https:\/\/www.ull.es\/portal\/agenda\/evento\/seminario-de-especializacion-filologica-lengua-espanola-y-lengua-vasca-una-historia-compartida\/#breadcrumb","itemListElement":[{"@type":"ListItem","position":1,"name":"Portada","item":"https:\/\/www.ull.es\/portal\/agenda\/"},{"@type":"ListItem","position":2,"name":"Seminario de especializaci\u00f3n filol\u00f3gica lengua espa\u00f1ola y lengua vasca: una historia compartida"}]},{"@type":"WebSite","@id":"https:\/\/www.ull.es\/portal\/agenda\/#website","url":"https:\/\/www.ull.es\/portal\/agenda\/","name":"ULL - Agenda","description":"","potentialAction":[{"@type":"SearchAction","target":{"@type":"EntryPoint","urlTemplate":"https:\/\/www.ull.es\/portal\/agenda\/?s={search_term_string}"},"query-input":"required name=search_term_string"}],"inLanguage":"es"}]}},"_links":{"self":[{"href":"https:\/\/www.ull.es\/portal\/agenda\/wp-json\/wp\/v2\/tribe_events\/29835"}],"collection":[{"href":"https:\/\/www.ull.es\/portal\/agenda\/wp-json\/wp\/v2\/tribe_events"}],"about":[{"href":"https:\/\/www.ull.es\/portal\/agenda\/wp-json\/wp\/v2\/types\/tribe_events"}],"author":[{"embeddable":true,"href":"https:\/\/www.ull.es\/portal\/agenda\/wp-json\/wp\/v2\/users\/65"}],"replies":[{"embeddable":true,"href":"https:\/\/www.ull.es\/portal\/agenda\/wp-json\/wp\/v2\/comments?post=29835"}],"version-history":[{"count":1,"href":"https:\/\/www.ull.es\/portal\/agenda\/wp-json\/wp\/v2\/tribe_events\/29835\/revisions"}],"predecessor-version":[{"id":29836,"href":"https:\/\/www.ull.es\/portal\/agenda\/wp-json\/wp\/v2\/tribe_events\/29835\/revisions\/29836"}],"wp:featuredmedia":[{"embeddable":true,"href":"https:\/\/www.ull.es\/portal\/agenda\/wp-json\/wp\/v2\/media\/29854"}],"wp:attachment":[{"href":"https:\/\/www.ull.es\/portal\/agenda\/wp-json\/wp\/v2\/media?parent=29835"}],"wp:term":[{"taxonomy":"post_tag","embeddable":true,"href":"https:\/\/www.ull.es\/portal\/agenda\/wp-json\/wp\/v2\/tags?post=29835"},{"taxonomy":"tribe_events_cat","embeddable":true,"href":"https:\/\/www.ull.es\/portal\/agenda\/wp-json\/wp\/v2\/tribe_events_cat?post=29835"}],"curies":[{"name":"wp","href":"https:\/\/api.w.org\/{rel}","templated":true}]}}

Seminario de especialización filológica lengua española y lengua vasca: una historia compartida

<p>Seminario de especialización filológica impartido por la Dra. María Teresa Echenique Elizondo, catedrática de Lengua española de la Universitat de València y profesora honoraria del Instituto Universitario «Seminario Menéndez Pidal» de la Universidad Complutense de Madrid.</p>
<p>Para más información, pulse este <a href="https://eventos.ull.es/seminario-de-especializacion-filologica-lengua-espanola-y-lengua-vasca-una-historia-compartida" target="_blank" rel="noopener" target="_blank" rel="noopener">enlace.</a></p>
<p><a href="https://eventos.ull.es/seminario-de-especializacion-filologica-lengua-espanola-y-lengua-vasca-una-historia-compartida/programa" target="_blank" rel="noopener" target="_blank" rel="noopener">Programa</a></p>
<p><a href="https://ull.ticmeet.com/seminario-de-especializacion-filologica-lengua-espanola-y-lengua-vasca-una-historia-compartida/registro" target="_blank" rel="noopener" target="_blank" rel="noopener">Inscripción</a></p>
<p>Aquellos doctorandos del <em>Programa de doctorado en Arte y Humanidades</em> que deseen participar en el <em>Seminario de discusión </em>(miércoles 12 de abril) deberán hacerlo constar en el momento de la inscripción.</p>
<p>La asistencia al seminario será convalidable por 1 crédito ECTS (6 horas de docencia y 4 horas de trabajo autónomo del alumnado). Los requisitos para la certificación se comunicarán a los asistentes durante la primera sesión.</p>

<p>Seminario de especialización filológica impartido por la Dra. María Teresa Echenique Elizondo, catedrática de Lengua española de la Universitat de València y profesora honoraria del Instituto Universitario «Seminario Menéndez Pidal» de la Universidad Complutense de Madrid. Para más información, pulse este enlace. Programa Inscripción Aquellos doctorandos del Programa de doctorado en Arte y Humanidades que deseen participar&#8230;</p>

<!-- This site is optimized with the Yoast SEO plugin v21.3 - https://yoast.com/wordpress/plugins/seo/ -->
<title>Seminario de especialización filológica lengua española y lengua vasca: una historia compartida - ULL - Agenda</title>
<meta name="robots" content="index, follow, max-snippet:-1, max-image-preview:large, max-video-preview:-1" />
<link rel="canonical" href="https://www.ull.es/portal/agenda/evento/seminario-de-especializacion-filologica-lengua-espanola-y-lengua-vasca-una-historia-compartida/" />
<meta property="og:locale" content="es_ES" />
<meta property="og:type" content="article" />
<meta property="og:title" content="Seminario de especialización filológica lengua española y lengua vasca: una historia compartida - ULL - Agenda" />
<meta property="og:description" content="Seminario de especialización filológica impartido por la Dra. María Teresa Echenique Elizondo, catedrática de Lengua española de la Universitat de València y profesora honoraria del Instituto Universitario «Seminario Menéndez Pidal» de la Universidad Complutense de Madrid. Para más información, pulse este enlace. Programa Inscripción Aquellos doctorandos del Programa de doctorado en Arte y Humanidades que deseen participar..." />
<meta property="og:url" content="https://www.ull.es/portal/agenda/evento/seminario-de-especializacion-filologica-lengua-espanola-y-lengua-vasca-una-historia-compartida/" />
<meta property="og:site_name" content="ULL - Agenda" />
<meta property="article:modified_time" content="2023-04-10T07:54:56+00:00" />
<meta property="og:image" content="https://www.ull.es/portal/agenda/wp-content/uploads/sites/12/2023/03/Seminario-especializacion-filologia-espalola-y-lengua-vasca_Banner-evento.png" />
	<meta property="og:image:width" content="750" />
	<meta property="og:image:height" content="370" />
	<meta property="og:image:type" content="image/png" />
<meta name="twitter:card" content="summary_large_image" />
<meta name="twitter:label1" content="Tiempo de lectura" />
	<meta name="twitter:data1" content="1 minuto" />
<script type="application/ld+json" class="yoast-schema-graph">{"@context":"https://schema.org","@graph":[{"@type":"WebPage","@id":"https://www.ull.es/portal/agenda/evento/seminario-de-especializacion-filologica-lengua-espanola-y-lengua-vasca-una-historia-compartida/","url":"https://www.ull.es/portal/agenda/evento/seminario-de-especializacion-filologica-lengua-espanola-y-lengua-vasca-una-historia-compartida/","name":"Seminario de especialización filológica lengua española y lengua vasca: una historia compartida - ULL - Agenda","isPartOf":{"@id":"https://www.ull.es/portal/agenda/#website"},"datePublished":"2023-03-31T08:30:47+00:00","dateModified":"2023-04-10T07:54:56+00:00","breadcrumb":{"@id":"https://www.ull.es/portal/agenda/evento/seminario-de-especializacion-filologica-lengua-espanola-y-lengua-vasca-una-historia-compartida/#breadcrumb"},"inLanguage":"es","potentialAction":[{"@type":"ReadAction","target":["https://www.ull.es/portal/agenda/evento/seminario-de-especializacion-filologica-lengua-espanola-y-lengua-vasca-una-historia-compartida/"]}]},{"@type":"BreadcrumbList","@id":"https://www.ull.es/portal/agenda/evento/seminario-de-especializacion-filologica-lengua-espanola-y-lengua-vasca-una-historia-compartida/#breadcrumb","itemListElement":[{"@type":"ListItem","position":1,"name":"Portada","item":"https://www.ull.es/portal/agenda/"},{"@type":"ListItem","position":2,"name":"Seminario de especialización filológica lengua española y lengua vasca: una historia compartida"}]},{"@type":"WebSite","@id":"https://www.ull.es/portal/agenda/#website","url":"https://www.ull.es/portal/agenda/","name":"ULL - Agenda","description":"","potentialAction":[{"@type":"SearchAction","target":{"@type":"EntryPoint","urlTemplate":"https://www.ull.es/portal/agenda/?s={search_term_string}"},"query-input":"required name=search_term_string"}],"inLanguage":"es"}]}</script>
<!-- / Yoast SEO plugin. -->

Seminario de especialización filológica lengua española y lengua vasca: una historia compartida - ULL - Agenda

Seminario de especialización filológica impartido por la Dra. María Teresa Echenique Elizondo, catedrática de Lengua española de la Universitat de València y profesora honoraria del Instituto Universitario «Seminario Menéndez Pidal» de la Universidad Complutense de Madrid. Para más información, pulse este enlace. Programa Inscripción Aquellos doctorandos del Programa de doctorado en Arte y Humanidades que deseen participar...
