{"id":29944,"date":"2023-04-12T11:09:36","date_gmt":"2023-04-12T11:09:36","guid":{"rendered":"https:\/\/www.ull.es\/portal\/agenda\/?post_type=tribe_events&#038;p=29944"},"modified":"2023-04-14T09:10:59","modified_gmt":"2023-04-14T09:10:59","slug":"seminario-la-no-renovacion-del-consejo-general-del-poder-judicial","status":"publish","type":"tribe_events","link":"https:\/\/www.ull.es\/portal\/agenda\/evento\/seminario-la-no-renovacion-del-consejo-general-del-poder-judicial\/","title":{"rendered":"Seminario: \u00abLa (no) renovaci\u00f3n del Consejo General del Poder Judicial\u201d"},"content":{"rendered":"<div>\n<div>\n<p>El 21 de abril a las 11:00 horas tendr\u00e1 lugar la II Sesi\u00f3n del Seminario Permanente Gumersindo Trujillo, con el t\u00edtulo\u201cLa (no) renovaci\u00f3n del Consejo General del Poder Judicial\u201d. En la sesi\u00f3n intervendr\u00e1n Rafael Fern\u00e1ndez Valverde, expresidente de la Sala de lo Contencioso Administrativo del Tribunal Superior de Justicia de Canarias y ex vocal del Consejo General del Poder Judicial, y la doctora Laura Baamonde G\u00f3mez, profesora de Derecho Constitucional en la Universidad Carlos III de Madrid. El acto tendr\u00e1 lugar en la Sala de Juntas de la Facultad de Derecho, pudi\u00e9ndose asistir de manera presencial u online.<\/p>\n<\/div>\n<div><a href=\"https:\/\/nubefd.ull.es\/apps\/forms\/7QryRMtjpgCettFP\" target=\"_blank\" rel=\"noopener\" target=\"_blank\" rel=\"noopener\">Inscripciones<\/a><\/div>\n<div><a href=\"http:\/\/seminariogumersindotrujillo@gmail.com\" target=\"_blank\" rel=\"noopener\" target=\"_blank\" rel=\"noopener\">Certificados de asistencia<\/a><\/div>\n<\/div>\n<div><\/div>\n<div><a href=\"https:\/\/drive.google.com\/file\/d\/1H1vS8yKadl_Y9_Gm94dbIdA3MR-GmRd3\/view?usp=share_link\" target=\"_blank\" rel=\"noopener\" target=\"_blank\" rel=\"noopener\">Programa<\/a><\/div>\n<div>\n<p><span style=\"color: #000000;\"><b><br \/>\nOrganiza<\/b>: C\u00e1tedra Cultural de Estudios Auton\u00f3micos y Constitucionales \u00abGumersindo Trujillo\u00bb.<\/span><\/p>\n<\/div>\n<div><span style=\"color: #000000;\"><b>Colabora<\/b>: Facultad de Derecho de la Universidad de La Laguna.<\/span><\/div>\n","protected":false},"excerpt":{"rendered":"<p>El 21 de abril a las 11:00 horas tendr\u00e1 lugar la II Sesi\u00f3n del Seminario Permanente Gumersindo Trujillo, con el t\u00edtulo\u201cLa (no) renovaci\u00f3n del Consejo General del Poder Judicial\u201d. En la sesi\u00f3n intervendr\u00e1n Rafael Fern\u00e1ndez Valverde, expresidente de la Sala de lo Contencioso Administrativo del Tribunal Superior de Justicia de Canarias y ex vocal del&#8230;<\/p>\n","protected":false},"author":65,"featured_media":29970,"comment_status":"closed","ping_status":"closed","template":"","tags":[],"tribe_events_cat":[344,4,865,191],"acf":[],"yoast_head":"<!-- This site is optimized with the Yoast SEO plugin v21.3 - https:\/\/yoast.com\/wordpress\/plugins\/seo\/ -->\n<title>Seminario: &quot;La (no) renovaci\u00f3n del Consejo General del Poder Judicial\u201d - ULL - Agenda<\/title>\n<meta name=\"robots\" content=\"index, follow, max-snippet:-1, max-image-preview:large, max-video-preview:-1\" \/>\n<link rel=\"canonical\" href=\"https:\/\/www.ull.es\/portal\/agenda\/evento\/seminario-la-no-renovacion-del-consejo-general-del-poder-judicial\/\" \/>\n<meta property=\"og:locale\" content=\"es_ES\" \/>\n<meta property=\"og:type\" content=\"article\" \/>\n<meta property=\"og:title\" content=\"Seminario: &quot;La (no) renovaci\u00f3n del Consejo General del Poder Judicial\u201d - ULL - Agenda\" \/>\n<meta property=\"og:description\" content=\"El 21 de abril a las 11:00 horas tendr\u00e1 lugar la II Sesi\u00f3n del Seminario Permanente Gumersindo Trujillo, con el t\u00edtulo\u201cLa (no) renovaci\u00f3n del Consejo General del Poder Judicial\u201d. En la sesi\u00f3n intervendr\u00e1n Rafael Fern\u00e1ndez Valverde, expresidente de la Sala de lo Contencioso Administrativo del Tribunal Superior de Justicia de Canarias y ex vocal del...\" \/>\n<meta property=\"og:url\" content=\"https:\/\/www.ull.es\/portal\/agenda\/evento\/seminario-la-no-renovacion-del-consejo-general-del-poder-judicial\/\" \/>\n<meta property=\"og:site_name\" content=\"ULL - Agenda\" \/>\n<meta property=\"article:modified_time\" content=\"2023-04-14T09:10:59+00:00\" \/>\n<meta property=\"og:image\" content=\"https:\/\/www.ull.es\/portal\/agenda\/wp-content\/uploads\/sites\/12\/2023\/04\/Seminario-la-no-renovacion-del-consejo-general-del-poder-judicial_Banner-evento.png\" \/>\n\t<meta property=\"og:image:width\" content=\"750\" \/>\n\t<meta property=\"og:image:height\" content=\"370\" \/>\n\t<meta property=\"og:image:type\" content=\"image\/png\" \/>\n<meta name=\"twitter:card\" content=\"summary_large_image\" \/>\n<meta name=\"twitter:label1\" content=\"Tiempo de lectura\" \/>\n\t<meta name=\"twitter:data1\" content=\"1 minuto\" \/>\n<script type=\"application\/ld+json\" class=\"yoast-schema-graph\">{\"@context\":\"https:\/\/schema.org\",\"@graph\":[{\"@type\":\"WebPage\",\"@id\":\"https:\/\/www.ull.es\/portal\/agenda\/evento\/seminario-la-no-renovacion-del-consejo-general-del-poder-judicial\/\",\"url\":\"https:\/\/www.ull.es\/portal\/agenda\/evento\/seminario-la-no-renovacion-del-consejo-general-del-poder-judicial\/\",\"name\":\"Seminario: \\\"La (no) renovaci\u00f3n del Consejo General del Poder Judicial\u201d - ULL - Agenda\",\"isPartOf\":{\"@id\":\"https:\/\/www.ull.es\/portal\/agenda\/#website\"},\"datePublished\":\"2023-04-12T11:09:36+00:00\",\"dateModified\":\"2023-04-14T09:10:59+00:00\",\"breadcrumb\":{\"@id\":\"https:\/\/www.ull.es\/portal\/agenda\/evento\/seminario-la-no-renovacion-del-consejo-general-del-poder-judicial\/#breadcrumb\"},\"inLanguage\":\"es\",\"potentialAction\":[{\"@type\":\"ReadAction\",\"target\":[\"https:\/\/www.ull.es\/portal\/agenda\/evento\/seminario-la-no-renovacion-del-consejo-general-del-poder-judicial\/\"]}]},{\"@type\":\"BreadcrumbList\",\"@id\":\"https:\/\/www.ull.es\/portal\/agenda\/evento\/seminario-la-no-renovacion-del-consejo-general-del-poder-judicial\/#breadcrumb\",\"itemListElement\":[{\"@type\":\"ListItem\",\"position\":1,\"name\":\"Portada\",\"item\":\"https:\/\/www.ull.es\/portal\/agenda\/\"},{\"@type\":\"ListItem\",\"position\":2,\"name\":\"Seminario: \u00abLa (no) renovaci\u00f3n del Consejo General del Poder Judicial\u201d\"}]},{\"@type\":\"WebSite\",\"@id\":\"https:\/\/www.ull.es\/portal\/agenda\/#website\",\"url\":\"https:\/\/www.ull.es\/portal\/agenda\/\",\"name\":\"ULL - Agenda\",\"description\":\"\",\"potentialAction\":[{\"@type\":\"SearchAction\",\"target\":{\"@type\":\"EntryPoint\",\"urlTemplate\":\"https:\/\/www.ull.es\/portal\/agenda\/?s={search_term_string}\"},\"query-input\":\"required name=search_term_string\"}],\"inLanguage\":\"es\"}]}<\/script>\n<!-- \/ Yoast SEO plugin. -->","yoast_head_json":{"title":"Seminario: \"La (no) renovaci\u00f3n del Consejo General del Poder Judicial\u201d - ULL - Agenda","robots":{"index":"index","follow":"follow","max-snippet":"max-snippet:-1","max-image-preview":"max-image-preview:large","max-video-preview":"max-video-preview:-1"},"canonical":"https:\/\/www.ull.es\/portal\/agenda\/evento\/seminario-la-no-renovacion-del-consejo-general-del-poder-judicial\/","og_locale":"es_ES","og_type":"article","og_title":"Seminario: \"La (no) renovaci\u00f3n del Consejo General del Poder Judicial\u201d - ULL - Agenda","og_description":"El 21 de abril a las 11:00 horas tendr\u00e1 lugar la II Sesi\u00f3n del Seminario Permanente Gumersindo Trujillo, con el t\u00edtulo\u201cLa (no) renovaci\u00f3n del Consejo General del Poder Judicial\u201d. En la sesi\u00f3n intervendr\u00e1n Rafael Fern\u00e1ndez Valverde, expresidente de la Sala de lo Contencioso Administrativo del Tribunal Superior de Justicia de Canarias y ex vocal del...","og_url":"https:\/\/www.ull.es\/portal\/agenda\/evento\/seminario-la-no-renovacion-del-consejo-general-del-poder-judicial\/","og_site_name":"ULL - Agenda","article_modified_time":"2023-04-14T09:10:59+00:00","og_image":[{"width":750,"height":370,"url":"https:\/\/www.ull.es\/portal\/agenda\/wp-content\/uploads\/sites\/12\/2023\/04\/Seminario-la-no-renovacion-del-consejo-general-del-poder-judicial_Banner-evento.png","type":"image\/png"}],"twitter_card":"summary_large_image","twitter_misc":{"Tiempo de lectura":"1 minuto"},"schema":{"@context":"https:\/\/schema.org","@graph":[{"@type":"WebPage","@id":"https:\/\/www.ull.es\/portal\/agenda\/evento\/seminario-la-no-renovacion-del-consejo-general-del-poder-judicial\/","url":"https:\/\/www.ull.es\/portal\/agenda\/evento\/seminario-la-no-renovacion-del-consejo-general-del-poder-judicial\/","name":"Seminario: \"La (no) renovaci\u00f3n del Consejo General del Poder Judicial\u201d - ULL - Agenda","isPartOf":{"@id":"https:\/\/www.ull.es\/portal\/agenda\/#website"},"datePublished":"2023-04-12T11:09:36+00:00","dateModified":"2023-04-14T09:10:59+00:00","breadcrumb":{"@id":"https:\/\/www.ull.es\/portal\/agenda\/evento\/seminario-la-no-renovacion-del-consejo-general-del-poder-judicial\/#breadcrumb"},"inLanguage":"es","potentialAction":[{"@type":"ReadAction","target":["https:\/\/www.ull.es\/portal\/agenda\/evento\/seminario-la-no-renovacion-del-consejo-general-del-poder-judicial\/"]}]},{"@type":"BreadcrumbList","@id":"https:\/\/www.ull.es\/portal\/agenda\/evento\/seminario-la-no-renovacion-del-consejo-general-del-poder-judicial\/#breadcrumb","itemListElement":[{"@type":"ListItem","position":1,"name":"Portada","item":"https:\/\/www.ull.es\/portal\/agenda\/"},{"@type":"ListItem","position":2,"name":"Seminario: \u00abLa (no) renovaci\u00f3n del Consejo General del Poder Judicial\u201d"}]},{"@type":"WebSite","@id":"https:\/\/www.ull.es\/portal\/agenda\/#website","url":"https:\/\/www.ull.es\/portal\/agenda\/","name":"ULL - Agenda","description":"","potentialAction":[{"@type":"SearchAction","target":{"@type":"EntryPoint","urlTemplate":"https:\/\/www.ull.es\/portal\/agenda\/?s={search_term_string}"},"query-input":"required name=search_term_string"}],"inLanguage":"es"}]}},"_links":{"self":[{"href":"https:\/\/www.ull.es\/portal\/agenda\/wp-json\/wp\/v2\/tribe_events\/29944"}],"collection":[{"href":"https:\/\/www.ull.es\/portal\/agenda\/wp-json\/wp\/v2\/tribe_events"}],"about":[{"href":"https:\/\/www.ull.es\/portal\/agenda\/wp-json\/wp\/v2\/types\/tribe_events"}],"author":[{"embeddable":true,"href":"https:\/\/www.ull.es\/portal\/agenda\/wp-json\/wp\/v2\/users\/65"}],"replies":[{"embeddable":true,"href":"https:\/\/www.ull.es\/portal\/agenda\/wp-json\/wp\/v2\/comments?post=29944"}],"version-history":[{"count":5,"href":"https:\/\/www.ull.es\/portal\/agenda\/wp-json\/wp\/v2\/tribe_events\/29944\/revisions"}],"predecessor-version":[{"id":29968,"href":"https:\/\/www.ull.es\/portal\/agenda\/wp-json\/wp\/v2\/tribe_events\/29944\/revisions\/29968"}],"wp:featuredmedia":[{"embeddable":true,"href":"https:\/\/www.ull.es\/portal\/agenda\/wp-json\/wp\/v2\/media\/29970"}],"wp:attachment":[{"href":"https:\/\/www.ull.es\/portal\/agenda\/wp-json\/wp\/v2\/media?parent=29944"}],"wp:term":[{"taxonomy":"post_tag","embeddable":true,"href":"https:\/\/www.ull.es\/portal\/agenda\/wp-json\/wp\/v2\/tags?post=29944"},{"taxonomy":"tribe_events_cat","embeddable":true,"href":"https:\/\/www.ull.es\/portal\/agenda\/wp-json\/wp\/v2\/tribe_events_cat?post=29944"}],"curies":[{"name":"wp","href":"https:\/\/api.w.org\/{rel}","templated":true}]}}

Seminario: «La (no) renovación del Consejo General del Poder Judicial”

<div>
<div>
<p>El 21 de abril a las 11:00 horas tendrá lugar la II Sesión del Seminario Permanente Gumersindo Trujillo, con el título“La (no) renovación del Consejo General del Poder Judicial”. En la sesión intervendrán Rafael Fernández Valverde, expresidente de la Sala de lo Contencioso Administrativo del Tribunal Superior de Justicia de Canarias y ex vocal del Consejo General del Poder Judicial, y la doctora Laura Baamonde Gómez, profesora de Derecho Constitucional en la Universidad Carlos III de Madrid. El acto tendrá lugar en la Sala de Juntas de la Facultad de Derecho, pudiéndose asistir de manera presencial u online.</p>
</div>
<div><a href="https://nubefd.ull.es/apps/forms/7QryRMtjpgCettFP" target="_blank" rel="noopener" target="_blank" rel="noopener">Inscripciones</a></div>
<div><a href="http://seminariogumersindotrujillo@gmail.com" target="_blank" rel="noopener" target="_blank" rel="noopener">Certificados de asistencia</a></div>
</div>
<div></div>
<div><a href="https://drive.google.com/file/d/1H1vS8yKadl_Y9_Gm94dbIdA3MR-GmRd3/view?usp=share_link" target="_blank" rel="noopener" target="_blank" rel="noopener">Programa</a></div>
<div>
<p><span style="color: #000000;"><b><br />
Organiza</b>: Cátedra Cultural de Estudios Autonómicos y Constitucionales «Gumersindo Trujillo».</span></p>
</div>
<div><span style="color: #000000;"><b>Colabora</b>: Facultad de Derecho de la Universidad de La Laguna.</span></div>

<p>El 21 de abril a las 11:00 horas tendrá lugar la II Sesión del Seminario Permanente Gumersindo Trujillo, con el título“La (no) renovación del Consejo General del Poder Judicial”. En la sesión intervendrán Rafael Fernández Valverde, expresidente de la Sala de lo Contencioso Administrativo del Tribunal Superior de Justicia de Canarias y ex vocal del&#8230;</p>

<!-- This site is optimized with the Yoast SEO plugin v21.3 - https://yoast.com/wordpress/plugins/seo/ -->
<title>Seminario: &quot;La (no) renovación del Consejo General del Poder Judicial” - ULL - Agenda</title>
<meta name="robots" content="index, follow, max-snippet:-1, max-image-preview:large, max-video-preview:-1" />
<link rel="canonical" href="https://www.ull.es/portal/agenda/evento/seminario-la-no-renovacion-del-consejo-general-del-poder-judicial/" />
<meta property="og:locale" content="es_ES" />
<meta property="og:type" content="article" />
<meta property="og:title" content="Seminario: &quot;La (no) renovación del Consejo General del Poder Judicial” - ULL - Agenda" />
<meta property="og:description" content="El 21 de abril a las 11:00 horas tendrá lugar la II Sesión del Seminario Permanente Gumersindo Trujillo, con el título“La (no) renovación del Consejo General del Poder Judicial”. En la sesión intervendrán Rafael Fernández Valverde, expresidente de la Sala de lo Contencioso Administrativo del Tribunal Superior de Justicia de Canarias y ex vocal del..." />
<meta property="og:url" content="https://www.ull.es/portal/agenda/evento/seminario-la-no-renovacion-del-consejo-general-del-poder-judicial/" />
<meta property="og:site_name" content="ULL - Agenda" />
<meta property="article:modified_time" content="2023-04-14T09:10:59+00:00" />
<meta property="og:image" content="https://www.ull.es/portal/agenda/wp-content/uploads/sites/12/2023/04/Seminario-la-no-renovacion-del-consejo-general-del-poder-judicial_Banner-evento.png" />
	<meta property="og:image:width" content="750" />
	<meta property="og:image:height" content="370" />
	<meta property="og:image:type" content="image/png" />
<meta name="twitter:card" content="summary_large_image" />
<meta name="twitter:label1" content="Tiempo de lectura" />
	<meta name="twitter:data1" content="1 minuto" />
<script type="application/ld+json" class="yoast-schema-graph">{"@context":"https://schema.org","@graph":[{"@type":"WebPage","@id":"https://www.ull.es/portal/agenda/evento/seminario-la-no-renovacion-del-consejo-general-del-poder-judicial/","url":"https://www.ull.es/portal/agenda/evento/seminario-la-no-renovacion-del-consejo-general-del-poder-judicial/","name":"Seminario: \"La (no) renovación del Consejo General del Poder Judicial” - ULL - Agenda","isPartOf":{"@id":"https://www.ull.es/portal/agenda/#website"},"datePublished":"2023-04-12T11:09:36+00:00","dateModified":"2023-04-14T09:10:59+00:00","breadcrumb":{"@id":"https://www.ull.es/portal/agenda/evento/seminario-la-no-renovacion-del-consejo-general-del-poder-judicial/#breadcrumb"},"inLanguage":"es","potentialAction":[{"@type":"ReadAction","target":["https://www.ull.es/portal/agenda/evento/seminario-la-no-renovacion-del-consejo-general-del-poder-judicial/"]}]},{"@type":"BreadcrumbList","@id":"https://www.ull.es/portal/agenda/evento/seminario-la-no-renovacion-del-consejo-general-del-poder-judicial/#breadcrumb","itemListElement":[{"@type":"ListItem","position":1,"name":"Portada","item":"https://www.ull.es/portal/agenda/"},{"@type":"ListItem","position":2,"name":"Seminario: «La (no) renovación del Consejo General del Poder Judicial”"}]},{"@type":"WebSite","@id":"https://www.ull.es/portal/agenda/#website","url":"https://www.ull.es/portal/agenda/","name":"ULL - Agenda","description":"","potentialAction":[{"@type":"SearchAction","target":{"@type":"EntryPoint","urlTemplate":"https://www.ull.es/portal/agenda/?s={search_term_string}"},"query-input":"required name=search_term_string"}],"inLanguage":"es"}]}</script>
<!-- / Yoast SEO plugin. -->

Seminario: "La (no) renovación del Consejo General del Poder Judicial” - ULL - Agenda

El 21 de abril a las 11:00 horas tendrá lugar la II Sesión del Seminario Permanente Gumersindo Trujillo, con el título“La (no) renovación del Consejo General del Poder Judicial”. En la sesión intervendrán Rafael Fernández Valverde, expresidente de la Sala de lo Contencioso Administrativo del Tribunal Superior de Justicia de Canarias y ex vocal del...
