{"id":29986,"date":"2023-04-14T11:51:15","date_gmt":"2023-04-14T11:51:15","guid":{"rendered":"https:\/\/www.ull.es\/portal\/agenda\/?post_type=tribe_events&#038;p=29986"},"modified":"2023-04-27T08:02:05","modified_gmt":"2023-04-27T08:02:05","slug":"estudio-de-la-ley-4-2023-de-23-de-marzo-de-presidencia-y-el-gobierno-de-canarias","status":"publish","type":"tribe_events","link":"https:\/\/www.ull.es\/portal\/agenda\/evento\/estudio-de-la-ley-4-2023-de-23-de-marzo-de-presidencia-y-el-gobierno-de-canarias\/","title":{"rendered":"Estudio de la Ley 4\/2023, de 23 de marzo, de Presidencia y el Gobierno de Canarias"},"content":{"rendered":"<p>La Ley 1\/1983, de 14 de abril, del Gobierno y de la Administraci\u00f3n P\u00fablica de la Comunidad Aut\u00f3noma de Canarias fue la primera ley canaria, presente en el ordenamiento del Archipi\u00e9lago y en diversos procedimientos administrativos durante cuarenta a\u00f1os. Despu\u00e9s de este periplo, el Parlamento de Canarias, en el marco de un nuevo Estatuto de Autonom\u00eda, ha aprobado recientemente la Ley 4\/2023, de 23 de marzo, de la Presidencia y del Gobierno de Canarias; en virtud de la cual queda derogada la citada Ley 1\/1983, de 14 de abril.<\/p>\n<p>La nueva Ley auton\u00f3mica establece el estatuto y las atribuciones de la persona titular de la Presidencia; regulando igualmente la organizaci\u00f3n, el r\u00e9gimen jur\u00eddico y el funcionamiento del Gobierno de Canarias, prestando especial atenci\u00f3n la iniciativa legislativa y a sus potestades normativas. Adem\u00e1s, la Ley 4\/2023 tambi\u00e9n define expresamente el r\u00e9gimen de las relaciones del Gobierno con el Parlamento de Canarias.<\/p>\n<p>La trascendencia de la regulaci\u00f3n prevista en la nueva Ley de la Presidencia y del Gobierno de Canarias justifica la celebraci\u00f3n de un Curso monogr\u00e1fico que examine con la atenci\u00f3n que merecen dos de las instituciones capitales de la Comunidad Aut\u00f3noma sus aspectos m\u00e1s destacados y novedosos.<\/p>\n<p>A estos efectos se suceder\u00e1n diferentes intervenciones y debates entre expertos en las materias a tratar, que trabajan y han realizado una amplia labor investigadora en relaci\u00f3n con las correspondientes materias.<\/p>\n<p>El curso se celebrar\u00e1 en modalidad online entre el 27 de abril al 12 de mayo de 2023.<\/p>\n<p>Dirigido al alumnado de diferentes titulaciones de Grado como Derecho, Relaciones Laborales, Turismo, Sociolog\u00eda, Antropolog\u00eda, Ciencias Empresariales, etc. Igualmente se dirige al personal de las Administraciones P\u00fablicas y al p\u00fablico en general, interesado en conocer el desarrollo del Estatuto de Autonom\u00eda de Canarias y la nueva regulaci\u00f3n legal de la Presidencia y el Gobierno de Canarias.<\/p>\n<p>Direcci\u00f3n acad\u00e9mica: Israel Exp\u00f3sito Su\u00e1rez. Doctor en Derecho. Profesor Asociado, Departamento de Derecho Constitucional, Ciencia Pol\u00edtica y Filosof\u00eda del Derecho de la Universidad de La Laguna.<\/p>\n<p><strong>CERTIFICADO DE ASISTENCIA, APTITUD Y RECONOCIMIENTO POR CR\u00c9DITO ECTS<\/strong><\/p>\n<p>La ULL, a trav\u00e9s del Vicerrectorado de Cultura, Participaci\u00f3n Social y Campus Ofra y La Palma, emitir\u00e1 un certificado de asistencia a todas aquellas personas que asistan a un m\u00ednimo del 80% de las horas lectivas presenciales. Asimismo, aquellas personas que superen el trabajo aut\u00f3nomo del alumnado, recibir\u00e1n un certificado de asistencia y aprovechamiento, reconocible a su vez por un cr\u00e9dito ECTS.<\/p>\n<p><a href=\"https:\/\/sede.fg.ull.es\/es\/curso\/detalle\/a23020126\/estudio-de-la-ley-4-2023-de-23-de-marzo-de-presidencia-y-el-gobierno-de-canarias\" target=\"_blank\" rel=\"noopener\" target=\"_blank\" rel=\"noopener\"><strong><u>Consulta el programa e inscr\u00edbete aqu\u00ed.<\/u><\/strong><\/a><\/p>\n<p><span style=\"color: #ff0000\"><strong>\u00a1PLAZAS AGOTADAS!<\/strong><\/span><\/p>\n<p><strong>Contacto: 922 319 616 \/ 922 319 626 \u2013\u00a0<\/strong><a href=\"mailto:extuni@ull.edu.es\" target=\"_blank\" rel=\"noopener\"><strong>extuni@ull.es<\/strong><\/a><\/p>\n<p>Colaboran: LEFEBVRE y la C\u00e1tedra Cultural de Estudios Auton\u00f3micos y Constitucionales Gumersindo Trujillo de la Universidad de La Laguna.<\/p>\n","protected":false},"excerpt":{"rendered":"<p>La Ley 1\/1983, de 14 de abril, del Gobierno y de la Administraci\u00f3n P\u00fablica de la Comunidad Aut\u00f3noma de Canarias fue la primera ley canaria, presente en el ordenamiento del Archipi\u00e9lago y en diversos procedimientos administrativos durante cuarenta a\u00f1os. Despu\u00e9s de este periplo, el Parlamento de Canarias, en el marco de un nuevo Estatuto de&#8230;<\/p>\n","protected":false},"author":43,"featured_media":29987,"comment_status":"closed","ping_status":"closed","template":"","tags":[4259,977,3812,3751],"tribe_events_cat":[472,4,186],"acf":[],"yoast_head":"<!-- This site is optimized with the Yoast SEO plugin v21.3 - https:\/\/yoast.com\/wordpress\/plugins\/seo\/ -->\n<title>Estudio de la Ley 4\/2023, de 23 de marzo, de Presidencia y el Gobierno de Canarias - ULL - Agenda<\/title>\n<meta name=\"robots\" content=\"index, follow, max-snippet:-1, max-image-preview:large, max-video-preview:-1\" \/>\n<link rel=\"canonical\" href=\"https:\/\/www.ull.es\/portal\/agenda\/evento\/estudio-de-la-ley-4-2023-de-23-de-marzo-de-presidencia-y-el-gobierno-de-canarias\/\" \/>\n<meta property=\"og:locale\" content=\"es_ES\" \/>\n<meta property=\"og:type\" content=\"article\" \/>\n<meta property=\"og:title\" content=\"Estudio de la Ley 4\/2023, de 23 de marzo, de Presidencia y el Gobierno de Canarias - ULL - Agenda\" \/>\n<meta property=\"og:description\" content=\"La Ley 1\/1983, de 14 de abril, del Gobierno y de la Administraci\u00f3n P\u00fablica de la Comunidad Aut\u00f3noma de Canarias fue la primera ley canaria, presente en el ordenamiento del Archipi\u00e9lago y en diversos procedimientos administrativos durante cuarenta a\u00f1os. Despu\u00e9s de este periplo, el Parlamento de Canarias, en el marco de un nuevo Estatuto de...\" \/>\n<meta property=\"og:url\" content=\"https:\/\/www.ull.es\/portal\/agenda\/evento\/estudio-de-la-ley-4-2023-de-23-de-marzo-de-presidencia-y-el-gobierno-de-canarias\/\" \/>\n<meta property=\"og:site_name\" content=\"ULL - Agenda\" \/>\n<meta property=\"article:modified_time\" content=\"2023-04-27T08:02:05+00:00\" \/>\n<meta property=\"og:image\" content=\"https:\/\/www.ull.es\/portal\/agenda\/wp-content\/uploads\/sites\/12\/2023\/04\/BannerLey4.png\" \/>\n\t<meta property=\"og:image:width\" content=\"700\" \/>\n\t<meta property=\"og:image:height\" content=\"350\" \/>\n\t<meta property=\"og:image:type\" content=\"image\/png\" \/>\n<meta name=\"twitter:card\" content=\"summary_large_image\" \/>\n<meta name=\"twitter:label1\" content=\"Tiempo de lectura\" \/>\n\t<meta name=\"twitter:data1\" content=\"2 minutos\" \/>\n<script type=\"application\/ld+json\" class=\"yoast-schema-graph\">{\"@context\":\"https:\/\/schema.org\",\"@graph\":[{\"@type\":\"WebPage\",\"@id\":\"https:\/\/www.ull.es\/portal\/agenda\/evento\/estudio-de-la-ley-4-2023-de-23-de-marzo-de-presidencia-y-el-gobierno-de-canarias\/\",\"url\":\"https:\/\/www.ull.es\/portal\/agenda\/evento\/estudio-de-la-ley-4-2023-de-23-de-marzo-de-presidencia-y-el-gobierno-de-canarias\/\",\"name\":\"Estudio de la Ley 4\/2023, de 23 de marzo, de Presidencia y el Gobierno de Canarias - ULL - Agenda\",\"isPartOf\":{\"@id\":\"https:\/\/www.ull.es\/portal\/agenda\/#website\"},\"datePublished\":\"2023-04-14T11:51:15+00:00\",\"dateModified\":\"2023-04-27T08:02:05+00:00\",\"breadcrumb\":{\"@id\":\"https:\/\/www.ull.es\/portal\/agenda\/evento\/estudio-de-la-ley-4-2023-de-23-de-marzo-de-presidencia-y-el-gobierno-de-canarias\/#breadcrumb\"},\"inLanguage\":\"es\",\"potentialAction\":[{\"@type\":\"ReadAction\",\"target\":[\"https:\/\/www.ull.es\/portal\/agenda\/evento\/estudio-de-la-ley-4-2023-de-23-de-marzo-de-presidencia-y-el-gobierno-de-canarias\/\"]}]},{\"@type\":\"BreadcrumbList\",\"@id\":\"https:\/\/www.ull.es\/portal\/agenda\/evento\/estudio-de-la-ley-4-2023-de-23-de-marzo-de-presidencia-y-el-gobierno-de-canarias\/#breadcrumb\",\"itemListElement\":[{\"@type\":\"ListItem\",\"position\":1,\"name\":\"Portada\",\"item\":\"https:\/\/www.ull.es\/portal\/agenda\/\"},{\"@type\":\"ListItem\",\"position\":2,\"name\":\"Estudio de la Ley 4\/2023, de 23 de marzo, de Presidencia y el Gobierno de Canarias\"}]},{\"@type\":\"WebSite\",\"@id\":\"https:\/\/www.ull.es\/portal\/agenda\/#website\",\"url\":\"https:\/\/www.ull.es\/portal\/agenda\/\",\"name\":\"ULL - Agenda\",\"description\":\"\",\"potentialAction\":[{\"@type\":\"SearchAction\",\"target\":{\"@type\":\"EntryPoint\",\"urlTemplate\":\"https:\/\/www.ull.es\/portal\/agenda\/?s={search_term_string}\"},\"query-input\":\"required name=search_term_string\"}],\"inLanguage\":\"es\"}]}<\/script>\n<!-- \/ Yoast SEO plugin. -->","yoast_head_json":{"title":"Estudio de la Ley 4\/2023, de 23 de marzo, de Presidencia y el Gobierno de Canarias - ULL - Agenda","robots":{"index":"index","follow":"follow","max-snippet":"max-snippet:-1","max-image-preview":"max-image-preview:large","max-video-preview":"max-video-preview:-1"},"canonical":"https:\/\/www.ull.es\/portal\/agenda\/evento\/estudio-de-la-ley-4-2023-de-23-de-marzo-de-presidencia-y-el-gobierno-de-canarias\/","og_locale":"es_ES","og_type":"article","og_title":"Estudio de la Ley 4\/2023, de 23 de marzo, de Presidencia y el Gobierno de Canarias - ULL - Agenda","og_description":"La Ley 1\/1983, de 14 de abril, del Gobierno y de la Administraci\u00f3n P\u00fablica de la Comunidad Aut\u00f3noma de Canarias fue la primera ley canaria, presente en el ordenamiento del Archipi\u00e9lago y en diversos procedimientos administrativos durante cuarenta a\u00f1os. Despu\u00e9s de este periplo, el Parlamento de Canarias, en el marco de un nuevo Estatuto de...","og_url":"https:\/\/www.ull.es\/portal\/agenda\/evento\/estudio-de-la-ley-4-2023-de-23-de-marzo-de-presidencia-y-el-gobierno-de-canarias\/","og_site_name":"ULL - Agenda","article_modified_time":"2023-04-27T08:02:05+00:00","og_image":[{"width":700,"height":350,"url":"https:\/\/www.ull.es\/portal\/agenda\/wp-content\/uploads\/sites\/12\/2023\/04\/BannerLey4.png","type":"image\/png"}],"twitter_card":"summary_large_image","twitter_misc":{"Tiempo de lectura":"2 minutos"},"schema":{"@context":"https:\/\/schema.org","@graph":[{"@type":"WebPage","@id":"https:\/\/www.ull.es\/portal\/agenda\/evento\/estudio-de-la-ley-4-2023-de-23-de-marzo-de-presidencia-y-el-gobierno-de-canarias\/","url":"https:\/\/www.ull.es\/portal\/agenda\/evento\/estudio-de-la-ley-4-2023-de-23-de-marzo-de-presidencia-y-el-gobierno-de-canarias\/","name":"Estudio de la Ley 4\/2023, de 23 de marzo, de Presidencia y el Gobierno de Canarias - ULL - Agenda","isPartOf":{"@id":"https:\/\/www.ull.es\/portal\/agenda\/#website"},"datePublished":"2023-04-14T11:51:15+00:00","dateModified":"2023-04-27T08:02:05+00:00","breadcrumb":{"@id":"https:\/\/www.ull.es\/portal\/agenda\/evento\/estudio-de-la-ley-4-2023-de-23-de-marzo-de-presidencia-y-el-gobierno-de-canarias\/#breadcrumb"},"inLanguage":"es","potentialAction":[{"@type":"ReadAction","target":["https:\/\/www.ull.es\/portal\/agenda\/evento\/estudio-de-la-ley-4-2023-de-23-de-marzo-de-presidencia-y-el-gobierno-de-canarias\/"]}]},{"@type":"BreadcrumbList","@id":"https:\/\/www.ull.es\/portal\/agenda\/evento\/estudio-de-la-ley-4-2023-de-23-de-marzo-de-presidencia-y-el-gobierno-de-canarias\/#breadcrumb","itemListElement":[{"@type":"ListItem","position":1,"name":"Portada","item":"https:\/\/www.ull.es\/portal\/agenda\/"},{"@type":"ListItem","position":2,"name":"Estudio de la Ley 4\/2023, de 23 de marzo, de Presidencia y el Gobierno de Canarias"}]},{"@type":"WebSite","@id":"https:\/\/www.ull.es\/portal\/agenda\/#website","url":"https:\/\/www.ull.es\/portal\/agenda\/","name":"ULL - Agenda","description":"","potentialAction":[{"@type":"SearchAction","target":{"@type":"EntryPoint","urlTemplate":"https:\/\/www.ull.es\/portal\/agenda\/?s={search_term_string}"},"query-input":"required name=search_term_string"}],"inLanguage":"es"}]}},"_links":{"self":[{"href":"https:\/\/www.ull.es\/portal\/agenda\/wp-json\/wp\/v2\/tribe_events\/29986"}],"collection":[{"href":"https:\/\/www.ull.es\/portal\/agenda\/wp-json\/wp\/v2\/tribe_events"}],"about":[{"href":"https:\/\/www.ull.es\/portal\/agenda\/wp-json\/wp\/v2\/types\/tribe_events"}],"author":[{"embeddable":true,"href":"https:\/\/www.ull.es\/portal\/agenda\/wp-json\/wp\/v2\/users\/43"}],"replies":[{"embeddable":true,"href":"https:\/\/www.ull.es\/portal\/agenda\/wp-json\/wp\/v2\/comments?post=29986"}],"version-history":[{"count":3,"href":"https:\/\/www.ull.es\/portal\/agenda\/wp-json\/wp\/v2\/tribe_events\/29986\/revisions"}],"predecessor-version":[{"id":30217,"href":"https:\/\/www.ull.es\/portal\/agenda\/wp-json\/wp\/v2\/tribe_events\/29986\/revisions\/30217"}],"wp:featuredmedia":[{"embeddable":true,"href":"https:\/\/www.ull.es\/portal\/agenda\/wp-json\/wp\/v2\/media\/29987"}],"wp:attachment":[{"href":"https:\/\/www.ull.es\/portal\/agenda\/wp-json\/wp\/v2\/media?parent=29986"}],"wp:term":[{"taxonomy":"post_tag","embeddable":true,"href":"https:\/\/www.ull.es\/portal\/agenda\/wp-json\/wp\/v2\/tags?post=29986"},{"taxonomy":"tribe_events_cat","embeddable":true,"href":"https:\/\/www.ull.es\/portal\/agenda\/wp-json\/wp\/v2\/tribe_events_cat?post=29986"}],"curies":[{"name":"wp","href":"https:\/\/api.w.org\/{rel}","templated":true}]}}

<p>La Ley 1/1983, de 14 de abril, del Gobierno y de la Administración Pública de la Comunidad Autónoma de Canarias fue la primera ley canaria, presente en el ordenamiento del Archipiélago y en diversos procedimientos administrativos durante cuarenta años. Después de este periplo, el Parlamento de Canarias, en el marco de un nuevo Estatuto de Autonomía, ha aprobado recientemente la Ley 4/2023, de 23 de marzo, de la Presidencia y del Gobierno de Canarias; en virtud de la cual queda derogada la citada Ley 1/1983, de 14 de abril.</p>
<p>La nueva Ley autonómica establece el estatuto y las atribuciones de la persona titular de la Presidencia; regulando igualmente la organización, el régimen jurídico y el funcionamiento del Gobierno de Canarias, prestando especial atención la iniciativa legislativa y a sus potestades normativas. Además, la Ley 4/2023 también define expresamente el régimen de las relaciones del Gobierno con el Parlamento de Canarias.</p>
<p>La trascendencia de la regulación prevista en la nueva Ley de la Presidencia y del Gobierno de Canarias justifica la celebración de un Curso monográfico que examine con la atención que merecen dos de las instituciones capitales de la Comunidad Autónoma sus aspectos más destacados y novedosos.</p>
<p>A estos efectos se sucederán diferentes intervenciones y debates entre expertos en las materias a tratar, que trabajan y han realizado una amplia labor investigadora en relación con las correspondientes materias.</p>
<p>El curso se celebrará en modalidad online entre el 27 de abril al 12 de mayo de 2023.</p>
<p>Dirigido al alumnado de diferentes titulaciones de Grado como Derecho, Relaciones Laborales, Turismo, Sociología, Antropología, Ciencias Empresariales, etc. Igualmente se dirige al personal de las Administraciones Públicas y al público en general, interesado en conocer el desarrollo del Estatuto de Autonomía de Canarias y la nueva regulación legal de la Presidencia y el Gobierno de Canarias.</p>
<p>Dirección académica: Israel Expósito Suárez. Doctor en Derecho. Profesor Asociado, Departamento de Derecho Constitucional, Ciencia Política y Filosofía del Derecho de la Universidad de La Laguna.</p>
<p><strong>CERTIFICADO DE ASISTENCIA, APTITUD Y RECONOCIMIENTO POR CRÉDITO ECTS</strong></p>
<p>La ULL, a través del Vicerrectorado de Cultura, Participación Social y Campus Ofra y La Palma, emitirá un certificado de asistencia a todas aquellas personas que asistan a un mínimo del 80% de las horas lectivas presenciales. Asimismo, aquellas personas que superen el trabajo autónomo del alumnado, recibirán un certificado de asistencia y aprovechamiento, reconocible a su vez por un crédito ECTS.</p>
<p><a href="https://sede.fg.ull.es/es/curso/detalle/a23020126/estudio-de-la-ley-4-2023-de-23-de-marzo-de-presidencia-y-el-gobierno-de-canarias" target="_blank" rel="noopener" target="_blank" rel="noopener"><strong><u>Consulta el programa e inscríbete aquí.</u></strong></a></p>
<p><span style="color: #ff0000"><strong>¡PLAZAS AGOTADAS!</strong></span></p>
<p><strong>Contacto: 922 319 616 / 922 319 626 – </strong><a href="mailto:extuni@ull.edu.es" target="_blank" rel="noopener"><strong>extuni@ull.es</strong></a></p>
<p>Colaboran: LEFEBVRE y la Cátedra Cultural de Estudios Autonómicos y Constitucionales Gumersindo Trujillo de la Universidad de La Laguna.</p>

<p>La Ley 1/1983, de 14 de abril, del Gobierno y de la Administración Pública de la Comunidad Autónoma de Canarias fue la primera ley canaria, presente en el ordenamiento del Archipiélago y en diversos procedimientos administrativos durante cuarenta años. Después de este periplo, el Parlamento de Canarias, en el marco de un nuevo Estatuto de&#8230;</p>

<!-- This site is optimized with the Yoast SEO plugin v21.3 - https://yoast.com/wordpress/plugins/seo/ -->
<title>Estudio de la Ley 4/2023, de 23 de marzo, de Presidencia y el Gobierno de Canarias - ULL - Agenda</title>
<meta name="robots" content="index, follow, max-snippet:-1, max-image-preview:large, max-video-preview:-1" />
<link rel="canonical" href="https://www.ull.es/portal/agenda/evento/estudio-de-la-ley-4-2023-de-23-de-marzo-de-presidencia-y-el-gobierno-de-canarias/" />
<meta property="og:locale" content="es_ES" />
<meta property="og:type" content="article" />
<meta property="og:title" content="Estudio de la Ley 4/2023, de 23 de marzo, de Presidencia y el Gobierno de Canarias - ULL - Agenda" />
<meta property="og:description" content="La Ley 1/1983, de 14 de abril, del Gobierno y de la Administración Pública de la Comunidad Autónoma de Canarias fue la primera ley canaria, presente en el ordenamiento del Archipiélago y en diversos procedimientos administrativos durante cuarenta años. Después de este periplo, el Parlamento de Canarias, en el marco de un nuevo Estatuto de..." />
<meta property="og:url" content="https://www.ull.es/portal/agenda/evento/estudio-de-la-ley-4-2023-de-23-de-marzo-de-presidencia-y-el-gobierno-de-canarias/" />
<meta property="og:site_name" content="ULL - Agenda" />
<meta property="article:modified_time" content="2023-04-27T08:02:05+00:00" />
<meta property="og:image" content="https://www.ull.es/portal/agenda/wp-content/uploads/sites/12/2023/04/BannerLey4.png" />
	<meta property="og:image:width" content="700" />
	<meta property="og:image:height" content="350" />
	<meta property="og:image:type" content="image/png" />
<meta name="twitter:card" content="summary_large_image" />
<meta name="twitter:label1" content="Tiempo de lectura" />
	<meta name="twitter:data1" content="2 minutos" />
<script type="application/ld+json" class="yoast-schema-graph">{"@context":"https://schema.org","@graph":[{"@type":"WebPage","@id":"https://www.ull.es/portal/agenda/evento/estudio-de-la-ley-4-2023-de-23-de-marzo-de-presidencia-y-el-gobierno-de-canarias/","url":"https://www.ull.es/portal/agenda/evento/estudio-de-la-ley-4-2023-de-23-de-marzo-de-presidencia-y-el-gobierno-de-canarias/","name":"Estudio de la Ley 4/2023, de 23 de marzo, de Presidencia y el Gobierno de Canarias - ULL - Agenda","isPartOf":{"@id":"https://www.ull.es/portal/agenda/#website"},"datePublished":"2023-04-14T11:51:15+00:00","dateModified":"2023-04-27T08:02:05+00:00","breadcrumb":{"@id":"https://www.ull.es/portal/agenda/evento/estudio-de-la-ley-4-2023-de-23-de-marzo-de-presidencia-y-el-gobierno-de-canarias/#breadcrumb"},"inLanguage":"es","potentialAction":[{"@type":"ReadAction","target":["https://www.ull.es/portal/agenda/evento/estudio-de-la-ley-4-2023-de-23-de-marzo-de-presidencia-y-el-gobierno-de-canarias/"]}]},{"@type":"BreadcrumbList","@id":"https://www.ull.es/portal/agenda/evento/estudio-de-la-ley-4-2023-de-23-de-marzo-de-presidencia-y-el-gobierno-de-canarias/#breadcrumb","itemListElement":[{"@type":"ListItem","position":1,"name":"Portada","item":"https://www.ull.es/portal/agenda/"},{"@type":"ListItem","position":2,"name":"Estudio de la Ley 4/2023, de 23 de marzo, de Presidencia y el Gobierno de Canarias"}]},{"@type":"WebSite","@id":"https://www.ull.es/portal/agenda/#website","url":"https://www.ull.es/portal/agenda/","name":"ULL - Agenda","description":"","potentialAction":[{"@type":"SearchAction","target":{"@type":"EntryPoint","urlTemplate":"https://www.ull.es/portal/agenda/?s={search_term_string}"},"query-input":"required name=search_term_string"}],"inLanguage":"es"}]}</script>
<!-- / Yoast SEO plugin. -->

La Ley 1/1983, de 14 de abril, del Gobierno y de la Administración Pública de la Comunidad Autónoma de Canarias fue la primera ley canaria, presente en el ordenamiento del Archipiélago y en diversos procedimientos administrativos durante cuarenta años. Después de este periplo, el Parlamento de Canarias, en el marco de un nuevo Estatuto de...
