{"id":30014,"date":"2023-04-18T10:20:11","date_gmt":"2023-04-18T10:20:11","guid":{"rendered":"https:\/\/www.ull.es\/portal\/agenda\/?post_type=tribe_events&#038;p=30014"},"modified":"2023-04-18T10:20:11","modified_gmt":"2023-04-18T10:20:11","slug":"exposicion-aves-de-canarias","status":"publish","type":"tribe_events","link":"https:\/\/www.ull.es\/portal\/agenda\/evento\/exposicion-aves-de-canarias\/","title":{"rendered":"Exposici\u00f3n: Aves de Canarias"},"content":{"rendered":"<p>Como parte de las II Jornadas de Biodiversidad Canaria y Sostenibilidad en el Patio de Viana se encuentra la exposici\u00f3n Aves de Canarias, una muestra compuesta por 33 fotograf\u00edas de aves de Canarias del autor Jos\u00e9 Luis Morales Trujillo que nos acerca a nuestra rica diversidad ornitol\u00f3gica.<\/p>\n<p>La exposici\u00f3n estar\u00e1 abierta de 9:00 a 14:00 h hasta el pr\u00f3ximo 12 de mayo.<\/p>\n","protected":false},"excerpt":{"rendered":"<p>Como parte de las II Jornadas de Biodiversidad Canaria y Sostenibilidad en el Patio de Viana se encuentra la exposici\u00f3n Aves de Canarias, una muestra compuesta por 33 fotograf\u00edas de aves de Canarias del autor Jos\u00e9 Luis Morales Trujillo que nos acerca a nuestra rica diversidad ornitol\u00f3gica. La exposici\u00f3n estar\u00e1 abierta de 9:00 a 14:00&#8230;<\/p>\n","protected":false},"author":65,"featured_media":30015,"comment_status":"closed","ping_status":"closed","template":"","tags":[],"tribe_events_cat":[3987,4,19,4691],"acf":[],"yoast_head":"<!-- This site is optimized with the Yoast SEO plugin v21.3 - https:\/\/yoast.com\/wordpress\/plugins\/seo\/ -->\n<title>Exposici\u00f3n: Aves de Canarias - ULL - Agenda<\/title>\n<meta name=\"robots\" content=\"index, follow, max-snippet:-1, max-image-preview:large, max-video-preview:-1\" \/>\n<link rel=\"canonical\" href=\"https:\/\/www.ull.es\/portal\/agenda\/evento\/exposicion-aves-de-canarias\/\" \/>\n<meta property=\"og:locale\" content=\"es_ES\" \/>\n<meta property=\"og:type\" content=\"article\" \/>\n<meta property=\"og:title\" content=\"Exposici\u00f3n: Aves de Canarias - ULL - Agenda\" \/>\n<meta property=\"og:description\" content=\"Como parte de las II Jornadas de Biodiversidad Canaria y Sostenibilidad en el Patio de Viana se encuentra la exposici\u00f3n Aves de Canarias, una muestra compuesta por 33 fotograf\u00edas de aves de Canarias del autor Jos\u00e9 Luis Morales Trujillo que nos acerca a nuestra rica diversidad ornitol\u00f3gica. La exposici\u00f3n estar\u00e1 abierta de 9:00 a 14:00...\" \/>\n<meta property=\"og:url\" content=\"https:\/\/www.ull.es\/portal\/agenda\/evento\/exposicion-aves-de-canarias\/\" \/>\n<meta property=\"og:site_name\" content=\"ULL - Agenda\" \/>\n<meta property=\"og:image\" content=\"https:\/\/www.ull.es\/portal\/agenda\/wp-content\/uploads\/sites\/12\/2023\/04\/af-carteleria-aves-de-canarias-700x350px.jpg\" \/>\n\t<meta property=\"og:image:width\" content=\"700\" \/>\n\t<meta property=\"og:image:height\" content=\"350\" \/>\n\t<meta property=\"og:image:type\" content=\"image\/jpeg\" \/>\n<meta name=\"twitter:card\" content=\"summary_large_image\" \/>\n<meta name=\"twitter:label1\" content=\"Tiempo de lectura\" \/>\n\t<meta name=\"twitter:data1\" content=\"1 minuto\" \/>\n<script type=\"application\/ld+json\" class=\"yoast-schema-graph\">{\"@context\":\"https:\/\/schema.org\",\"@graph\":[{\"@type\":\"WebPage\",\"@id\":\"https:\/\/www.ull.es\/portal\/agenda\/evento\/exposicion-aves-de-canarias\/\",\"url\":\"https:\/\/www.ull.es\/portal\/agenda\/evento\/exposicion-aves-de-canarias\/\",\"name\":\"Exposici\u00f3n: Aves de Canarias - ULL - Agenda\",\"isPartOf\":{\"@id\":\"https:\/\/www.ull.es\/portal\/agenda\/#website\"},\"datePublished\":\"2023-04-18T10:20:11+00:00\",\"dateModified\":\"2023-04-18T10:20:11+00:00\",\"breadcrumb\":{\"@id\":\"https:\/\/www.ull.es\/portal\/agenda\/evento\/exposicion-aves-de-canarias\/#breadcrumb\"},\"inLanguage\":\"es\",\"potentialAction\":[{\"@type\":\"ReadAction\",\"target\":[\"https:\/\/www.ull.es\/portal\/agenda\/evento\/exposicion-aves-de-canarias\/\"]}]},{\"@type\":\"BreadcrumbList\",\"@id\":\"https:\/\/www.ull.es\/portal\/agenda\/evento\/exposicion-aves-de-canarias\/#breadcrumb\",\"itemListElement\":[{\"@type\":\"ListItem\",\"position\":1,\"name\":\"Portada\",\"item\":\"https:\/\/www.ull.es\/portal\/agenda\/\"},{\"@type\":\"ListItem\",\"position\":2,\"name\":\"Exposici\u00f3n: Aves de Canarias\"}]},{\"@type\":\"WebSite\",\"@id\":\"https:\/\/www.ull.es\/portal\/agenda\/#website\",\"url\":\"https:\/\/www.ull.es\/portal\/agenda\/\",\"name\":\"ULL - Agenda\",\"description\":\"\",\"potentialAction\":[{\"@type\":\"SearchAction\",\"target\":{\"@type\":\"EntryPoint\",\"urlTemplate\":\"https:\/\/www.ull.es\/portal\/agenda\/?s={search_term_string}\"},\"query-input\":\"required name=search_term_string\"}],\"inLanguage\":\"es\"}]}<\/script>\n<!-- \/ Yoast SEO plugin. -->","yoast_head_json":{"title":"Exposici\u00f3n: Aves de Canarias - ULL - Agenda","robots":{"index":"index","follow":"follow","max-snippet":"max-snippet:-1","max-image-preview":"max-image-preview:large","max-video-preview":"max-video-preview:-1"},"canonical":"https:\/\/www.ull.es\/portal\/agenda\/evento\/exposicion-aves-de-canarias\/","og_locale":"es_ES","og_type":"article","og_title":"Exposici\u00f3n: Aves de Canarias - ULL - Agenda","og_description":"Como parte de las II Jornadas de Biodiversidad Canaria y Sostenibilidad en el Patio de Viana se encuentra la exposici\u00f3n Aves de Canarias, una muestra compuesta por 33 fotograf\u00edas de aves de Canarias del autor Jos\u00e9 Luis Morales Trujillo que nos acerca a nuestra rica diversidad ornitol\u00f3gica. La exposici\u00f3n estar\u00e1 abierta de 9:00 a 14:00...","og_url":"https:\/\/www.ull.es\/portal\/agenda\/evento\/exposicion-aves-de-canarias\/","og_site_name":"ULL - Agenda","og_image":[{"width":700,"height":350,"url":"https:\/\/www.ull.es\/portal\/agenda\/wp-content\/uploads\/sites\/12\/2023\/04\/af-carteleria-aves-de-canarias-700x350px.jpg","type":"image\/jpeg"}],"twitter_card":"summary_large_image","twitter_misc":{"Tiempo de lectura":"1 minuto"},"schema":{"@context":"https:\/\/schema.org","@graph":[{"@type":"WebPage","@id":"https:\/\/www.ull.es\/portal\/agenda\/evento\/exposicion-aves-de-canarias\/","url":"https:\/\/www.ull.es\/portal\/agenda\/evento\/exposicion-aves-de-canarias\/","name":"Exposici\u00f3n: Aves de Canarias - ULL - Agenda","isPartOf":{"@id":"https:\/\/www.ull.es\/portal\/agenda\/#website"},"datePublished":"2023-04-18T10:20:11+00:00","dateModified":"2023-04-18T10:20:11+00:00","breadcrumb":{"@id":"https:\/\/www.ull.es\/portal\/agenda\/evento\/exposicion-aves-de-canarias\/#breadcrumb"},"inLanguage":"es","potentialAction":[{"@type":"ReadAction","target":["https:\/\/www.ull.es\/portal\/agenda\/evento\/exposicion-aves-de-canarias\/"]}]},{"@type":"BreadcrumbList","@id":"https:\/\/www.ull.es\/portal\/agenda\/evento\/exposicion-aves-de-canarias\/#breadcrumb","itemListElement":[{"@type":"ListItem","position":1,"name":"Portada","item":"https:\/\/www.ull.es\/portal\/agenda\/"},{"@type":"ListItem","position":2,"name":"Exposici\u00f3n: Aves de Canarias"}]},{"@type":"WebSite","@id":"https:\/\/www.ull.es\/portal\/agenda\/#website","url":"https:\/\/www.ull.es\/portal\/agenda\/","name":"ULL - Agenda","description":"","potentialAction":[{"@type":"SearchAction","target":{"@type":"EntryPoint","urlTemplate":"https:\/\/www.ull.es\/portal\/agenda\/?s={search_term_string}"},"query-input":"required name=search_term_string"}],"inLanguage":"es"}]}},"_links":{"self":[{"href":"https:\/\/www.ull.es\/portal\/agenda\/wp-json\/wp\/v2\/tribe_events\/30014"}],"collection":[{"href":"https:\/\/www.ull.es\/portal\/agenda\/wp-json\/wp\/v2\/tribe_events"}],"about":[{"href":"https:\/\/www.ull.es\/portal\/agenda\/wp-json\/wp\/v2\/types\/tribe_events"}],"author":[{"embeddable":true,"href":"https:\/\/www.ull.es\/portal\/agenda\/wp-json\/wp\/v2\/users\/65"}],"replies":[{"embeddable":true,"href":"https:\/\/www.ull.es\/portal\/agenda\/wp-json\/wp\/v2\/comments?post=30014"}],"version-history":[{"count":1,"href":"https:\/\/www.ull.es\/portal\/agenda\/wp-json\/wp\/v2\/tribe_events\/30014\/revisions"}],"predecessor-version":[{"id":30016,"href":"https:\/\/www.ull.es\/portal\/agenda\/wp-json\/wp\/v2\/tribe_events\/30014\/revisions\/30016"}],"wp:featuredmedia":[{"embeddable":true,"href":"https:\/\/www.ull.es\/portal\/agenda\/wp-json\/wp\/v2\/media\/30015"}],"wp:attachment":[{"href":"https:\/\/www.ull.es\/portal\/agenda\/wp-json\/wp\/v2\/media?parent=30014"}],"wp:term":[{"taxonomy":"post_tag","embeddable":true,"href":"https:\/\/www.ull.es\/portal\/agenda\/wp-json\/wp\/v2\/tags?post=30014"},{"taxonomy":"tribe_events_cat","embeddable":true,"href":"https:\/\/www.ull.es\/portal\/agenda\/wp-json\/wp\/v2\/tribe_events_cat?post=30014"}],"curies":[{"name":"wp","href":"https:\/\/api.w.org\/{rel}","templated":true}]}}

Exposición: Aves de Canarias

<p>Como parte de las II Jornadas de Biodiversidad Canaria y Sostenibilidad en el Patio de Viana se encuentra la exposición Aves de Canarias, una muestra compuesta por 33 fotografías de aves de Canarias del autor José Luis Morales Trujillo que nos acerca a nuestra rica diversidad ornitológica.</p>
<p>La exposición estará abierta de 9:00 a 14:00 h hasta el próximo 12 de mayo.</p>

<p>Como parte de las II Jornadas de Biodiversidad Canaria y Sostenibilidad en el Patio de Viana se encuentra la exposición Aves de Canarias, una muestra compuesta por 33 fotografías de aves de Canarias del autor José Luis Morales Trujillo que nos acerca a nuestra rica diversidad ornitológica. La exposición estará abierta de 9:00 a 14:00&#8230;</p>

<!-- This site is optimized with the Yoast SEO plugin v21.3 - https://yoast.com/wordpress/plugins/seo/ -->
<title>Exposición: Aves de Canarias - ULL - Agenda</title>
<meta name="robots" content="index, follow, max-snippet:-1, max-image-preview:large, max-video-preview:-1" />
<link rel="canonical" href="https://www.ull.es/portal/agenda/evento/exposicion-aves-de-canarias/" />
<meta property="og:locale" content="es_ES" />
<meta property="og:type" content="article" />
<meta property="og:title" content="Exposición: Aves de Canarias - ULL - Agenda" />
<meta property="og:description" content="Como parte de las II Jornadas de Biodiversidad Canaria y Sostenibilidad en el Patio de Viana se encuentra la exposición Aves de Canarias, una muestra compuesta por 33 fotografías de aves de Canarias del autor José Luis Morales Trujillo que nos acerca a nuestra rica diversidad ornitológica. La exposición estará abierta de 9:00 a 14:00..." />
<meta property="og:url" content="https://www.ull.es/portal/agenda/evento/exposicion-aves-de-canarias/" />
<meta property="og:site_name" content="ULL - Agenda" />
<meta property="og:image" content="https://www.ull.es/portal/agenda/wp-content/uploads/sites/12/2023/04/af-carteleria-aves-de-canarias-700x350px.jpg" />
	<meta property="og:image:width" content="700" />
	<meta property="og:image:height" content="350" />
	<meta property="og:image:type" content="image/jpeg" />
<meta name="twitter:card" content="summary_large_image" />
<meta name="twitter:label1" content="Tiempo de lectura" />
	<meta name="twitter:data1" content="1 minuto" />
<script type="application/ld+json" class="yoast-schema-graph">{"@context":"https://schema.org","@graph":[{"@type":"WebPage","@id":"https://www.ull.es/portal/agenda/evento/exposicion-aves-de-canarias/","url":"https://www.ull.es/portal/agenda/evento/exposicion-aves-de-canarias/","name":"Exposición: Aves de Canarias - ULL - Agenda","isPartOf":{"@id":"https://www.ull.es/portal/agenda/#website"},"datePublished":"2023-04-18T10:20:11+00:00","dateModified":"2023-04-18T10:20:11+00:00","breadcrumb":{"@id":"https://www.ull.es/portal/agenda/evento/exposicion-aves-de-canarias/#breadcrumb"},"inLanguage":"es","potentialAction":[{"@type":"ReadAction","target":["https://www.ull.es/portal/agenda/evento/exposicion-aves-de-canarias/"]}]},{"@type":"BreadcrumbList","@id":"https://www.ull.es/portal/agenda/evento/exposicion-aves-de-canarias/#breadcrumb","itemListElement":[{"@type":"ListItem","position":1,"name":"Portada","item":"https://www.ull.es/portal/agenda/"},{"@type":"ListItem","position":2,"name":"Exposición: Aves de Canarias"}]},{"@type":"WebSite","@id":"https://www.ull.es/portal/agenda/#website","url":"https://www.ull.es/portal/agenda/","name":"ULL - Agenda","description":"","potentialAction":[{"@type":"SearchAction","target":{"@type":"EntryPoint","urlTemplate":"https://www.ull.es/portal/agenda/?s={search_term_string}"},"query-input":"required name=search_term_string"}],"inLanguage":"es"}]}</script>
<!-- / Yoast SEO plugin. -->

Exposición: Aves de Canarias - ULL - Agenda

Como parte de las II Jornadas de Biodiversidad Canaria y Sostenibilidad en el Patio de Viana se encuentra la exposición Aves de Canarias, una muestra compuesta por 33 fotografías de aves de Canarias del autor José Luis Morales Trujillo que nos acerca a nuestra rica diversidad ornitológica. La exposición estará abierta de 9:00 a 14:00...
