{"id":30027,"date":"2023-04-18T12:42:04","date_gmt":"2023-04-18T12:42:04","guid":{"rendered":"https:\/\/www.ull.es\/portal\/agenda\/?post_type=tribe_events&#038;p=30027"},"modified":"2023-04-24T13:29:50","modified_gmt":"2023-04-24T13:29:50","slug":"jornadas-conectarte-en-tazacorte","status":"publish","type":"tribe_events","link":"https:\/\/www.ull.es\/portal\/agenda\/evento\/jornadas-conectarte-en-tazacorte\/","title":{"rendered":"Jornadas Conectarte en Tazacorte"},"content":{"rendered":"<p>La Asociaci\u00f3n Sociocultural sin \u00e1nimo de lucro Proyecto In-Art organiza, en colaboraci\u00f3n con la Universidad de La Laguna\u00a0 y la concejal\u00eda de Cultura, Educaci\u00f3n y Fiestas de Tazacorte, las Jornadas Conectarte, que incluyen talleres, comunicaciones y la creaci\u00f3n colectiva de una obra art\u00edstica. In-Art lleva diez a\u00f1os trabajando el papel del arte como veh\u00edculo de desarrollo y transformaci\u00f3n personal y social.<\/p>\n<p>Las Jornadas Conectarte son una pieza importante dentro del proyecto m\u00e1s amplio \u201cLa erupci\u00f3n del volc\u00e1n de La Palma a trav\u00e9s del arte y los relatos de vida\u201d, que se desarrolla desde septiembre de 2021. La asociaci\u00f3n cuenta con la colaboraci\u00f3n de la Universidad de La Laguna\u00a0 y la participaci\u00f3n activa de alumnado de las Facultades de Psicolog\u00eda, Sociolog\u00eda, Antropolog\u00eda, Bellas Artes y Filosof\u00eda. La propuesta incluye la realizaci\u00f3n de las jornadas en los tres municipios palmeros m\u00e1s afectados por la erupci\u00f3n del volc\u00e1n: Los Llanos de Aridane, El Paso y Tazacorte.<\/p>\n<p>La primera de las tres Jornadas Conectarte se desarrollar\u00e1 el 29 y 30 de abril en La Casa de La Cultura de Tazacorte, en horario de ma\u00f1ana y tarde. En ella se realizar\u00e1n talleres, comunicaciones y una obra art\u00edstica colectiva de la mano de Mar\u00eda Luisa Hodgson, en la que podr\u00e1n participar todos los asistentes. Matr\u00edcula gratuita. Para m\u00e1s informaci\u00f3n e inscripciones, pueden escribir a inart.conectarte@gmail.com<\/p>\n<p><a href=\"https:\/\/drive.google.com\/file\/d\/1up5qJYu_ve2IcocRf_5au2wA0dBxQby1\/view?usp=share_link\" target=\"_blank\" rel=\"noopener\" target=\"_blank\" rel=\"noopener\">Cartel<\/a><\/p>\n<p>&nbsp;<\/p>\n","protected":false},"excerpt":{"rendered":"<p>La Asociaci\u00f3n Sociocultural sin \u00e1nimo de lucro Proyecto In-Art organiza, en colaboraci\u00f3n con la Universidad de La Laguna\u00a0 y la concejal\u00eda de Cultura, Educaci\u00f3n y Fiestas de Tazacorte, las Jornadas Conectarte, que incluyen talleres, comunicaciones y la creaci\u00f3n colectiva de una obra art\u00edstica. In-Art lleva diez a\u00f1os trabajando el papel del arte como veh\u00edculo de&#8230;<\/p>\n","protected":false},"author":65,"featured_media":30165,"comment_status":"closed","ping_status":"closed","template":"","tags":[4868],"tribe_events_cat":[3987,4,4691,191],"acf":[],"yoast_head":"<!-- This site is optimized with the Yoast SEO plugin v21.3 - https:\/\/yoast.com\/wordpress\/plugins\/seo\/ -->\n<title>Jornadas Conectarte en Tazacorte - ULL - Agenda<\/title>\n<meta name=\"robots\" content=\"index, follow, max-snippet:-1, max-image-preview:large, max-video-preview:-1\" \/>\n<link rel=\"canonical\" href=\"https:\/\/www.ull.es\/portal\/agenda\/evento\/jornadas-conectarte-en-tazacorte\/\" \/>\n<meta property=\"og:locale\" content=\"es_ES\" \/>\n<meta property=\"og:type\" content=\"article\" \/>\n<meta property=\"og:title\" content=\"Jornadas Conectarte en Tazacorte - ULL - Agenda\" \/>\n<meta property=\"og:description\" content=\"La Asociaci\u00f3n Sociocultural sin \u00e1nimo de lucro Proyecto In-Art organiza, en colaboraci\u00f3n con la Universidad de La Laguna\u00a0 y la concejal\u00eda de Cultura, Educaci\u00f3n y Fiestas de Tazacorte, las Jornadas Conectarte, que incluyen talleres, comunicaciones y la creaci\u00f3n colectiva de una obra art\u00edstica. In-Art lleva diez a\u00f1os trabajando el papel del arte como veh\u00edculo de...\" \/>\n<meta property=\"og:url\" content=\"https:\/\/www.ull.es\/portal\/agenda\/evento\/jornadas-conectarte-en-tazacorte\/\" \/>\n<meta property=\"og:site_name\" content=\"ULL - Agenda\" \/>\n<meta property=\"article:modified_time\" content=\"2023-04-24T13:29:50+00:00\" \/>\n<meta property=\"og:image\" content=\"https:\/\/www.ull.es\/portal\/agenda\/wp-content\/uploads\/sites\/12\/2023\/04\/Jornadas-Conectarte_Banner-evento.jpg\" \/>\n\t<meta property=\"og:image:width\" content=\"1600\" \/>\n\t<meta property=\"og:image:height\" content=\"790\" \/>\n\t<meta property=\"og:image:type\" content=\"image\/jpeg\" \/>\n<meta name=\"twitter:card\" content=\"summary_large_image\" \/>\n<meta name=\"twitter:label1\" content=\"Tiempo de lectura\" \/>\n\t<meta name=\"twitter:data1\" content=\"2 minutos\" \/>\n<script type=\"application\/ld+json\" class=\"yoast-schema-graph\">{\"@context\":\"https:\/\/schema.org\",\"@graph\":[{\"@type\":\"WebPage\",\"@id\":\"https:\/\/www.ull.es\/portal\/agenda\/evento\/jornadas-conectarte-en-tazacorte\/\",\"url\":\"https:\/\/www.ull.es\/portal\/agenda\/evento\/jornadas-conectarte-en-tazacorte\/\",\"name\":\"Jornadas Conectarte en Tazacorte - ULL - Agenda\",\"isPartOf\":{\"@id\":\"https:\/\/www.ull.es\/portal\/agenda\/#website\"},\"datePublished\":\"2023-04-18T12:42:04+00:00\",\"dateModified\":\"2023-04-24T13:29:50+00:00\",\"breadcrumb\":{\"@id\":\"https:\/\/www.ull.es\/portal\/agenda\/evento\/jornadas-conectarte-en-tazacorte\/#breadcrumb\"},\"inLanguage\":\"es\",\"potentialAction\":[{\"@type\":\"ReadAction\",\"target\":[\"https:\/\/www.ull.es\/portal\/agenda\/evento\/jornadas-conectarte-en-tazacorte\/\"]}]},{\"@type\":\"BreadcrumbList\",\"@id\":\"https:\/\/www.ull.es\/portal\/agenda\/evento\/jornadas-conectarte-en-tazacorte\/#breadcrumb\",\"itemListElement\":[{\"@type\":\"ListItem\",\"position\":1,\"name\":\"Portada\",\"item\":\"https:\/\/www.ull.es\/portal\/agenda\/\"},{\"@type\":\"ListItem\",\"position\":2,\"name\":\"Jornadas Conectarte en Tazacorte\"}]},{\"@type\":\"WebSite\",\"@id\":\"https:\/\/www.ull.es\/portal\/agenda\/#website\",\"url\":\"https:\/\/www.ull.es\/portal\/agenda\/\",\"name\":\"ULL - Agenda\",\"description\":\"\",\"potentialAction\":[{\"@type\":\"SearchAction\",\"target\":{\"@type\":\"EntryPoint\",\"urlTemplate\":\"https:\/\/www.ull.es\/portal\/agenda\/?s={search_term_string}\"},\"query-input\":\"required name=search_term_string\"}],\"inLanguage\":\"es\"}]}<\/script>\n<!-- \/ Yoast SEO plugin. -->","yoast_head_json":{"title":"Jornadas Conectarte en Tazacorte - ULL - Agenda","robots":{"index":"index","follow":"follow","max-snippet":"max-snippet:-1","max-image-preview":"max-image-preview:large","max-video-preview":"max-video-preview:-1"},"canonical":"https:\/\/www.ull.es\/portal\/agenda\/evento\/jornadas-conectarte-en-tazacorte\/","og_locale":"es_ES","og_type":"article","og_title":"Jornadas Conectarte en Tazacorte - ULL - Agenda","og_description":"La Asociaci\u00f3n Sociocultural sin \u00e1nimo de lucro Proyecto In-Art organiza, en colaboraci\u00f3n con la Universidad de La Laguna\u00a0 y la concejal\u00eda de Cultura, Educaci\u00f3n y Fiestas de Tazacorte, las Jornadas Conectarte, que incluyen talleres, comunicaciones y la creaci\u00f3n colectiva de una obra art\u00edstica. In-Art lleva diez a\u00f1os trabajando el papel del arte como veh\u00edculo de...","og_url":"https:\/\/www.ull.es\/portal\/agenda\/evento\/jornadas-conectarte-en-tazacorte\/","og_site_name":"ULL - Agenda","article_modified_time":"2023-04-24T13:29:50+00:00","og_image":[{"width":1600,"height":790,"url":"https:\/\/www.ull.es\/portal\/agenda\/wp-content\/uploads\/sites\/12\/2023\/04\/Jornadas-Conectarte_Banner-evento.jpg","type":"image\/jpeg"}],"twitter_card":"summary_large_image","twitter_misc":{"Tiempo de lectura":"2 minutos"},"schema":{"@context":"https:\/\/schema.org","@graph":[{"@type":"WebPage","@id":"https:\/\/www.ull.es\/portal\/agenda\/evento\/jornadas-conectarte-en-tazacorte\/","url":"https:\/\/www.ull.es\/portal\/agenda\/evento\/jornadas-conectarte-en-tazacorte\/","name":"Jornadas Conectarte en Tazacorte - ULL - Agenda","isPartOf":{"@id":"https:\/\/www.ull.es\/portal\/agenda\/#website"},"datePublished":"2023-04-18T12:42:04+00:00","dateModified":"2023-04-24T13:29:50+00:00","breadcrumb":{"@id":"https:\/\/www.ull.es\/portal\/agenda\/evento\/jornadas-conectarte-en-tazacorte\/#breadcrumb"},"inLanguage":"es","potentialAction":[{"@type":"ReadAction","target":["https:\/\/www.ull.es\/portal\/agenda\/evento\/jornadas-conectarte-en-tazacorte\/"]}]},{"@type":"BreadcrumbList","@id":"https:\/\/www.ull.es\/portal\/agenda\/evento\/jornadas-conectarte-en-tazacorte\/#breadcrumb","itemListElement":[{"@type":"ListItem","position":1,"name":"Portada","item":"https:\/\/www.ull.es\/portal\/agenda\/"},{"@type":"ListItem","position":2,"name":"Jornadas Conectarte en Tazacorte"}]},{"@type":"WebSite","@id":"https:\/\/www.ull.es\/portal\/agenda\/#website","url":"https:\/\/www.ull.es\/portal\/agenda\/","name":"ULL - Agenda","description":"","potentialAction":[{"@type":"SearchAction","target":{"@type":"EntryPoint","urlTemplate":"https:\/\/www.ull.es\/portal\/agenda\/?s={search_term_string}"},"query-input":"required name=search_term_string"}],"inLanguage":"es"}]}},"_links":{"self":[{"href":"https:\/\/www.ull.es\/portal\/agenda\/wp-json\/wp\/v2\/tribe_events\/30027"}],"collection":[{"href":"https:\/\/www.ull.es\/portal\/agenda\/wp-json\/wp\/v2\/tribe_events"}],"about":[{"href":"https:\/\/www.ull.es\/portal\/agenda\/wp-json\/wp\/v2\/types\/tribe_events"}],"author":[{"embeddable":true,"href":"https:\/\/www.ull.es\/portal\/agenda\/wp-json\/wp\/v2\/users\/65"}],"replies":[{"embeddable":true,"href":"https:\/\/www.ull.es\/portal\/agenda\/wp-json\/wp\/v2\/comments?post=30027"}],"version-history":[{"count":2,"href":"https:\/\/www.ull.es\/portal\/agenda\/wp-json\/wp\/v2\/tribe_events\/30027\/revisions"}],"predecessor-version":[{"id":30035,"href":"https:\/\/www.ull.es\/portal\/agenda\/wp-json\/wp\/v2\/tribe_events\/30027\/revisions\/30035"}],"wp:featuredmedia":[{"embeddable":true,"href":"https:\/\/www.ull.es\/portal\/agenda\/wp-json\/wp\/v2\/media\/30165"}],"wp:attachment":[{"href":"https:\/\/www.ull.es\/portal\/agenda\/wp-json\/wp\/v2\/media?parent=30027"}],"wp:term":[{"taxonomy":"post_tag","embeddable":true,"href":"https:\/\/www.ull.es\/portal\/agenda\/wp-json\/wp\/v2\/tags?post=30027"},{"taxonomy":"tribe_events_cat","embeddable":true,"href":"https:\/\/www.ull.es\/portal\/agenda\/wp-json\/wp\/v2\/tribe_events_cat?post=30027"}],"curies":[{"name":"wp","href":"https:\/\/api.w.org\/{rel}","templated":true}]}}

<p>La Asociación Sociocultural sin ánimo de lucro Proyecto In-Art organiza, en colaboración con la Universidad de La Laguna  y la concejalía de Cultura, Educación y Fiestas de Tazacorte, las Jornadas Conectarte, que incluyen talleres, comunicaciones y la creación colectiva de una obra artística. In-Art lleva diez años trabajando el papel del arte como vehículo de desarrollo y transformación personal y social.</p>
<p>Las Jornadas Conectarte son una pieza importante dentro del proyecto más amplio “La erupción del volcán de La Palma a través del arte y los relatos de vida”, que se desarrolla desde septiembre de 2021. La asociación cuenta con la colaboración de la Universidad de La Laguna  y la participación activa de alumnado de las Facultades de Psicología, Sociología, Antropología, Bellas Artes y Filosofía. La propuesta incluye la realización de las jornadas en los tres municipios palmeros más afectados por la erupción del volcán: Los Llanos de Aridane, El Paso y Tazacorte.</p>
<p>La primera de las tres Jornadas Conectarte se desarrollará el 29 y 30 de abril en La Casa de La Cultura de Tazacorte, en horario de mañana y tarde. En ella se realizarán talleres, comunicaciones y una obra artística colectiva de la mano de María Luisa Hodgson, en la que podrán participar todos los asistentes. Matrícula gratuita. Para más información e inscripciones, pueden escribir a inart.conectarte@gmail.com</p>
<p><a href="https://drive.google.com/file/d/1up5qJYu_ve2IcocRf_5au2wA0dBxQby1/view?usp=share_link" target="_blank" rel="noopener" target="_blank" rel="noopener">Cartel</a></p>
<p>&nbsp;</p>

<p>La Asociación Sociocultural sin ánimo de lucro Proyecto In-Art organiza, en colaboración con la Universidad de La Laguna  y la concejalía de Cultura, Educación y Fiestas de Tazacorte, las Jornadas Conectarte, que incluyen talleres, comunicaciones y la creación colectiva de una obra artística. In-Art lleva diez años trabajando el papel del arte como vehículo de&#8230;</p>

<!-- This site is optimized with the Yoast SEO plugin v21.3 - https://yoast.com/wordpress/plugins/seo/ -->
<title>Jornadas Conectarte en Tazacorte - ULL - Agenda</title>
<meta name="robots" content="index, follow, max-snippet:-1, max-image-preview:large, max-video-preview:-1" />
<link rel="canonical" href="https://www.ull.es/portal/agenda/evento/jornadas-conectarte-en-tazacorte/" />
<meta property="og:locale" content="es_ES" />
<meta property="og:type" content="article" />
<meta property="og:title" content="Jornadas Conectarte en Tazacorte - ULL - Agenda" />
<meta property="og:description" content="La Asociación Sociocultural sin ánimo de lucro Proyecto In-Art organiza, en colaboración con la Universidad de La Laguna  y la concejalía de Cultura, Educación y Fiestas de Tazacorte, las Jornadas Conectarte, que incluyen talleres, comunicaciones y la creación colectiva de una obra artística. In-Art lleva diez años trabajando el papel del arte como vehículo de..." />
<meta property="og:url" content="https://www.ull.es/portal/agenda/evento/jornadas-conectarte-en-tazacorte/" />
<meta property="og:site_name" content="ULL - Agenda" />
<meta property="article:modified_time" content="2023-04-24T13:29:50+00:00" />
<meta property="og:image" content="https://www.ull.es/portal/agenda/wp-content/uploads/sites/12/2023/04/Jornadas-Conectarte_Banner-evento.jpg" />
	<meta property="og:image:width" content="1600" />
	<meta property="og:image:height" content="790" />
	<meta property="og:image:type" content="image/jpeg" />
<meta name="twitter:card" content="summary_large_image" />
<meta name="twitter:label1" content="Tiempo de lectura" />
	<meta name="twitter:data1" content="2 minutos" />
<script type="application/ld+json" class="yoast-schema-graph">{"@context":"https://schema.org","@graph":[{"@type":"WebPage","@id":"https://www.ull.es/portal/agenda/evento/jornadas-conectarte-en-tazacorte/","url":"https://www.ull.es/portal/agenda/evento/jornadas-conectarte-en-tazacorte/","name":"Jornadas Conectarte en Tazacorte - ULL - Agenda","isPartOf":{"@id":"https://www.ull.es/portal/agenda/#website"},"datePublished":"2023-04-18T12:42:04+00:00","dateModified":"2023-04-24T13:29:50+00:00","breadcrumb":{"@id":"https://www.ull.es/portal/agenda/evento/jornadas-conectarte-en-tazacorte/#breadcrumb"},"inLanguage":"es","potentialAction":[{"@type":"ReadAction","target":["https://www.ull.es/portal/agenda/evento/jornadas-conectarte-en-tazacorte/"]}]},{"@type":"BreadcrumbList","@id":"https://www.ull.es/portal/agenda/evento/jornadas-conectarte-en-tazacorte/#breadcrumb","itemListElement":[{"@type":"ListItem","position":1,"name":"Portada","item":"https://www.ull.es/portal/agenda/"},{"@type":"ListItem","position":2,"name":"Jornadas Conectarte en Tazacorte"}]},{"@type":"WebSite","@id":"https://www.ull.es/portal/agenda/#website","url":"https://www.ull.es/portal/agenda/","name":"ULL - Agenda","description":"","potentialAction":[{"@type":"SearchAction","target":{"@type":"EntryPoint","urlTemplate":"https://www.ull.es/portal/agenda/?s={search_term_string}"},"query-input":"required name=search_term_string"}],"inLanguage":"es"}]}</script>
<!-- / Yoast SEO plugin. -->

La Asociación Sociocultural sin ánimo de lucro Proyecto In-Art organiza, en colaboración con la Universidad de La Laguna  y la concejalía de Cultura, Educación y Fiestas de Tazacorte, las Jornadas Conectarte, que incluyen talleres, comunicaciones y la creación colectiva de una obra artística. In-Art lleva diez años trabajando el papel del arte como vehículo de...
