{"id":30089,"date":"2023-04-19T14:03:51","date_gmt":"2023-04-19T14:03:51","guid":{"rendered":"https:\/\/www.ull.es\/portal\/agenda\/?post_type=tribe_events&#038;p=30089"},"modified":"2023-04-28T07:45:32","modified_gmt":"2023-04-28T07:45:32","slug":"concierto-de-la-orquesta-sinfonica-y-banda-del-3er-ciclo-de-e-p-del-conservatorio-profesional-de-musica-de-santa-cruz-de-tenerife","status":"publish","type":"tribe_events","link":"https:\/\/www.ull.es\/portal\/agenda\/evento\/concierto-de-la-orquesta-sinfonica-y-banda-del-3er-ciclo-de-e-p-del-conservatorio-profesional-de-musica-de-santa-cruz-de-tenerife\/","title":{"rendered":"Concierto de la Orquesta Sinf\u00f3nica y Banda del 3er ciclo de E.P. del Conservatorio Profesional de M\u00fasica de Santa Cruz de Tenerife"},"content":{"rendered":"<p>El Conservatorio Profesional de M\u00fasica de Santa Cruz de Tenerife (CPM) en colaboraci\u00f3n con el Paraninfo de la Universidad de la Laguna organiza el Concierto que se celebra el viernes 29 de abril a las 19.00 horas donde participar\u00e1 alumnado de ense\u00f1anzas profesionales del CPM. El CPM como parte de su proyecto educativo, desea fomentar en el alumnado la participaci\u00f3n en actividades motivadoras fuera del \u00e1mbito del centro. Es por ello por lo que organiza este Concierto con la Orquesta Sinf\u00f3nica y la Banda del 3er. Ciclo de Ense\u00f1anzas Profesionales de M\u00fasica en uno de los espacios culturales m\u00e1s emblem\u00e1ticos de la isla, \u201cEl Paraninfo\u201d de la Universidad de la Laguna.<\/p>\n<p>Estamos convencidos de la importancia y trascendencia que tienen este tipo de actividades programadas fuera del \u00e1mbito habitual de trabajo del alumnado, porque ello aporta por un lado un extra de motivaci\u00f3n y adem\u00e1s poderse encontrar con un p\u00fablico diferente de que habitualmente puede encontrarse en nuestro centro, por otro lado, la posibilidad de tocar en un recinto tan importante como el Paraninfo de la Universidad de La Laguna, que sin duda ofrece una de las mejores ac\u00fasticas de la isla y de Canarias.<\/p>\n<p>Para este curso 2022-23 hemos querido dar la oportunidad a varios alumnos instrumentistas a tocar como solistas con la orquesta, ya que la sensaci\u00f3n de sentirse arropado por todo el entramado instrumental, es bien diferente al que ellos habitualmente est\u00e1n acostumbrados. En este caso, hemos elegido al clarinete y el timple como instrumentos sol\u00edsticos, interpretados como no pod\u00eda ser de otra forma, por alumnado aventajado de nuestro centro educativo.<\/p>\n<p>Comenzar\u00e1 el Concierto con la Banda del 3er Ciclo, compuesta por alumnado que est\u00e1 terminando las Ense\u00f1anzas Profesionales de M\u00fasica, ejecutar\u00e1 un variado repertorio, donde viajar\u00e1 primero por el Madrid de Federico Chueca con el Preludio \u201cEl Bateo\u201d. Seguidamente, caminaremos por la m\u00fasica rusa de Dmitri Shostackovich con su \u201cJazz Suite\u201d, para despu\u00e9s ir justo al lado con las \u201cDanzas Armenias\u201d del compositor americano Alfred Reed. Terminaremos nuestro largo viaje en nuestra tierra, con la obra Folcl\u00f3rica \u201cLucha Canaria\u201d, de J. Le\u00f3n y D. Rodr\u00edguez, en una fant\u00e1stica adaptaci\u00f3n de nuestro compa\u00f1ero J. A. Cubas.<\/p>\n<p>La segunda parte del concierto ser\u00e1 interpretada por la Orquesta Sinf\u00f3nica del CPM de Tenerife. La Orquesta siempre pretende, en el poco tiempo del que dispone para ensayar, abarcar el mayor n\u00famero de estilos musicales, eso s\u00ed, siempre eligiendo repertorio que est\u00e9 al alcance t\u00e9cnico de nuestro alumnado, procurando que, dentro del<br \/>\nformato de obra corta, estas aporten las dificultades necesarias para que el alumnado aprenda a desenvolverse con soltura y eficacia.<\/p>\n<p>La Orquesta Sinf\u00f3nica del Conservatorio Profesional, est\u00e1 formada por alumnos de cuarto, quinto y sexto de ense\u00f1anza profesional.<\/p>\n<p><a href=\"http:\/\/www.tomaticket.es\/recintos\/paraninfo-ull\" target=\"_blank\" rel=\"noopener\" target=\"_blank\" rel=\"noopener\">Entrada general<\/a>: 5 \u20ac \/ Estudiantes: 3 \u20ac<\/p>\n","protected":false},"excerpt":{"rendered":"<p>El Conservatorio Profesional de M\u00fasica de Santa Cruz de Tenerife (CPM) en colaboraci\u00f3n con el Paraninfo de la Universidad de la Laguna organiza el Concierto que se celebra el viernes 29 de abril a las 19.00 horas donde participar\u00e1 alumnado de ense\u00f1anzas profesionales del CPM. El CPM como parte de su proyecto educativo, desea fomentar&#8230;<\/p>\n","protected":false},"author":65,"featured_media":30237,"comment_status":"closed","ping_status":"closed","template":"","tags":[],"tribe_events_cat":[3987,4,343,4691,191],"acf":[],"yoast_head":"<!-- This site is optimized with the Yoast SEO plugin v21.3 - https:\/\/yoast.com\/wordpress\/plugins\/seo\/ -->\n<title>Concierto de la Orquesta Sinf\u00f3nica y Banda del 3er ciclo de E.P. del Conservatorio Profesional de M\u00fasica de Santa Cruz de Tenerife - ULL - Agenda<\/title>\n<meta name=\"robots\" content=\"index, follow, max-snippet:-1, max-image-preview:large, max-video-preview:-1\" \/>\n<link rel=\"canonical\" href=\"https:\/\/www.ull.es\/portal\/agenda\/evento\/concierto-de-la-orquesta-sinfonica-y-banda-del-3er-ciclo-de-e-p-del-conservatorio-profesional-de-musica-de-santa-cruz-de-tenerife\/\" \/>\n<meta property=\"og:locale\" content=\"es_ES\" \/>\n<meta property=\"og:type\" content=\"article\" \/>\n<meta property=\"og:title\" content=\"Concierto de la Orquesta Sinf\u00f3nica y Banda del 3er ciclo de E.P. del Conservatorio Profesional de M\u00fasica de Santa Cruz de Tenerife - ULL - Agenda\" \/>\n<meta property=\"og:description\" content=\"El Conservatorio Profesional de M\u00fasica de Santa Cruz de Tenerife (CPM) en colaboraci\u00f3n con el Paraninfo de la Universidad de la Laguna organiza el Concierto que se celebra el viernes 29 de abril a las 19.00 horas donde participar\u00e1 alumnado de ense\u00f1anzas profesionales del CPM. El CPM como parte de su proyecto educativo, desea fomentar...\" \/>\n<meta property=\"og:url\" content=\"https:\/\/www.ull.es\/portal\/agenda\/evento\/concierto-de-la-orquesta-sinfonica-y-banda-del-3er-ciclo-de-e-p-del-conservatorio-profesional-de-musica-de-santa-cruz-de-tenerife\/\" \/>\n<meta property=\"og:site_name\" content=\"ULL - Agenda\" \/>\n<meta property=\"article:modified_time\" content=\"2023-04-28T07:45:32+00:00\" \/>\n<meta property=\"og:image\" content=\"https:\/\/www.ull.es\/portal\/agenda\/wp-content\/uploads\/sites\/12\/2023\/04\/Concierto-orquesta-sinfonica-y-banda-3-ciclo-conservatorio_Banner-evento.png\" \/>\n\t<meta property=\"og:image:width\" content=\"750\" \/>\n\t<meta property=\"og:image:height\" content=\"370\" \/>\n\t<meta property=\"og:image:type\" content=\"image\/png\" \/>\n<meta name=\"twitter:card\" content=\"summary_large_image\" \/>\n<meta name=\"twitter:label1\" content=\"Tiempo de lectura\" \/>\n\t<meta name=\"twitter:data1\" content=\"3 minutos\" \/>\n<script type=\"application\/ld+json\" class=\"yoast-schema-graph\">{\"@context\":\"https:\/\/schema.org\",\"@graph\":[{\"@type\":\"WebPage\",\"@id\":\"https:\/\/www.ull.es\/portal\/agenda\/evento\/concierto-de-la-orquesta-sinfonica-y-banda-del-3er-ciclo-de-e-p-del-conservatorio-profesional-de-musica-de-santa-cruz-de-tenerife\/\",\"url\":\"https:\/\/www.ull.es\/portal\/agenda\/evento\/concierto-de-la-orquesta-sinfonica-y-banda-del-3er-ciclo-de-e-p-del-conservatorio-profesional-de-musica-de-santa-cruz-de-tenerife\/\",\"name\":\"Concierto de la Orquesta Sinf\u00f3nica y Banda del 3er ciclo de E.P. del Conservatorio Profesional de M\u00fasica de Santa Cruz de Tenerife - ULL - Agenda\",\"isPartOf\":{\"@id\":\"https:\/\/www.ull.es\/portal\/agenda\/#website\"},\"datePublished\":\"2023-04-19T14:03:51+00:00\",\"dateModified\":\"2023-04-28T07:45:32+00:00\",\"breadcrumb\":{\"@id\":\"https:\/\/www.ull.es\/portal\/agenda\/evento\/concierto-de-la-orquesta-sinfonica-y-banda-del-3er-ciclo-de-e-p-del-conservatorio-profesional-de-musica-de-santa-cruz-de-tenerife\/#breadcrumb\"},\"inLanguage\":\"es\",\"potentialAction\":[{\"@type\":\"ReadAction\",\"target\":[\"https:\/\/www.ull.es\/portal\/agenda\/evento\/concierto-de-la-orquesta-sinfonica-y-banda-del-3er-ciclo-de-e-p-del-conservatorio-profesional-de-musica-de-santa-cruz-de-tenerife\/\"]}]},{\"@type\":\"BreadcrumbList\",\"@id\":\"https:\/\/www.ull.es\/portal\/agenda\/evento\/concierto-de-la-orquesta-sinfonica-y-banda-del-3er-ciclo-de-e-p-del-conservatorio-profesional-de-musica-de-santa-cruz-de-tenerife\/#breadcrumb\",\"itemListElement\":[{\"@type\":\"ListItem\",\"position\":1,\"name\":\"Portada\",\"item\":\"https:\/\/www.ull.es\/portal\/agenda\/\"},{\"@type\":\"ListItem\",\"position\":2,\"name\":\"Concierto de la Orquesta Sinf\u00f3nica y Banda del 3er ciclo de E.P. del Conservatorio Profesional de M\u00fasica de Santa Cruz de Tenerife\"}]},{\"@type\":\"WebSite\",\"@id\":\"https:\/\/www.ull.es\/portal\/agenda\/#website\",\"url\":\"https:\/\/www.ull.es\/portal\/agenda\/\",\"name\":\"ULL - Agenda\",\"description\":\"\",\"potentialAction\":[{\"@type\":\"SearchAction\",\"target\":{\"@type\":\"EntryPoint\",\"urlTemplate\":\"https:\/\/www.ull.es\/portal\/agenda\/?s={search_term_string}\"},\"query-input\":\"required name=search_term_string\"}],\"inLanguage\":\"es\"}]}<\/script>\n<!-- \/ Yoast SEO plugin. -->","yoast_head_json":{"title":"Concierto de la Orquesta Sinf\u00f3nica y Banda del 3er ciclo de E.P. del Conservatorio Profesional de M\u00fasica de Santa Cruz de Tenerife - ULL - Agenda","robots":{"index":"index","follow":"follow","max-snippet":"max-snippet:-1","max-image-preview":"max-image-preview:large","max-video-preview":"max-video-preview:-1"},"canonical":"https:\/\/www.ull.es\/portal\/agenda\/evento\/concierto-de-la-orquesta-sinfonica-y-banda-del-3er-ciclo-de-e-p-del-conservatorio-profesional-de-musica-de-santa-cruz-de-tenerife\/","og_locale":"es_ES","og_type":"article","og_title":"Concierto de la Orquesta Sinf\u00f3nica y Banda del 3er ciclo de E.P. del Conservatorio Profesional de M\u00fasica de Santa Cruz de Tenerife - ULL - Agenda","og_description":"El Conservatorio Profesional de M\u00fasica de Santa Cruz de Tenerife (CPM) en colaboraci\u00f3n con el Paraninfo de la Universidad de la Laguna organiza el Concierto que se celebra el viernes 29 de abril a las 19.00 horas donde participar\u00e1 alumnado de ense\u00f1anzas profesionales del CPM. El CPM como parte de su proyecto educativo, desea fomentar...","og_url":"https:\/\/www.ull.es\/portal\/agenda\/evento\/concierto-de-la-orquesta-sinfonica-y-banda-del-3er-ciclo-de-e-p-del-conservatorio-profesional-de-musica-de-santa-cruz-de-tenerife\/","og_site_name":"ULL - Agenda","article_modified_time":"2023-04-28T07:45:32+00:00","og_image":[{"width":750,"height":370,"url":"https:\/\/www.ull.es\/portal\/agenda\/wp-content\/uploads\/sites\/12\/2023\/04\/Concierto-orquesta-sinfonica-y-banda-3-ciclo-conservatorio_Banner-evento.png","type":"image\/png"}],"twitter_card":"summary_large_image","twitter_misc":{"Tiempo de lectura":"3 minutos"},"schema":{"@context":"https:\/\/schema.org","@graph":[{"@type":"WebPage","@id":"https:\/\/www.ull.es\/portal\/agenda\/evento\/concierto-de-la-orquesta-sinfonica-y-banda-del-3er-ciclo-de-e-p-del-conservatorio-profesional-de-musica-de-santa-cruz-de-tenerife\/","url":"https:\/\/www.ull.es\/portal\/agenda\/evento\/concierto-de-la-orquesta-sinfonica-y-banda-del-3er-ciclo-de-e-p-del-conservatorio-profesional-de-musica-de-santa-cruz-de-tenerife\/","name":"Concierto de la Orquesta Sinf\u00f3nica y Banda del 3er ciclo de E.P. del Conservatorio Profesional de M\u00fasica de Santa Cruz de Tenerife - ULL - Agenda","isPartOf":{"@id":"https:\/\/www.ull.es\/portal\/agenda\/#website"},"datePublished":"2023-04-19T14:03:51+00:00","dateModified":"2023-04-28T07:45:32+00:00","breadcrumb":{"@id":"https:\/\/www.ull.es\/portal\/agenda\/evento\/concierto-de-la-orquesta-sinfonica-y-banda-del-3er-ciclo-de-e-p-del-conservatorio-profesional-de-musica-de-santa-cruz-de-tenerife\/#breadcrumb"},"inLanguage":"es","potentialAction":[{"@type":"ReadAction","target":["https:\/\/www.ull.es\/portal\/agenda\/evento\/concierto-de-la-orquesta-sinfonica-y-banda-del-3er-ciclo-de-e-p-del-conservatorio-profesional-de-musica-de-santa-cruz-de-tenerife\/"]}]},{"@type":"BreadcrumbList","@id":"https:\/\/www.ull.es\/portal\/agenda\/evento\/concierto-de-la-orquesta-sinfonica-y-banda-del-3er-ciclo-de-e-p-del-conservatorio-profesional-de-musica-de-santa-cruz-de-tenerife\/#breadcrumb","itemListElement":[{"@type":"ListItem","position":1,"name":"Portada","item":"https:\/\/www.ull.es\/portal\/agenda\/"},{"@type":"ListItem","position":2,"name":"Concierto de la Orquesta Sinf\u00f3nica y Banda del 3er ciclo de E.P. del Conservatorio Profesional de M\u00fasica de Santa Cruz de Tenerife"}]},{"@type":"WebSite","@id":"https:\/\/www.ull.es\/portal\/agenda\/#website","url":"https:\/\/www.ull.es\/portal\/agenda\/","name":"ULL - Agenda","description":"","potentialAction":[{"@type":"SearchAction","target":{"@type":"EntryPoint","urlTemplate":"https:\/\/www.ull.es\/portal\/agenda\/?s={search_term_string}"},"query-input":"required name=search_term_string"}],"inLanguage":"es"}]}},"_links":{"self":[{"href":"https:\/\/www.ull.es\/portal\/agenda\/wp-json\/wp\/v2\/tribe_events\/30089"}],"collection":[{"href":"https:\/\/www.ull.es\/portal\/agenda\/wp-json\/wp\/v2\/tribe_events"}],"about":[{"href":"https:\/\/www.ull.es\/portal\/agenda\/wp-json\/wp\/v2\/types\/tribe_events"}],"author":[{"embeddable":true,"href":"https:\/\/www.ull.es\/portal\/agenda\/wp-json\/wp\/v2\/users\/65"}],"replies":[{"embeddable":true,"href":"https:\/\/www.ull.es\/portal\/agenda\/wp-json\/wp\/v2\/comments?post=30089"}],"version-history":[{"count":2,"href":"https:\/\/www.ull.es\/portal\/agenda\/wp-json\/wp\/v2\/tribe_events\/30089\/revisions"}],"predecessor-version":[{"id":30107,"href":"https:\/\/www.ull.es\/portal\/agenda\/wp-json\/wp\/v2\/tribe_events\/30089\/revisions\/30107"}],"wp:featuredmedia":[{"embeddable":true,"href":"https:\/\/www.ull.es\/portal\/agenda\/wp-json\/wp\/v2\/media\/30237"}],"wp:attachment":[{"href":"https:\/\/www.ull.es\/portal\/agenda\/wp-json\/wp\/v2\/media?parent=30089"}],"wp:term":[{"taxonomy":"post_tag","embeddable":true,"href":"https:\/\/www.ull.es\/portal\/agenda\/wp-json\/wp\/v2\/tags?post=30089"},{"taxonomy":"tribe_events_cat","embeddable":true,"href":"https:\/\/www.ull.es\/portal\/agenda\/wp-json\/wp\/v2\/tribe_events_cat?post=30089"}],"curies":[{"name":"wp","href":"https:\/\/api.w.org\/{rel}","templated":true}]}}

Concierto de la Orquesta Sinfónica y Banda del 3er ciclo de E.P. del Conservatorio Profesional de Música de Santa Cruz de Tenerife

<p>El Conservatorio Profesional de Música de Santa Cruz de Tenerife (CPM) en colaboración con el Paraninfo de la Universidad de la Laguna organiza el Concierto que se celebra el viernes 29 de abril a las 19.00 horas donde participará alumnado de enseñanzas profesionales del CPM. El CPM como parte de su proyecto educativo, desea fomentar en el alumnado la participación en actividades motivadoras fuera del ámbito del centro. Es por ello por lo que organiza este Concierto con la Orquesta Sinfónica y la Banda del 3er. Ciclo de Enseñanzas Profesionales de Música en uno de los espacios culturales más emblemáticos de la isla, “El Paraninfo” de la Universidad de la Laguna.</p>
<p>Estamos convencidos de la importancia y trascendencia que tienen este tipo de actividades programadas fuera del ámbito habitual de trabajo del alumnado, porque ello aporta por un lado un extra de motivación y además poderse encontrar con un público diferente de que habitualmente puede encontrarse en nuestro centro, por otro lado, la posibilidad de tocar en un recinto tan importante como el Paraninfo de la Universidad de La Laguna, que sin duda ofrece una de las mejores acústicas de la isla y de Canarias.</p>
<p>Para este curso 2022-23 hemos querido dar la oportunidad a varios alumnos instrumentistas a tocar como solistas con la orquesta, ya que la sensación de sentirse arropado por todo el entramado instrumental, es bien diferente al que ellos habitualmente están acostumbrados. En este caso, hemos elegido al clarinete y el timple como instrumentos solísticos, interpretados como no podía ser de otra forma, por alumnado aventajado de nuestro centro educativo.</p>
<p>Comenzará el Concierto con la Banda del 3er Ciclo, compuesta por alumnado que está terminando las Enseñanzas Profesionales de Música, ejecutará un variado repertorio, donde viajará primero por el Madrid de Federico Chueca con el Preludio “El Bateo”. Seguidamente, caminaremos por la música rusa de Dmitri Shostackovich con su “Jazz Suite”, para después ir justo al lado con las “Danzas Armenias” del compositor americano Alfred Reed. Terminaremos nuestro largo viaje en nuestra tierra, con la obra Folclórica “Lucha Canaria”, de J. León y D. Rodríguez, en una fantástica adaptación de nuestro compañero J. A. Cubas.</p>
<p>La segunda parte del concierto será interpretada por la Orquesta Sinfónica del CPM de Tenerife. La Orquesta siempre pretende, en el poco tiempo del que dispone para ensayar, abarcar el mayor número de estilos musicales, eso sí, siempre eligiendo repertorio que esté al alcance técnico de nuestro alumnado, procurando que, dentro del<br />
formato de obra corta, estas aporten las dificultades necesarias para que el alumnado aprenda a desenvolverse con soltura y eficacia.</p>
<p>La Orquesta Sinfónica del Conservatorio Profesional, está formada por alumnos de cuarto, quinto y sexto de enseñanza profesional.</p>
<p><a href="http://www.tomaticket.es/recintos/paraninfo-ull" target="_blank" rel="noopener" target="_blank" rel="noopener">Entrada general</a>: 5 € / Estudiantes: 3 €</p>

<p>El Conservatorio Profesional de Música de Santa Cruz de Tenerife (CPM) en colaboración con el Paraninfo de la Universidad de la Laguna organiza el Concierto que se celebra el viernes 29 de abril a las 19.00 horas donde participará alumnado de enseñanzas profesionales del CPM. El CPM como parte de su proyecto educativo, desea fomentar&#8230;</p>

<!-- This site is optimized with the Yoast SEO plugin v21.3 - https://yoast.com/wordpress/plugins/seo/ -->
<title>Concierto de la Orquesta Sinfónica y Banda del 3er ciclo de E.P. del Conservatorio Profesional de Música de Santa Cruz de Tenerife - ULL - Agenda</title>
<meta name="robots" content="index, follow, max-snippet:-1, max-image-preview:large, max-video-preview:-1" />
<link rel="canonical" href="https://www.ull.es/portal/agenda/evento/concierto-de-la-orquesta-sinfonica-y-banda-del-3er-ciclo-de-e-p-del-conservatorio-profesional-de-musica-de-santa-cruz-de-tenerife/" />
<meta property="og:locale" content="es_ES" />
<meta property="og:type" content="article" />
<meta property="og:title" content="Concierto de la Orquesta Sinfónica y Banda del 3er ciclo de E.P. del Conservatorio Profesional de Música de Santa Cruz de Tenerife - ULL - Agenda" />
<meta property="og:description" content="El Conservatorio Profesional de Música de Santa Cruz de Tenerife (CPM) en colaboración con el Paraninfo de la Universidad de la Laguna organiza el Concierto que se celebra el viernes 29 de abril a las 19.00 horas donde participará alumnado de enseñanzas profesionales del CPM. El CPM como parte de su proyecto educativo, desea fomentar..." />
<meta property="og:url" content="https://www.ull.es/portal/agenda/evento/concierto-de-la-orquesta-sinfonica-y-banda-del-3er-ciclo-de-e-p-del-conservatorio-profesional-de-musica-de-santa-cruz-de-tenerife/" />
<meta property="og:site_name" content="ULL - Agenda" />
<meta property="article:modified_time" content="2023-04-28T07:45:32+00:00" />
<meta property="og:image" content="https://www.ull.es/portal/agenda/wp-content/uploads/sites/12/2023/04/Concierto-orquesta-sinfonica-y-banda-3-ciclo-conservatorio_Banner-evento.png" />
	<meta property="og:image:width" content="750" />
	<meta property="og:image:height" content="370" />
	<meta property="og:image:type" content="image/png" />
<meta name="twitter:card" content="summary_large_image" />
<meta name="twitter:label1" content="Tiempo de lectura" />
	<meta name="twitter:data1" content="3 minutos" />
<script type="application/ld+json" class="yoast-schema-graph">{"@context":"https://schema.org","@graph":[{"@type":"WebPage","@id":"https://www.ull.es/portal/agenda/evento/concierto-de-la-orquesta-sinfonica-y-banda-del-3er-ciclo-de-e-p-del-conservatorio-profesional-de-musica-de-santa-cruz-de-tenerife/","url":"https://www.ull.es/portal/agenda/evento/concierto-de-la-orquesta-sinfonica-y-banda-del-3er-ciclo-de-e-p-del-conservatorio-profesional-de-musica-de-santa-cruz-de-tenerife/","name":"Concierto de la Orquesta Sinfónica y Banda del 3er ciclo de E.P. del Conservatorio Profesional de Música de Santa Cruz de Tenerife - ULL - Agenda","isPartOf":{"@id":"https://www.ull.es/portal/agenda/#website"},"datePublished":"2023-04-19T14:03:51+00:00","dateModified":"2023-04-28T07:45:32+00:00","breadcrumb":{"@id":"https://www.ull.es/portal/agenda/evento/concierto-de-la-orquesta-sinfonica-y-banda-del-3er-ciclo-de-e-p-del-conservatorio-profesional-de-musica-de-santa-cruz-de-tenerife/#breadcrumb"},"inLanguage":"es","potentialAction":[{"@type":"ReadAction","target":["https://www.ull.es/portal/agenda/evento/concierto-de-la-orquesta-sinfonica-y-banda-del-3er-ciclo-de-e-p-del-conservatorio-profesional-de-musica-de-santa-cruz-de-tenerife/"]}]},{"@type":"BreadcrumbList","@id":"https://www.ull.es/portal/agenda/evento/concierto-de-la-orquesta-sinfonica-y-banda-del-3er-ciclo-de-e-p-del-conservatorio-profesional-de-musica-de-santa-cruz-de-tenerife/#breadcrumb","itemListElement":[{"@type":"ListItem","position":1,"name":"Portada","item":"https://www.ull.es/portal/agenda/"},{"@type":"ListItem","position":2,"name":"Concierto de la Orquesta Sinfónica y Banda del 3er ciclo de E.P. del Conservatorio Profesional de Música de Santa Cruz de Tenerife"}]},{"@type":"WebSite","@id":"https://www.ull.es/portal/agenda/#website","url":"https://www.ull.es/portal/agenda/","name":"ULL - Agenda","description":"","potentialAction":[{"@type":"SearchAction","target":{"@type":"EntryPoint","urlTemplate":"https://www.ull.es/portal/agenda/?s={search_term_string}"},"query-input":"required name=search_term_string"}],"inLanguage":"es"}]}</script>
<!-- / Yoast SEO plugin. -->

Concierto de la Orquesta Sinfónica y Banda del 3er ciclo de E.P. del Conservatorio Profesional de Música de Santa Cruz de Tenerife - ULL - Agenda

El Conservatorio Profesional de Música de Santa Cruz de Tenerife (CPM) en colaboración con el Paraninfo de la Universidad de la Laguna organiza el Concierto que se celebra el viernes 29 de abril a las 19.00 horas donde participará alumnado de enseñanzas profesionales del CPM. El CPM como parte de su proyecto educativo, desea fomentar...
